{"id":30517,"date":"2023-05-15T08:28:15","date_gmt":"2023-05-15T08:28:15","guid":{"rendered":"https:\/\/www.ull.es\/portal\/agenda\/?post_type=tribe_events&#038;p=30517"},"modified":"2023-05-15T08:28:15","modified_gmt":"2023-05-15T08:28:15","slug":"primer-encuentro-coral-coral-universitaria-de-la-laguna-haciendo-camino-al-cantar","status":"publish","type":"tribe_events","link":"https:\/\/www.ull.es\/portal\/agenda\/evento\/primer-encuentro-coral-coral-universitaria-de-la-laguna-haciendo-camino-al-cantar\/","title":{"rendered":"Primer Encuentro Coral: \u00abCoral Universitaria de La Laguna, Haciendo camino al cantar\u00bb"},"content":{"rendered":"<div class=\"gmail_default\"><\/div>\n<div class=\"gmail_default\"><span style=\"font-size: large;\">El 26 de mayo a las 20:0 horas se celebra en el Paraninfo Universitario la primera edici\u00f3n del Encuentro Coral organizado por la Coral Universitaria de La Laguna, que contar\u00e1 con la participaci\u00f3n de reconocidos grupos del panorama coral insular.<\/span><\/div>\n<div><\/div>\n<div><span style=\"font-size: large;\"><a href=\"http:\/\/www.tomaticket.es\/recintos\/paraninfo-ull\" target=\"_blank\" rel=\"noopener\" target=\"_blank\" rel=\"noopener\">Entradas<\/a>: 8 \u20ac.\u00a0<\/span><\/div>\n","protected":false},"excerpt":{"rendered":"<p>El 26 de mayo a las 20:0 horas se celebra en el Paraninfo Universitario la primera edici\u00f3n del Encuentro Coral organizado por la Coral Universitaria de La Laguna, que contar\u00e1 con la participaci\u00f3n de reconocidos grupos del panorama coral insular. Entradas: 8 \u20ac.\u00a0<\/p>\n","protected":false},"author":65,"featured_media":30518,"comment_status":"closed","ping_status":"closed","template":"","tags":[],"tribe_events_cat":[3987,4,343,4691,191],"acf":[],"yoast_head":"<!-- This site is optimized with the Yoast SEO plugin v21.3 - https:\/\/yoast.com\/wordpress\/plugins\/seo\/ -->\n<title>Primer Encuentro Coral: &quot;Coral Universitaria de La Laguna, Haciendo camino al cantar&quot; - ULL - Agenda<\/title>\n<meta name=\"robots\" content=\"index, follow, max-snippet:-1, max-image-preview:large, max-video-preview:-1\" \/>\n<link rel=\"canonical\" href=\"https:\/\/www.ull.es\/portal\/agenda\/evento\/primer-encuentro-coral-coral-universitaria-de-la-laguna-haciendo-camino-al-cantar\/\" \/>\n<meta property=\"og:locale\" content=\"es_ES\" \/>\n<meta property=\"og:type\" content=\"article\" \/>\n<meta property=\"og:title\" content=\"Primer Encuentro Coral: &quot;Coral Universitaria de La Laguna, Haciendo camino al cantar&quot; - ULL - Agenda\" \/>\n<meta property=\"og:description\" content=\"El 26 de mayo a las 20:0 horas se celebra en el Paraninfo Universitario la primera edici\u00f3n del Encuentro Coral organizado por la Coral Universitaria de La Laguna, que contar\u00e1 con la participaci\u00f3n de reconocidos grupos del panorama coral insular. Entradas: 8 \u20ac.\u00a0\" \/>\n<meta property=\"og:url\" content=\"https:\/\/www.ull.es\/portal\/agenda\/evento\/primer-encuentro-coral-coral-universitaria-de-la-laguna-haciendo-camino-al-cantar\/\" \/>\n<meta property=\"og:site_name\" content=\"ULL - Agenda\" \/>\n<meta property=\"og:image\" content=\"https:\/\/www.ull.es\/portal\/agenda\/wp-content\/uploads\/sites\/12\/2023\/05\/cartel-700x350-1.jpg\" \/>\n\t<meta property=\"og:image:width\" content=\"700\" \/>\n\t<meta property=\"og:image:height\" content=\"350\" \/>\n\t<meta property=\"og:image:type\" content=\"image\/jpeg\" \/>\n<meta name=\"twitter:card\" content=\"summary_large_image\" \/>\n<meta name=\"twitter:label1\" content=\"Tiempo de lectura\" \/>\n\t<meta name=\"twitter:data1\" content=\"1 minuto\" \/>\n<script type=\"application\/ld+json\" class=\"yoast-schema-graph\">{\"@context\":\"https:\/\/schema.org\",\"@graph\":[{\"@type\":\"WebPage\",\"@id\":\"https:\/\/www.ull.es\/portal\/agenda\/evento\/primer-encuentro-coral-coral-universitaria-de-la-laguna-haciendo-camino-al-cantar\/\",\"url\":\"https:\/\/www.ull.es\/portal\/agenda\/evento\/primer-encuentro-coral-coral-universitaria-de-la-laguna-haciendo-camino-al-cantar\/\",\"name\":\"Primer Encuentro Coral: \\\"Coral Universitaria de La Laguna, Haciendo camino al cantar\\\" - ULL - Agenda\",\"isPartOf\":{\"@id\":\"https:\/\/www.ull.es\/portal\/agenda\/#website\"},\"datePublished\":\"2023-05-15T08:28:15+00:00\",\"dateModified\":\"2023-05-15T08:28:15+00:00\",\"breadcrumb\":{\"@id\":\"https:\/\/www.ull.es\/portal\/agenda\/evento\/primer-encuentro-coral-coral-universitaria-de-la-laguna-haciendo-camino-al-cantar\/#breadcrumb\"},\"inLanguage\":\"es\",\"potentialAction\":[{\"@type\":\"ReadAction\",\"target\":[\"https:\/\/www.ull.es\/portal\/agenda\/evento\/primer-encuentro-coral-coral-universitaria-de-la-laguna-haciendo-camino-al-cantar\/\"]}]},{\"@type\":\"BreadcrumbList\",\"@id\":\"https:\/\/www.ull.es\/portal\/agenda\/evento\/primer-encuentro-coral-coral-universitaria-de-la-laguna-haciendo-camino-al-cantar\/#breadcrumb\",\"itemListElement\":[{\"@type\":\"ListItem\",\"position\":1,\"name\":\"Portada\",\"item\":\"https:\/\/www.ull.es\/portal\/agenda\/\"},{\"@type\":\"ListItem\",\"position\":2,\"name\":\"Primer Encuentro Coral: \u00abCoral Universitaria de La Laguna, Haciendo camino al cantar\u00bb\"}]},{\"@type\":\"WebSite\",\"@id\":\"https:\/\/www.ull.es\/portal\/agenda\/#website\",\"url\":\"https:\/\/www.ull.es\/portal\/agenda\/\",\"name\":\"ULL - Agenda\",\"description\":\"\",\"potentialAction\":[{\"@type\":\"SearchAction\",\"target\":{\"@type\":\"EntryPoint\",\"urlTemplate\":\"https:\/\/www.ull.es\/portal\/agenda\/?s={search_term_string}\"},\"query-input\":\"required name=search_term_string\"}],\"inLanguage\":\"es\"}]}<\/script>\n<!-- \/ Yoast SEO plugin. -->","yoast_head_json":{"title":"Primer Encuentro Coral: \"Coral Universitaria de La Laguna, Haciendo camino al cantar\" - ULL - Agenda","robots":{"index":"index","follow":"follow","max-snippet":"max-snippet:-1","max-image-preview":"max-image-preview:large","max-video-preview":"max-video-preview:-1"},"canonical":"https:\/\/www.ull.es\/portal\/agenda\/evento\/primer-encuentro-coral-coral-universitaria-de-la-laguna-haciendo-camino-al-cantar\/","og_locale":"es_ES","og_type":"article","og_title":"Primer Encuentro Coral: \"Coral Universitaria de La Laguna, Haciendo camino al cantar\" - ULL - Agenda","og_description":"El 26 de mayo a las 20:0 horas se celebra en el Paraninfo Universitario la primera edici\u00f3n del Encuentro Coral organizado por la Coral Universitaria de La Laguna, que contar\u00e1 con la participaci\u00f3n de reconocidos grupos del panorama coral insular. Entradas: 8 \u20ac.\u00a0","og_url":"https:\/\/www.ull.es\/portal\/agenda\/evento\/primer-encuentro-coral-coral-universitaria-de-la-laguna-haciendo-camino-al-cantar\/","og_site_name":"ULL - Agenda","og_image":[{"width":700,"height":350,"url":"https:\/\/www.ull.es\/portal\/agenda\/wp-content\/uploads\/sites\/12\/2023\/05\/cartel-700x350-1.jpg","type":"image\/jpeg"}],"twitter_card":"summary_large_image","twitter_misc":{"Tiempo de lectura":"1 minuto"},"schema":{"@context":"https:\/\/schema.org","@graph":[{"@type":"WebPage","@id":"https:\/\/www.ull.es\/portal\/agenda\/evento\/primer-encuentro-coral-coral-universitaria-de-la-laguna-haciendo-camino-al-cantar\/","url":"https:\/\/www.ull.es\/portal\/agenda\/evento\/primer-encuentro-coral-coral-universitaria-de-la-laguna-haciendo-camino-al-cantar\/","name":"Primer Encuentro Coral: \"Coral Universitaria de La Laguna, Haciendo camino al cantar\" - ULL - Agenda","isPartOf":{"@id":"https:\/\/www.ull.es\/portal\/agenda\/#website"},"datePublished":"2023-05-15T08:28:15+00:00","dateModified":"2023-05-15T08:28:15+00:00","breadcrumb":{"@id":"https:\/\/www.ull.es\/portal\/agenda\/evento\/primer-encuentro-coral-coral-universitaria-de-la-laguna-haciendo-camino-al-cantar\/#breadcrumb"},"inLanguage":"es","potentialAction":[{"@type":"ReadAction","target":["https:\/\/www.ull.es\/portal\/agenda\/evento\/primer-encuentro-coral-coral-universitaria-de-la-laguna-haciendo-camino-al-cantar\/"]}]},{"@type":"BreadcrumbList","@id":"https:\/\/www.ull.es\/portal\/agenda\/evento\/primer-encuentro-coral-coral-universitaria-de-la-laguna-haciendo-camino-al-cantar\/#breadcrumb","itemListElement":[{"@type":"ListItem","position":1,"name":"Portada","item":"https:\/\/www.ull.es\/portal\/agenda\/"},{"@type":"ListItem","position":2,"name":"Primer Encuentro Coral: \u00abCoral Universitaria de La Laguna, Haciendo camino al cantar\u00bb"}]},{"@type":"WebSite","@id":"https:\/\/www.ull.es\/portal\/agenda\/#website","url":"https:\/\/www.ull.es\/portal\/agenda\/","name":"ULL - Agenda","description":"","potentialAction":[{"@type":"SearchAction","target":{"@type":"EntryPoint","urlTemplate":"https:\/\/www.ull.es\/portal\/agenda\/?s={search_term_string}"},"query-input":"required name=search_term_string"}],"inLanguage":"es"}]}},"_links":{"self":[{"href":"https:\/\/www.ull.es\/portal\/agenda\/wp-json\/wp\/v2\/tribe_events\/30517"}],"collection":[{"href":"https:\/\/www.ull.es\/portal\/agenda\/wp-json\/wp\/v2\/tribe_events"}],"about":[{"href":"https:\/\/www.ull.es\/portal\/agenda\/wp-json\/wp\/v2\/types\/tribe_events"}],"author":[{"embeddable":true,"href":"https:\/\/www.ull.es\/portal\/agenda\/wp-json\/wp\/v2\/users\/65"}],"replies":[{"embeddable":true,"href":"https:\/\/www.ull.es\/portal\/agenda\/wp-json\/wp\/v2\/comments?post=30517"}],"version-history":[{"count":1,"href":"https:\/\/www.ull.es\/portal\/agenda\/wp-json\/wp\/v2\/tribe_events\/30517\/revisions"}],"predecessor-version":[{"id":30519,"href":"https:\/\/www.ull.es\/portal\/agenda\/wp-json\/wp\/v2\/tribe_events\/30517\/revisions\/30519"}],"wp:featuredmedia":[{"embeddable":true,"href":"https:\/\/www.ull.es\/portal\/agenda\/wp-json\/wp\/v2\/media\/30518"}],"wp:attachment":[{"href":"https:\/\/www.ull.es\/portal\/agenda\/wp-json\/wp\/v2\/media?parent=30517"}],"wp:term":[{"taxonomy":"post_tag","embeddable":true,"href":"https:\/\/www.ull.es\/portal\/agenda\/wp-json\/wp\/v2\/tags?post=30517"},{"taxonomy":"tribe_events_cat","embeddable":true,"href":"https:\/\/www.ull.es\/portal\/agenda\/wp-json\/wp\/v2\/tribe_events_cat?post=30517"}],"curies":[{"name":"wp","href":"https:\/\/api.w.org\/{rel}","templated":true}]}}

<div class="gmail_default"></div>
<div class="gmail_default"><span style="font-size: large;">El 26 de mayo a las 20:0 horas se celebra en el Paraninfo Universitario la primera edición del Encuentro Coral organizado por la Coral Universitaria de La Laguna, que contará con la participación de reconocidos grupos del panorama coral insular.</span></div>
<div></div>
<div><span style="font-size: large;"><a href="http://www.tomaticket.es/recintos/paraninfo-ull" target="_blank" rel="noopener" target="_blank" rel="noopener">Entradas</a>: 8 €. </span></div>

<p>El 26 de mayo a las 20:0 horas se celebra en el Paraninfo Universitario la primera edición del Encuentro Coral organizado por la Coral Universitaria de La Laguna, que contará con la participación de reconocidos grupos del panorama coral insular. Entradas: 8 €. </p>

<!-- This site is optimized with the Yoast SEO plugin v21.3 - https://yoast.com/wordpress/plugins/seo/ -->
<title>Primer Encuentro Coral: &quot;Coral Universitaria de La Laguna, Haciendo camino al cantar&quot; - ULL - Agenda</title>
<meta name="robots" content="index, follow, max-snippet:-1, max-image-preview:large, max-video-preview:-1" />
<link rel="canonical" href="https://www.ull.es/portal/agenda/evento/primer-encuentro-coral-coral-universitaria-de-la-laguna-haciendo-camino-al-cantar/" />
<meta property="og:locale" content="es_ES" />
<meta property="og:type" content="article" />
<meta property="og:title" content="Primer Encuentro Coral: &quot;Coral Universitaria de La Laguna, Haciendo camino al cantar&quot; - ULL - Agenda" />
<meta property="og:description" content="El 26 de mayo a las 20:0 horas se celebra en el Paraninfo Universitario la primera edición del Encuentro Coral organizado por la Coral Universitaria de La Laguna, que contará con la participación de reconocidos grupos del panorama coral insular. Entradas: 8 €. " />
<meta property="og:url" content="https://www.ull.es/portal/agenda/evento/primer-encuentro-coral-coral-universitaria-de-la-laguna-haciendo-camino-al-cantar/" />
<meta property="og:site_name" content="ULL - Agenda" />
<meta property="og:image" content="https://www.ull.es/portal/agenda/wp-content/uploads/sites/12/2023/05/cartel-700x350-1.jpg" />
	<meta property="og:image:width" content="700" />
	<meta property="og:image:height" content="350" />
	<meta property="og:image:type" content="image/jpeg" />
<meta name="twitter:card" content="summary_large_image" />
<meta name="twitter:label1" content="Tiempo de lectura" />
	<meta name="twitter:data1" content="1 minuto" />
<script type="application/ld+json" class="yoast-schema-graph">{"@context":"https://schema.org","@graph":[{"@type":"WebPage","@id":"https://www.ull.es/portal/agenda/evento/primer-encuentro-coral-coral-universitaria-de-la-laguna-haciendo-camino-al-cantar/","url":"https://www.ull.es/portal/agenda/evento/primer-encuentro-coral-coral-universitaria-de-la-laguna-haciendo-camino-al-cantar/","name":"Primer Encuentro Coral: \"Coral Universitaria de La Laguna, Haciendo camino al cantar\" - ULL - Agenda","isPartOf":{"@id":"https://www.ull.es/portal/agenda/#website"},"datePublished":"2023-05-15T08:28:15+00:00","dateModified":"2023-05-15T08:28:15+00:00","breadcrumb":{"@id":"https://www.ull.es/portal/agenda/evento/primer-encuentro-coral-coral-universitaria-de-la-laguna-haciendo-camino-al-cantar/#breadcrumb"},"inLanguage":"es","potentialAction":[{"@type":"ReadAction","target":["https://www.ull.es/portal/agenda/evento/primer-encuentro-coral-coral-universitaria-de-la-laguna-haciendo-camino-al-cantar/"]}]},{"@type":"BreadcrumbList","@id":"https://www.ull.es/portal/agenda/evento/primer-encuentro-coral-coral-universitaria-de-la-laguna-haciendo-camino-al-cantar/#breadcrumb","itemListElement":[{"@type":"ListItem","position":1,"name":"Portada","item":"https://www.ull.es/portal/agenda/"},{"@type":"ListItem","position":2,"name":"Primer Encuentro Coral: «Coral Universitaria de La Laguna, Haciendo camino al cantar»"}]},{"@type":"WebSite","@id":"https://www.ull.es/portal/agenda/#website","url":"https://www.ull.es/portal/agenda/","name":"ULL - Agenda","description":"","potentialAction":[{"@type":"SearchAction","target":{"@type":"EntryPoint","urlTemplate":"https://www.ull.es/portal/agenda/?s={search_term_string}"},"query-input":"required name=search_term_string"}],"inLanguage":"es"}]}</script>
<!-- / Yoast SEO plugin. -->

El 26 de mayo a las 20:0 horas se celebra en el Paraninfo Universitario la primera edición del Encuentro Coral organizado por la Coral Universitaria de La Laguna, que contará con la participación de reconocidos grupos del panorama coral insular. Entradas: 8 €.
