{"id":30781,"date":"2023-06-02T09:27:35","date_gmt":"2023-06-02T09:27:35","guid":{"rendered":"https:\/\/www.ull.es\/portal\/agenda\/?post_type=tribe_events&#038;p=30781"},"modified":"2023-06-22T09:00:54","modified_gmt":"2023-06-22T09:00:54","slug":"premios-del-consejo-social-de-la-universidad-de-la-laguna","status":"publish","type":"tribe_events","link":"https:\/\/www.ull.es\/portal\/agenda\/evento\/premios-del-consejo-social-de-la-universidad-de-la-laguna\/","title":{"rendered":"Premios del Consejo Social de la Universidad de La Laguna"},"content":{"rendered":"<div>\n<p style=\"font-weight: 400;\">El\u00a0 Consejo Social de la Universidad de La Laguna ha convocado este a\u00f1o 2023, como en a\u00f1os anteriores, sus premios, buscando con ellos, reconocer el trabajo realizado por personas y colectivos de la comunidad universitaria que han contribuido a dar un nuevo impulso a la colaboraci\u00f3n entre la Universidad y los estamentos cient\u00edficos, econ\u00f3micos, profesionales y culturales de la sociedad canaria.<\/p>\n<p style=\"font-weight: 400;\">En la edici\u00f3n de 2023, el Jurado constituido al efecto ha decidido\u00a0otorgar los siguientes premios del Consejo Social en las tres modalidades convocadas:<\/p>\n<p style=\"font-weight: 400;\">1\u00ba Premio a la Mejor Pr\u00e1ctica de Internacionalizaci\u00f3n: Benjam\u00edn Jes\u00fas Gonz\u00e1lez D\u00edaz (representante del Proyecto Master Internacional Interuniversitario en Descarbonizaci\u00f3n Energ\u00e9tica de Pa\u00edses Emergentes.<\/p>\n<p style=\"font-weight: 400;\">2\u00ba\u00a0Premio a los Grupos de Investigaci\u00f3n pertenecientes a Institutos Universitarios que favorezcan la transferencia de conocimientos a empresas y dem\u00e1s instituciones sociales: Grupo de Investigaci\u00f3n en Diversidad, Salud y Educaci\u00f3n (DISAE).<\/p>\n<p style=\"font-weight: 400;\">3\u00ba Premio a la Excelencia Docente: Emilio Jos\u00e9 Sanz \u00c1lvarez. Asimismo, se fall\u00f3 conceder un reconocimiento mediante acc\u00e9sit en esta modalidad a David L\u00f3pez Aguilar.<\/p>\n<p style=\"font-weight: 400;\">La ceremonia de entrega de estos premios tendr\u00e1 lugar el jueves 22 de junio de 2023, entre las 17:00 y 19:30 horas en el Sal\u00f3n de Actos del Aulario de Guajara.<\/p>\n<p><a href=\"https:\/\/drive.google.com\/file\/d\/1m0om1mYYTPRh0zcpj8a2c9O5pNhvyfjz\/view?usp=drive_link\" target=\"_blank\" rel=\"noopener\" target=\"_blank\" rel=\"noopener\">Programa<\/a><\/p>\n<\/div>\n<div><\/div>\n","protected":false},"excerpt":{"rendered":"<p>El\u00a0 Consejo Social de la Universidad de La Laguna ha convocado este a\u00f1o 2023, como en a\u00f1os anteriores, sus premios, buscando con ellos, reconocer el trabajo realizado por personas y colectivos de la comunidad universitaria que han contribuido a dar un nuevo impulso a la colaboraci\u00f3n entre la Universidad y los estamentos cient\u00edficos, econ\u00f3micos, profesionales&#8230;<\/p>\n","protected":false},"author":65,"featured_media":31038,"comment_status":"closed","ping_status":"closed","template":"","tags":[],"tribe_events_cat":[4819,4,191],"acf":[],"yoast_head":"<!-- This site is optimized with the Yoast SEO plugin v21.3 - https:\/\/yoast.com\/wordpress\/plugins\/seo\/ -->\n<title>Premios del Consejo Social de la Universidad de La Laguna - ULL - Agenda<\/title>\n<meta name=\"robots\" content=\"index, follow, max-snippet:-1, max-image-preview:large, max-video-preview:-1\" \/>\n<link rel=\"canonical\" href=\"https:\/\/www.ull.es\/portal\/agenda\/evento\/premios-del-consejo-social-de-la-universidad-de-la-laguna\/\" \/>\n<meta property=\"og:locale\" content=\"es_ES\" \/>\n<meta property=\"og:type\" content=\"article\" \/>\n<meta property=\"og:title\" content=\"Premios del Consejo Social de la Universidad de La Laguna - ULL - Agenda\" \/>\n<meta property=\"og:description\" content=\"El\u00a0 Consejo Social de la Universidad de La Laguna ha convocado este a\u00f1o 2023, como en a\u00f1os anteriores, sus premios, buscando con ellos, reconocer el trabajo realizado por personas y colectivos de la comunidad universitaria que han contribuido a dar un nuevo impulso a la colaboraci\u00f3n entre la Universidad y los estamentos cient\u00edficos, econ\u00f3micos, profesionales...\" \/>\n<meta property=\"og:url\" content=\"https:\/\/www.ull.es\/portal\/agenda\/evento\/premios-del-consejo-social-de-la-universidad-de-la-laguna\/\" \/>\n<meta property=\"og:site_name\" content=\"ULL - Agenda\" \/>\n<meta property=\"article:modified_time\" content=\"2023-06-22T09:00:54+00:00\" \/>\n<meta property=\"og:image\" content=\"https:\/\/www.ull.es\/portal\/agenda\/wp-content\/uploads\/sites\/12\/2023\/06\/Premios-del-Consejo-Social-de-la-Universidad-de-La-Laguna_Banner-evento-1-1.png\" \/>\n\t<meta property=\"og:image:width\" content=\"750\" \/>\n\t<meta property=\"og:image:height\" content=\"370\" \/>\n\t<meta property=\"og:image:type\" content=\"image\/png\" \/>\n<meta name=\"twitter:card\" content=\"summary_large_image\" \/>\n<meta name=\"twitter:label1\" content=\"Tiempo de lectura\" \/>\n\t<meta name=\"twitter:data1\" content=\"1 minuto\" \/>\n<script type=\"application\/ld+json\" class=\"yoast-schema-graph\">{\"@context\":\"https:\/\/schema.org\",\"@graph\":[{\"@type\":\"WebPage\",\"@id\":\"https:\/\/www.ull.es\/portal\/agenda\/evento\/premios-del-consejo-social-de-la-universidad-de-la-laguna\/\",\"url\":\"https:\/\/www.ull.es\/portal\/agenda\/evento\/premios-del-consejo-social-de-la-universidad-de-la-laguna\/\",\"name\":\"Premios del Consejo Social de la Universidad de La Laguna - ULL - Agenda\",\"isPartOf\":{\"@id\":\"https:\/\/www.ull.es\/portal\/agenda\/#website\"},\"datePublished\":\"2023-06-02T09:27:35+00:00\",\"dateModified\":\"2023-06-22T09:00:54+00:00\",\"breadcrumb\":{\"@id\":\"https:\/\/www.ull.es\/portal\/agenda\/evento\/premios-del-consejo-social-de-la-universidad-de-la-laguna\/#breadcrumb\"},\"inLanguage\":\"es\",\"potentialAction\":[{\"@type\":\"ReadAction\",\"target\":[\"https:\/\/www.ull.es\/portal\/agenda\/evento\/premios-del-consejo-social-de-la-universidad-de-la-laguna\/\"]}]},{\"@type\":\"BreadcrumbList\",\"@id\":\"https:\/\/www.ull.es\/portal\/agenda\/evento\/premios-del-consejo-social-de-la-universidad-de-la-laguna\/#breadcrumb\",\"itemListElement\":[{\"@type\":\"ListItem\",\"position\":1,\"name\":\"Portada\",\"item\":\"https:\/\/www.ull.es\/portal\/agenda\/\"},{\"@type\":\"ListItem\",\"position\":2,\"name\":\"Premios del Consejo Social de la Universidad de La Laguna\"}]},{\"@type\":\"WebSite\",\"@id\":\"https:\/\/www.ull.es\/portal\/agenda\/#website\",\"url\":\"https:\/\/www.ull.es\/portal\/agenda\/\",\"name\":\"ULL - Agenda\",\"description\":\"\",\"potentialAction\":[{\"@type\":\"SearchAction\",\"target\":{\"@type\":\"EntryPoint\",\"urlTemplate\":\"https:\/\/www.ull.es\/portal\/agenda\/?s={search_term_string}\"},\"query-input\":\"required name=search_term_string\"}],\"inLanguage\":\"es\"}]}<\/script>\n<!-- \/ Yoast SEO plugin. -->","yoast_head_json":{"title":"Premios del Consejo Social de la Universidad de La Laguna - ULL - Agenda","robots":{"index":"index","follow":"follow","max-snippet":"max-snippet:-1","max-image-preview":"max-image-preview:large","max-video-preview":"max-video-preview:-1"},"canonical":"https:\/\/www.ull.es\/portal\/agenda\/evento\/premios-del-consejo-social-de-la-universidad-de-la-laguna\/","og_locale":"es_ES","og_type":"article","og_title":"Premios del Consejo Social de la Universidad de La Laguna - ULL - Agenda","og_description":"El\u00a0 Consejo Social de la Universidad de La Laguna ha convocado este a\u00f1o 2023, como en a\u00f1os anteriores, sus premios, buscando con ellos, reconocer el trabajo realizado por personas y colectivos de la comunidad universitaria que han contribuido a dar un nuevo impulso a la colaboraci\u00f3n entre la Universidad y los estamentos cient\u00edficos, econ\u00f3micos, profesionales...","og_url":"https:\/\/www.ull.es\/portal\/agenda\/evento\/premios-del-consejo-social-de-la-universidad-de-la-laguna\/","og_site_name":"ULL - Agenda","article_modified_time":"2023-06-22T09:00:54+00:00","og_image":[{"width":750,"height":370,"url":"https:\/\/www.ull.es\/portal\/agenda\/wp-content\/uploads\/sites\/12\/2023\/06\/Premios-del-Consejo-Social-de-la-Universidad-de-La-Laguna_Banner-evento-1-1.png","type":"image\/png"}],"twitter_card":"summary_large_image","twitter_misc":{"Tiempo de lectura":"1 minuto"},"schema":{"@context":"https:\/\/schema.org","@graph":[{"@type":"WebPage","@id":"https:\/\/www.ull.es\/portal\/agenda\/evento\/premios-del-consejo-social-de-la-universidad-de-la-laguna\/","url":"https:\/\/www.ull.es\/portal\/agenda\/evento\/premios-del-consejo-social-de-la-universidad-de-la-laguna\/","name":"Premios del Consejo Social de la Universidad de La Laguna - ULL - Agenda","isPartOf":{"@id":"https:\/\/www.ull.es\/portal\/agenda\/#website"},"datePublished":"2023-06-02T09:27:35+00:00","dateModified":"2023-06-22T09:00:54+00:00","breadcrumb":{"@id":"https:\/\/www.ull.es\/portal\/agenda\/evento\/premios-del-consejo-social-de-la-universidad-de-la-laguna\/#breadcrumb"},"inLanguage":"es","potentialAction":[{"@type":"ReadAction","target":["https:\/\/www.ull.es\/portal\/agenda\/evento\/premios-del-consejo-social-de-la-universidad-de-la-laguna\/"]}]},{"@type":"BreadcrumbList","@id":"https:\/\/www.ull.es\/portal\/agenda\/evento\/premios-del-consejo-social-de-la-universidad-de-la-laguna\/#breadcrumb","itemListElement":[{"@type":"ListItem","position":1,"name":"Portada","item":"https:\/\/www.ull.es\/portal\/agenda\/"},{"@type":"ListItem","position":2,"name":"Premios del Consejo Social de la Universidad de La Laguna"}]},{"@type":"WebSite","@id":"https:\/\/www.ull.es\/portal\/agenda\/#website","url":"https:\/\/www.ull.es\/portal\/agenda\/","name":"ULL - Agenda","description":"","potentialAction":[{"@type":"SearchAction","target":{"@type":"EntryPoint","urlTemplate":"https:\/\/www.ull.es\/portal\/agenda\/?s={search_term_string}"},"query-input":"required name=search_term_string"}],"inLanguage":"es"}]}},"_links":{"self":[{"href":"https:\/\/www.ull.es\/portal\/agenda\/wp-json\/wp\/v2\/tribe_events\/30781"}],"collection":[{"href":"https:\/\/www.ull.es\/portal\/agenda\/wp-json\/wp\/v2\/tribe_events"}],"about":[{"href":"https:\/\/www.ull.es\/portal\/agenda\/wp-json\/wp\/v2\/types\/tribe_events"}],"author":[{"embeddable":true,"href":"https:\/\/www.ull.es\/portal\/agenda\/wp-json\/wp\/v2\/users\/65"}],"replies":[{"embeddable":true,"href":"https:\/\/www.ull.es\/portal\/agenda\/wp-json\/wp\/v2\/comments?post=30781"}],"version-history":[{"count":7,"href":"https:\/\/www.ull.es\/portal\/agenda\/wp-json\/wp\/v2\/tribe_events\/30781\/revisions"}],"predecessor-version":[{"id":31067,"href":"https:\/\/www.ull.es\/portal\/agenda\/wp-json\/wp\/v2\/tribe_events\/30781\/revisions\/31067"}],"wp:featuredmedia":[{"embeddable":true,"href":"https:\/\/www.ull.es\/portal\/agenda\/wp-json\/wp\/v2\/media\/31038"}],"wp:attachment":[{"href":"https:\/\/www.ull.es\/portal\/agenda\/wp-json\/wp\/v2\/media?parent=30781"}],"wp:term":[{"taxonomy":"post_tag","embeddable":true,"href":"https:\/\/www.ull.es\/portal\/agenda\/wp-json\/wp\/v2\/tags?post=30781"},{"taxonomy":"tribe_events_cat","embeddable":true,"href":"https:\/\/www.ull.es\/portal\/agenda\/wp-json\/wp\/v2\/tribe_events_cat?post=30781"}],"curies":[{"name":"wp","href":"https:\/\/api.w.org\/{rel}","templated":true}]}}

<div>
<p style="font-weight: 400;">El  Consejo Social de la Universidad de La Laguna ha convocado este año 2023, como en años anteriores, sus premios, buscando con ellos, reconocer el trabajo realizado por personas y colectivos de la comunidad universitaria que han contribuido a dar un nuevo impulso a la colaboración entre la Universidad y los estamentos científicos, económicos, profesionales y culturales de la sociedad canaria.</p>
<p style="font-weight: 400;">En la edición de 2023, el Jurado constituido al efecto ha decidido otorgar los siguientes premios del Consejo Social en las tres modalidades convocadas:</p>
<p style="font-weight: 400;">1º Premio a la Mejor Práctica de Internacionalización: Benjamín Jesús González Díaz (representante del Proyecto Master Internacional Interuniversitario en Descarbonización Energética de Países Emergentes.</p>
<p style="font-weight: 400;">2º Premio a los Grupos de Investigación pertenecientes a Institutos Universitarios que favorezcan la transferencia de conocimientos a empresas y demás instituciones sociales: Grupo de Investigación en Diversidad, Salud y Educación (DISAE).</p>
<p style="font-weight: 400;">3º Premio a la Excelencia Docente: Emilio José Sanz Álvarez. Asimismo, se falló conceder un reconocimiento mediante accésit en esta modalidad a David López Aguilar.</p>
<p style="font-weight: 400;">La ceremonia de entrega de estos premios tendrá lugar el jueves 22 de junio de 2023, entre las 17:00 y 19:30 horas en el Salón de Actos del Aulario de Guajara.</p>
<p><a href="https://drive.google.com/file/d/1m0om1mYYTPRh0zcpj8a2c9O5pNhvyfjz/view?usp=drive_link" target="_blank" rel="noopener" target="_blank" rel="noopener">Programa</a></p>
</div>
<div></div>

<p>El  Consejo Social de la Universidad de La Laguna ha convocado este año 2023, como en años anteriores, sus premios, buscando con ellos, reconocer el trabajo realizado por personas y colectivos de la comunidad universitaria que han contribuido a dar un nuevo impulso a la colaboración entre la Universidad y los estamentos científicos, económicos, profesionales&#8230;</p>

<!-- This site is optimized with the Yoast SEO plugin v21.3 - https://yoast.com/wordpress/plugins/seo/ -->
<title>Premios del Consejo Social de la Universidad de La Laguna - ULL - Agenda</title>
<meta name="robots" content="index, follow, max-snippet:-1, max-image-preview:large, max-video-preview:-1" />
<link rel="canonical" href="https://www.ull.es/portal/agenda/evento/premios-del-consejo-social-de-la-universidad-de-la-laguna/" />
<meta property="og:locale" content="es_ES" />
<meta property="og:type" content="article" />
<meta property="og:title" content="Premios del Consejo Social de la Universidad de La Laguna - ULL - Agenda" />
<meta property="og:description" content="El  Consejo Social de la Universidad de La Laguna ha convocado este año 2023, como en años anteriores, sus premios, buscando con ellos, reconocer el trabajo realizado por personas y colectivos de la comunidad universitaria que han contribuido a dar un nuevo impulso a la colaboración entre la Universidad y los estamentos científicos, económicos, profesionales..." />
<meta property="og:url" content="https://www.ull.es/portal/agenda/evento/premios-del-consejo-social-de-la-universidad-de-la-laguna/" />
<meta property="og:site_name" content="ULL - Agenda" />
<meta property="article:modified_time" content="2023-06-22T09:00:54+00:00" />
<meta property="og:image" content="https://www.ull.es/portal/agenda/wp-content/uploads/sites/12/2023/06/Premios-del-Consejo-Social-de-la-Universidad-de-La-Laguna_Banner-evento-1-1.png" />
	<meta property="og:image:width" content="750" />
	<meta property="og:image:height" content="370" />
	<meta property="og:image:type" content="image/png" />
<meta name="twitter:card" content="summary_large_image" />
<meta name="twitter:label1" content="Tiempo de lectura" />
	<meta name="twitter:data1" content="1 minuto" />
<script type="application/ld+json" class="yoast-schema-graph">{"@context":"https://schema.org","@graph":[{"@type":"WebPage","@id":"https://www.ull.es/portal/agenda/evento/premios-del-consejo-social-de-la-universidad-de-la-laguna/","url":"https://www.ull.es/portal/agenda/evento/premios-del-consejo-social-de-la-universidad-de-la-laguna/","name":"Premios del Consejo Social de la Universidad de La Laguna - ULL - Agenda","isPartOf":{"@id":"https://www.ull.es/portal/agenda/#website"},"datePublished":"2023-06-02T09:27:35+00:00","dateModified":"2023-06-22T09:00:54+00:00","breadcrumb":{"@id":"https://www.ull.es/portal/agenda/evento/premios-del-consejo-social-de-la-universidad-de-la-laguna/#breadcrumb"},"inLanguage":"es","potentialAction":[{"@type":"ReadAction","target":["https://www.ull.es/portal/agenda/evento/premios-del-consejo-social-de-la-universidad-de-la-laguna/"]}]},{"@type":"BreadcrumbList","@id":"https://www.ull.es/portal/agenda/evento/premios-del-consejo-social-de-la-universidad-de-la-laguna/#breadcrumb","itemListElement":[{"@type":"ListItem","position":1,"name":"Portada","item":"https://www.ull.es/portal/agenda/"},{"@type":"ListItem","position":2,"name":"Premios del Consejo Social de la Universidad de La Laguna"}]},{"@type":"WebSite","@id":"https://www.ull.es/portal/agenda/#website","url":"https://www.ull.es/portal/agenda/","name":"ULL - Agenda","description":"","potentialAction":[{"@type":"SearchAction","target":{"@type":"EntryPoint","urlTemplate":"https://www.ull.es/portal/agenda/?s={search_term_string}"},"query-input":"required name=search_term_string"}],"inLanguage":"es"}]}</script>
<!-- / Yoast SEO plugin. -->

El  Consejo Social de la Universidad de La Laguna ha convocado este año 2023, como en años anteriores, sus premios, buscando con ellos, reconocer el trabajo realizado por personas y colectivos de la comunidad universitaria que han contribuido a dar un nuevo impulso a la colaboración entre la Universidad y los estamentos científicos, económicos, profesionales...
