{"id":30897,"date":"2023-06-12T12:14:25","date_gmt":"2023-06-12T12:14:25","guid":{"rendered":"https:\/\/www.ull.es\/portal\/agenda\/?post_type=tribe_events&#038;p=30897"},"modified":"2023-06-13T08:42:40","modified_gmt":"2023-06-13T08:42:40","slug":"ii-foro-innovacion-y-sostenibilidad-enoturistica","status":"publish","type":"tribe_events","link":"https:\/\/www.ull.es\/portal\/agenda\/evento\/ii-foro-innovacion-y-sostenibilidad-enoturistica\/","title":{"rendered":"II Foro Innovaci\u00f3n y Sostenibilidad Enotur\u00edstica"},"content":{"rendered":"<p>La C\u00e1tedra de Agroturismo y Enoturismo de Canarias del Instituto Canario de Calidad Agroalimentaria y de la Universidad de La Laguna promueve el viernes 23 de junio en los Llanos de Aridane, en la isla de La Palma, la celebraci\u00f3n del II Foro de Innovaci\u00f3n y Sostenibilidad Enotur\u00edstica, acci\u00f3n previa a la celebraci\u00f3n del VIII Encuentro de AgroEnoturismo de Canarias que tendr\u00e1 lugar en el mes de noviembre en la isla de La Palma.<\/p>\n<p>Este evento pone el foco en c\u00f3mo innovar en el enoturismo desde una perspectiva de la sostenibilidad de la actividad y su impacto en el territorio. El Foro se afronta como una jornada de conocimiento de proyectos de investigaci\u00f3n y de debate en la que participan docentes de la Universidades de La Laguna, Vietnam y Detr\u00e1s-Os-Montes e Alto Douro en Portugal, y representantes de entidades insulares y regionales vinculados con la actividad enotur\u00edstica para analizar las perspectivas de futuro en este \u00e1mbito.<\/p>\n<p><a href=\"https:\/\/wp.ull.es\/aenogas\/wp-content\/uploads\/sites\/90\/2023\/06\/Programa-II-Foro-de-Innovacion-y-Sostenibilidad-Enoturistica.docx.pdf\" target=\"_blank\" rel=\"noopener\" target=\"_blank\" rel=\"noopener\">Programa<\/a><\/p>\n<p>Para m\u00e1s informaci\u00f3n, pulse este <a href=\"https:\/\/wp.ull.es\/aenogas\/foro-innovacion-y-sostenibilidad-enoturistica\/\" target=\"_blank\" rel=\"noopener\" target=\"_blank\" rel=\"noopener\">enlace.<\/a><\/p>\n","protected":false},"excerpt":{"rendered":"<p>La C\u00e1tedra de Agroturismo y Enoturismo de Canarias del Instituto Canario de Calidad Agroalimentaria y de la Universidad de La Laguna promueve el viernes 23 de junio en los Llanos de Aridane, en la isla de La Palma, la celebraci\u00f3n del II Foro de Innovaci\u00f3n y Sostenibilidad Enotur\u00edstica, acci\u00f3n previa a la celebraci\u00f3n del VIII&#8230;<\/p>\n","protected":false},"author":65,"featured_media":30910,"comment_status":"closed","ping_status":"closed","template":"","tags":[],"tribe_events_cat":[344,4,191],"acf":[],"yoast_head":"<!-- This site is optimized with the Yoast SEO plugin v21.3 - https:\/\/yoast.com\/wordpress\/plugins\/seo\/ -->\n<title>II Foro Innovaci\u00f3n y Sostenibilidad Enotur\u00edstica - ULL - Agenda<\/title>\n<meta name=\"robots\" content=\"index, follow, max-snippet:-1, max-image-preview:large, max-video-preview:-1\" \/>\n<link rel=\"canonical\" href=\"https:\/\/www.ull.es\/portal\/agenda\/evento\/ii-foro-innovacion-y-sostenibilidad-enoturistica\/\" \/>\n<meta property=\"og:locale\" content=\"es_ES\" \/>\n<meta property=\"og:type\" content=\"article\" \/>\n<meta property=\"og:title\" content=\"II Foro Innovaci\u00f3n y Sostenibilidad Enotur\u00edstica - ULL - Agenda\" \/>\n<meta property=\"og:description\" content=\"La C\u00e1tedra de Agroturismo y Enoturismo de Canarias del Instituto Canario de Calidad Agroalimentaria y de la Universidad de La Laguna promueve el viernes 23 de junio en los Llanos de Aridane, en la isla de La Palma, la celebraci\u00f3n del II Foro de Innovaci\u00f3n y Sostenibilidad Enotur\u00edstica, acci\u00f3n previa a la celebraci\u00f3n del VIII...\" \/>\n<meta property=\"og:url\" content=\"https:\/\/www.ull.es\/portal\/agenda\/evento\/ii-foro-innovacion-y-sostenibilidad-enoturistica\/\" \/>\n<meta property=\"og:site_name\" content=\"ULL - Agenda\" \/>\n<meta property=\"article:modified_time\" content=\"2023-06-13T08:42:40+00:00\" \/>\n<meta property=\"og:image\" content=\"https:\/\/www.ull.es\/portal\/agenda\/wp-content\/uploads\/sites\/12\/2023\/06\/II-Foro-Innovacion-y-Sostenibilidad-Enoturistica_Banner-evento-copia.jpg\" \/>\n\t<meta property=\"og:image:width\" content=\"750\" \/>\n\t<meta property=\"og:image:height\" content=\"370\" \/>\n\t<meta property=\"og:image:type\" content=\"image\/jpeg\" \/>\n<meta name=\"twitter:card\" content=\"summary_large_image\" \/>\n<meta name=\"twitter:label1\" content=\"Tiempo de lectura\" \/>\n\t<meta name=\"twitter:data1\" content=\"1 minuto\" \/>\n<script type=\"application\/ld+json\" class=\"yoast-schema-graph\">{\"@context\":\"https:\/\/schema.org\",\"@graph\":[{\"@type\":\"WebPage\",\"@id\":\"https:\/\/www.ull.es\/portal\/agenda\/evento\/ii-foro-innovacion-y-sostenibilidad-enoturistica\/\",\"url\":\"https:\/\/www.ull.es\/portal\/agenda\/evento\/ii-foro-innovacion-y-sostenibilidad-enoturistica\/\",\"name\":\"II Foro Innovaci\u00f3n y Sostenibilidad Enotur\u00edstica - ULL - Agenda\",\"isPartOf\":{\"@id\":\"https:\/\/www.ull.es\/portal\/agenda\/#website\"},\"datePublished\":\"2023-06-12T12:14:25+00:00\",\"dateModified\":\"2023-06-13T08:42:40+00:00\",\"breadcrumb\":{\"@id\":\"https:\/\/www.ull.es\/portal\/agenda\/evento\/ii-foro-innovacion-y-sostenibilidad-enoturistica\/#breadcrumb\"},\"inLanguage\":\"es\",\"potentialAction\":[{\"@type\":\"ReadAction\",\"target\":[\"https:\/\/www.ull.es\/portal\/agenda\/evento\/ii-foro-innovacion-y-sostenibilidad-enoturistica\/\"]}]},{\"@type\":\"BreadcrumbList\",\"@id\":\"https:\/\/www.ull.es\/portal\/agenda\/evento\/ii-foro-innovacion-y-sostenibilidad-enoturistica\/#breadcrumb\",\"itemListElement\":[{\"@type\":\"ListItem\",\"position\":1,\"name\":\"Portada\",\"item\":\"https:\/\/www.ull.es\/portal\/agenda\/\"},{\"@type\":\"ListItem\",\"position\":2,\"name\":\"II Foro Innovaci\u00f3n y Sostenibilidad Enotur\u00edstica\"}]},{\"@type\":\"WebSite\",\"@id\":\"https:\/\/www.ull.es\/portal\/agenda\/#website\",\"url\":\"https:\/\/www.ull.es\/portal\/agenda\/\",\"name\":\"ULL - Agenda\",\"description\":\"\",\"potentialAction\":[{\"@type\":\"SearchAction\",\"target\":{\"@type\":\"EntryPoint\",\"urlTemplate\":\"https:\/\/www.ull.es\/portal\/agenda\/?s={search_term_string}\"},\"query-input\":\"required name=search_term_string\"}],\"inLanguage\":\"es\"}]}<\/script>\n<!-- \/ Yoast SEO plugin. -->","yoast_head_json":{"title":"II Foro Innovaci\u00f3n y Sostenibilidad Enotur\u00edstica - ULL - Agenda","robots":{"index":"index","follow":"follow","max-snippet":"max-snippet:-1","max-image-preview":"max-image-preview:large","max-video-preview":"max-video-preview:-1"},"canonical":"https:\/\/www.ull.es\/portal\/agenda\/evento\/ii-foro-innovacion-y-sostenibilidad-enoturistica\/","og_locale":"es_ES","og_type":"article","og_title":"II Foro Innovaci\u00f3n y Sostenibilidad Enotur\u00edstica - ULL - Agenda","og_description":"La C\u00e1tedra de Agroturismo y Enoturismo de Canarias del Instituto Canario de Calidad Agroalimentaria y de la Universidad de La Laguna promueve el viernes 23 de junio en los Llanos de Aridane, en la isla de La Palma, la celebraci\u00f3n del II Foro de Innovaci\u00f3n y Sostenibilidad Enotur\u00edstica, acci\u00f3n previa a la celebraci\u00f3n del VIII...","og_url":"https:\/\/www.ull.es\/portal\/agenda\/evento\/ii-foro-innovacion-y-sostenibilidad-enoturistica\/","og_site_name":"ULL - Agenda","article_modified_time":"2023-06-13T08:42:40+00:00","og_image":[{"width":750,"height":370,"url":"https:\/\/www.ull.es\/portal\/agenda\/wp-content\/uploads\/sites\/12\/2023\/06\/II-Foro-Innovacion-y-Sostenibilidad-Enoturistica_Banner-evento-copia.jpg","type":"image\/jpeg"}],"twitter_card":"summary_large_image","twitter_misc":{"Tiempo de lectura":"1 minuto"},"schema":{"@context":"https:\/\/schema.org","@graph":[{"@type":"WebPage","@id":"https:\/\/www.ull.es\/portal\/agenda\/evento\/ii-foro-innovacion-y-sostenibilidad-enoturistica\/","url":"https:\/\/www.ull.es\/portal\/agenda\/evento\/ii-foro-innovacion-y-sostenibilidad-enoturistica\/","name":"II Foro Innovaci\u00f3n y Sostenibilidad Enotur\u00edstica - ULL - Agenda","isPartOf":{"@id":"https:\/\/www.ull.es\/portal\/agenda\/#website"},"datePublished":"2023-06-12T12:14:25+00:00","dateModified":"2023-06-13T08:42:40+00:00","breadcrumb":{"@id":"https:\/\/www.ull.es\/portal\/agenda\/evento\/ii-foro-innovacion-y-sostenibilidad-enoturistica\/#breadcrumb"},"inLanguage":"es","potentialAction":[{"@type":"ReadAction","target":["https:\/\/www.ull.es\/portal\/agenda\/evento\/ii-foro-innovacion-y-sostenibilidad-enoturistica\/"]}]},{"@type":"BreadcrumbList","@id":"https:\/\/www.ull.es\/portal\/agenda\/evento\/ii-foro-innovacion-y-sostenibilidad-enoturistica\/#breadcrumb","itemListElement":[{"@type":"ListItem","position":1,"name":"Portada","item":"https:\/\/www.ull.es\/portal\/agenda\/"},{"@type":"ListItem","position":2,"name":"II Foro Innovaci\u00f3n y Sostenibilidad Enotur\u00edstica"}]},{"@type":"WebSite","@id":"https:\/\/www.ull.es\/portal\/agenda\/#website","url":"https:\/\/www.ull.es\/portal\/agenda\/","name":"ULL - Agenda","description":"","potentialAction":[{"@type":"SearchAction","target":{"@type":"EntryPoint","urlTemplate":"https:\/\/www.ull.es\/portal\/agenda\/?s={search_term_string}"},"query-input":"required name=search_term_string"}],"inLanguage":"es"}]}},"_links":{"self":[{"href":"https:\/\/www.ull.es\/portal\/agenda\/wp-json\/wp\/v2\/tribe_events\/30897"}],"collection":[{"href":"https:\/\/www.ull.es\/portal\/agenda\/wp-json\/wp\/v2\/tribe_events"}],"about":[{"href":"https:\/\/www.ull.es\/portal\/agenda\/wp-json\/wp\/v2\/types\/tribe_events"}],"author":[{"embeddable":true,"href":"https:\/\/www.ull.es\/portal\/agenda\/wp-json\/wp\/v2\/users\/65"}],"replies":[{"embeddable":true,"href":"https:\/\/www.ull.es\/portal\/agenda\/wp-json\/wp\/v2\/comments?post=30897"}],"version-history":[{"count":1,"href":"https:\/\/www.ull.es\/portal\/agenda\/wp-json\/wp\/v2\/tribe_events\/30897\/revisions"}],"predecessor-version":[{"id":30898,"href":"https:\/\/www.ull.es\/portal\/agenda\/wp-json\/wp\/v2\/tribe_events\/30897\/revisions\/30898"}],"wp:featuredmedia":[{"embeddable":true,"href":"https:\/\/www.ull.es\/portal\/agenda\/wp-json\/wp\/v2\/media\/30910"}],"wp:attachment":[{"href":"https:\/\/www.ull.es\/portal\/agenda\/wp-json\/wp\/v2\/media?parent=30897"}],"wp:term":[{"taxonomy":"post_tag","embeddable":true,"href":"https:\/\/www.ull.es\/portal\/agenda\/wp-json\/wp\/v2\/tags?post=30897"},{"taxonomy":"tribe_events_cat","embeddable":true,"href":"https:\/\/www.ull.es\/portal\/agenda\/wp-json\/wp\/v2\/tribe_events_cat?post=30897"}],"curies":[{"name":"wp","href":"https:\/\/api.w.org\/{rel}","templated":true}]}}

II Foro Innovación y Sostenibilidad Enoturística

<p>La Cátedra de Agroturismo y Enoturismo de Canarias del Instituto Canario de Calidad Agroalimentaria y de la Universidad de La Laguna promueve el viernes 23 de junio en los Llanos de Aridane, en la isla de La Palma, la celebración del II Foro de Innovación y Sostenibilidad Enoturística, acción previa a la celebración del VIII Encuentro de AgroEnoturismo de Canarias que tendrá lugar en el mes de noviembre en la isla de La Palma.</p>
<p>Este evento pone el foco en cómo innovar en el enoturismo desde una perspectiva de la sostenibilidad de la actividad y su impacto en el territorio. El Foro se afronta como una jornada de conocimiento de proyectos de investigación y de debate en la que participan docentes de la Universidades de La Laguna, Vietnam y Detrás-Os-Montes e Alto Douro en Portugal, y representantes de entidades insulares y regionales vinculados con la actividad enoturística para analizar las perspectivas de futuro en este ámbito.</p>
<p><a href="https://wp.ull.es/aenogas/wp-content/uploads/sites/90/2023/06/Programa-II-Foro-de-Innovacion-y-Sostenibilidad-Enoturistica.docx.pdf" target="_blank" rel="noopener" target="_blank" rel="noopener">Programa</a></p>
<p>Para más información, pulse este <a href="https://wp.ull.es/aenogas/foro-innovacion-y-sostenibilidad-enoturistica/" target="_blank" rel="noopener" target="_blank" rel="noopener">enlace.</a></p>

<p>La Cátedra de Agroturismo y Enoturismo de Canarias del Instituto Canario de Calidad Agroalimentaria y de la Universidad de La Laguna promueve el viernes 23 de junio en los Llanos de Aridane, en la isla de La Palma, la celebración del II Foro de Innovación y Sostenibilidad Enoturística, acción previa a la celebración del VIII&#8230;</p>

<!-- This site is optimized with the Yoast SEO plugin v21.3 - https://yoast.com/wordpress/plugins/seo/ -->
<title>II Foro Innovación y Sostenibilidad Enoturística - ULL - Agenda</title>
<meta name="robots" content="index, follow, max-snippet:-1, max-image-preview:large, max-video-preview:-1" />
<link rel="canonical" href="https://www.ull.es/portal/agenda/evento/ii-foro-innovacion-y-sostenibilidad-enoturistica/" />
<meta property="og:locale" content="es_ES" />
<meta property="og:type" content="article" />
<meta property="og:title" content="II Foro Innovación y Sostenibilidad Enoturística - ULL - Agenda" />
<meta property="og:description" content="La Cátedra de Agroturismo y Enoturismo de Canarias del Instituto Canario de Calidad Agroalimentaria y de la Universidad de La Laguna promueve el viernes 23 de junio en los Llanos de Aridane, en la isla de La Palma, la celebración del II Foro de Innovación y Sostenibilidad Enoturística, acción previa a la celebración del VIII..." />
<meta property="og:url" content="https://www.ull.es/portal/agenda/evento/ii-foro-innovacion-y-sostenibilidad-enoturistica/" />
<meta property="og:site_name" content="ULL - Agenda" />
<meta property="article:modified_time" content="2023-06-13T08:42:40+00:00" />
<meta property="og:image" content="https://www.ull.es/portal/agenda/wp-content/uploads/sites/12/2023/06/II-Foro-Innovacion-y-Sostenibilidad-Enoturistica_Banner-evento-copia.jpg" />
	<meta property="og:image:width" content="750" />
	<meta property="og:image:height" content="370" />
	<meta property="og:image:type" content="image/jpeg" />
<meta name="twitter:card" content="summary_large_image" />
<meta name="twitter:label1" content="Tiempo de lectura" />
	<meta name="twitter:data1" content="1 minuto" />
<script type="application/ld+json" class="yoast-schema-graph">{"@context":"https://schema.org","@graph":[{"@type":"WebPage","@id":"https://www.ull.es/portal/agenda/evento/ii-foro-innovacion-y-sostenibilidad-enoturistica/","url":"https://www.ull.es/portal/agenda/evento/ii-foro-innovacion-y-sostenibilidad-enoturistica/","name":"II Foro Innovación y Sostenibilidad Enoturística - ULL - Agenda","isPartOf":{"@id":"https://www.ull.es/portal/agenda/#website"},"datePublished":"2023-06-12T12:14:25+00:00","dateModified":"2023-06-13T08:42:40+00:00","breadcrumb":{"@id":"https://www.ull.es/portal/agenda/evento/ii-foro-innovacion-y-sostenibilidad-enoturistica/#breadcrumb"},"inLanguage":"es","potentialAction":[{"@type":"ReadAction","target":["https://www.ull.es/portal/agenda/evento/ii-foro-innovacion-y-sostenibilidad-enoturistica/"]}]},{"@type":"BreadcrumbList","@id":"https://www.ull.es/portal/agenda/evento/ii-foro-innovacion-y-sostenibilidad-enoturistica/#breadcrumb","itemListElement":[{"@type":"ListItem","position":1,"name":"Portada","item":"https://www.ull.es/portal/agenda/"},{"@type":"ListItem","position":2,"name":"II Foro Innovación y Sostenibilidad Enoturística"}]},{"@type":"WebSite","@id":"https://www.ull.es/portal/agenda/#website","url":"https://www.ull.es/portal/agenda/","name":"ULL - Agenda","description":"","potentialAction":[{"@type":"SearchAction","target":{"@type":"EntryPoint","urlTemplate":"https://www.ull.es/portal/agenda/?s={search_term_string}"},"query-input":"required name=search_term_string"}],"inLanguage":"es"}]}</script>
<!-- / Yoast SEO plugin. -->

II Foro Innovación y Sostenibilidad Enoturística - ULL - Agenda

La Cátedra de Agroturismo y Enoturismo de Canarias del Instituto Canario de Calidad Agroalimentaria y de la Universidad de La Laguna promueve el viernes 23 de junio en los Llanos de Aridane, en la isla de La Palma, la celebración del II Foro de Innovación y Sostenibilidad Enoturística, acción previa a la celebración del VIII...
