{"id":31001,"date":"2023-06-19T10:28:09","date_gmt":"2023-06-19T10:28:09","guid":{"rendered":"https:\/\/www.ull.es\/portal\/agenda\/?post_type=tribe_events&#038;p=31001"},"modified":"2023-06-28T12:20:25","modified_gmt":"2023-06-28T12:20:25","slug":"big-data-extrayendo-conocimientos-de-los-datos","status":"publish","type":"tribe_events","link":"https:\/\/www.ull.es\/portal\/agenda\/evento\/big-data-extrayendo-conocimientos-de-los-datos\/","title":{"rendered":"Big Data. Extrayendo conocimientos de los datos"},"content":{"rendered":"<p>Curso de Extensi\u00f3n Universitaria perteneciente a la programaci\u00f3n de la convocatoria de Cursos de Extensi\u00f3n Universitaria \u201c<a href=\"https:\/\/www.ull.es\/cultura\/cursos-extension-universitaria\/universidad-de-verano-de-adeje\/\" target=\"_blank\" rel=\"noopener noreferrer\" target=\"_blank\" rel=\"noopener\">Universidad de Verano de Adeje 2023<\/a>\u201d, que se celebrar\u00e1 en el Centro Cultural de la Villa de Adeje los d\u00edas 18 al 20 de julio de 2023.<\/p>\n<p>El curso proporciona la formaci\u00f3n base para introducirse en el campo del big data y en el an\u00e1lisis de datos e interpretaci\u00f3n de los mismos desde una perspectiva pr\u00e1ctica. Los objetivos espec\u00edficos son los siguientes:<\/p>\n<ul>\n<li>Valorar la importancia que tienen las t\u00e9cnicas de an\u00e1lisis de datos para la extracci\u00f3n de conocimiento \u00fatil.<\/li>\n<li>Reconocer las principales tareas de extracci\u00f3n de conocimiento.<\/li>\n<li>Capacitar al alumnado para poner en pr\u00e1ctica t\u00e9cnicas de extracci\u00f3n de conocimiento desde datos.<\/li>\n<li>Capacitar al alumnado en el uso de las principales herramientas digitales para el an\u00e1lisis de datos.<\/li>\n<li>Fomentar la actitud cr\u00edtica del alumnado ante las conclusiones que se extraen de los datos.<\/li>\n<li>Identificar los peligros y las implicaciones \u00e9ticas y morales que tiene la recopilaci\u00f3n y an\u00e1lisis de datos.<\/li>\n<\/ul>\n<p>La metodolog\u00eda docente aplicada en este curso alterna clases te\u00f3ricas, en las que se describen t\u00e9cnicas y sistemas para el an\u00e1lisis de datos, con sesiones pr\u00e1cticas, en las que el alumnado analiza datos de supuestos pr\u00e1cticos para extraer conocimiento a trav\u00e9s de herramientas software del campo del big data. En las sesiones pr\u00e1cticas, el alumnado usar\u00e1 sobre las herramientas software las t\u00e9cnicas y sistemas descritos en las clases te\u00f3ricas. Concretamente, en este curso se presta mayor importancia a las sesiones pr\u00e1cticas, ya que en la aplicaci\u00f3n de las t\u00e9cnicas se resaltan las ventajas de las mismas. Por \u00faltimo, el curso dispondr\u00e1 de foros destinados al debate sobre casos reales de aplicaciones de big data as\u00ed como las implicaciones \u00e9ticas y morales de la recopilaci\u00f3n y an\u00e1lisis de datos.<\/p>\n<p>Este curso va dirigido a estudiantes y graduados universitarios que quieran adquirir competencias tan demandadas en el contexto digital actual como las de an\u00e1lisis de datos y extracci\u00f3n de conocimiento; estudiantes que deseen incorporar competencias relacionadas con el an\u00e1lisis e interpretaci\u00f3n de datos; personas y profesionales interesados en introducirse en las posibilidades que aportan la aplicaci\u00f3n de t\u00e9cnicas inteligentes para la conversi\u00f3n de informaci\u00f3n en conocimiento; empresarios y\/o responsables de PYMES y aut\u00f3nomos que quieren obtener capacidades en el an\u00e1lisis de datos y la extracci\u00f3n de conocimiento de los mismos; y personas interesadas en el mundo del tratamiento de datos y sus implicaciones.<\/p>\n<p>Direcci\u00f3n acad\u00e9mica: Christopher Juan Exp\u00f3sito Izquierdo. Profesora Ayudante Doctor, Departamento de Ingenier\u00eda Inform\u00e1tica y de Sistemas de la Universidad de La Laguna.<\/p>\n<p><strong>CERTIFICADO DE ASISTENCIA, APTITUD Y RECONOCIMIENTO POR CR\u00c9DITO ECTS<\/strong><\/p>\n<p>La ULL, a trav\u00e9s del Vicerrectorado de Cultura y Extensi\u00f3n Universitaria, emitir\u00e1 un certificado de asistencia a todas aquellas personas que asistan a un m\u00ednimo del 80% de las horas lectivas. Asimismo, aquellas personas que superen el trabajo aut\u00f3nomo del alumnado, recibir\u00e1n un certificado de asistencia y aprovechamiento, reconocible a su vez por un cr\u00e9dito ECTS.<\/p>\n<p><a href=\"https:\/\/www.adeje.es\/uva\/cursos-y-talleres\/19963-big-data-extrayendo-conocimiento-de-los-datos\" target=\"_blank\" rel=\"noopener\" target=\"_blank\" rel=\"noopener\"><strong><u>M\u00e1s informaci\u00f3n e inscripci\u00f3n aqu\u00ed.<\/u><\/strong><\/a><\/p>\n<p><strong>Contacto: 922 319 616 \/ 922 319 626 \u2013\u00a0<\/strong><a href=\"mailto:extuni@ull.edu.es\" target=\"_blank\" rel=\"noopener\" target=\"_blank\" rel=\"noopener\"><strong>extuni@ull.es<\/strong><\/a><\/p>\n","protected":false},"excerpt":{"rendered":"<p>Curso de Extensi\u00f3n Universitaria perteneciente a la programaci\u00f3n de la convocatoria de Cursos de Extensi\u00f3n Universitaria \u201cUniversidad de Verano de Adeje 2023\u201d, que se celebrar\u00e1 en el Centro Cultural de la Villa de Adeje los d\u00edas 18 al 20 de julio de 2023. El curso proporciona la formaci\u00f3n base para introducirse en el campo del&#8230;<\/p>\n","protected":false},"author":43,"featured_media":31125,"comment_status":"closed","ping_status":"closed","template":"","tags":[4259,4710,977,3812,4711,3751,245,4875,4709],"tribe_events_cat":[472,4,186,3942],"acf":[],"yoast_head":"<!-- This site is optimized with the Yoast SEO plugin v21.3 - https:\/\/yoast.com\/wordpress\/plugins\/seo\/ -->\n<title>Big Data. Extrayendo conocimientos de los datos - ULL - Agenda<\/title>\n<meta name=\"robots\" content=\"index, follow, max-snippet:-1, max-image-preview:large, max-video-preview:-1\" \/>\n<link rel=\"canonical\" href=\"https:\/\/www.ull.es\/portal\/agenda\/evento\/big-data-extrayendo-conocimientos-de-los-datos\/\" \/>\n<meta property=\"og:locale\" content=\"es_ES\" \/>\n<meta property=\"og:type\" content=\"article\" \/>\n<meta property=\"og:title\" content=\"Big Data. Extrayendo conocimientos de los datos - ULL - Agenda\" \/>\n<meta property=\"og:description\" content=\"Curso de Extensi\u00f3n Universitaria perteneciente a la programaci\u00f3n de la convocatoria de Cursos de Extensi\u00f3n Universitaria \u201cUniversidad de Verano de Adeje 2023\u201d, que se celebrar\u00e1 en el Centro Cultural de la Villa de Adeje los d\u00edas 18 al 20 de julio de 2023. El curso proporciona la formaci\u00f3n base para introducirse en el campo del...\" \/>\n<meta property=\"og:url\" content=\"https:\/\/www.ull.es\/portal\/agenda\/evento\/big-data-extrayendo-conocimientos-de-los-datos\/\" \/>\n<meta property=\"og:site_name\" content=\"ULL - Agenda\" \/>\n<meta property=\"article:modified_time\" content=\"2023-06-28T12:20:25+00:00\" \/>\n<meta property=\"og:image\" content=\"https:\/\/www.ull.es\/portal\/agenda\/wp-content\/uploads\/sites\/12\/2023\/06\/5-1.jpg\" \/>\n\t<meta property=\"og:image:width\" content=\"700\" \/>\n\t<meta property=\"og:image:height\" content=\"350\" \/>\n\t<meta property=\"og:image:type\" content=\"image\/jpeg\" \/>\n<meta name=\"twitter:card\" content=\"summary_large_image\" \/>\n<meta name=\"twitter:label1\" content=\"Tiempo de lectura\" \/>\n\t<meta name=\"twitter:data1\" content=\"3 minutos\" \/>\n<script type=\"application\/ld+json\" class=\"yoast-schema-graph\">{\"@context\":\"https:\/\/schema.org\",\"@graph\":[{\"@type\":\"WebPage\",\"@id\":\"https:\/\/www.ull.es\/portal\/agenda\/evento\/big-data-extrayendo-conocimientos-de-los-datos\/\",\"url\":\"https:\/\/www.ull.es\/portal\/agenda\/evento\/big-data-extrayendo-conocimientos-de-los-datos\/\",\"name\":\"Big Data. Extrayendo conocimientos de los datos - ULL - Agenda\",\"isPartOf\":{\"@id\":\"https:\/\/www.ull.es\/portal\/agenda\/#website\"},\"datePublished\":\"2023-06-19T10:28:09+00:00\",\"dateModified\":\"2023-06-28T12:20:25+00:00\",\"breadcrumb\":{\"@id\":\"https:\/\/www.ull.es\/portal\/agenda\/evento\/big-data-extrayendo-conocimientos-de-los-datos\/#breadcrumb\"},\"inLanguage\":\"es\",\"potentialAction\":[{\"@type\":\"ReadAction\",\"target\":[\"https:\/\/www.ull.es\/portal\/agenda\/evento\/big-data-extrayendo-conocimientos-de-los-datos\/\"]}]},{\"@type\":\"BreadcrumbList\",\"@id\":\"https:\/\/www.ull.es\/portal\/agenda\/evento\/big-data-extrayendo-conocimientos-de-los-datos\/#breadcrumb\",\"itemListElement\":[{\"@type\":\"ListItem\",\"position\":1,\"name\":\"Portada\",\"item\":\"https:\/\/www.ull.es\/portal\/agenda\/\"},{\"@type\":\"ListItem\",\"position\":2,\"name\":\"Big Data. Extrayendo conocimientos de los datos\"}]},{\"@type\":\"WebSite\",\"@id\":\"https:\/\/www.ull.es\/portal\/agenda\/#website\",\"url\":\"https:\/\/www.ull.es\/portal\/agenda\/\",\"name\":\"ULL - Agenda\",\"description\":\"\",\"potentialAction\":[{\"@type\":\"SearchAction\",\"target\":{\"@type\":\"EntryPoint\",\"urlTemplate\":\"https:\/\/www.ull.es\/portal\/agenda\/?s={search_term_string}\"},\"query-input\":\"required name=search_term_string\"}],\"inLanguage\":\"es\"}]}<\/script>\n<!-- \/ Yoast SEO plugin. -->","yoast_head_json":{"title":"Big Data. Extrayendo conocimientos de los datos - ULL - Agenda","robots":{"index":"index","follow":"follow","max-snippet":"max-snippet:-1","max-image-preview":"max-image-preview:large","max-video-preview":"max-video-preview:-1"},"canonical":"https:\/\/www.ull.es\/portal\/agenda\/evento\/big-data-extrayendo-conocimientos-de-los-datos\/","og_locale":"es_ES","og_type":"article","og_title":"Big Data. Extrayendo conocimientos de los datos - ULL - Agenda","og_description":"Curso de Extensi\u00f3n Universitaria perteneciente a la programaci\u00f3n de la convocatoria de Cursos de Extensi\u00f3n Universitaria \u201cUniversidad de Verano de Adeje 2023\u201d, que se celebrar\u00e1 en el Centro Cultural de la Villa de Adeje los d\u00edas 18 al 20 de julio de 2023. El curso proporciona la formaci\u00f3n base para introducirse en el campo del...","og_url":"https:\/\/www.ull.es\/portal\/agenda\/evento\/big-data-extrayendo-conocimientos-de-los-datos\/","og_site_name":"ULL - Agenda","article_modified_time":"2023-06-28T12:20:25+00:00","og_image":[{"width":700,"height":350,"url":"https:\/\/www.ull.es\/portal\/agenda\/wp-content\/uploads\/sites\/12\/2023\/06\/5-1.jpg","type":"image\/jpeg"}],"twitter_card":"summary_large_image","twitter_misc":{"Tiempo de lectura":"3 minutos"},"schema":{"@context":"https:\/\/schema.org","@graph":[{"@type":"WebPage","@id":"https:\/\/www.ull.es\/portal\/agenda\/evento\/big-data-extrayendo-conocimientos-de-los-datos\/","url":"https:\/\/www.ull.es\/portal\/agenda\/evento\/big-data-extrayendo-conocimientos-de-los-datos\/","name":"Big Data. Extrayendo conocimientos de los datos - ULL - Agenda","isPartOf":{"@id":"https:\/\/www.ull.es\/portal\/agenda\/#website"},"datePublished":"2023-06-19T10:28:09+00:00","dateModified":"2023-06-28T12:20:25+00:00","breadcrumb":{"@id":"https:\/\/www.ull.es\/portal\/agenda\/evento\/big-data-extrayendo-conocimientos-de-los-datos\/#breadcrumb"},"inLanguage":"es","potentialAction":[{"@type":"ReadAction","target":["https:\/\/www.ull.es\/portal\/agenda\/evento\/big-data-extrayendo-conocimientos-de-los-datos\/"]}]},{"@type":"BreadcrumbList","@id":"https:\/\/www.ull.es\/portal\/agenda\/evento\/big-data-extrayendo-conocimientos-de-los-datos\/#breadcrumb","itemListElement":[{"@type":"ListItem","position":1,"name":"Portada","item":"https:\/\/www.ull.es\/portal\/agenda\/"},{"@type":"ListItem","position":2,"name":"Big Data. Extrayendo conocimientos de los datos"}]},{"@type":"WebSite","@id":"https:\/\/www.ull.es\/portal\/agenda\/#website","url":"https:\/\/www.ull.es\/portal\/agenda\/","name":"ULL - Agenda","description":"","potentialAction":[{"@type":"SearchAction","target":{"@type":"EntryPoint","urlTemplate":"https:\/\/www.ull.es\/portal\/agenda\/?s={search_term_string}"},"query-input":"required name=search_term_string"}],"inLanguage":"es"}]}},"_links":{"self":[{"href":"https:\/\/www.ull.es\/portal\/agenda\/wp-json\/wp\/v2\/tribe_events\/31001"}],"collection":[{"href":"https:\/\/www.ull.es\/portal\/agenda\/wp-json\/wp\/v2\/tribe_events"}],"about":[{"href":"https:\/\/www.ull.es\/portal\/agenda\/wp-json\/wp\/v2\/types\/tribe_events"}],"author":[{"embeddable":true,"href":"https:\/\/www.ull.es\/portal\/agenda\/wp-json\/wp\/v2\/users\/43"}],"replies":[{"embeddable":true,"href":"https:\/\/www.ull.es\/portal\/agenda\/wp-json\/wp\/v2\/comments?post=31001"}],"version-history":[{"count":4,"href":"https:\/\/www.ull.es\/portal\/agenda\/wp-json\/wp\/v2\/tribe_events\/31001\/revisions"}],"predecessor-version":[{"id":31126,"href":"https:\/\/www.ull.es\/portal\/agenda\/wp-json\/wp\/v2\/tribe_events\/31001\/revisions\/31126"}],"wp:featuredmedia":[{"embeddable":true,"href":"https:\/\/www.ull.es\/portal\/agenda\/wp-json\/wp\/v2\/media\/31125"}],"wp:attachment":[{"href":"https:\/\/www.ull.es\/portal\/agenda\/wp-json\/wp\/v2\/media?parent=31001"}],"wp:term":[{"taxonomy":"post_tag","embeddable":true,"href":"https:\/\/www.ull.es\/portal\/agenda\/wp-json\/wp\/v2\/tags?post=31001"},{"taxonomy":"tribe_events_cat","embeddable":true,"href":"https:\/\/www.ull.es\/portal\/agenda\/wp-json\/wp\/v2\/tribe_events_cat?post=31001"}],"curies":[{"name":"wp","href":"https:\/\/api.w.org\/{rel}","templated":true}]}}

<p>Curso de Extensión Universitaria perteneciente a la programación de la convocatoria de Cursos de Extensión Universitaria “<a href="https://www.ull.es/cultura/cursos-extension-universitaria/universidad-de-verano-de-adeje/" target="_blank" rel="noopener noreferrer" target="_blank" rel="noopener">Universidad de Verano de Adeje 2023</a>”, que se celebrará en el Centro Cultural de la Villa de Adeje los días 18 al 20 de julio de 2023.</p>
<p>El curso proporciona la formación base para introducirse en el campo del big data y en el análisis de datos e interpretación de los mismos desde una perspectiva práctica. Los objetivos específicos son los siguientes:</p>
<ul>
<li>Valorar la importancia que tienen las técnicas de análisis de datos para la extracción de conocimiento útil.</li>
<li>Reconocer las principales tareas de extracción de conocimiento.</li>
<li>Capacitar al alumnado para poner en práctica técnicas de extracción de conocimiento desde datos.</li>
<li>Capacitar al alumnado en el uso de las principales herramientas digitales para el análisis de datos.</li>
<li>Fomentar la actitud crítica del alumnado ante las conclusiones que se extraen de los datos.</li>
<li>Identificar los peligros y las implicaciones éticas y morales que tiene la recopilación y análisis de datos.</li>
</ul>
<p>La metodología docente aplicada en este curso alterna clases teóricas, en las que se describen técnicas y sistemas para el análisis de datos, con sesiones prácticas, en las que el alumnado analiza datos de supuestos prácticos para extraer conocimiento a través de herramientas software del campo del big data. En las sesiones prácticas, el alumnado usará sobre las herramientas software las técnicas y sistemas descritos en las clases teóricas. Concretamente, en este curso se presta mayor importancia a las sesiones prácticas, ya que en la aplicación de las técnicas se resaltan las ventajas de las mismas. Por último, el curso dispondrá de foros destinados al debate sobre casos reales de aplicaciones de big data así como las implicaciones éticas y morales de la recopilación y análisis de datos.</p>
<p>Este curso va dirigido a estudiantes y graduados universitarios que quieran adquirir competencias tan demandadas en el contexto digital actual como las de análisis de datos y extracción de conocimiento; estudiantes que deseen incorporar competencias relacionadas con el análisis e interpretación de datos; personas y profesionales interesados en introducirse en las posibilidades que aportan la aplicación de técnicas inteligentes para la conversión de información en conocimiento; empresarios y/o responsables de PYMES y autónomos que quieren obtener capacidades en el análisis de datos y la extracción de conocimiento de los mismos; y personas interesadas en el mundo del tratamiento de datos y sus implicaciones.</p>
<p>Dirección académica: Christopher Juan Expósito Izquierdo. Profesora Ayudante Doctor, Departamento de Ingeniería Informática y de Sistemas de la Universidad de La Laguna.</p>
<p><strong>CERTIFICADO DE ASISTENCIA, APTITUD Y RECONOCIMIENTO POR CRÉDITO ECTS</strong></p>
<p>La ULL, a través del Vicerrectorado de Cultura y Extensión Universitaria, emitirá un certificado de asistencia a todas aquellas personas que asistan a un mínimo del 80% de las horas lectivas. Asimismo, aquellas personas que superen el trabajo autónomo del alumnado, recibirán un certificado de asistencia y aprovechamiento, reconocible a su vez por un crédito ECTS.</p>
<p><a href="https://www.adeje.es/uva/cursos-y-talleres/19963-big-data-extrayendo-conocimiento-de-los-datos" target="_blank" rel="noopener" target="_blank" rel="noopener"><strong><u>Más información e inscripción aquí.</u></strong></a></p>
<p><strong>Contacto: 922 319 616 / 922 319 626 – </strong><a href="mailto:extuni@ull.edu.es" target="_blank" rel="noopener" target="_blank" rel="noopener"><strong>extuni@ull.es</strong></a></p>

<p>Curso de Extensión Universitaria perteneciente a la programación de la convocatoria de Cursos de Extensión Universitaria “Universidad de Verano de Adeje 2023”, que se celebrará en el Centro Cultural de la Villa de Adeje los días 18 al 20 de julio de 2023. El curso proporciona la formación base para introducirse en el campo del&#8230;</p>

<!-- This site is optimized with the Yoast SEO plugin v21.3 - https://yoast.com/wordpress/plugins/seo/ -->
<title>Big Data. Extrayendo conocimientos de los datos - ULL - Agenda</title>
<meta name="robots" content="index, follow, max-snippet:-1, max-image-preview:large, max-video-preview:-1" />
<link rel="canonical" href="https://www.ull.es/portal/agenda/evento/big-data-extrayendo-conocimientos-de-los-datos/" />
<meta property="og:locale" content="es_ES" />
<meta property="og:type" content="article" />
<meta property="og:title" content="Big Data. Extrayendo conocimientos de los datos - ULL - Agenda" />
<meta property="og:description" content="Curso de Extensión Universitaria perteneciente a la programación de la convocatoria de Cursos de Extensión Universitaria “Universidad de Verano de Adeje 2023”, que se celebrará en el Centro Cultural de la Villa de Adeje los días 18 al 20 de julio de 2023. El curso proporciona la formación base para introducirse en el campo del..." />
<meta property="og:url" content="https://www.ull.es/portal/agenda/evento/big-data-extrayendo-conocimientos-de-los-datos/" />
<meta property="og:site_name" content="ULL - Agenda" />
<meta property="article:modified_time" content="2023-06-28T12:20:25+00:00" />
<meta property="og:image" content="https://www.ull.es/portal/agenda/wp-content/uploads/sites/12/2023/06/5-1.jpg" />
	<meta property="og:image:width" content="700" />
	<meta property="og:image:height" content="350" />
	<meta property="og:image:type" content="image/jpeg" />
<meta name="twitter:card" content="summary_large_image" />
<meta name="twitter:label1" content="Tiempo de lectura" />
	<meta name="twitter:data1" content="3 minutos" />
<script type="application/ld+json" class="yoast-schema-graph">{"@context":"https://schema.org","@graph":[{"@type":"WebPage","@id":"https://www.ull.es/portal/agenda/evento/big-data-extrayendo-conocimientos-de-los-datos/","url":"https://www.ull.es/portal/agenda/evento/big-data-extrayendo-conocimientos-de-los-datos/","name":"Big Data. Extrayendo conocimientos de los datos - ULL - Agenda","isPartOf":{"@id":"https://www.ull.es/portal/agenda/#website"},"datePublished":"2023-06-19T10:28:09+00:00","dateModified":"2023-06-28T12:20:25+00:00","breadcrumb":{"@id":"https://www.ull.es/portal/agenda/evento/big-data-extrayendo-conocimientos-de-los-datos/#breadcrumb"},"inLanguage":"es","potentialAction":[{"@type":"ReadAction","target":["https://www.ull.es/portal/agenda/evento/big-data-extrayendo-conocimientos-de-los-datos/"]}]},{"@type":"BreadcrumbList","@id":"https://www.ull.es/portal/agenda/evento/big-data-extrayendo-conocimientos-de-los-datos/#breadcrumb","itemListElement":[{"@type":"ListItem","position":1,"name":"Portada","item":"https://www.ull.es/portal/agenda/"},{"@type":"ListItem","position":2,"name":"Big Data. Extrayendo conocimientos de los datos"}]},{"@type":"WebSite","@id":"https://www.ull.es/portal/agenda/#website","url":"https://www.ull.es/portal/agenda/","name":"ULL - Agenda","description":"","potentialAction":[{"@type":"SearchAction","target":{"@type":"EntryPoint","urlTemplate":"https://www.ull.es/portal/agenda/?s={search_term_string}"},"query-input":"required name=search_term_string"}],"inLanguage":"es"}]}</script>
<!-- / Yoast SEO plugin. -->

Curso de Extensión Universitaria perteneciente a la programación de la convocatoria de Cursos de Extensión Universitaria “Universidad de Verano de Adeje 2023”, que se celebrará en el Centro Cultural de la Villa de Adeje los días 18 al 20 de julio de 2023. El curso proporciona la formación base para introducirse en el campo del...
