{"id":31020,"date":"2023-06-19T11:04:24","date_gmt":"2023-06-19T11:04:24","guid":{"rendered":"https:\/\/www.ull.es\/portal\/agenda\/?post_type=tribe_events&#038;p=31020"},"modified":"2023-06-28T12:23:03","modified_gmt":"2023-06-28T12:23:03","slug":"inteligencia-artificial-comunicacion-social-y-periodismo-tendencias-en-la-generacion-de-contenidos","status":"publish","type":"tribe_events","link":"https:\/\/www.ull.es\/portal\/agenda\/evento\/inteligencia-artificial-comunicacion-social-y-periodismo-tendencias-en-la-generacion-de-contenidos\/","title":{"rendered":"Inteligencia Artificial, Comunicaci\u00f3n Social y Periodismo: tendencias en la generaci\u00f3n de contenidos"},"content":{"rendered":"<p>Curso de Extensi\u00f3n Universitaria perteneciente a la programaci\u00f3n de la convocatoria de Cursos de Extensi\u00f3n Universitaria \u201c<a href=\"https:\/\/www.ull.es\/cultura\/cursos-extension-universitaria\/universidad-de-verano-de-adeje\/\" target=\"_blank\" rel=\"noopener noreferrer\" target=\"_blank\" rel=\"noopener\">Universidad de Verano de Adeje 2023<\/a>\u201d, que se celebrar\u00e1 en el Centro Cultural de la Villa de Adeje los d\u00edas 18 al 20 de julio de 2023.<\/p>\n<p>Objetivos:<\/p>\n<ul>\n<li>Introducir a la audiencia en la aplicaci\u00f3n de la Inteligencia Artificial en la generaci\u00f3n de contenidos, y en los nuevos escenarios laborales derivados.<\/li>\n<li>Dotar a la audiencia de nociones fundamentales relacionadas con la IA y su aplicaci\u00f3n en actividades profesionales relacionadas con la Comunicaci\u00f3n Social y el Periodismo.<\/li>\n<li>Introducir a la audiencia en los procesos b\u00e1sicos de la aplicaci\u00f3n pr\u00e1ctica de la Inteligencia Artificial.<\/li>\n<\/ul>\n<p>Metodolog\u00eda docente: Conferencias y seminarios, pr\u00e1cticas en tiempo real, debate interactivo, aprendizaje cooperativo y colaborativo, resoluci\u00f3n de problemas\/retos y gamificaci\u00f3n con mec\u00e1nicas de juegos y videojuegos.<\/p>\n<p>Este curso va dirigido a profesionales de la comunicaci\u00f3n social, periodistas, alumnado de doctorado y de grado, docentes de todos los niveles educativos y personas en general interesadas en la tem\u00e1tica.<\/p>\n<p>Direcci\u00f3n acad\u00e9mica:<\/p>\n<ul>\n<li>Mar\u00eda Dolores Meneses Fern\u00e1ndez. Profesora Titular de Universidad, Departamento de Ciencias de la Comunicaci\u00f3n y Trabajo Social de la Universidad de La Laguna.<\/li>\n<li>Munir Jojo Verge. Formaci\u00f3n universitaria en F\u00edsica, Inform\u00e1tica y Aeroespacial. Director y gerente de varios equipos tecnol\u00f3gicos. Experto en sistemas aut\u00f3nomos, algoritmos de planificaci\u00f3n del comportamiento, en aprendizaje para la conducci\u00f3n aut\u00f3noma, en creaci\u00f3n de entornos urbanos compatibles con OpenAI y en entrenamiento y pruebas de algoritmos. Trabaja en Estados Unidos en temas sobre Neocibern\u00e9tica.<\/li>\n<\/ul>\n<p><strong>CERTIFICADO DE ASISTENCIA, APTITUD Y RECONOCIMIENTO POR CR\u00c9DITO ECTS<\/strong><\/p>\n<p>La ULL, a trav\u00e9s del Vicerrectorado de Cultura y Extensi\u00f3n Universitaria, emitir\u00e1 un certificado de asistencia a todas aquellas personas que asistan a un m\u00ednimo del 80% de las horas lectivas. Asimismo, aquellas personas que superen el trabajo aut\u00f3nomo del alumnado, recibir\u00e1n un certificado de asistencia y aprovechamiento, reconocible a su vez por un cr\u00e9dito ECTS.<\/p>\n<p><a href=\"https:\/\/www.adeje.es\/uva\/cursos-y-talleres\/19976-inteligencia-artificial-comunicacin-social-y-periodismo-tendencias-en-la-generacin-de-contenidos\" target=\"_blank\" rel=\"noopener\" target=\"_blank\" rel=\"noopener\"><strong><u>M\u00e1s informaci\u00f3n e inscripci\u00f3n aqu\u00ed.<\/u><\/strong><\/a><\/p>\n<p><strong>Contacto: 922 319 616 \/ 922 319 626 \u2013\u00a0<\/strong><a href=\"mailto:extuni@ull.edu.es\" target=\"_blank\" rel=\"noopener\" target=\"_blank\" rel=\"noopener\"><strong>extuni@ull.es<\/strong><\/a><\/p>\n","protected":false},"excerpt":{"rendered":"<p>Curso de Extensi\u00f3n Universitaria perteneciente a la programaci\u00f3n de la convocatoria de Cursos de Extensi\u00f3n Universitaria \u201cUniversidad de Verano de Adeje 2023\u201d, que se celebrar\u00e1 en el Centro Cultural de la Villa de Adeje los d\u00edas 18 al 20 de julio de 2023. Objetivos: Introducir a la audiencia en la aplicaci\u00f3n de la Inteligencia Artificial&#8230;<\/p>\n","protected":false},"author":43,"featured_media":31131,"comment_status":"closed","ping_status":"closed","template":"","tags":[4259,4710,977,3812,4711,3751,245,4875,4709],"tribe_events_cat":[472,4,186,3942],"acf":[],"yoast_head":"<!-- This site is optimized with the Yoast SEO plugin v21.3 - https:\/\/yoast.com\/wordpress\/plugins\/seo\/ -->\n<title>Inteligencia Artificial, Comunicaci\u00f3n Social y Periodismo: tendencias en la generaci\u00f3n de contenidos - ULL - Agenda<\/title>\n<meta name=\"robots\" content=\"index, follow, max-snippet:-1, max-image-preview:large, max-video-preview:-1\" \/>\n<link rel=\"canonical\" href=\"https:\/\/www.ull.es\/portal\/agenda\/evento\/inteligencia-artificial-comunicacion-social-y-periodismo-tendencias-en-la-generacion-de-contenidos\/\" \/>\n<meta property=\"og:locale\" content=\"es_ES\" \/>\n<meta property=\"og:type\" content=\"article\" \/>\n<meta property=\"og:title\" content=\"Inteligencia Artificial, Comunicaci\u00f3n Social y Periodismo: tendencias en la generaci\u00f3n de contenidos - ULL - Agenda\" \/>\n<meta property=\"og:description\" content=\"Curso de Extensi\u00f3n Universitaria perteneciente a la programaci\u00f3n de la convocatoria de Cursos de Extensi\u00f3n Universitaria \u201cUniversidad de Verano de Adeje 2023\u201d, que se celebrar\u00e1 en el Centro Cultural de la Villa de Adeje los d\u00edas 18 al 20 de julio de 2023. Objetivos: Introducir a la audiencia en la aplicaci\u00f3n de la Inteligencia Artificial...\" \/>\n<meta property=\"og:url\" content=\"https:\/\/www.ull.es\/portal\/agenda\/evento\/inteligencia-artificial-comunicacion-social-y-periodismo-tendencias-en-la-generacion-de-contenidos\/\" \/>\n<meta property=\"og:site_name\" content=\"ULL - Agenda\" \/>\n<meta property=\"article:modified_time\" content=\"2023-06-28T12:23:03+00:00\" \/>\n<meta property=\"og:image\" content=\"https:\/\/www.ull.es\/portal\/agenda\/wp-content\/uploads\/sites\/12\/2023\/06\/8.png\" \/>\n\t<meta property=\"og:image:width\" content=\"700\" \/>\n\t<meta property=\"og:image:height\" content=\"350\" \/>\n\t<meta property=\"og:image:type\" content=\"image\/png\" \/>\n<meta name=\"twitter:card\" content=\"summary_large_image\" \/>\n<meta name=\"twitter:label1\" content=\"Tiempo de lectura\" \/>\n\t<meta name=\"twitter:data1\" content=\"2 minutos\" \/>\n<script type=\"application\/ld+json\" class=\"yoast-schema-graph\">{\"@context\":\"https:\/\/schema.org\",\"@graph\":[{\"@type\":\"WebPage\",\"@id\":\"https:\/\/www.ull.es\/portal\/agenda\/evento\/inteligencia-artificial-comunicacion-social-y-periodismo-tendencias-en-la-generacion-de-contenidos\/\",\"url\":\"https:\/\/www.ull.es\/portal\/agenda\/evento\/inteligencia-artificial-comunicacion-social-y-periodismo-tendencias-en-la-generacion-de-contenidos\/\",\"name\":\"Inteligencia Artificial, Comunicaci\u00f3n Social y Periodismo: tendencias en la generaci\u00f3n de contenidos - ULL - Agenda\",\"isPartOf\":{\"@id\":\"https:\/\/www.ull.es\/portal\/agenda\/#website\"},\"datePublished\":\"2023-06-19T11:04:24+00:00\",\"dateModified\":\"2023-06-28T12:23:03+00:00\",\"breadcrumb\":{\"@id\":\"https:\/\/www.ull.es\/portal\/agenda\/evento\/inteligencia-artificial-comunicacion-social-y-periodismo-tendencias-en-la-generacion-de-contenidos\/#breadcrumb\"},\"inLanguage\":\"es\",\"potentialAction\":[{\"@type\":\"ReadAction\",\"target\":[\"https:\/\/www.ull.es\/portal\/agenda\/evento\/inteligencia-artificial-comunicacion-social-y-periodismo-tendencias-en-la-generacion-de-contenidos\/\"]}]},{\"@type\":\"BreadcrumbList\",\"@id\":\"https:\/\/www.ull.es\/portal\/agenda\/evento\/inteligencia-artificial-comunicacion-social-y-periodismo-tendencias-en-la-generacion-de-contenidos\/#breadcrumb\",\"itemListElement\":[{\"@type\":\"ListItem\",\"position\":1,\"name\":\"Portada\",\"item\":\"https:\/\/www.ull.es\/portal\/agenda\/\"},{\"@type\":\"ListItem\",\"position\":2,\"name\":\"Inteligencia Artificial, Comunicaci\u00f3n Social y Periodismo: tendencias en la generaci\u00f3n de contenidos\"}]},{\"@type\":\"WebSite\",\"@id\":\"https:\/\/www.ull.es\/portal\/agenda\/#website\",\"url\":\"https:\/\/www.ull.es\/portal\/agenda\/\",\"name\":\"ULL - Agenda\",\"description\":\"\",\"potentialAction\":[{\"@type\":\"SearchAction\",\"target\":{\"@type\":\"EntryPoint\",\"urlTemplate\":\"https:\/\/www.ull.es\/portal\/agenda\/?s={search_term_string}\"},\"query-input\":\"required name=search_term_string\"}],\"inLanguage\":\"es\"}]}<\/script>\n<!-- \/ Yoast SEO plugin. -->","yoast_head_json":{"title":"Inteligencia Artificial, Comunicaci\u00f3n Social y Periodismo: tendencias en la generaci\u00f3n de contenidos - ULL - Agenda","robots":{"index":"index","follow":"follow","max-snippet":"max-snippet:-1","max-image-preview":"max-image-preview:large","max-video-preview":"max-video-preview:-1"},"canonical":"https:\/\/www.ull.es\/portal\/agenda\/evento\/inteligencia-artificial-comunicacion-social-y-periodismo-tendencias-en-la-generacion-de-contenidos\/","og_locale":"es_ES","og_type":"article","og_title":"Inteligencia Artificial, Comunicaci\u00f3n Social y Periodismo: tendencias en la generaci\u00f3n de contenidos - ULL - Agenda","og_description":"Curso de Extensi\u00f3n Universitaria perteneciente a la programaci\u00f3n de la convocatoria de Cursos de Extensi\u00f3n Universitaria \u201cUniversidad de Verano de Adeje 2023\u201d, que se celebrar\u00e1 en el Centro Cultural de la Villa de Adeje los d\u00edas 18 al 20 de julio de 2023. Objetivos: Introducir a la audiencia en la aplicaci\u00f3n de la Inteligencia Artificial...","og_url":"https:\/\/www.ull.es\/portal\/agenda\/evento\/inteligencia-artificial-comunicacion-social-y-periodismo-tendencias-en-la-generacion-de-contenidos\/","og_site_name":"ULL - Agenda","article_modified_time":"2023-06-28T12:23:03+00:00","og_image":[{"width":700,"height":350,"url":"https:\/\/www.ull.es\/portal\/agenda\/wp-content\/uploads\/sites\/12\/2023\/06\/8.png","type":"image\/png"}],"twitter_card":"summary_large_image","twitter_misc":{"Tiempo de lectura":"2 minutos"},"schema":{"@context":"https:\/\/schema.org","@graph":[{"@type":"WebPage","@id":"https:\/\/www.ull.es\/portal\/agenda\/evento\/inteligencia-artificial-comunicacion-social-y-periodismo-tendencias-en-la-generacion-de-contenidos\/","url":"https:\/\/www.ull.es\/portal\/agenda\/evento\/inteligencia-artificial-comunicacion-social-y-periodismo-tendencias-en-la-generacion-de-contenidos\/","name":"Inteligencia Artificial, Comunicaci\u00f3n Social y Periodismo: tendencias en la generaci\u00f3n de contenidos - ULL - Agenda","isPartOf":{"@id":"https:\/\/www.ull.es\/portal\/agenda\/#website"},"datePublished":"2023-06-19T11:04:24+00:00","dateModified":"2023-06-28T12:23:03+00:00","breadcrumb":{"@id":"https:\/\/www.ull.es\/portal\/agenda\/evento\/inteligencia-artificial-comunicacion-social-y-periodismo-tendencias-en-la-generacion-de-contenidos\/#breadcrumb"},"inLanguage":"es","potentialAction":[{"@type":"ReadAction","target":["https:\/\/www.ull.es\/portal\/agenda\/evento\/inteligencia-artificial-comunicacion-social-y-periodismo-tendencias-en-la-generacion-de-contenidos\/"]}]},{"@type":"BreadcrumbList","@id":"https:\/\/www.ull.es\/portal\/agenda\/evento\/inteligencia-artificial-comunicacion-social-y-periodismo-tendencias-en-la-generacion-de-contenidos\/#breadcrumb","itemListElement":[{"@type":"ListItem","position":1,"name":"Portada","item":"https:\/\/www.ull.es\/portal\/agenda\/"},{"@type":"ListItem","position":2,"name":"Inteligencia Artificial, Comunicaci\u00f3n Social y Periodismo: tendencias en la generaci\u00f3n de contenidos"}]},{"@type":"WebSite","@id":"https:\/\/www.ull.es\/portal\/agenda\/#website","url":"https:\/\/www.ull.es\/portal\/agenda\/","name":"ULL - Agenda","description":"","potentialAction":[{"@type":"SearchAction","target":{"@type":"EntryPoint","urlTemplate":"https:\/\/www.ull.es\/portal\/agenda\/?s={search_term_string}"},"query-input":"required name=search_term_string"}],"inLanguage":"es"}]}},"_links":{"self":[{"href":"https:\/\/www.ull.es\/portal\/agenda\/wp-json\/wp\/v2\/tribe_events\/31020"}],"collection":[{"href":"https:\/\/www.ull.es\/portal\/agenda\/wp-json\/wp\/v2\/tribe_events"}],"about":[{"href":"https:\/\/www.ull.es\/portal\/agenda\/wp-json\/wp\/v2\/types\/tribe_events"}],"author":[{"embeddable":true,"href":"https:\/\/www.ull.es\/portal\/agenda\/wp-json\/wp\/v2\/users\/43"}],"replies":[{"embeddable":true,"href":"https:\/\/www.ull.es\/portal\/agenda\/wp-json\/wp\/v2\/comments?post=31020"}],"version-history":[{"count":4,"href":"https:\/\/www.ull.es\/portal\/agenda\/wp-json\/wp\/v2\/tribe_events\/31020\/revisions"}],"predecessor-version":[{"id":31132,"href":"https:\/\/www.ull.es\/portal\/agenda\/wp-json\/wp\/v2\/tribe_events\/31020\/revisions\/31132"}],"wp:featuredmedia":[{"embeddable":true,"href":"https:\/\/www.ull.es\/portal\/agenda\/wp-json\/wp\/v2\/media\/31131"}],"wp:attachment":[{"href":"https:\/\/www.ull.es\/portal\/agenda\/wp-json\/wp\/v2\/media?parent=31020"}],"wp:term":[{"taxonomy":"post_tag","embeddable":true,"href":"https:\/\/www.ull.es\/portal\/agenda\/wp-json\/wp\/v2\/tags?post=31020"},{"taxonomy":"tribe_events_cat","embeddable":true,"href":"https:\/\/www.ull.es\/portal\/agenda\/wp-json\/wp\/v2\/tribe_events_cat?post=31020"}],"curies":[{"name":"wp","href":"https:\/\/api.w.org\/{rel}","templated":true}]}}

Inteligencia Artificial, Comunicación Social y Periodismo: tendencias en la generación de contenidos

<p>Curso de Extensión Universitaria perteneciente a la programación de la convocatoria de Cursos de Extensión Universitaria “<a href="https://www.ull.es/cultura/cursos-extension-universitaria/universidad-de-verano-de-adeje/" target="_blank" rel="noopener noreferrer" target="_blank" rel="noopener">Universidad de Verano de Adeje 2023</a>”, que se celebrará en el Centro Cultural de la Villa de Adeje los días 18 al 20 de julio de 2023.</p>
<p>Objetivos:</p>
<ul>
<li>Introducir a la audiencia en la aplicación de la Inteligencia Artificial en la generación de contenidos, y en los nuevos escenarios laborales derivados.</li>
<li>Dotar a la audiencia de nociones fundamentales relacionadas con la IA y su aplicación en actividades profesionales relacionadas con la Comunicación Social y el Periodismo.</li>
<li>Introducir a la audiencia en los procesos básicos de la aplicación práctica de la Inteligencia Artificial.</li>
</ul>
<p>Metodología docente: Conferencias y seminarios, prácticas en tiempo real, debate interactivo, aprendizaje cooperativo y colaborativo, resolución de problemas/retos y gamificación con mecánicas de juegos y videojuegos.</p>
<p>Este curso va dirigido a profesionales de la comunicación social, periodistas, alumnado de doctorado y de grado, docentes de todos los niveles educativos y personas en general interesadas en la temática.</p>
<p>Dirección académica:</p>
<ul>
<li>María Dolores Meneses Fernández. Profesora Titular de Universidad, Departamento de Ciencias de la Comunicación y Trabajo Social de la Universidad de La Laguna.</li>
<li>Munir Jojo Verge. Formación universitaria en Física, Informática y Aeroespacial. Director y gerente de varios equipos tecnológicos. Experto en sistemas autónomos, algoritmos de planificación del comportamiento, en aprendizaje para la conducción autónoma, en creación de entornos urbanos compatibles con OpenAI y en entrenamiento y pruebas de algoritmos. Trabaja en Estados Unidos en temas sobre Neocibernética.</li>
</ul>
<p><strong>CERTIFICADO DE ASISTENCIA, APTITUD Y RECONOCIMIENTO POR CRÉDITO ECTS</strong></p>
<p>La ULL, a través del Vicerrectorado de Cultura y Extensión Universitaria, emitirá un certificado de asistencia a todas aquellas personas que asistan a un mínimo del 80% de las horas lectivas. Asimismo, aquellas personas que superen el trabajo autónomo del alumnado, recibirán un certificado de asistencia y aprovechamiento, reconocible a su vez por un crédito ECTS.</p>
<p><a href="https://www.adeje.es/uva/cursos-y-talleres/19976-inteligencia-artificial-comunicacin-social-y-periodismo-tendencias-en-la-generacin-de-contenidos" target="_blank" rel="noopener" target="_blank" rel="noopener"><strong><u>Más información e inscripción aquí.</u></strong></a></p>
<p><strong>Contacto: 922 319 616 / 922 319 626 – </strong><a href="mailto:extuni@ull.edu.es" target="_blank" rel="noopener" target="_blank" rel="noopener"><strong>extuni@ull.es</strong></a></p>

<p>Curso de Extensión Universitaria perteneciente a la programación de la convocatoria de Cursos de Extensión Universitaria “Universidad de Verano de Adeje 2023”, que se celebrará en el Centro Cultural de la Villa de Adeje los días 18 al 20 de julio de 2023. Objetivos: Introducir a la audiencia en la aplicación de la Inteligencia Artificial&#8230;</p>

<!-- This site is optimized with the Yoast SEO plugin v21.3 - https://yoast.com/wordpress/plugins/seo/ -->
<title>Inteligencia Artificial, Comunicación Social y Periodismo: tendencias en la generación de contenidos - ULL - Agenda</title>
<meta name="robots" content="index, follow, max-snippet:-1, max-image-preview:large, max-video-preview:-1" />
<link rel="canonical" href="https://www.ull.es/portal/agenda/evento/inteligencia-artificial-comunicacion-social-y-periodismo-tendencias-en-la-generacion-de-contenidos/" />
<meta property="og:locale" content="es_ES" />
<meta property="og:type" content="article" />
<meta property="og:title" content="Inteligencia Artificial, Comunicación Social y Periodismo: tendencias en la generación de contenidos - ULL - Agenda" />
<meta property="og:description" content="Curso de Extensión Universitaria perteneciente a la programación de la convocatoria de Cursos de Extensión Universitaria “Universidad de Verano de Adeje 2023”, que se celebrará en el Centro Cultural de la Villa de Adeje los días 18 al 20 de julio de 2023. Objetivos: Introducir a la audiencia en la aplicación de la Inteligencia Artificial..." />
<meta property="og:url" content="https://www.ull.es/portal/agenda/evento/inteligencia-artificial-comunicacion-social-y-periodismo-tendencias-en-la-generacion-de-contenidos/" />
<meta property="og:site_name" content="ULL - Agenda" />
<meta property="article:modified_time" content="2023-06-28T12:23:03+00:00" />
<meta property="og:image" content="https://www.ull.es/portal/agenda/wp-content/uploads/sites/12/2023/06/8.png" />
	<meta property="og:image:width" content="700" />
	<meta property="og:image:height" content="350" />
	<meta property="og:image:type" content="image/png" />
<meta name="twitter:card" content="summary_large_image" />
<meta name="twitter:label1" content="Tiempo de lectura" />
	<meta name="twitter:data1" content="2 minutos" />
<script type="application/ld+json" class="yoast-schema-graph">{"@context":"https://schema.org","@graph":[{"@type":"WebPage","@id":"https://www.ull.es/portal/agenda/evento/inteligencia-artificial-comunicacion-social-y-periodismo-tendencias-en-la-generacion-de-contenidos/","url":"https://www.ull.es/portal/agenda/evento/inteligencia-artificial-comunicacion-social-y-periodismo-tendencias-en-la-generacion-de-contenidos/","name":"Inteligencia Artificial, Comunicación Social y Periodismo: tendencias en la generación de contenidos - ULL - Agenda","isPartOf":{"@id":"https://www.ull.es/portal/agenda/#website"},"datePublished":"2023-06-19T11:04:24+00:00","dateModified":"2023-06-28T12:23:03+00:00","breadcrumb":{"@id":"https://www.ull.es/portal/agenda/evento/inteligencia-artificial-comunicacion-social-y-periodismo-tendencias-en-la-generacion-de-contenidos/#breadcrumb"},"inLanguage":"es","potentialAction":[{"@type":"ReadAction","target":["https://www.ull.es/portal/agenda/evento/inteligencia-artificial-comunicacion-social-y-periodismo-tendencias-en-la-generacion-de-contenidos/"]}]},{"@type":"BreadcrumbList","@id":"https://www.ull.es/portal/agenda/evento/inteligencia-artificial-comunicacion-social-y-periodismo-tendencias-en-la-generacion-de-contenidos/#breadcrumb","itemListElement":[{"@type":"ListItem","position":1,"name":"Portada","item":"https://www.ull.es/portal/agenda/"},{"@type":"ListItem","position":2,"name":"Inteligencia Artificial, Comunicación Social y Periodismo: tendencias en la generación de contenidos"}]},{"@type":"WebSite","@id":"https://www.ull.es/portal/agenda/#website","url":"https://www.ull.es/portal/agenda/","name":"ULL - Agenda","description":"","potentialAction":[{"@type":"SearchAction","target":{"@type":"EntryPoint","urlTemplate":"https://www.ull.es/portal/agenda/?s={search_term_string}"},"query-input":"required name=search_term_string"}],"inLanguage":"es"}]}</script>
<!-- / Yoast SEO plugin. -->

Inteligencia Artificial, Comunicación Social y Periodismo: tendencias en la generación de contenidos - ULL - Agenda

Curso de Extensión Universitaria perteneciente a la programación de la convocatoria de Cursos de Extensión Universitaria “Universidad de Verano de Adeje 2023”, que se celebrará en el Centro Cultural de la Villa de Adeje los días 18 al 20 de julio de 2023. Objetivos: Introducir a la audiencia en la aplicación de la Inteligencia Artificial...
