{"id":31028,"date":"2023-06-19T11:19:37","date_gmt":"2023-06-19T11:19:37","guid":{"rendered":"https:\/\/www.ull.es\/portal\/agenda\/?post_type=tribe_events&#038;p=31028"},"modified":"2023-06-28T12:24:46","modified_gmt":"2023-06-28T12:24:46","slug":"oratoria-argumentacion-debate-y-negociacion-habilidades-de-comunicacion-para-la-vida-cotidiana","status":"publish","type":"tribe_events","link":"https:\/\/www.ull.es\/portal\/agenda\/evento\/oratoria-argumentacion-debate-y-negociacion-habilidades-de-comunicacion-para-la-vida-cotidiana\/","title":{"rendered":"Oratoria, argumentaci\u00f3n, debate y negociaci\u00f3n: habilidades de comunicaci\u00f3n para la vida cotidiana"},"content":{"rendered":"<p>Curso de Extensi\u00f3n Universitaria perteneciente a la programaci\u00f3n de la convocatoria de Cursos de Extensi\u00f3n Universitaria \u201c<a href=\"https:\/\/www.ull.es\/cultura\/cursos-extension-universitaria\/universidad-de-verano-de-adeje\/\" target=\"_blank\" rel=\"noopener noreferrer\" target=\"_blank\" rel=\"noopener\">Universidad de Verano de Adeje 2023<\/a>\u201d, que se celebrar\u00e1 en el Centro Cultural de la Villa de Adeje los d\u00edas 19 al 21 de julio de 2023.<\/p>\n<p>Objetivos:<\/p>\n<ul>\n<li>Dotar a la audiencia de las habilidades, herramientas, competencias y conocimientos necesarios para iniciarse en las artes de comunicaci\u00f3n de cara al p\u00fablico.<\/li>\n<li>Ayudar a la audiencia a vencer el miedo esc\u00e9nico que implica hablar ante el p\u00fablico.<\/li>\n<li>Iniciar a la audiencia en las habilidades necesarias para una buena comunicaci\u00f3n en el \u00e1mbito telem\u00e1tico.<\/li>\n<\/ul>\n<p>Metodolog\u00eda docente: Sesiones que combinan la exposici\u00f3n te\u00f3rica, la ejemplificaci\u00f3n por medio de la pr\u00e1ctica y la participaci\u00f3n activa de la audiencia.<\/p>\n<p>Este curso va dirigido a cualquier persona interesada en cultivar las competencias en materia de comunicaci\u00f3n, para aplicarlas en el estudio, en el trabajo y cualquier otro aspecto de la vida cotidiana.<\/p>\n<p>Direcci\u00f3n acad\u00e9mica:<\/p>\n<ul>\n<li>Luis Javier Capote P\u00e9rez. Profesor de Derecho Civil, Departamento de Disciplinas Jur\u00eddicas B\u00e1sicas de la Universidad de La Laguna.<\/li>\n<li>Eva M\u00aa. Gonz\u00e1lez Lorenzo. Doctora en Ciencias de la Comunicaci\u00f3n, Directora-Gerente de la Asociaci\u00f3n Cultural de Relaciones Internacionales \u201cHacer para el desarrollo\u201d.<\/li>\n<\/ul>\n<p><strong>CERTIFICADO DE ASISTENCIA, APTITUD Y RECONOCIMIENTO POR CR\u00c9DITO ECTS<\/strong><\/p>\n<p>La ULL, a trav\u00e9s del Vicerrectorado de Cultura y Extensi\u00f3n Universitaria, emitir\u00e1 un certificado de asistencia a todas aquellas personas que asistan a un m\u00ednimo del 80% de las horas lectivas. Asimismo, aquellas personas que superen el trabajo aut\u00f3nomo del alumnado, recibir\u00e1n un certificado de asistencia y aprovechamiento, reconocible a su vez por un cr\u00e9dito ECTS.<\/p>\n<p><a href=\"https:\/\/www.adeje.es\/uva\/cursos-y-talleres\/19968-oratoria-argumentacin-debate-y-negociacin-habilidades-de-comunicacin-para-la-vida-cotidiana\" target=\"_blank\" rel=\"noopener\" target=\"_blank\" rel=\"noopener\"><strong><u>M\u00e1s informaci\u00f3n e inscripci\u00f3n aqu\u00ed.<\/u><\/strong><\/a><\/p>\n<p><strong>Contacto: 922 319 616 \/ 922 319 626 \u2013\u00a0<\/strong><a href=\"mailto:extuni@ull.edu.es\" target=\"_blank\" rel=\"noopener\" target=\"_blank\" rel=\"noopener\"><strong>extuni@ull.es<\/strong><\/a><\/p>\n","protected":false},"excerpt":{"rendered":"<p>Curso de Extensi\u00f3n Universitaria perteneciente a la programaci\u00f3n de la convocatoria de Cursos de Extensi\u00f3n Universitaria \u201cUniversidad de Verano de Adeje 2023\u201d, que se celebrar\u00e1 en el Centro Cultural de la Villa de Adeje los d\u00edas 19 al 21 de julio de 2023. Objetivos: Dotar a la audiencia de las habilidades, herramientas, competencias y conocimientos&#8230;<\/p>\n","protected":false},"author":43,"featured_media":31135,"comment_status":"closed","ping_status":"closed","template":"","tags":[4259,4710,977,3812,4711,3751,245,4875,4709],"tribe_events_cat":[472,4,186,3942],"acf":[],"yoast_head":"<!-- This site is optimized with the Yoast SEO plugin v21.3 - https:\/\/yoast.com\/wordpress\/plugins\/seo\/ -->\n<title>Oratoria, argumentaci\u00f3n, debate y negociaci\u00f3n: habilidades de comunicaci\u00f3n para la vida cotidiana - ULL - Agenda<\/title>\n<meta name=\"robots\" content=\"index, follow, max-snippet:-1, max-image-preview:large, max-video-preview:-1\" \/>\n<link rel=\"canonical\" href=\"https:\/\/www.ull.es\/portal\/agenda\/evento\/oratoria-argumentacion-debate-y-negociacion-habilidades-de-comunicacion-para-la-vida-cotidiana\/\" \/>\n<meta property=\"og:locale\" content=\"es_ES\" \/>\n<meta property=\"og:type\" content=\"article\" \/>\n<meta property=\"og:title\" content=\"Oratoria, argumentaci\u00f3n, debate y negociaci\u00f3n: habilidades de comunicaci\u00f3n para la vida cotidiana - ULL - Agenda\" \/>\n<meta property=\"og:description\" content=\"Curso de Extensi\u00f3n Universitaria perteneciente a la programaci\u00f3n de la convocatoria de Cursos de Extensi\u00f3n Universitaria \u201cUniversidad de Verano de Adeje 2023\u201d, que se celebrar\u00e1 en el Centro Cultural de la Villa de Adeje los d\u00edas 19 al 21 de julio de 2023. Objetivos: Dotar a la audiencia de las habilidades, herramientas, competencias y conocimientos...\" \/>\n<meta property=\"og:url\" content=\"https:\/\/www.ull.es\/portal\/agenda\/evento\/oratoria-argumentacion-debate-y-negociacion-habilidades-de-comunicacion-para-la-vida-cotidiana\/\" \/>\n<meta property=\"og:site_name\" content=\"ULL - Agenda\" \/>\n<meta property=\"article:modified_time\" content=\"2023-06-28T12:24:46+00:00\" \/>\n<meta property=\"og:image\" content=\"https:\/\/www.ull.es\/portal\/agenda\/wp-content\/uploads\/sites\/12\/2023\/06\/10.png\" \/>\n\t<meta property=\"og:image:width\" content=\"700\" \/>\n\t<meta property=\"og:image:height\" content=\"350\" \/>\n\t<meta property=\"og:image:type\" content=\"image\/png\" \/>\n<meta name=\"twitter:card\" content=\"summary_large_image\" \/>\n<meta name=\"twitter:label1\" content=\"Tiempo de lectura\" \/>\n\t<meta name=\"twitter:data1\" content=\"2 minutos\" \/>\n<script type=\"application\/ld+json\" class=\"yoast-schema-graph\">{\"@context\":\"https:\/\/schema.org\",\"@graph\":[{\"@type\":\"WebPage\",\"@id\":\"https:\/\/www.ull.es\/portal\/agenda\/evento\/oratoria-argumentacion-debate-y-negociacion-habilidades-de-comunicacion-para-la-vida-cotidiana\/\",\"url\":\"https:\/\/www.ull.es\/portal\/agenda\/evento\/oratoria-argumentacion-debate-y-negociacion-habilidades-de-comunicacion-para-la-vida-cotidiana\/\",\"name\":\"Oratoria, argumentaci\u00f3n, debate y negociaci\u00f3n: habilidades de comunicaci\u00f3n para la vida cotidiana - ULL - Agenda\",\"isPartOf\":{\"@id\":\"https:\/\/www.ull.es\/portal\/agenda\/#website\"},\"datePublished\":\"2023-06-19T11:19:37+00:00\",\"dateModified\":\"2023-06-28T12:24:46+00:00\",\"breadcrumb\":{\"@id\":\"https:\/\/www.ull.es\/portal\/agenda\/evento\/oratoria-argumentacion-debate-y-negociacion-habilidades-de-comunicacion-para-la-vida-cotidiana\/#breadcrumb\"},\"inLanguage\":\"es\",\"potentialAction\":[{\"@type\":\"ReadAction\",\"target\":[\"https:\/\/www.ull.es\/portal\/agenda\/evento\/oratoria-argumentacion-debate-y-negociacion-habilidades-de-comunicacion-para-la-vida-cotidiana\/\"]}]},{\"@type\":\"BreadcrumbList\",\"@id\":\"https:\/\/www.ull.es\/portal\/agenda\/evento\/oratoria-argumentacion-debate-y-negociacion-habilidades-de-comunicacion-para-la-vida-cotidiana\/#breadcrumb\",\"itemListElement\":[{\"@type\":\"ListItem\",\"position\":1,\"name\":\"Portada\",\"item\":\"https:\/\/www.ull.es\/portal\/agenda\/\"},{\"@type\":\"ListItem\",\"position\":2,\"name\":\"Oratoria, argumentaci\u00f3n, debate y negociaci\u00f3n: habilidades de comunicaci\u00f3n para la vida cotidiana\"}]},{\"@type\":\"WebSite\",\"@id\":\"https:\/\/www.ull.es\/portal\/agenda\/#website\",\"url\":\"https:\/\/www.ull.es\/portal\/agenda\/\",\"name\":\"ULL - Agenda\",\"description\":\"\",\"potentialAction\":[{\"@type\":\"SearchAction\",\"target\":{\"@type\":\"EntryPoint\",\"urlTemplate\":\"https:\/\/www.ull.es\/portal\/agenda\/?s={search_term_string}\"},\"query-input\":\"required name=search_term_string\"}],\"inLanguage\":\"es\"}]}<\/script>\n<!-- \/ Yoast SEO plugin. -->","yoast_head_json":{"title":"Oratoria, argumentaci\u00f3n, debate y negociaci\u00f3n: habilidades de comunicaci\u00f3n para la vida cotidiana - ULL - Agenda","robots":{"index":"index","follow":"follow","max-snippet":"max-snippet:-1","max-image-preview":"max-image-preview:large","max-video-preview":"max-video-preview:-1"},"canonical":"https:\/\/www.ull.es\/portal\/agenda\/evento\/oratoria-argumentacion-debate-y-negociacion-habilidades-de-comunicacion-para-la-vida-cotidiana\/","og_locale":"es_ES","og_type":"article","og_title":"Oratoria, argumentaci\u00f3n, debate y negociaci\u00f3n: habilidades de comunicaci\u00f3n para la vida cotidiana - ULL - Agenda","og_description":"Curso de Extensi\u00f3n Universitaria perteneciente a la programaci\u00f3n de la convocatoria de Cursos de Extensi\u00f3n Universitaria \u201cUniversidad de Verano de Adeje 2023\u201d, que se celebrar\u00e1 en el Centro Cultural de la Villa de Adeje los d\u00edas 19 al 21 de julio de 2023. Objetivos: Dotar a la audiencia de las habilidades, herramientas, competencias y conocimientos...","og_url":"https:\/\/www.ull.es\/portal\/agenda\/evento\/oratoria-argumentacion-debate-y-negociacion-habilidades-de-comunicacion-para-la-vida-cotidiana\/","og_site_name":"ULL - Agenda","article_modified_time":"2023-06-28T12:24:46+00:00","og_image":[{"width":700,"height":350,"url":"https:\/\/www.ull.es\/portal\/agenda\/wp-content\/uploads\/sites\/12\/2023\/06\/10.png","type":"image\/png"}],"twitter_card":"summary_large_image","twitter_misc":{"Tiempo de lectura":"2 minutos"},"schema":{"@context":"https:\/\/schema.org","@graph":[{"@type":"WebPage","@id":"https:\/\/www.ull.es\/portal\/agenda\/evento\/oratoria-argumentacion-debate-y-negociacion-habilidades-de-comunicacion-para-la-vida-cotidiana\/","url":"https:\/\/www.ull.es\/portal\/agenda\/evento\/oratoria-argumentacion-debate-y-negociacion-habilidades-de-comunicacion-para-la-vida-cotidiana\/","name":"Oratoria, argumentaci\u00f3n, debate y negociaci\u00f3n: habilidades de comunicaci\u00f3n para la vida cotidiana - ULL - Agenda","isPartOf":{"@id":"https:\/\/www.ull.es\/portal\/agenda\/#website"},"datePublished":"2023-06-19T11:19:37+00:00","dateModified":"2023-06-28T12:24:46+00:00","breadcrumb":{"@id":"https:\/\/www.ull.es\/portal\/agenda\/evento\/oratoria-argumentacion-debate-y-negociacion-habilidades-de-comunicacion-para-la-vida-cotidiana\/#breadcrumb"},"inLanguage":"es","potentialAction":[{"@type":"ReadAction","target":["https:\/\/www.ull.es\/portal\/agenda\/evento\/oratoria-argumentacion-debate-y-negociacion-habilidades-de-comunicacion-para-la-vida-cotidiana\/"]}]},{"@type":"BreadcrumbList","@id":"https:\/\/www.ull.es\/portal\/agenda\/evento\/oratoria-argumentacion-debate-y-negociacion-habilidades-de-comunicacion-para-la-vida-cotidiana\/#breadcrumb","itemListElement":[{"@type":"ListItem","position":1,"name":"Portada","item":"https:\/\/www.ull.es\/portal\/agenda\/"},{"@type":"ListItem","position":2,"name":"Oratoria, argumentaci\u00f3n, debate y negociaci\u00f3n: habilidades de comunicaci\u00f3n para la vida cotidiana"}]},{"@type":"WebSite","@id":"https:\/\/www.ull.es\/portal\/agenda\/#website","url":"https:\/\/www.ull.es\/portal\/agenda\/","name":"ULL - Agenda","description":"","potentialAction":[{"@type":"SearchAction","target":{"@type":"EntryPoint","urlTemplate":"https:\/\/www.ull.es\/portal\/agenda\/?s={search_term_string}"},"query-input":"required name=search_term_string"}],"inLanguage":"es"}]}},"_links":{"self":[{"href":"https:\/\/www.ull.es\/portal\/agenda\/wp-json\/wp\/v2\/tribe_events\/31028"}],"collection":[{"href":"https:\/\/www.ull.es\/portal\/agenda\/wp-json\/wp\/v2\/tribe_events"}],"about":[{"href":"https:\/\/www.ull.es\/portal\/agenda\/wp-json\/wp\/v2\/types\/tribe_events"}],"author":[{"embeddable":true,"href":"https:\/\/www.ull.es\/portal\/agenda\/wp-json\/wp\/v2\/users\/43"}],"replies":[{"embeddable":true,"href":"https:\/\/www.ull.es\/portal\/agenda\/wp-json\/wp\/v2\/comments?post=31028"}],"version-history":[{"count":4,"href":"https:\/\/www.ull.es\/portal\/agenda\/wp-json\/wp\/v2\/tribe_events\/31028\/revisions"}],"predecessor-version":[{"id":31136,"href":"https:\/\/www.ull.es\/portal\/agenda\/wp-json\/wp\/v2\/tribe_events\/31028\/revisions\/31136"}],"wp:featuredmedia":[{"embeddable":true,"href":"https:\/\/www.ull.es\/portal\/agenda\/wp-json\/wp\/v2\/media\/31135"}],"wp:attachment":[{"href":"https:\/\/www.ull.es\/portal\/agenda\/wp-json\/wp\/v2\/media?parent=31028"}],"wp:term":[{"taxonomy":"post_tag","embeddable":true,"href":"https:\/\/www.ull.es\/portal\/agenda\/wp-json\/wp\/v2\/tags?post=31028"},{"taxonomy":"tribe_events_cat","embeddable":true,"href":"https:\/\/www.ull.es\/portal\/agenda\/wp-json\/wp\/v2\/tribe_events_cat?post=31028"}],"curies":[{"name":"wp","href":"https:\/\/api.w.org\/{rel}","templated":true}]}}

Oratoria, argumentación, debate y negociación: habilidades de comunicación para la vida cotidiana

<p>Curso de Extensión Universitaria perteneciente a la programación de la convocatoria de Cursos de Extensión Universitaria “<a href="https://www.ull.es/cultura/cursos-extension-universitaria/universidad-de-verano-de-adeje/" target="_blank" rel="noopener noreferrer" target="_blank" rel="noopener">Universidad de Verano de Adeje 2023</a>”, que se celebrará en el Centro Cultural de la Villa de Adeje los días 19 al 21 de julio de 2023.</p>
<p>Objetivos:</p>
<ul>
<li>Dotar a la audiencia de las habilidades, herramientas, competencias y conocimientos necesarios para iniciarse en las artes de comunicación de cara al público.</li>
<li>Ayudar a la audiencia a vencer el miedo escénico que implica hablar ante el público.</li>
<li>Iniciar a la audiencia en las habilidades necesarias para una buena comunicación en el ámbito telemático.</li>
</ul>
<p>Metodología docente: Sesiones que combinan la exposición teórica, la ejemplificación por medio de la práctica y la participación activa de la audiencia.</p>
<p>Este curso va dirigido a cualquier persona interesada en cultivar las competencias en materia de comunicación, para aplicarlas en el estudio, en el trabajo y cualquier otro aspecto de la vida cotidiana.</p>
<p>Dirección académica:</p>
<ul>
<li>Luis Javier Capote Pérez. Profesor de Derecho Civil, Departamento de Disciplinas Jurídicas Básicas de la Universidad de La Laguna.</li>
<li>Eva Mª. González Lorenzo. Doctora en Ciencias de la Comunicación, Directora-Gerente de la Asociación Cultural de Relaciones Internacionales “Hacer para el desarrollo”.</li>
</ul>
<p><strong>CERTIFICADO DE ASISTENCIA, APTITUD Y RECONOCIMIENTO POR CRÉDITO ECTS</strong></p>
<p>La ULL, a través del Vicerrectorado de Cultura y Extensión Universitaria, emitirá un certificado de asistencia a todas aquellas personas que asistan a un mínimo del 80% de las horas lectivas. Asimismo, aquellas personas que superen el trabajo autónomo del alumnado, recibirán un certificado de asistencia y aprovechamiento, reconocible a su vez por un crédito ECTS.</p>
<p><a href="https://www.adeje.es/uva/cursos-y-talleres/19968-oratoria-argumentacin-debate-y-negociacin-habilidades-de-comunicacin-para-la-vida-cotidiana" target="_blank" rel="noopener" target="_blank" rel="noopener"><strong><u>Más información e inscripción aquí.</u></strong></a></p>
<p><strong>Contacto: 922 319 616 / 922 319 626 – </strong><a href="mailto:extuni@ull.edu.es" target="_blank" rel="noopener" target="_blank" rel="noopener"><strong>extuni@ull.es</strong></a></p>

<p>Curso de Extensión Universitaria perteneciente a la programación de la convocatoria de Cursos de Extensión Universitaria “Universidad de Verano de Adeje 2023”, que se celebrará en el Centro Cultural de la Villa de Adeje los días 19 al 21 de julio de 2023. Objetivos: Dotar a la audiencia de las habilidades, herramientas, competencias y conocimientos&#8230;</p>

<!-- This site is optimized with the Yoast SEO plugin v21.3 - https://yoast.com/wordpress/plugins/seo/ -->
<title>Oratoria, argumentación, debate y negociación: habilidades de comunicación para la vida cotidiana - ULL - Agenda</title>
<meta name="robots" content="index, follow, max-snippet:-1, max-image-preview:large, max-video-preview:-1" />
<link rel="canonical" href="https://www.ull.es/portal/agenda/evento/oratoria-argumentacion-debate-y-negociacion-habilidades-de-comunicacion-para-la-vida-cotidiana/" />
<meta property="og:locale" content="es_ES" />
<meta property="og:type" content="article" />
<meta property="og:title" content="Oratoria, argumentación, debate y negociación: habilidades de comunicación para la vida cotidiana - ULL - Agenda" />
<meta property="og:description" content="Curso de Extensión Universitaria perteneciente a la programación de la convocatoria de Cursos de Extensión Universitaria “Universidad de Verano de Adeje 2023”, que se celebrará en el Centro Cultural de la Villa de Adeje los días 19 al 21 de julio de 2023. Objetivos: Dotar a la audiencia de las habilidades, herramientas, competencias y conocimientos..." />
<meta property="og:url" content="https://www.ull.es/portal/agenda/evento/oratoria-argumentacion-debate-y-negociacion-habilidades-de-comunicacion-para-la-vida-cotidiana/" />
<meta property="og:site_name" content="ULL - Agenda" />
<meta property="article:modified_time" content="2023-06-28T12:24:46+00:00" />
<meta property="og:image" content="https://www.ull.es/portal/agenda/wp-content/uploads/sites/12/2023/06/10.png" />
	<meta property="og:image:width" content="700" />
	<meta property="og:image:height" content="350" />
	<meta property="og:image:type" content="image/png" />
<meta name="twitter:card" content="summary_large_image" />
<meta name="twitter:label1" content="Tiempo de lectura" />
	<meta name="twitter:data1" content="2 minutos" />
<script type="application/ld+json" class="yoast-schema-graph">{"@context":"https://schema.org","@graph":[{"@type":"WebPage","@id":"https://www.ull.es/portal/agenda/evento/oratoria-argumentacion-debate-y-negociacion-habilidades-de-comunicacion-para-la-vida-cotidiana/","url":"https://www.ull.es/portal/agenda/evento/oratoria-argumentacion-debate-y-negociacion-habilidades-de-comunicacion-para-la-vida-cotidiana/","name":"Oratoria, argumentación, debate y negociación: habilidades de comunicación para la vida cotidiana - ULL - Agenda","isPartOf":{"@id":"https://www.ull.es/portal/agenda/#website"},"datePublished":"2023-06-19T11:19:37+00:00","dateModified":"2023-06-28T12:24:46+00:00","breadcrumb":{"@id":"https://www.ull.es/portal/agenda/evento/oratoria-argumentacion-debate-y-negociacion-habilidades-de-comunicacion-para-la-vida-cotidiana/#breadcrumb"},"inLanguage":"es","potentialAction":[{"@type":"ReadAction","target":["https://www.ull.es/portal/agenda/evento/oratoria-argumentacion-debate-y-negociacion-habilidades-de-comunicacion-para-la-vida-cotidiana/"]}]},{"@type":"BreadcrumbList","@id":"https://www.ull.es/portal/agenda/evento/oratoria-argumentacion-debate-y-negociacion-habilidades-de-comunicacion-para-la-vida-cotidiana/#breadcrumb","itemListElement":[{"@type":"ListItem","position":1,"name":"Portada","item":"https://www.ull.es/portal/agenda/"},{"@type":"ListItem","position":2,"name":"Oratoria, argumentación, debate y negociación: habilidades de comunicación para la vida cotidiana"}]},{"@type":"WebSite","@id":"https://www.ull.es/portal/agenda/#website","url":"https://www.ull.es/portal/agenda/","name":"ULL - Agenda","description":"","potentialAction":[{"@type":"SearchAction","target":{"@type":"EntryPoint","urlTemplate":"https://www.ull.es/portal/agenda/?s={search_term_string}"},"query-input":"required name=search_term_string"}],"inLanguage":"es"}]}</script>
<!-- / Yoast SEO plugin. -->

Oratoria, argumentación, debate y negociación: habilidades de comunicación para la vida cotidiana - ULL - Agenda

Curso de Extensión Universitaria perteneciente a la programación de la convocatoria de Cursos de Extensión Universitaria “Universidad de Verano de Adeje 2023”, que se celebrará en el Centro Cultural de la Villa de Adeje los días 19 al 21 de julio de 2023. Objetivos: Dotar a la audiencia de las habilidades, herramientas, competencias y conocimientos...
