{"id":31179,"date":"2023-07-03T07:55:01","date_gmt":"2023-07-03T07:55:01","guid":{"rendered":"https:\/\/www.ull.es\/portal\/agenda\/?post_type=tribe_events&#038;p=31179"},"modified":"2023-07-04T09:24:48","modified_gmt":"2023-07-04T09:24:48","slug":"relar-uso-de-realidad-asistida-en-el-ambito-maritimo","status":"publish","type":"tribe_events","link":"https:\/\/www.ull.es\/portal\/agenda\/evento\/relar-uso-de-realidad-asistida-en-el-ambito-maritimo\/","title":{"rendered":"RELAR: uso de realidad asistida en el \u00e1mbito mar\u00edtimo"},"content":{"rendered":"<p>Remote Learning and Examination based on Augmented Reality (RELAR), un proyecto European Erasmus+, perteneciente a la convocatoria extraordinaria Erasmus+: Asociaciones Estrat\u00e9gicas en Formaci\u00f3n Profesional, celebra el 24 de julio de 2023 a las 10:00 en el Sal\u00f3n de Actos de la Autoridad Portuaria de Santa Cruz de Tenerife, el evento \u00abRELAR: uso de realidad asistida en el \u00e1mbito mar\u00edtimo\u00bb.<\/p>\n<p>Este proyecto tiene como objetivo crear un entorno educativo a prueba de crisis, permitiendo tutorizaci\u00f3n remota y entrenamiento de destrezas digitales basadas en realidad aumentada (AR). El proyecto RELAR integra siete socios europeos -instituciones de formaci\u00f3n profesional vocacional e instituciones de educaci\u00f3n superior-, todas vinculadas a la industria mar\u00edtima. La industria misma, tambi\u00e9n est\u00e1 representada.<\/p>\n<p>Mediante un grupo de referencia, se ha definido un conjunto de resultados de aprendizaje, a fin de desarrollar tres escenarios de demostraci\u00f3n del sistema RELAR, que se basa en el uso del dispositivo manos libres de realidad asistida <a href=\"https:\/\/www.realwear.com\/hyperdisplay\/\" target=\"_blank\" rel=\"noopener\"><i>RealWear HMT-1<\/i><\/a>.<\/p>\n<p>Todos los escenarios est\u00e1n apuntalados en el mismo marco, que integra pedagog\u00eda de aprendizaje activo, requisitos curriculares e integraci\u00f3n tecnol\u00f3gica.<\/p>\n<p><span style=\"font-weight: 400;\">Este proceso pedag\u00f3gico de aprendizaje activo incorpora dos procesos en la instrucci\u00f3n: uno remoto denominado instructor experto \u201cExpert Coaching\u201d que da a los estudiantes la posibilidad de recibir realimentaci\u00f3n instant\u00e1nea mientras ejecutan acciones y toman decisiones; y el proceso de evaluaci\u00f3n instant\u00e1nea llamado flujo de trabajo digital \u201cDigital Workflow\u201d, que incorpora una evaluaci\u00f3n formativa para consolidar el aprendizaje. El aspecto curricular se enfoca en las competencias profesionales que el estudiante adquirir\u00e1, los resultados de aprendizaje, el conocimiento requerido y las habilidades transferibles requeridas por los estudiantes para desenvolverse profesionalmente. Finalmente, la integraci\u00f3n tecnol\u00f3gica describe c\u00f3mo y cu\u00e1ndo los sistemas de realidad asistida deber\u00edan incorporarse para a\u00f1adir valor al procesos de aprendizaje.<\/span><\/p>\n<p><a href=\"https:\/\/forms.gle\/L5dBE53UerQQtbi76\" target=\"_blank\" rel=\"noopener\" target=\"_blank\" rel=\"noopener\"><span style=\"font-weight: 400;\">Inscripci\u00f3n<\/span><\/a><\/p>\n","protected":false},"excerpt":{"rendered":"<p>Remote Learning and Examination based on Augmented Reality (RELAR), un proyecto European Erasmus+, perteneciente a la convocatoria extraordinaria Erasmus+: Asociaciones Estrat\u00e9gicas en Formaci\u00f3n Profesional, celebra el 24 de julio de 2023 a las 10:00 en el Sal\u00f3n de Actos de la Autoridad Portuaria de Santa Cruz de Tenerife, el evento \u00abRELAR: uso de realidad asistida&#8230;<\/p>\n","protected":false},"author":65,"featured_media":31198,"comment_status":"closed","ping_status":"closed","template":"","tags":[],"tribe_events_cat":[4,915,345,191],"acf":[],"yoast_head":"<!-- This site is optimized with the Yoast SEO plugin v21.3 - https:\/\/yoast.com\/wordpress\/plugins\/seo\/ -->\n<title>RELAR: uso de realidad asistida en el \u00e1mbito mar\u00edtimo - ULL - Agenda<\/title>\n<meta name=\"robots\" content=\"index, follow, max-snippet:-1, max-image-preview:large, max-video-preview:-1\" \/>\n<link rel=\"canonical\" href=\"https:\/\/www.ull.es\/portal\/agenda\/evento\/relar-uso-de-realidad-asistida-en-el-ambito-maritimo\/\" \/>\n<meta property=\"og:locale\" content=\"es_ES\" \/>\n<meta property=\"og:type\" content=\"article\" \/>\n<meta property=\"og:title\" content=\"RELAR: uso de realidad asistida en el \u00e1mbito mar\u00edtimo - ULL - Agenda\" \/>\n<meta property=\"og:description\" content=\"Remote Learning and Examination based on Augmented Reality (RELAR), un proyecto European Erasmus+, perteneciente a la convocatoria extraordinaria Erasmus+: Asociaciones Estrat\u00e9gicas en Formaci\u00f3n Profesional, celebra el 24 de julio de 2023 a las 10:00 en el Sal\u00f3n de Actos de la Autoridad Portuaria de Santa Cruz de Tenerife, el evento \u00abRELAR: uso de realidad asistida...\" \/>\n<meta property=\"og:url\" content=\"https:\/\/www.ull.es\/portal\/agenda\/evento\/relar-uso-de-realidad-asistida-en-el-ambito-maritimo\/\" \/>\n<meta property=\"og:site_name\" content=\"ULL - Agenda\" \/>\n<meta property=\"article:modified_time\" content=\"2023-07-04T09:24:48+00:00\" \/>\n<meta property=\"og:image\" content=\"https:\/\/www.ull.es\/portal\/agenda\/wp-content\/uploads\/sites\/12\/2023\/07\/RELAR-uso-de-realidad-asistida-en-el-ambito-maritimo_Banner-evento-1.png\" \/>\n\t<meta property=\"og:image:width\" content=\"750\" \/>\n\t<meta property=\"og:image:height\" content=\"370\" \/>\n\t<meta property=\"og:image:type\" content=\"image\/png\" \/>\n<meta name=\"twitter:card\" content=\"summary_large_image\" \/>\n<meta name=\"twitter:label1\" content=\"Tiempo de lectura\" \/>\n\t<meta name=\"twitter:data1\" content=\"2 minutos\" \/>\n<script type=\"application\/ld+json\" class=\"yoast-schema-graph\">{\"@context\":\"https:\/\/schema.org\",\"@graph\":[{\"@type\":\"WebPage\",\"@id\":\"https:\/\/www.ull.es\/portal\/agenda\/evento\/relar-uso-de-realidad-asistida-en-el-ambito-maritimo\/\",\"url\":\"https:\/\/www.ull.es\/portal\/agenda\/evento\/relar-uso-de-realidad-asistida-en-el-ambito-maritimo\/\",\"name\":\"RELAR: uso de realidad asistida en el \u00e1mbito mar\u00edtimo - ULL - Agenda\",\"isPartOf\":{\"@id\":\"https:\/\/www.ull.es\/portal\/agenda\/#website\"},\"datePublished\":\"2023-07-03T07:55:01+00:00\",\"dateModified\":\"2023-07-04T09:24:48+00:00\",\"breadcrumb\":{\"@id\":\"https:\/\/www.ull.es\/portal\/agenda\/evento\/relar-uso-de-realidad-asistida-en-el-ambito-maritimo\/#breadcrumb\"},\"inLanguage\":\"es\",\"potentialAction\":[{\"@type\":\"ReadAction\",\"target\":[\"https:\/\/www.ull.es\/portal\/agenda\/evento\/relar-uso-de-realidad-asistida-en-el-ambito-maritimo\/\"]}]},{\"@type\":\"BreadcrumbList\",\"@id\":\"https:\/\/www.ull.es\/portal\/agenda\/evento\/relar-uso-de-realidad-asistida-en-el-ambito-maritimo\/#breadcrumb\",\"itemListElement\":[{\"@type\":\"ListItem\",\"position\":1,\"name\":\"Portada\",\"item\":\"https:\/\/www.ull.es\/portal\/agenda\/\"},{\"@type\":\"ListItem\",\"position\":2,\"name\":\"RELAR: uso de realidad asistida en el \u00e1mbito mar\u00edtimo\"}]},{\"@type\":\"WebSite\",\"@id\":\"https:\/\/www.ull.es\/portal\/agenda\/#website\",\"url\":\"https:\/\/www.ull.es\/portal\/agenda\/\",\"name\":\"ULL - Agenda\",\"description\":\"\",\"potentialAction\":[{\"@type\":\"SearchAction\",\"target\":{\"@type\":\"EntryPoint\",\"urlTemplate\":\"https:\/\/www.ull.es\/portal\/agenda\/?s={search_term_string}\"},\"query-input\":\"required name=search_term_string\"}],\"inLanguage\":\"es\"}]}<\/script>\n<!-- \/ Yoast SEO plugin. -->","yoast_head_json":{"title":"RELAR: uso de realidad asistida en el \u00e1mbito mar\u00edtimo - ULL - Agenda","robots":{"index":"index","follow":"follow","max-snippet":"max-snippet:-1","max-image-preview":"max-image-preview:large","max-video-preview":"max-video-preview:-1"},"canonical":"https:\/\/www.ull.es\/portal\/agenda\/evento\/relar-uso-de-realidad-asistida-en-el-ambito-maritimo\/","og_locale":"es_ES","og_type":"article","og_title":"RELAR: uso de realidad asistida en el \u00e1mbito mar\u00edtimo - ULL - Agenda","og_description":"Remote Learning and Examination based on Augmented Reality (RELAR), un proyecto European Erasmus+, perteneciente a la convocatoria extraordinaria Erasmus+: Asociaciones Estrat\u00e9gicas en Formaci\u00f3n Profesional, celebra el 24 de julio de 2023 a las 10:00 en el Sal\u00f3n de Actos de la Autoridad Portuaria de Santa Cruz de Tenerife, el evento \u00abRELAR: uso de realidad asistida...","og_url":"https:\/\/www.ull.es\/portal\/agenda\/evento\/relar-uso-de-realidad-asistida-en-el-ambito-maritimo\/","og_site_name":"ULL - Agenda","article_modified_time":"2023-07-04T09:24:48+00:00","og_image":[{"width":750,"height":370,"url":"https:\/\/www.ull.es\/portal\/agenda\/wp-content\/uploads\/sites\/12\/2023\/07\/RELAR-uso-de-realidad-asistida-en-el-ambito-maritimo_Banner-evento-1.png","type":"image\/png"}],"twitter_card":"summary_large_image","twitter_misc":{"Tiempo de lectura":"2 minutos"},"schema":{"@context":"https:\/\/schema.org","@graph":[{"@type":"WebPage","@id":"https:\/\/www.ull.es\/portal\/agenda\/evento\/relar-uso-de-realidad-asistida-en-el-ambito-maritimo\/","url":"https:\/\/www.ull.es\/portal\/agenda\/evento\/relar-uso-de-realidad-asistida-en-el-ambito-maritimo\/","name":"RELAR: uso de realidad asistida en el \u00e1mbito mar\u00edtimo - ULL - Agenda","isPartOf":{"@id":"https:\/\/www.ull.es\/portal\/agenda\/#website"},"datePublished":"2023-07-03T07:55:01+00:00","dateModified":"2023-07-04T09:24:48+00:00","breadcrumb":{"@id":"https:\/\/www.ull.es\/portal\/agenda\/evento\/relar-uso-de-realidad-asistida-en-el-ambito-maritimo\/#breadcrumb"},"inLanguage":"es","potentialAction":[{"@type":"ReadAction","target":["https:\/\/www.ull.es\/portal\/agenda\/evento\/relar-uso-de-realidad-asistida-en-el-ambito-maritimo\/"]}]},{"@type":"BreadcrumbList","@id":"https:\/\/www.ull.es\/portal\/agenda\/evento\/relar-uso-de-realidad-asistida-en-el-ambito-maritimo\/#breadcrumb","itemListElement":[{"@type":"ListItem","position":1,"name":"Portada","item":"https:\/\/www.ull.es\/portal\/agenda\/"},{"@type":"ListItem","position":2,"name":"RELAR: uso de realidad asistida en el \u00e1mbito mar\u00edtimo"}]},{"@type":"WebSite","@id":"https:\/\/www.ull.es\/portal\/agenda\/#website","url":"https:\/\/www.ull.es\/portal\/agenda\/","name":"ULL - Agenda","description":"","potentialAction":[{"@type":"SearchAction","target":{"@type":"EntryPoint","urlTemplate":"https:\/\/www.ull.es\/portal\/agenda\/?s={search_term_string}"},"query-input":"required name=search_term_string"}],"inLanguage":"es"}]}},"_links":{"self":[{"href":"https:\/\/www.ull.es\/portal\/agenda\/wp-json\/wp\/v2\/tribe_events\/31179"}],"collection":[{"href":"https:\/\/www.ull.es\/portal\/agenda\/wp-json\/wp\/v2\/tribe_events"}],"about":[{"href":"https:\/\/www.ull.es\/portal\/agenda\/wp-json\/wp\/v2\/types\/tribe_events"}],"author":[{"embeddable":true,"href":"https:\/\/www.ull.es\/portal\/agenda\/wp-json\/wp\/v2\/users\/65"}],"replies":[{"embeddable":true,"href":"https:\/\/www.ull.es\/portal\/agenda\/wp-json\/wp\/v2\/comments?post=31179"}],"version-history":[{"count":3,"href":"https:\/\/www.ull.es\/portal\/agenda\/wp-json\/wp\/v2\/tribe_events\/31179\/revisions"}],"predecessor-version":[{"id":31182,"href":"https:\/\/www.ull.es\/portal\/agenda\/wp-json\/wp\/v2\/tribe_events\/31179\/revisions\/31182"}],"wp:featuredmedia":[{"embeddable":true,"href":"https:\/\/www.ull.es\/portal\/agenda\/wp-json\/wp\/v2\/media\/31198"}],"wp:attachment":[{"href":"https:\/\/www.ull.es\/portal\/agenda\/wp-json\/wp\/v2\/media?parent=31179"}],"wp:term":[{"taxonomy":"post_tag","embeddable":true,"href":"https:\/\/www.ull.es\/portal\/agenda\/wp-json\/wp\/v2\/tags?post=31179"},{"taxonomy":"tribe_events_cat","embeddable":true,"href":"https:\/\/www.ull.es\/portal\/agenda\/wp-json\/wp\/v2\/tribe_events_cat?post=31179"}],"curies":[{"name":"wp","href":"https:\/\/api.w.org\/{rel}","templated":true}]}}

RELAR: uso de realidad asistida en el ámbito marítimo

<p>Remote Learning and Examination based on Augmented Reality (RELAR), un proyecto European Erasmus+, perteneciente a la convocatoria extraordinaria Erasmus+: Asociaciones Estratégicas en Formación Profesional, celebra el 24 de julio de 2023 a las 10:00 en el Salón de Actos de la Autoridad Portuaria de Santa Cruz de Tenerife, el evento «RELAR: uso de realidad asistida en el ámbito marítimo».</p>
<p>Este proyecto tiene como objetivo crear un entorno educativo a prueba de crisis, permitiendo tutorización remota y entrenamiento de destrezas digitales basadas en realidad aumentada (AR). El proyecto RELAR integra siete socios europeos -instituciones de formación profesional vocacional e instituciones de educación superior-, todas vinculadas a la industria marítima. La industria misma, también está representada.</p>
<p>Mediante un grupo de referencia, se ha definido un conjunto de resultados de aprendizaje, a fin de desarrollar tres escenarios de demostración del sistema RELAR, que se basa en el uso del dispositivo manos libres de realidad asistida <a href="https://www.realwear.com/hyperdisplay/" target="_blank" rel="noopener"><i>RealWear HMT-1</i></a>.</p>
<p>Todos los escenarios están apuntalados en el mismo marco, que integra pedagogía de aprendizaje activo, requisitos curriculares e integración tecnológica.</p>
<p><span style="font-weight: 400;">Este proceso pedagógico de aprendizaje activo incorpora dos procesos en la instrucción: uno remoto denominado instructor experto “Expert Coaching” que da a los estudiantes la posibilidad de recibir realimentación instantánea mientras ejecutan acciones y toman decisiones; y el proceso de evaluación instantánea llamado flujo de trabajo digital “Digital Workflow”, que incorpora una evaluación formativa para consolidar el aprendizaje. El aspecto curricular se enfoca en las competencias profesionales que el estudiante adquirirá, los resultados de aprendizaje, el conocimiento requerido y las habilidades transferibles requeridas por los estudiantes para desenvolverse profesionalmente. Finalmente, la integración tecnológica describe cómo y cuándo los sistemas de realidad asistida deberían incorporarse para añadir valor al procesos de aprendizaje.</span></p>
<p><a href="https://forms.gle/L5dBE53UerQQtbi76" target="_blank" rel="noopener" target="_blank" rel="noopener"><span style="font-weight: 400;">Inscripción</span></a></p>

<p>Remote Learning and Examination based on Augmented Reality (RELAR), un proyecto European Erasmus+, perteneciente a la convocatoria extraordinaria Erasmus+: Asociaciones Estratégicas en Formación Profesional, celebra el 24 de julio de 2023 a las 10:00 en el Salón de Actos de la Autoridad Portuaria de Santa Cruz de Tenerife, el evento «RELAR: uso de realidad asistida&#8230;</p>

<!-- This site is optimized with the Yoast SEO plugin v21.3 - https://yoast.com/wordpress/plugins/seo/ -->
<title>RELAR: uso de realidad asistida en el ámbito marítimo - ULL - Agenda</title>
<meta name="robots" content="index, follow, max-snippet:-1, max-image-preview:large, max-video-preview:-1" />
<link rel="canonical" href="https://www.ull.es/portal/agenda/evento/relar-uso-de-realidad-asistida-en-el-ambito-maritimo/" />
<meta property="og:locale" content="es_ES" />
<meta property="og:type" content="article" />
<meta property="og:title" content="RELAR: uso de realidad asistida en el ámbito marítimo - ULL - Agenda" />
<meta property="og:description" content="Remote Learning and Examination based on Augmented Reality (RELAR), un proyecto European Erasmus+, perteneciente a la convocatoria extraordinaria Erasmus+: Asociaciones Estratégicas en Formación Profesional, celebra el 24 de julio de 2023 a las 10:00 en el Salón de Actos de la Autoridad Portuaria de Santa Cruz de Tenerife, el evento «RELAR: uso de realidad asistida..." />
<meta property="og:url" content="https://www.ull.es/portal/agenda/evento/relar-uso-de-realidad-asistida-en-el-ambito-maritimo/" />
<meta property="og:site_name" content="ULL - Agenda" />
<meta property="article:modified_time" content="2023-07-04T09:24:48+00:00" />
<meta property="og:image" content="https://www.ull.es/portal/agenda/wp-content/uploads/sites/12/2023/07/RELAR-uso-de-realidad-asistida-en-el-ambito-maritimo_Banner-evento-1.png" />
	<meta property="og:image:width" content="750" />
	<meta property="og:image:height" content="370" />
	<meta property="og:image:type" content="image/png" />
<meta name="twitter:card" content="summary_large_image" />
<meta name="twitter:label1" content="Tiempo de lectura" />
	<meta name="twitter:data1" content="2 minutos" />
<script type="application/ld+json" class="yoast-schema-graph">{"@context":"https://schema.org","@graph":[{"@type":"WebPage","@id":"https://www.ull.es/portal/agenda/evento/relar-uso-de-realidad-asistida-en-el-ambito-maritimo/","url":"https://www.ull.es/portal/agenda/evento/relar-uso-de-realidad-asistida-en-el-ambito-maritimo/","name":"RELAR: uso de realidad asistida en el ámbito marítimo - ULL - Agenda","isPartOf":{"@id":"https://www.ull.es/portal/agenda/#website"},"datePublished":"2023-07-03T07:55:01+00:00","dateModified":"2023-07-04T09:24:48+00:00","breadcrumb":{"@id":"https://www.ull.es/portal/agenda/evento/relar-uso-de-realidad-asistida-en-el-ambito-maritimo/#breadcrumb"},"inLanguage":"es","potentialAction":[{"@type":"ReadAction","target":["https://www.ull.es/portal/agenda/evento/relar-uso-de-realidad-asistida-en-el-ambito-maritimo/"]}]},{"@type":"BreadcrumbList","@id":"https://www.ull.es/portal/agenda/evento/relar-uso-de-realidad-asistida-en-el-ambito-maritimo/#breadcrumb","itemListElement":[{"@type":"ListItem","position":1,"name":"Portada","item":"https://www.ull.es/portal/agenda/"},{"@type":"ListItem","position":2,"name":"RELAR: uso de realidad asistida en el ámbito marítimo"}]},{"@type":"WebSite","@id":"https://www.ull.es/portal/agenda/#website","url":"https://www.ull.es/portal/agenda/","name":"ULL - Agenda","description":"","potentialAction":[{"@type":"SearchAction","target":{"@type":"EntryPoint","urlTemplate":"https://www.ull.es/portal/agenda/?s={search_term_string}"},"query-input":"required name=search_term_string"}],"inLanguage":"es"}]}</script>
<!-- / Yoast SEO plugin. -->

RELAR: uso de realidad asistida en el ámbito marítimo - ULL - Agenda

Remote Learning and Examination based on Augmented Reality (RELAR), un proyecto European Erasmus+, perteneciente a la convocatoria extraordinaria Erasmus+: Asociaciones Estratégicas en Formación Profesional, celebra el 24 de julio de 2023 a las 10:00 en el Salón de Actos de la Autoridad Portuaria de Santa Cruz de Tenerife, el evento «RELAR: uso de realidad asistida...
