{"id":32065,"date":"2023-09-20T11:16:56","date_gmt":"2023-09-20T11:16:56","guid":{"rendered":"https:\/\/www.ull.es\/portal\/agenda\/?post_type=tribe_events&#038;p=32065"},"modified":"2023-11-09T08:16:43","modified_gmt":"2023-11-09T08:16:43","slug":"octavo-encuentro-de-agroenoturismo-de-canarias","status":"publish","type":"tribe_events","link":"https:\/\/www.ull.es\/portal\/agenda\/evento\/octavo-encuentro-de-agroenoturismo-de-canarias\/","title":{"rendered":"Octavo Encuentro de AgroEnoturismo de Canarias"},"content":{"rendered":"<p>El Encuentro de AgroEnoturismo de Canarias es una iniciativa de la C\u00e1tedra de Agroturismo y Enoturismo de Canarias del Instituto Canario de Calidad Agroalimentaria y de la Universidad de La Laguna, que se ha consolidado como el principal punto de encuentro para el sector primario y la actividad tur\u00edstica del archipi\u00e9lago.<\/p>\n<p>El evento cierra un ciclo en La Palma. Despu\u00e9s de haberse celebrado en el resto de las islas del archipi\u00e9lago, bajo el t\u00edtulo \u201cAgro-Enoturismo en Canarias para el desarrollo sostenible, oportunidades, estrategias y obst\u00e1culos\u201d, la octava edici\u00f3n se celebrar\u00e1 en La Palma los d\u00edas 8, 9, 10 y 11 de noviembre de 2023.<\/p>\n<p>El Encuentro de AgroEnoturismo de Canarias que cuenta con la colaboraci\u00f3n del Cabildo de La Palma, el Ayuntamiento de Fuencaliente de La Palma, la empresa p\u00fablica SODEPAL a trav\u00e9s del programa Saborea La Palma, y el apoyo del Plan de Incentivaci\u00f3n de la Actividad Investigadora concedido por la Consejer\u00eda de Econom\u00eda, Conocimiento y Empleo del Gobierno de Canarias, es el evento que ning\u00fan profesional del sector primario y de la actividad tur\u00edstica, p\u00fablico o privada, deber\u00eda perderse. Al frente del evento se encuentra la C\u00e1tedra de Agroturismo y Enoturismo de Canarias del Instituto Canario de Calidad Agroalimentaria y de la Universidad de La Laguna, que apuesta por abordar, con transferencia y esp\u00edritu constructivo, las cuestiones de m\u00e1ximo inter\u00e9s para el binomio agro y turismo.<\/p>\n<p>Un evento con, por y para el sector donde se podr\u00e1:<\/p>\n<ul>\n<li>Debatir sobre los problemas y retos m\u00e1s relevantes del agroenoturismo.<\/li>\n<li>Adquirir conocimientos pr\u00e1cticos para una gesti\u00f3n profesional del negocio.<\/li>\n<li>Compartir experiencias y estrechar lazos con otros empresarios del ecosistema agroenotur\u00edstico.<\/li>\n<li>Descubrir casos de \u00e9xito y tendencias al alza para ser m\u00e1s competitivos.<\/li>\n<\/ul>\n<p>Para m\u00e1s informaci\u00f3n, pulse este <a href=\"https:\/\/wp.ull.es\/aenogas\/encuentro-agroenoturismo-de-canarias-lapalma-2023\/\" target=\"_blank\" rel=\"noopener\" target=\"_blank\" rel=\"noopener\">enlace.\u00a0<\/a><\/p>\n","protected":false},"excerpt":{"rendered":"<p>El Encuentro de AgroEnoturismo de Canarias es una iniciativa de la C\u00e1tedra de Agroturismo y Enoturismo de Canarias del Instituto Canario de Calidad Agroalimentaria y de la Universidad de La Laguna, que se ha consolidado como el principal punto de encuentro para el sector primario y la actividad tur\u00edstica del archipi\u00e9lago. El evento cierra un&#8230;<\/p>\n","protected":false},"author":65,"featured_media":32156,"comment_status":"closed","ping_status":"closed","template":"","tags":[],"tribe_events_cat":[2118,4],"acf":[],"yoast_head":"<!-- This site is optimized with the Yoast SEO plugin v21.3 - https:\/\/yoast.com\/wordpress\/plugins\/seo\/ -->\n<title>Octavo Encuentro de AgroEnoturismo de Canarias - ULL - Agenda<\/title>\n<meta name=\"robots\" content=\"index, follow, max-snippet:-1, max-image-preview:large, max-video-preview:-1\" \/>\n<link rel=\"canonical\" href=\"https:\/\/www.ull.es\/portal\/agenda\/evento\/octavo-encuentro-de-agroenoturismo-de-canarias\/\" \/>\n<meta property=\"og:locale\" content=\"es_ES\" \/>\n<meta property=\"og:type\" content=\"article\" \/>\n<meta property=\"og:title\" content=\"Octavo Encuentro de AgroEnoturismo de Canarias - ULL - Agenda\" \/>\n<meta property=\"og:description\" content=\"El Encuentro de AgroEnoturismo de Canarias es una iniciativa de la C\u00e1tedra de Agroturismo y Enoturismo de Canarias del Instituto Canario de Calidad Agroalimentaria y de la Universidad de La Laguna, que se ha consolidado como el principal punto de encuentro para el sector primario y la actividad tur\u00edstica del archipi\u00e9lago. El evento cierra un...\" \/>\n<meta property=\"og:url\" content=\"https:\/\/www.ull.es\/portal\/agenda\/evento\/octavo-encuentro-de-agroenoturismo-de-canarias\/\" \/>\n<meta property=\"og:site_name\" content=\"ULL - Agenda\" \/>\n<meta property=\"article:modified_time\" content=\"2023-11-09T08:16:43+00:00\" \/>\n<meta property=\"og:image\" content=\"https:\/\/www.ull.es\/portal\/agenda\/wp-content\/uploads\/sites\/12\/2023\/09\/Octavo-Encuentro-de-AgroEnoturismo-de-Canarias_Banner-Evento-ULL.jpg\" \/>\n\t<meta property=\"og:image:width\" content=\"751\" \/>\n\t<meta property=\"og:image:height\" content=\"370\" \/>\n\t<meta property=\"og:image:type\" content=\"image\/jpeg\" \/>\n<meta name=\"twitter:card\" content=\"summary_large_image\" \/>\n<meta name=\"twitter:label1\" content=\"Tiempo de lectura\" \/>\n\t<meta name=\"twitter:data1\" content=\"2 minutos\" \/>\n<script type=\"application\/ld+json\" class=\"yoast-schema-graph\">{\"@context\":\"https:\/\/schema.org\",\"@graph\":[{\"@type\":\"WebPage\",\"@id\":\"https:\/\/www.ull.es\/portal\/agenda\/evento\/octavo-encuentro-de-agroenoturismo-de-canarias\/\",\"url\":\"https:\/\/www.ull.es\/portal\/agenda\/evento\/octavo-encuentro-de-agroenoturismo-de-canarias\/\",\"name\":\"Octavo Encuentro de AgroEnoturismo de Canarias - ULL - Agenda\",\"isPartOf\":{\"@id\":\"https:\/\/www.ull.es\/portal\/agenda\/#website\"},\"datePublished\":\"2023-09-20T11:16:56+00:00\",\"dateModified\":\"2023-11-09T08:16:43+00:00\",\"breadcrumb\":{\"@id\":\"https:\/\/www.ull.es\/portal\/agenda\/evento\/octavo-encuentro-de-agroenoturismo-de-canarias\/#breadcrumb\"},\"inLanguage\":\"es\",\"potentialAction\":[{\"@type\":\"ReadAction\",\"target\":[\"https:\/\/www.ull.es\/portal\/agenda\/evento\/octavo-encuentro-de-agroenoturismo-de-canarias\/\"]}]},{\"@type\":\"BreadcrumbList\",\"@id\":\"https:\/\/www.ull.es\/portal\/agenda\/evento\/octavo-encuentro-de-agroenoturismo-de-canarias\/#breadcrumb\",\"itemListElement\":[{\"@type\":\"ListItem\",\"position\":1,\"name\":\"Portada\",\"item\":\"https:\/\/www.ull.es\/portal\/agenda\/\"},{\"@type\":\"ListItem\",\"position\":2,\"name\":\"Octavo Encuentro de AgroEnoturismo de Canarias\"}]},{\"@type\":\"WebSite\",\"@id\":\"https:\/\/www.ull.es\/portal\/agenda\/#website\",\"url\":\"https:\/\/www.ull.es\/portal\/agenda\/\",\"name\":\"ULL - Agenda\",\"description\":\"\",\"potentialAction\":[{\"@type\":\"SearchAction\",\"target\":{\"@type\":\"EntryPoint\",\"urlTemplate\":\"https:\/\/www.ull.es\/portal\/agenda\/?s={search_term_string}\"},\"query-input\":\"required name=search_term_string\"}],\"inLanguage\":\"es\"}]}<\/script>\n<!-- \/ Yoast SEO plugin. -->","yoast_head_json":{"title":"Octavo Encuentro de AgroEnoturismo de Canarias - ULL - Agenda","robots":{"index":"index","follow":"follow","max-snippet":"max-snippet:-1","max-image-preview":"max-image-preview:large","max-video-preview":"max-video-preview:-1"},"canonical":"https:\/\/www.ull.es\/portal\/agenda\/evento\/octavo-encuentro-de-agroenoturismo-de-canarias\/","og_locale":"es_ES","og_type":"article","og_title":"Octavo Encuentro de AgroEnoturismo de Canarias - ULL - Agenda","og_description":"El Encuentro de AgroEnoturismo de Canarias es una iniciativa de la C\u00e1tedra de Agroturismo y Enoturismo de Canarias del Instituto Canario de Calidad Agroalimentaria y de la Universidad de La Laguna, que se ha consolidado como el principal punto de encuentro para el sector primario y la actividad tur\u00edstica del archipi\u00e9lago. El evento cierra un...","og_url":"https:\/\/www.ull.es\/portal\/agenda\/evento\/octavo-encuentro-de-agroenoturismo-de-canarias\/","og_site_name":"ULL - Agenda","article_modified_time":"2023-11-09T08:16:43+00:00","og_image":[{"width":751,"height":370,"url":"https:\/\/www.ull.es\/portal\/agenda\/wp-content\/uploads\/sites\/12\/2023\/09\/Octavo-Encuentro-de-AgroEnoturismo-de-Canarias_Banner-Evento-ULL.jpg","type":"image\/jpeg"}],"twitter_card":"summary_large_image","twitter_misc":{"Tiempo de lectura":"2 minutos"},"schema":{"@context":"https:\/\/schema.org","@graph":[{"@type":"WebPage","@id":"https:\/\/www.ull.es\/portal\/agenda\/evento\/octavo-encuentro-de-agroenoturismo-de-canarias\/","url":"https:\/\/www.ull.es\/portal\/agenda\/evento\/octavo-encuentro-de-agroenoturismo-de-canarias\/","name":"Octavo Encuentro de AgroEnoturismo de Canarias - ULL - Agenda","isPartOf":{"@id":"https:\/\/www.ull.es\/portal\/agenda\/#website"},"datePublished":"2023-09-20T11:16:56+00:00","dateModified":"2023-11-09T08:16:43+00:00","breadcrumb":{"@id":"https:\/\/www.ull.es\/portal\/agenda\/evento\/octavo-encuentro-de-agroenoturismo-de-canarias\/#breadcrumb"},"inLanguage":"es","potentialAction":[{"@type":"ReadAction","target":["https:\/\/www.ull.es\/portal\/agenda\/evento\/octavo-encuentro-de-agroenoturismo-de-canarias\/"]}]},{"@type":"BreadcrumbList","@id":"https:\/\/www.ull.es\/portal\/agenda\/evento\/octavo-encuentro-de-agroenoturismo-de-canarias\/#breadcrumb","itemListElement":[{"@type":"ListItem","position":1,"name":"Portada","item":"https:\/\/www.ull.es\/portal\/agenda\/"},{"@type":"ListItem","position":2,"name":"Octavo Encuentro de AgroEnoturismo de Canarias"}]},{"@type":"WebSite","@id":"https:\/\/www.ull.es\/portal\/agenda\/#website","url":"https:\/\/www.ull.es\/portal\/agenda\/","name":"ULL - Agenda","description":"","potentialAction":[{"@type":"SearchAction","target":{"@type":"EntryPoint","urlTemplate":"https:\/\/www.ull.es\/portal\/agenda\/?s={search_term_string}"},"query-input":"required name=search_term_string"}],"inLanguage":"es"}]}},"_links":{"self":[{"href":"https:\/\/www.ull.es\/portal\/agenda\/wp-json\/wp\/v2\/tribe_events\/32065"}],"collection":[{"href":"https:\/\/www.ull.es\/portal\/agenda\/wp-json\/wp\/v2\/tribe_events"}],"about":[{"href":"https:\/\/www.ull.es\/portal\/agenda\/wp-json\/wp\/v2\/types\/tribe_events"}],"author":[{"embeddable":true,"href":"https:\/\/www.ull.es\/portal\/agenda\/wp-json\/wp\/v2\/users\/65"}],"replies":[{"embeddable":true,"href":"https:\/\/www.ull.es\/portal\/agenda\/wp-json\/wp\/v2\/comments?post=32065"}],"version-history":[{"count":1,"href":"https:\/\/www.ull.es\/portal\/agenda\/wp-json\/wp\/v2\/tribe_events\/32065\/revisions"}],"predecessor-version":[{"id":32066,"href":"https:\/\/www.ull.es\/portal\/agenda\/wp-json\/wp\/v2\/tribe_events\/32065\/revisions\/32066"}],"wp:featuredmedia":[{"embeddable":true,"href":"https:\/\/www.ull.es\/portal\/agenda\/wp-json\/wp\/v2\/media\/32156"}],"wp:attachment":[{"href":"https:\/\/www.ull.es\/portal\/agenda\/wp-json\/wp\/v2\/media?parent=32065"}],"wp:term":[{"taxonomy":"post_tag","embeddable":true,"href":"https:\/\/www.ull.es\/portal\/agenda\/wp-json\/wp\/v2\/tags?post=32065"},{"taxonomy":"tribe_events_cat","embeddable":true,"href":"https:\/\/www.ull.es\/portal\/agenda\/wp-json\/wp\/v2\/tribe_events_cat?post=32065"}],"curies":[{"name":"wp","href":"https:\/\/api.w.org\/{rel}","templated":true}]}}

<p>El Encuentro de AgroEnoturismo de Canarias es una iniciativa de la Cátedra de Agroturismo y Enoturismo de Canarias del Instituto Canario de Calidad Agroalimentaria y de la Universidad de La Laguna, que se ha consolidado como el principal punto de encuentro para el sector primario y la actividad turística del archipiélago.</p>
<p>El evento cierra un ciclo en La Palma. Después de haberse celebrado en el resto de las islas del archipiélago, bajo el título “Agro-Enoturismo en Canarias para el desarrollo sostenible, oportunidades, estrategias y obstáculos”, la octava edición se celebrará en La Palma los días 8, 9, 10 y 11 de noviembre de 2023.</p>
<p>El Encuentro de AgroEnoturismo de Canarias que cuenta con la colaboración del Cabildo de La Palma, el Ayuntamiento de Fuencaliente de La Palma, la empresa pública SODEPAL a través del programa Saborea La Palma, y el apoyo del Plan de Incentivación de la Actividad Investigadora concedido por la Consejería de Economía, Conocimiento y Empleo del Gobierno de Canarias, es el evento que ningún profesional del sector primario y de la actividad turística, público o privada, debería perderse. Al frente del evento se encuentra la Cátedra de Agroturismo y Enoturismo de Canarias del Instituto Canario de Calidad Agroalimentaria y de la Universidad de La Laguna, que apuesta por abordar, con transferencia y espíritu constructivo, las cuestiones de máximo interés para el binomio agro y turismo.</p>
<p>Un evento con, por y para el sector donde se podrá:</p>
<ul>
<li>Debatir sobre los problemas y retos más relevantes del agroenoturismo.</li>
<li>Adquirir conocimientos prácticos para una gestión profesional del negocio.</li>
<li>Compartir experiencias y estrechar lazos con otros empresarios del ecosistema agroenoturístico.</li>
<li>Descubrir casos de éxito y tendencias al alza para ser más competitivos.</li>
</ul>
<p>Para más información, pulse este <a href="https://wp.ull.es/aenogas/encuentro-agroenoturismo-de-canarias-lapalma-2023/" target="_blank" rel="noopener" target="_blank" rel="noopener">enlace. </a></p>

<p>El Encuentro de AgroEnoturismo de Canarias es una iniciativa de la Cátedra de Agroturismo y Enoturismo de Canarias del Instituto Canario de Calidad Agroalimentaria y de la Universidad de La Laguna, que se ha consolidado como el principal punto de encuentro para el sector primario y la actividad turística del archipiélago. El evento cierra un&#8230;</p>

<!-- This site is optimized with the Yoast SEO plugin v21.3 - https://yoast.com/wordpress/plugins/seo/ -->
<title>Octavo Encuentro de AgroEnoturismo de Canarias - ULL - Agenda</title>
<meta name="robots" content="index, follow, max-snippet:-1, max-image-preview:large, max-video-preview:-1" />
<link rel="canonical" href="https://www.ull.es/portal/agenda/evento/octavo-encuentro-de-agroenoturismo-de-canarias/" />
<meta property="og:locale" content="es_ES" />
<meta property="og:type" content="article" />
<meta property="og:title" content="Octavo Encuentro de AgroEnoturismo de Canarias - ULL - Agenda" />
<meta property="og:description" content="El Encuentro de AgroEnoturismo de Canarias es una iniciativa de la Cátedra de Agroturismo y Enoturismo de Canarias del Instituto Canario de Calidad Agroalimentaria y de la Universidad de La Laguna, que se ha consolidado como el principal punto de encuentro para el sector primario y la actividad turística del archipiélago. El evento cierra un..." />
<meta property="og:url" content="https://www.ull.es/portal/agenda/evento/octavo-encuentro-de-agroenoturismo-de-canarias/" />
<meta property="og:site_name" content="ULL - Agenda" />
<meta property="article:modified_time" content="2023-11-09T08:16:43+00:00" />
<meta property="og:image" content="https://www.ull.es/portal/agenda/wp-content/uploads/sites/12/2023/09/Octavo-Encuentro-de-AgroEnoturismo-de-Canarias_Banner-Evento-ULL.jpg" />
	<meta property="og:image:width" content="751" />
	<meta property="og:image:height" content="370" />
	<meta property="og:image:type" content="image/jpeg" />
<meta name="twitter:card" content="summary_large_image" />
<meta name="twitter:label1" content="Tiempo de lectura" />
	<meta name="twitter:data1" content="2 minutos" />
<script type="application/ld+json" class="yoast-schema-graph">{"@context":"https://schema.org","@graph":[{"@type":"WebPage","@id":"https://www.ull.es/portal/agenda/evento/octavo-encuentro-de-agroenoturismo-de-canarias/","url":"https://www.ull.es/portal/agenda/evento/octavo-encuentro-de-agroenoturismo-de-canarias/","name":"Octavo Encuentro de AgroEnoturismo de Canarias - ULL - Agenda","isPartOf":{"@id":"https://www.ull.es/portal/agenda/#website"},"datePublished":"2023-09-20T11:16:56+00:00","dateModified":"2023-11-09T08:16:43+00:00","breadcrumb":{"@id":"https://www.ull.es/portal/agenda/evento/octavo-encuentro-de-agroenoturismo-de-canarias/#breadcrumb"},"inLanguage":"es","potentialAction":[{"@type":"ReadAction","target":["https://www.ull.es/portal/agenda/evento/octavo-encuentro-de-agroenoturismo-de-canarias/"]}]},{"@type":"BreadcrumbList","@id":"https://www.ull.es/portal/agenda/evento/octavo-encuentro-de-agroenoturismo-de-canarias/#breadcrumb","itemListElement":[{"@type":"ListItem","position":1,"name":"Portada","item":"https://www.ull.es/portal/agenda/"},{"@type":"ListItem","position":2,"name":"Octavo Encuentro de AgroEnoturismo de Canarias"}]},{"@type":"WebSite","@id":"https://www.ull.es/portal/agenda/#website","url":"https://www.ull.es/portal/agenda/","name":"ULL - Agenda","description":"","potentialAction":[{"@type":"SearchAction","target":{"@type":"EntryPoint","urlTemplate":"https://www.ull.es/portal/agenda/?s={search_term_string}"},"query-input":"required name=search_term_string"}],"inLanguage":"es"}]}</script>
<!-- / Yoast SEO plugin. -->

El Encuentro de AgroEnoturismo de Canarias es una iniciativa de la Cátedra de Agroturismo y Enoturismo de Canarias del Instituto Canario de Calidad Agroalimentaria y de la Universidad de La Laguna, que se ha consolidado como el principal punto de encuentro para el sector primario y la actividad turística del archipiélago. El evento cierra un...
