{"id":32132,"date":"2023-09-22T09:39:17","date_gmt":"2023-09-22T09:39:17","guid":{"rendered":"https:\/\/www.ull.es\/portal\/agenda\/?post_type=tribe_events&#038;p=32132"},"modified":"2023-09-25T10:56:59","modified_gmt":"2023-09-25T10:56:59","slug":"i-cumbre-de-los-consejos-de-estudiantes-de-las-universidades-publicas-de-canarias","status":"publish","type":"tribe_events","link":"https:\/\/www.ull.es\/portal\/agenda\/evento\/i-cumbre-de-los-consejos-de-estudiantes-de-las-universidades-publicas-de-canarias\/","title":{"rendered":"I Cumbre de los Consejos de Estudiantes de las Universidades P\u00fablicas de Canarias"},"content":{"rendered":"<p class=\"zfr3Q CDt4Ke \" dir=\"ltr\"><span class=\"C9DxTc \">El pr\u00f3ximo 29 y 30 de septiembre se celebrar\u00e1 la I Cumbre de los Consejos de Estudiantes de las Universidades P\u00fablicas de Canarias, donde la ULPGC y la ULL se encontrar\u00e1n para sembrar un precedente de colaboraci\u00f3n por la Educaci\u00f3n Superior P\u00fablica de Canarias y la defensa del estudiantado universitario. Este encuentro\u00a0 busca entablar relaci\u00f3n entre los m\u00e1ximos \u00f3rganos de representaci\u00f3n estudiantiles de ambas universidades, reuniendo a las directivas de los Consejos de Estudiantes y las directivas de las Delegaciones de todas las Facultades, Escuelas y centros adscritos de ambas universidades.<\/span><\/p>\n<p class=\"zfr3Q CDt4Ke \" dir=\"ltr\"><span class=\"C9DxTc \">Los objetivos se materializan en dos acciones concretas. La primera, una serie de formaciones de tem\u00e1tica estudiantil. Y la segunda, una sesi\u00f3n de debate para la redacci\u00f3n de un posterior posicionamiento conjunto.\u00a0<\/span><\/p>\n<p dir=\"ltr\">Para m\u00e1s informaci\u00f3n, pulse este <a href=\"https:\/\/sites.google.com\/ull.edu.es\/icumbreceupca\/inicio?authuser=0\" target=\"_blank\" rel=\"noopener\" target=\"_blank\" rel=\"noopener\">enlace.<\/a><\/p>\n<p dir=\"ltr\"><a href=\"https:\/\/drive.google.com\/file\/d\/1lGZiEGEIpEDmrLnpjom6q1r1sbLZWO6E\/view?usp=sharing\" target=\"_blank\" rel=\"noopener\" target=\"_blank\" rel=\"noopener\">Programa<\/a><\/p>\n<p dir=\"ltr\">\n","protected":false},"excerpt":{"rendered":"<p>El pr\u00f3ximo 29 y 30 de septiembre se celebrar\u00e1 la I Cumbre de los Consejos de Estudiantes de las Universidades P\u00fablicas de Canarias, donde la ULPGC y la ULL se encontrar\u00e1n para sembrar un precedente de colaboraci\u00f3n por la Educaci\u00f3n Superior P\u00fablica de Canarias y la defensa del estudiantado universitario. Este encuentro\u00a0 busca entablar relaci\u00f3n&#8230;<\/p>\n","protected":false},"author":65,"featured_media":32179,"comment_status":"closed","ping_status":"closed","template":"","tags":[],"tribe_events_cat":[4886,4,186,191],"acf":[],"yoast_head":"<!-- This site is optimized with the Yoast SEO plugin v21.3 - https:\/\/yoast.com\/wordpress\/plugins\/seo\/ -->\n<title>I Cumbre de los Consejos de Estudiantes de las Universidades P\u00fablicas de Canarias - ULL - Agenda<\/title>\n<meta name=\"robots\" content=\"index, follow, max-snippet:-1, max-image-preview:large, max-video-preview:-1\" \/>\n<link rel=\"canonical\" href=\"https:\/\/www.ull.es\/portal\/agenda\/evento\/i-cumbre-de-los-consejos-de-estudiantes-de-las-universidades-publicas-de-canarias\/\" \/>\n<meta property=\"og:locale\" content=\"es_ES\" \/>\n<meta property=\"og:type\" content=\"article\" \/>\n<meta property=\"og:title\" content=\"I Cumbre de los Consejos de Estudiantes de las Universidades P\u00fablicas de Canarias - ULL - Agenda\" \/>\n<meta property=\"og:description\" content=\"El pr\u00f3ximo 29 y 30 de septiembre se celebrar\u00e1 la I Cumbre de los Consejos de Estudiantes de las Universidades P\u00fablicas de Canarias, donde la ULPGC y la ULL se encontrar\u00e1n para sembrar un precedente de colaboraci\u00f3n por la Educaci\u00f3n Superior P\u00fablica de Canarias y la defensa del estudiantado universitario. Este encuentro\u00a0 busca entablar relaci\u00f3n...\" \/>\n<meta property=\"og:url\" content=\"https:\/\/www.ull.es\/portal\/agenda\/evento\/i-cumbre-de-los-consejos-de-estudiantes-de-las-universidades-publicas-de-canarias\/\" \/>\n<meta property=\"og:site_name\" content=\"ULL - Agenda\" \/>\n<meta property=\"article:modified_time\" content=\"2023-09-25T10:56:59+00:00\" \/>\n<meta property=\"og:image\" content=\"https:\/\/www.ull.es\/portal\/agenda\/wp-content\/uploads\/sites\/12\/2023\/09\/I-Cumbre-de-los-Consejos-de-Estudiantes-de-las-Universidades-Publicas-de-Canarias_Banner-Evento-ULL.jpg\" \/>\n\t<meta property=\"og:image:width\" content=\"750\" \/>\n\t<meta property=\"og:image:height\" content=\"370\" \/>\n\t<meta property=\"og:image:type\" content=\"image\/jpeg\" \/>\n<meta name=\"twitter:card\" content=\"summary_large_image\" \/>\n<meta name=\"twitter:label1\" content=\"Tiempo de lectura\" \/>\n\t<meta name=\"twitter:data1\" content=\"1 minuto\" \/>\n<script type=\"application\/ld+json\" class=\"yoast-schema-graph\">{\"@context\":\"https:\/\/schema.org\",\"@graph\":[{\"@type\":\"WebPage\",\"@id\":\"https:\/\/www.ull.es\/portal\/agenda\/evento\/i-cumbre-de-los-consejos-de-estudiantes-de-las-universidades-publicas-de-canarias\/\",\"url\":\"https:\/\/www.ull.es\/portal\/agenda\/evento\/i-cumbre-de-los-consejos-de-estudiantes-de-las-universidades-publicas-de-canarias\/\",\"name\":\"I Cumbre de los Consejos de Estudiantes de las Universidades P\u00fablicas de Canarias - ULL - Agenda\",\"isPartOf\":{\"@id\":\"https:\/\/www.ull.es\/portal\/agenda\/#website\"},\"datePublished\":\"2023-09-22T09:39:17+00:00\",\"dateModified\":\"2023-09-25T10:56:59+00:00\",\"breadcrumb\":{\"@id\":\"https:\/\/www.ull.es\/portal\/agenda\/evento\/i-cumbre-de-los-consejos-de-estudiantes-de-las-universidades-publicas-de-canarias\/#breadcrumb\"},\"inLanguage\":\"es\",\"potentialAction\":[{\"@type\":\"ReadAction\",\"target\":[\"https:\/\/www.ull.es\/portal\/agenda\/evento\/i-cumbre-de-los-consejos-de-estudiantes-de-las-universidades-publicas-de-canarias\/\"]}]},{\"@type\":\"BreadcrumbList\",\"@id\":\"https:\/\/www.ull.es\/portal\/agenda\/evento\/i-cumbre-de-los-consejos-de-estudiantes-de-las-universidades-publicas-de-canarias\/#breadcrumb\",\"itemListElement\":[{\"@type\":\"ListItem\",\"position\":1,\"name\":\"Portada\",\"item\":\"https:\/\/www.ull.es\/portal\/agenda\/\"},{\"@type\":\"ListItem\",\"position\":2,\"name\":\"I Cumbre de los Consejos de Estudiantes de las Universidades P\u00fablicas de Canarias\"}]},{\"@type\":\"WebSite\",\"@id\":\"https:\/\/www.ull.es\/portal\/agenda\/#website\",\"url\":\"https:\/\/www.ull.es\/portal\/agenda\/\",\"name\":\"ULL - Agenda\",\"description\":\"\",\"potentialAction\":[{\"@type\":\"SearchAction\",\"target\":{\"@type\":\"EntryPoint\",\"urlTemplate\":\"https:\/\/www.ull.es\/portal\/agenda\/?s={search_term_string}\"},\"query-input\":\"required name=search_term_string\"}],\"inLanguage\":\"es\"}]}<\/script>\n<!-- \/ Yoast SEO plugin. -->","yoast_head_json":{"title":"I Cumbre de los Consejos de Estudiantes de las Universidades P\u00fablicas de Canarias - ULL - Agenda","robots":{"index":"index","follow":"follow","max-snippet":"max-snippet:-1","max-image-preview":"max-image-preview:large","max-video-preview":"max-video-preview:-1"},"canonical":"https:\/\/www.ull.es\/portal\/agenda\/evento\/i-cumbre-de-los-consejos-de-estudiantes-de-las-universidades-publicas-de-canarias\/","og_locale":"es_ES","og_type":"article","og_title":"I Cumbre de los Consejos de Estudiantes de las Universidades P\u00fablicas de Canarias - ULL - Agenda","og_description":"El pr\u00f3ximo 29 y 30 de septiembre se celebrar\u00e1 la I Cumbre de los Consejos de Estudiantes de las Universidades P\u00fablicas de Canarias, donde la ULPGC y la ULL se encontrar\u00e1n para sembrar un precedente de colaboraci\u00f3n por la Educaci\u00f3n Superior P\u00fablica de Canarias y la defensa del estudiantado universitario. Este encuentro\u00a0 busca entablar relaci\u00f3n...","og_url":"https:\/\/www.ull.es\/portal\/agenda\/evento\/i-cumbre-de-los-consejos-de-estudiantes-de-las-universidades-publicas-de-canarias\/","og_site_name":"ULL - Agenda","article_modified_time":"2023-09-25T10:56:59+00:00","og_image":[{"width":750,"height":370,"url":"https:\/\/www.ull.es\/portal\/agenda\/wp-content\/uploads\/sites\/12\/2023\/09\/I-Cumbre-de-los-Consejos-de-Estudiantes-de-las-Universidades-Publicas-de-Canarias_Banner-Evento-ULL.jpg","type":"image\/jpeg"}],"twitter_card":"summary_large_image","twitter_misc":{"Tiempo de lectura":"1 minuto"},"schema":{"@context":"https:\/\/schema.org","@graph":[{"@type":"WebPage","@id":"https:\/\/www.ull.es\/portal\/agenda\/evento\/i-cumbre-de-los-consejos-de-estudiantes-de-las-universidades-publicas-de-canarias\/","url":"https:\/\/www.ull.es\/portal\/agenda\/evento\/i-cumbre-de-los-consejos-de-estudiantes-de-las-universidades-publicas-de-canarias\/","name":"I Cumbre de los Consejos de Estudiantes de las Universidades P\u00fablicas de Canarias - ULL - Agenda","isPartOf":{"@id":"https:\/\/www.ull.es\/portal\/agenda\/#website"},"datePublished":"2023-09-22T09:39:17+00:00","dateModified":"2023-09-25T10:56:59+00:00","breadcrumb":{"@id":"https:\/\/www.ull.es\/portal\/agenda\/evento\/i-cumbre-de-los-consejos-de-estudiantes-de-las-universidades-publicas-de-canarias\/#breadcrumb"},"inLanguage":"es","potentialAction":[{"@type":"ReadAction","target":["https:\/\/www.ull.es\/portal\/agenda\/evento\/i-cumbre-de-los-consejos-de-estudiantes-de-las-universidades-publicas-de-canarias\/"]}]},{"@type":"BreadcrumbList","@id":"https:\/\/www.ull.es\/portal\/agenda\/evento\/i-cumbre-de-los-consejos-de-estudiantes-de-las-universidades-publicas-de-canarias\/#breadcrumb","itemListElement":[{"@type":"ListItem","position":1,"name":"Portada","item":"https:\/\/www.ull.es\/portal\/agenda\/"},{"@type":"ListItem","position":2,"name":"I Cumbre de los Consejos de Estudiantes de las Universidades P\u00fablicas de Canarias"}]},{"@type":"WebSite","@id":"https:\/\/www.ull.es\/portal\/agenda\/#website","url":"https:\/\/www.ull.es\/portal\/agenda\/","name":"ULL - Agenda","description":"","potentialAction":[{"@type":"SearchAction","target":{"@type":"EntryPoint","urlTemplate":"https:\/\/www.ull.es\/portal\/agenda\/?s={search_term_string}"},"query-input":"required name=search_term_string"}],"inLanguage":"es"}]}},"_links":{"self":[{"href":"https:\/\/www.ull.es\/portal\/agenda\/wp-json\/wp\/v2\/tribe_events\/32132"}],"collection":[{"href":"https:\/\/www.ull.es\/portal\/agenda\/wp-json\/wp\/v2\/tribe_events"}],"about":[{"href":"https:\/\/www.ull.es\/portal\/agenda\/wp-json\/wp\/v2\/types\/tribe_events"}],"author":[{"embeddable":true,"href":"https:\/\/www.ull.es\/portal\/agenda\/wp-json\/wp\/v2\/users\/65"}],"replies":[{"embeddable":true,"href":"https:\/\/www.ull.es\/portal\/agenda\/wp-json\/wp\/v2\/comments?post=32132"}],"version-history":[{"count":2,"href":"https:\/\/www.ull.es\/portal\/agenda\/wp-json\/wp\/v2\/tribe_events\/32132\/revisions"}],"predecessor-version":[{"id":32135,"href":"https:\/\/www.ull.es\/portal\/agenda\/wp-json\/wp\/v2\/tribe_events\/32132\/revisions\/32135"}],"wp:featuredmedia":[{"embeddable":true,"href":"https:\/\/www.ull.es\/portal\/agenda\/wp-json\/wp\/v2\/media\/32179"}],"wp:attachment":[{"href":"https:\/\/www.ull.es\/portal\/agenda\/wp-json\/wp\/v2\/media?parent=32132"}],"wp:term":[{"taxonomy":"post_tag","embeddable":true,"href":"https:\/\/www.ull.es\/portal\/agenda\/wp-json\/wp\/v2\/tags?post=32132"},{"taxonomy":"tribe_events_cat","embeddable":true,"href":"https:\/\/www.ull.es\/portal\/agenda\/wp-json\/wp\/v2\/tribe_events_cat?post=32132"}],"curies":[{"name":"wp","href":"https:\/\/api.w.org\/{rel}","templated":true}]}}

I Cumbre de los Consejos de Estudiantes de las Universidades Públicas de Canarias

<p class="zfr3Q CDt4Ke " dir="ltr"><span class="C9DxTc ">El próximo 29 y 30 de septiembre se celebrará la I Cumbre de los Consejos de Estudiantes de las Universidades Públicas de Canarias, donde la ULPGC y la ULL se encontrarán para sembrar un precedente de colaboración por la Educación Superior Pública de Canarias y la defensa del estudiantado universitario. Este encuentro  busca entablar relación entre los máximos órganos de representación estudiantiles de ambas universidades, reuniendo a las directivas de los Consejos de Estudiantes y las directivas de las Delegaciones de todas las Facultades, Escuelas y centros adscritos de ambas universidades.</span></p>
<p class="zfr3Q CDt4Ke " dir="ltr"><span class="C9DxTc ">Los objetivos se materializan en dos acciones concretas. La primera, una serie de formaciones de temática estudiantil. Y la segunda, una sesión de debate para la redacción de un posterior posicionamiento conjunto. </span></p>
<p dir="ltr">Para más información, pulse este <a href="https://sites.google.com/ull.edu.es/icumbreceupca/inicio?authuser=0" target="_blank" rel="noopener" target="_blank" rel="noopener">enlace.</a></p>
<p dir="ltr"><a href="https://drive.google.com/file/d/1lGZiEGEIpEDmrLnpjom6q1r1sbLZWO6E/view?usp=sharing" target="_blank" rel="noopener" target="_blank" rel="noopener">Programa</a></p>
<p dir="ltr">

<p>El próximo 29 y 30 de septiembre se celebrará la I Cumbre de los Consejos de Estudiantes de las Universidades Públicas de Canarias, donde la ULPGC y la ULL se encontrarán para sembrar un precedente de colaboración por la Educación Superior Pública de Canarias y la defensa del estudiantado universitario. Este encuentro  busca entablar relación&#8230;</p>

<!-- This site is optimized with the Yoast SEO plugin v21.3 - https://yoast.com/wordpress/plugins/seo/ -->
<title>I Cumbre de los Consejos de Estudiantes de las Universidades Públicas de Canarias - ULL - Agenda</title>
<meta name="robots" content="index, follow, max-snippet:-1, max-image-preview:large, max-video-preview:-1" />
<link rel="canonical" href="https://www.ull.es/portal/agenda/evento/i-cumbre-de-los-consejos-de-estudiantes-de-las-universidades-publicas-de-canarias/" />
<meta property="og:locale" content="es_ES" />
<meta property="og:type" content="article" />
<meta property="og:title" content="I Cumbre de los Consejos de Estudiantes de las Universidades Públicas de Canarias - ULL - Agenda" />
<meta property="og:description" content="El próximo 29 y 30 de septiembre se celebrará la I Cumbre de los Consejos de Estudiantes de las Universidades Públicas de Canarias, donde la ULPGC y la ULL se encontrarán para sembrar un precedente de colaboración por la Educación Superior Pública de Canarias y la defensa del estudiantado universitario. Este encuentro  busca entablar relación..." />
<meta property="og:url" content="https://www.ull.es/portal/agenda/evento/i-cumbre-de-los-consejos-de-estudiantes-de-las-universidades-publicas-de-canarias/" />
<meta property="og:site_name" content="ULL - Agenda" />
<meta property="article:modified_time" content="2023-09-25T10:56:59+00:00" />
<meta property="og:image" content="https://www.ull.es/portal/agenda/wp-content/uploads/sites/12/2023/09/I-Cumbre-de-los-Consejos-de-Estudiantes-de-las-Universidades-Publicas-de-Canarias_Banner-Evento-ULL.jpg" />
	<meta property="og:image:width" content="750" />
	<meta property="og:image:height" content="370" />
	<meta property="og:image:type" content="image/jpeg" />
<meta name="twitter:card" content="summary_large_image" />
<meta name="twitter:label1" content="Tiempo de lectura" />
	<meta name="twitter:data1" content="1 minuto" />
<script type="application/ld+json" class="yoast-schema-graph">{"@context":"https://schema.org","@graph":[{"@type":"WebPage","@id":"https://www.ull.es/portal/agenda/evento/i-cumbre-de-los-consejos-de-estudiantes-de-las-universidades-publicas-de-canarias/","url":"https://www.ull.es/portal/agenda/evento/i-cumbre-de-los-consejos-de-estudiantes-de-las-universidades-publicas-de-canarias/","name":"I Cumbre de los Consejos de Estudiantes de las Universidades Públicas de Canarias - ULL - Agenda","isPartOf":{"@id":"https://www.ull.es/portal/agenda/#website"},"datePublished":"2023-09-22T09:39:17+00:00","dateModified":"2023-09-25T10:56:59+00:00","breadcrumb":{"@id":"https://www.ull.es/portal/agenda/evento/i-cumbre-de-los-consejos-de-estudiantes-de-las-universidades-publicas-de-canarias/#breadcrumb"},"inLanguage":"es","potentialAction":[{"@type":"ReadAction","target":["https://www.ull.es/portal/agenda/evento/i-cumbre-de-los-consejos-de-estudiantes-de-las-universidades-publicas-de-canarias/"]}]},{"@type":"BreadcrumbList","@id":"https://www.ull.es/portal/agenda/evento/i-cumbre-de-los-consejos-de-estudiantes-de-las-universidades-publicas-de-canarias/#breadcrumb","itemListElement":[{"@type":"ListItem","position":1,"name":"Portada","item":"https://www.ull.es/portal/agenda/"},{"@type":"ListItem","position":2,"name":"I Cumbre de los Consejos de Estudiantes de las Universidades Públicas de Canarias"}]},{"@type":"WebSite","@id":"https://www.ull.es/portal/agenda/#website","url":"https://www.ull.es/portal/agenda/","name":"ULL - Agenda","description":"","potentialAction":[{"@type":"SearchAction","target":{"@type":"EntryPoint","urlTemplate":"https://www.ull.es/portal/agenda/?s={search_term_string}"},"query-input":"required name=search_term_string"}],"inLanguage":"es"}]}</script>
<!-- / Yoast SEO plugin. -->

I Cumbre de los Consejos de Estudiantes de las Universidades Públicas de Canarias - ULL - Agenda

El próximo 29 y 30 de septiembre se celebrará la I Cumbre de los Consejos de Estudiantes de las Universidades Públicas de Canarias, donde la ULPGC y la ULL se encontrarán para sembrar un precedente de colaboración por la Educación Superior Pública de Canarias y la defensa del estudiantado universitario. Este encuentro  busca entablar relación...
