{"id":32138,"date":"2023-09-22T10:25:10","date_gmt":"2023-09-22T10:25:10","guid":{"rendered":"https:\/\/www.ull.es\/portal\/agenda\/?post_type=tribe_events&#038;p=32138"},"modified":"2023-09-22T10:28:29","modified_gmt":"2023-09-22T10:28:29","slug":"integraciones-disidentes-el-arte-en-los-margenes-del-circuito","status":"publish","type":"tribe_events","link":"https:\/\/www.ull.es\/portal\/agenda\/evento\/integraciones-disidentes-el-arte-en-los-margenes-del-circuito\/","title":{"rendered":"Integraciones disidentes: el arte en los m\u00e1rgenes del circuito"},"content":{"rendered":"<p>El ciclo <em>Cartograf\u00edas del arte contempor\u00e1neo<\/em>, producido por el Aula de Pensamiento Art\u00edstico Contempor\u00e1neo de la Universidad de la Laguna con el patrocinio del Cabildo de Tenerife persigue favorecer, entre el colectivo universitario y la ciudadan\u00eda de la Isla, la divulgaci\u00f3n y la mejora del conocimiento cr\u00edtico de la actividad creativa y te\u00f3rica avanzada en el campo de las artes visuales. M\u00e1s en concreto, dar a conocer, analizar y discutir una parte que consideramos especialmente importante dentro del complejo y vasto territorio de la creaci\u00f3n art\u00edstica contempor\u00e1nea: las pr\u00e1cticas y discursos art\u00edsticos que entienden que las producciones simb\u00f3licas pueden convertirse en agentes fundamentales en la definici\u00f3n de los valores y las pr\u00e1cticas que definen el marco de experiencia hist\u00f3ricamente plausible y de las identidades que lo habitan.<\/p>\n<p>Dentro de este ciclo, la actividad <em>Integraciones disidentes: el arte en los m\u00e1rgenes del circuito<\/em> abordar\u00e1 el asunto de las trayectorias art\u00edsticas que se plantean al margen del mercado y los circuitos institucionales. El mundo del arte sigue enclavado en una econom\u00eda de la carencia: se mantiene la convicci\u00f3n (o la inercia) de que las obras son pocas y excepcionales, por eso alcanzan precios exorbitados y se comercializan como productos de lujo. Simult\u00e1neamente, cada vez son m\u00e1s las personas que \u201cgeneran contenido\u201d visual que, por su propia l\u00f3gica, no puede ser absorbido por el exclusivo mercado del arte. Este mundo de los objetos art\u00edsticos parece cada vez m\u00e1s separado, por una parte, de la circulaci\u00f3n de las im\u00e1genes por el difuso espacio del entretenimiento y, por otra, de la atenci\u00f3n cr\u00edtica hacia los imaginarios, que se interesa crecientemente por flujos \u201cdesmaterializados\u201d: tendencias, pulsos, afectos, expresiones culturales&#8230; En este espacio especulativo, el arte se vincula cada vez menos con objetos y m\u00e1s con energ\u00edas, que tratan de circular por redes al margen del mercado: centros de arte locales, iniciativas autogestionadas, curadur\u00edas, publicaciones aut\u00f3nomas, circuitos alternativos\u2026<\/p>\n<p>En este curso queremos poner en contacto a artistas en formaci\u00f3n, todav\u00eda bajo el paraguas acad\u00e9mico, con j\u00f3venes artistas emergentes, ya a la intemperie, que tratan diariamente de conservar la energ\u00eda en un espacio de flujo que entra y sale de la instituci\u00f3n, mira al mercado, atiende a las redes, participa del espect\u00e1culo, se informa en la academia\u2026 pero no acaba de canalizarse en una v\u00eda definida.<\/p>\n<p>Dirigido al alumnado y profesorado de la ULL y, por extensi\u00f3n, a cualquier persona interesada en el arte, la est\u00e9tica y la cultura contempor\u00e1nea.<\/p>\n<p>Direcci\u00f3n acad\u00e9mica:<\/p>\n<ul>\n<li>Ram\u00f3n Salas Lamami\u00e9 de Clairac. Profesor Titular de Universidad, Departamento de Bellas Artes de la Universidad de La Laguna.<\/li>\n<li>Sof\u00eda Alem\u00e1n Arozena. Artista, Universitat Polit\u00e8cnica de Val\u00e8ncia<\/li>\n<\/ul>\n<p>Coordinaci\u00f3n: Carla Marz\u00e1n Guti\u00e9rrez. Artista, ULL.<\/p>\n<p><strong>CERTIFICADO DE ASISTENCIA<\/strong>: La ULL, a trav\u00e9s del Vicerrectorado de Cultura y Extensi\u00f3n Universitaria, emitir\u00e1 un certificado de asistencia a todas aquellas personas que participen, previa inscripci\u00f3n en la actividad.<\/p>\n<p>Asistencia gratuita previa inscripci\u00f3n.\u00a0<a href=\"https:\/\/sede.fg.ull.es\/es\/curso\/detalle\/a23020250\/integraciones-disidentes-el-arte-en-los-margenes-del-circuito\" target=\"_blank\" rel=\"noopener noreferrer\" target=\"_blank\" rel=\"noopener\"><strong><u>Inscr\u00edbete aqu\u00ed.<\/u><\/strong><\/a><\/p>\n<p><strong>Contacto: 922 319 616 \/ 922 319 626 \u2013\u00a0<\/strong><a href=\"mailto:extuni@ull.edu.es\" target=\"_blank\" rel=\"noopener\" target=\"_blank\" rel=\"noopener\"><strong>extuni@ull.es<\/strong><\/a><\/p>\n","protected":false},"excerpt":{"rendered":"<p>El ciclo Cartograf\u00edas del arte contempor\u00e1neo, producido por el Aula de Pensamiento Art\u00edstico Contempor\u00e1neo de la Universidad de la Laguna con el patrocinio del Cabildo de Tenerife persigue favorecer, entre el colectivo universitario y la ciudadan\u00eda de la Isla, la divulgaci\u00f3n y la mejora del conocimiento cr\u00edtico de la actividad creativa y te\u00f3rica avanzada en&#8230;<\/p>\n","protected":false},"author":43,"featured_media":32139,"comment_status":"closed","ping_status":"closed","template":"","tags":[4259,977,3812,3751],"tribe_events_cat":[472,471,4,186],"acf":[],"yoast_head":"<!-- This site is optimized with the Yoast SEO plugin v21.3 - https:\/\/yoast.com\/wordpress\/plugins\/seo\/ -->\n<title>Integraciones disidentes: el arte en los m\u00e1rgenes del circuito - ULL - Agenda<\/title>\n<meta name=\"robots\" content=\"index, follow, max-snippet:-1, max-image-preview:large, max-video-preview:-1\" \/>\n<link rel=\"canonical\" href=\"https:\/\/www.ull.es\/portal\/agenda\/evento\/integraciones-disidentes-el-arte-en-los-margenes-del-circuito\/\" \/>\n<meta property=\"og:locale\" content=\"es_ES\" \/>\n<meta property=\"og:type\" content=\"article\" \/>\n<meta property=\"og:title\" content=\"Integraciones disidentes: el arte en los m\u00e1rgenes del circuito - ULL - Agenda\" \/>\n<meta property=\"og:description\" content=\"El ciclo Cartograf\u00edas del arte contempor\u00e1neo, producido por el Aula de Pensamiento Art\u00edstico Contempor\u00e1neo de la Universidad de la Laguna con el patrocinio del Cabildo de Tenerife persigue favorecer, entre el colectivo universitario y la ciudadan\u00eda de la Isla, la divulgaci\u00f3n y la mejora del conocimiento cr\u00edtico de la actividad creativa y te\u00f3rica avanzada en...\" \/>\n<meta property=\"og:url\" content=\"https:\/\/www.ull.es\/portal\/agenda\/evento\/integraciones-disidentes-el-arte-en-los-margenes-del-circuito\/\" \/>\n<meta property=\"og:site_name\" content=\"ULL - Agenda\" \/>\n<meta property=\"article:modified_time\" content=\"2023-09-22T10:28:29+00:00\" \/>\n<meta property=\"og:image\" content=\"https:\/\/www.ull.es\/portal\/agenda\/wp-content\/uploads\/sites\/12\/2023\/09\/integraciones.jpg\" \/>\n\t<meta property=\"og:image:width\" content=\"1600\" \/>\n\t<meta property=\"og:image:height\" content=\"800\" \/>\n\t<meta property=\"og:image:type\" content=\"image\/jpeg\" \/>\n<meta name=\"twitter:card\" content=\"summary_large_image\" \/>\n<meta name=\"twitter:label1\" content=\"Tiempo de lectura\" \/>\n\t<meta name=\"twitter:data1\" content=\"3 minutos\" \/>\n<script type=\"application\/ld+json\" class=\"yoast-schema-graph\">{\"@context\":\"https:\/\/schema.org\",\"@graph\":[{\"@type\":\"WebPage\",\"@id\":\"https:\/\/www.ull.es\/portal\/agenda\/evento\/integraciones-disidentes-el-arte-en-los-margenes-del-circuito\/\",\"url\":\"https:\/\/www.ull.es\/portal\/agenda\/evento\/integraciones-disidentes-el-arte-en-los-margenes-del-circuito\/\",\"name\":\"Integraciones disidentes: el arte en los m\u00e1rgenes del circuito - ULL - Agenda\",\"isPartOf\":{\"@id\":\"https:\/\/www.ull.es\/portal\/agenda\/#website\"},\"datePublished\":\"2023-09-22T10:25:10+00:00\",\"dateModified\":\"2023-09-22T10:28:29+00:00\",\"breadcrumb\":{\"@id\":\"https:\/\/www.ull.es\/portal\/agenda\/evento\/integraciones-disidentes-el-arte-en-los-margenes-del-circuito\/#breadcrumb\"},\"inLanguage\":\"es\",\"potentialAction\":[{\"@type\":\"ReadAction\",\"target\":[\"https:\/\/www.ull.es\/portal\/agenda\/evento\/integraciones-disidentes-el-arte-en-los-margenes-del-circuito\/\"]}]},{\"@type\":\"BreadcrumbList\",\"@id\":\"https:\/\/www.ull.es\/portal\/agenda\/evento\/integraciones-disidentes-el-arte-en-los-margenes-del-circuito\/#breadcrumb\",\"itemListElement\":[{\"@type\":\"ListItem\",\"position\":1,\"name\":\"Portada\",\"item\":\"https:\/\/www.ull.es\/portal\/agenda\/\"},{\"@type\":\"ListItem\",\"position\":2,\"name\":\"Integraciones disidentes: el arte en los m\u00e1rgenes del circuito\"}]},{\"@type\":\"WebSite\",\"@id\":\"https:\/\/www.ull.es\/portal\/agenda\/#website\",\"url\":\"https:\/\/www.ull.es\/portal\/agenda\/\",\"name\":\"ULL - Agenda\",\"description\":\"\",\"potentialAction\":[{\"@type\":\"SearchAction\",\"target\":{\"@type\":\"EntryPoint\",\"urlTemplate\":\"https:\/\/www.ull.es\/portal\/agenda\/?s={search_term_string}\"},\"query-input\":\"required name=search_term_string\"}],\"inLanguage\":\"es\"}]}<\/script>\n<!-- \/ Yoast SEO plugin. -->","yoast_head_json":{"title":"Integraciones disidentes: el arte en los m\u00e1rgenes del circuito - ULL - Agenda","robots":{"index":"index","follow":"follow","max-snippet":"max-snippet:-1","max-image-preview":"max-image-preview:large","max-video-preview":"max-video-preview:-1"},"canonical":"https:\/\/www.ull.es\/portal\/agenda\/evento\/integraciones-disidentes-el-arte-en-los-margenes-del-circuito\/","og_locale":"es_ES","og_type":"article","og_title":"Integraciones disidentes: el arte en los m\u00e1rgenes del circuito - ULL - Agenda","og_description":"El ciclo Cartograf\u00edas del arte contempor\u00e1neo, producido por el Aula de Pensamiento Art\u00edstico Contempor\u00e1neo de la Universidad de la Laguna con el patrocinio del Cabildo de Tenerife persigue favorecer, entre el colectivo universitario y la ciudadan\u00eda de la Isla, la divulgaci\u00f3n y la mejora del conocimiento cr\u00edtico de la actividad creativa y te\u00f3rica avanzada en...","og_url":"https:\/\/www.ull.es\/portal\/agenda\/evento\/integraciones-disidentes-el-arte-en-los-margenes-del-circuito\/","og_site_name":"ULL - Agenda","article_modified_time":"2023-09-22T10:28:29+00:00","og_image":[{"width":1600,"height":800,"url":"https:\/\/www.ull.es\/portal\/agenda\/wp-content\/uploads\/sites\/12\/2023\/09\/integraciones.jpg","type":"image\/jpeg"}],"twitter_card":"summary_large_image","twitter_misc":{"Tiempo de lectura":"3 minutos"},"schema":{"@context":"https:\/\/schema.org","@graph":[{"@type":"WebPage","@id":"https:\/\/www.ull.es\/portal\/agenda\/evento\/integraciones-disidentes-el-arte-en-los-margenes-del-circuito\/","url":"https:\/\/www.ull.es\/portal\/agenda\/evento\/integraciones-disidentes-el-arte-en-los-margenes-del-circuito\/","name":"Integraciones disidentes: el arte en los m\u00e1rgenes del circuito - ULL - Agenda","isPartOf":{"@id":"https:\/\/www.ull.es\/portal\/agenda\/#website"},"datePublished":"2023-09-22T10:25:10+00:00","dateModified":"2023-09-22T10:28:29+00:00","breadcrumb":{"@id":"https:\/\/www.ull.es\/portal\/agenda\/evento\/integraciones-disidentes-el-arte-en-los-margenes-del-circuito\/#breadcrumb"},"inLanguage":"es","potentialAction":[{"@type":"ReadAction","target":["https:\/\/www.ull.es\/portal\/agenda\/evento\/integraciones-disidentes-el-arte-en-los-margenes-del-circuito\/"]}]},{"@type":"BreadcrumbList","@id":"https:\/\/www.ull.es\/portal\/agenda\/evento\/integraciones-disidentes-el-arte-en-los-margenes-del-circuito\/#breadcrumb","itemListElement":[{"@type":"ListItem","position":1,"name":"Portada","item":"https:\/\/www.ull.es\/portal\/agenda\/"},{"@type":"ListItem","position":2,"name":"Integraciones disidentes: el arte en los m\u00e1rgenes del circuito"}]},{"@type":"WebSite","@id":"https:\/\/www.ull.es\/portal\/agenda\/#website","url":"https:\/\/www.ull.es\/portal\/agenda\/","name":"ULL - Agenda","description":"","potentialAction":[{"@type":"SearchAction","target":{"@type":"EntryPoint","urlTemplate":"https:\/\/www.ull.es\/portal\/agenda\/?s={search_term_string}"},"query-input":"required name=search_term_string"}],"inLanguage":"es"}]}},"_links":{"self":[{"href":"https:\/\/www.ull.es\/portal\/agenda\/wp-json\/wp\/v2\/tribe_events\/32138"}],"collection":[{"href":"https:\/\/www.ull.es\/portal\/agenda\/wp-json\/wp\/v2\/tribe_events"}],"about":[{"href":"https:\/\/www.ull.es\/portal\/agenda\/wp-json\/wp\/v2\/types\/tribe_events"}],"author":[{"embeddable":true,"href":"https:\/\/www.ull.es\/portal\/agenda\/wp-json\/wp\/v2\/users\/43"}],"replies":[{"embeddable":true,"href":"https:\/\/www.ull.es\/portal\/agenda\/wp-json\/wp\/v2\/comments?post=32138"}],"version-history":[{"count":6,"href":"https:\/\/www.ull.es\/portal\/agenda\/wp-json\/wp\/v2\/tribe_events\/32138\/revisions"}],"predecessor-version":[{"id":32146,"href":"https:\/\/www.ull.es\/portal\/agenda\/wp-json\/wp\/v2\/tribe_events\/32138\/revisions\/32146"}],"wp:featuredmedia":[{"embeddable":true,"href":"https:\/\/www.ull.es\/portal\/agenda\/wp-json\/wp\/v2\/media\/32139"}],"wp:attachment":[{"href":"https:\/\/www.ull.es\/portal\/agenda\/wp-json\/wp\/v2\/media?parent=32138"}],"wp:term":[{"taxonomy":"post_tag","embeddable":true,"href":"https:\/\/www.ull.es\/portal\/agenda\/wp-json\/wp\/v2\/tags?post=32138"},{"taxonomy":"tribe_events_cat","embeddable":true,"href":"https:\/\/www.ull.es\/portal\/agenda\/wp-json\/wp\/v2\/tribe_events_cat?post=32138"}],"curies":[{"name":"wp","href":"https:\/\/api.w.org\/{rel}","templated":true}]}}

Integraciones disidentes: el arte en los márgenes del circuito

<p>El ciclo <em>Cartografías del arte contemporáneo</em>, producido por el Aula de Pensamiento Artístico Contemporáneo de la Universidad de la Laguna con el patrocinio del Cabildo de Tenerife persigue favorecer, entre el colectivo universitario y la ciudadanía de la Isla, la divulgación y la mejora del conocimiento crítico de la actividad creativa y teórica avanzada en el campo de las artes visuales. Más en concreto, dar a conocer, analizar y discutir una parte que consideramos especialmente importante dentro del complejo y vasto territorio de la creación artística contemporánea: las prácticas y discursos artísticos que entienden que las producciones simbólicas pueden convertirse en agentes fundamentales en la definición de los valores y las prácticas que definen el marco de experiencia históricamente plausible y de las identidades que lo habitan.</p>
<p>Dentro de este ciclo, la actividad <em>Integraciones disidentes: el arte en los márgenes del circuito</em> abordará el asunto de las trayectorias artísticas que se plantean al margen del mercado y los circuitos institucionales. El mundo del arte sigue enclavado en una economía de la carencia: se mantiene la convicción (o la inercia) de que las obras son pocas y excepcionales, por eso alcanzan precios exorbitados y se comercializan como productos de lujo. Simultáneamente, cada vez son más las personas que “generan contenido” visual que, por su propia lógica, no puede ser absorbido por el exclusivo mercado del arte. Este mundo de los objetos artísticos parece cada vez más separado, por una parte, de la circulación de las imágenes por el difuso espacio del entretenimiento y, por otra, de la atención crítica hacia los imaginarios, que se interesa crecientemente por flujos “desmaterializados”: tendencias, pulsos, afectos, expresiones culturales&#8230; En este espacio especulativo, el arte se vincula cada vez menos con objetos y más con energías, que tratan de circular por redes al margen del mercado: centros de arte locales, iniciativas autogestionadas, curadurías, publicaciones autónomas, circuitos alternativos…</p>
<p>En este curso queremos poner en contacto a artistas en formación, todavía bajo el paraguas académico, con jóvenes artistas emergentes, ya a la intemperie, que tratan diariamente de conservar la energía en un espacio de flujo que entra y sale de la institución, mira al mercado, atiende a las redes, participa del espectáculo, se informa en la academia… pero no acaba de canalizarse en una vía definida.</p>
<p>Dirigido al alumnado y profesorado de la ULL y, por extensión, a cualquier persona interesada en el arte, la estética y la cultura contemporánea.</p>
<p>Dirección académica:</p>
<ul>
<li>Ramón Salas Lamamié de Clairac. Profesor Titular de Universidad, Departamento de Bellas Artes de la Universidad de La Laguna.</li>
<li>Sofía Alemán Arozena. Artista, Universitat Politècnica de València</li>
</ul>
<p>Coordinación: Carla Marzán Gutiérrez. Artista, ULL.</p>
<p><strong>CERTIFICADO DE ASISTENCIA</strong>: La ULL, a través del Vicerrectorado de Cultura y Extensión Universitaria, emitirá un certificado de asistencia a todas aquellas personas que participen, previa inscripción en la actividad.</p>
<p>Asistencia gratuita previa inscripción. <a href="https://sede.fg.ull.es/es/curso/detalle/a23020250/integraciones-disidentes-el-arte-en-los-margenes-del-circuito" target="_blank" rel="noopener noreferrer" target="_blank" rel="noopener"><strong><u>Inscríbete aquí.</u></strong></a></p>
<p><strong>Contacto: 922 319 616 / 922 319 626 – </strong><a href="mailto:extuni@ull.edu.es" target="_blank" rel="noopener" target="_blank" rel="noopener"><strong>extuni@ull.es</strong></a></p>

<p>El ciclo Cartografías del arte contemporáneo, producido por el Aula de Pensamiento Artístico Contemporáneo de la Universidad de la Laguna con el patrocinio del Cabildo de Tenerife persigue favorecer, entre el colectivo universitario y la ciudadanía de la Isla, la divulgación y la mejora del conocimiento crítico de la actividad creativa y teórica avanzada en&#8230;</p>

<!-- This site is optimized with the Yoast SEO plugin v21.3 - https://yoast.com/wordpress/plugins/seo/ -->
<title>Integraciones disidentes: el arte en los márgenes del circuito - ULL - Agenda</title>
<meta name="robots" content="index, follow, max-snippet:-1, max-image-preview:large, max-video-preview:-1" />
<link rel="canonical" href="https://www.ull.es/portal/agenda/evento/integraciones-disidentes-el-arte-en-los-margenes-del-circuito/" />
<meta property="og:locale" content="es_ES" />
<meta property="og:type" content="article" />
<meta property="og:title" content="Integraciones disidentes: el arte en los márgenes del circuito - ULL - Agenda" />
<meta property="og:description" content="El ciclo Cartografías del arte contemporáneo, producido por el Aula de Pensamiento Artístico Contemporáneo de la Universidad de la Laguna con el patrocinio del Cabildo de Tenerife persigue favorecer, entre el colectivo universitario y la ciudadanía de la Isla, la divulgación y la mejora del conocimiento crítico de la actividad creativa y teórica avanzada en..." />
<meta property="og:url" content="https://www.ull.es/portal/agenda/evento/integraciones-disidentes-el-arte-en-los-margenes-del-circuito/" />
<meta property="og:site_name" content="ULL - Agenda" />
<meta property="article:modified_time" content="2023-09-22T10:28:29+00:00" />
<meta property="og:image" content="https://www.ull.es/portal/agenda/wp-content/uploads/sites/12/2023/09/integraciones.jpg" />
	<meta property="og:image:width" content="1600" />
	<meta property="og:image:height" content="800" />
	<meta property="og:image:type" content="image/jpeg" />
<meta name="twitter:card" content="summary_large_image" />
<meta name="twitter:label1" content="Tiempo de lectura" />
	<meta name="twitter:data1" content="3 minutos" />
<script type="application/ld+json" class="yoast-schema-graph">{"@context":"https://schema.org","@graph":[{"@type":"WebPage","@id":"https://www.ull.es/portal/agenda/evento/integraciones-disidentes-el-arte-en-los-margenes-del-circuito/","url":"https://www.ull.es/portal/agenda/evento/integraciones-disidentes-el-arte-en-los-margenes-del-circuito/","name":"Integraciones disidentes: el arte en los márgenes del circuito - ULL - Agenda","isPartOf":{"@id":"https://www.ull.es/portal/agenda/#website"},"datePublished":"2023-09-22T10:25:10+00:00","dateModified":"2023-09-22T10:28:29+00:00","breadcrumb":{"@id":"https://www.ull.es/portal/agenda/evento/integraciones-disidentes-el-arte-en-los-margenes-del-circuito/#breadcrumb"},"inLanguage":"es","potentialAction":[{"@type":"ReadAction","target":["https://www.ull.es/portal/agenda/evento/integraciones-disidentes-el-arte-en-los-margenes-del-circuito/"]}]},{"@type":"BreadcrumbList","@id":"https://www.ull.es/portal/agenda/evento/integraciones-disidentes-el-arte-en-los-margenes-del-circuito/#breadcrumb","itemListElement":[{"@type":"ListItem","position":1,"name":"Portada","item":"https://www.ull.es/portal/agenda/"},{"@type":"ListItem","position":2,"name":"Integraciones disidentes: el arte en los márgenes del circuito"}]},{"@type":"WebSite","@id":"https://www.ull.es/portal/agenda/#website","url":"https://www.ull.es/portal/agenda/","name":"ULL - Agenda","description":"","potentialAction":[{"@type":"SearchAction","target":{"@type":"EntryPoint","urlTemplate":"https://www.ull.es/portal/agenda/?s={search_term_string}"},"query-input":"required name=search_term_string"}],"inLanguage":"es"}]}</script>
<!-- / Yoast SEO plugin. -->

Integraciones disidentes: el arte en los márgenes del circuito - ULL - Agenda

El ciclo Cartografías del arte contemporáneo, producido por el Aula de Pensamiento Artístico Contemporáneo de la Universidad de la Laguna con el patrocinio del Cabildo de Tenerife persigue favorecer, entre el colectivo universitario y la ciudadanía de la Isla, la divulgación y la mejora del conocimiento crítico de la actividad creativa y teórica avanzada en...
