{"id":32160,"date":"2023-09-25T07:39:20","date_gmt":"2023-09-25T07:39:20","guid":{"rendered":"https:\/\/www.ull.es\/portal\/agenda\/?post_type=tribe_events&#038;p=32160"},"modified":"2023-09-25T07:40:35","modified_gmt":"2023-09-25T07:40:35","slug":"rodando-rodari-de-antonio-conejo","status":"publish","type":"tribe_events","link":"https:\/\/www.ull.es\/portal\/agenda\/evento\/rodando-rodari-de-antonio-conejo\/","title":{"rendered":"\u00abRodando Rodari\u00bb de Antonio Conejo"},"content":{"rendered":"<div class=\"gmail_default\">\u00abRodando Rodari\u00bb es un espect\u00e1culo de narraci\u00f3n oral esc\u00e9nica con interpretaci\u00f3n en Lengua de Signos Espa\u00f1ola (ILSE) y m\u00fasica en directo.<\/p>\n<p>Consiste en la adaptaci\u00f3n de cuentos del escritor italiano Gianni Rodari, dirigido a todos los p\u00fablicos, recomendado a partir de 4 a\u00f1os. Adapta libremente los cuentos de Gianni Rodari: \u201cEl camino que no iba a ninguna parte\u201d, \u201cTeresita la que no crece\u201d, \u201cAlicia Caerina\u201d, y \u201cEl flautista y los autom\u00f3viles\u201d. Cada cuento tiene entidad propia pero muchos puntos en com\u00fan.<\/p>\n<p>Protagonizado por ni\u00f1os y ni\u00f1as que con su imaginaci\u00f3n, curiosidad y esfuerzo superan dificultades sin renunciar a lo que son. Mart\u00edn toma un camino que no va a ninguna parte, Teresita se niega a crecer en un mundo injusto, Alicia se cae en cualquier sitio, una ciudad est\u00e1 tan llena de coches que los ni\u00f1os y las ni\u00f1as no tienen ni un rinc\u00f3n para jugar en las calles\u2026 y as\u00ed se van desgranando estas historias provistas de aventura, humor, ense\u00f1anza, unas gotas de drama, y mucha fantas\u00eda e imaginaci\u00f3n.<\/p><\/div>\n<p><a href=\"http:\/\/www.tomaticket.es\/recintos\/paraninfo-ull\" target=\"_blank\" rel=\"noopener\" target=\"_blank\" rel=\"noopener\">Entrada<\/a>: 7 \u20ac<\/p>\n<div class=\"gmail_default\">Duraci\u00f3n estimada: 60 minutos<\/div>\n<div class=\"gmail_default\">Espect\u00e1culo familiar recomendado a partir de los 4 a\u00f1os.<\/div>\n","protected":false},"excerpt":{"rendered":"<p>\u00abRodando Rodari\u00bb es un espect\u00e1culo de narraci\u00f3n oral esc\u00e9nica con interpretaci\u00f3n en Lengua de Signos Espa\u00f1ola (ILSE) y m\u00fasica en directo. Consiste en la adaptaci\u00f3n de cuentos del escritor italiano Gianni Rodari, dirigido a todos los p\u00fablicos, recomendado a partir de 4 a\u00f1os. Adapta libremente los cuentos de Gianni Rodari: \u201cEl camino que no iba&#8230;<\/p>\n","protected":false},"author":65,"featured_media":32161,"comment_status":"closed","ping_status":"closed","template":"","tags":[],"tribe_events_cat":[3987,4,343,191],"acf":[],"yoast_head":"<!-- This site is optimized with the Yoast SEO plugin v21.3 - https:\/\/yoast.com\/wordpress\/plugins\/seo\/ -->\n<title>&quot;Rodando Rodari&quot; de Antonio Conejo - ULL - Agenda<\/title>\n<meta name=\"robots\" content=\"index, follow, max-snippet:-1, max-image-preview:large, max-video-preview:-1\" \/>\n<link rel=\"canonical\" href=\"https:\/\/www.ull.es\/portal\/agenda\/evento\/rodando-rodari-de-antonio-conejo\/\" \/>\n<meta property=\"og:locale\" content=\"es_ES\" \/>\n<meta property=\"og:type\" content=\"article\" \/>\n<meta property=\"og:title\" content=\"&quot;Rodando Rodari&quot; de Antonio Conejo - ULL - Agenda\" \/>\n<meta property=\"og:description\" content=\"\u00abRodando Rodari\u00bb es un espect\u00e1culo de narraci\u00f3n oral esc\u00e9nica con interpretaci\u00f3n en Lengua de Signos Espa\u00f1ola (ILSE) y m\u00fasica en directo. Consiste en la adaptaci\u00f3n de cuentos del escritor italiano Gianni Rodari, dirigido a todos los p\u00fablicos, recomendado a partir de 4 a\u00f1os. Adapta libremente los cuentos de Gianni Rodari: \u201cEl camino que no iba...\" \/>\n<meta property=\"og:url\" content=\"https:\/\/www.ull.es\/portal\/agenda\/evento\/rodando-rodari-de-antonio-conejo\/\" \/>\n<meta property=\"og:site_name\" content=\"ULL - Agenda\" \/>\n<meta property=\"article:modified_time\" content=\"2023-09-25T07:40:35+00:00\" \/>\n<meta property=\"og:image\" content=\"https:\/\/www.ull.es\/portal\/agenda\/wp-content\/uploads\/sites\/12\/2023\/09\/af-rodando-rodari-700x350px.jpg\" \/>\n\t<meta property=\"og:image:width\" content=\"1600\" \/>\n\t<meta property=\"og:image:height\" content=\"800\" \/>\n\t<meta property=\"og:image:type\" content=\"image\/jpeg\" \/>\n<meta name=\"twitter:card\" content=\"summary_large_image\" \/>\n<meta name=\"twitter:label1\" content=\"Tiempo de lectura\" \/>\n\t<meta name=\"twitter:data1\" content=\"1 minuto\" \/>\n<script type=\"application\/ld+json\" class=\"yoast-schema-graph\">{\"@context\":\"https:\/\/schema.org\",\"@graph\":[{\"@type\":\"WebPage\",\"@id\":\"https:\/\/www.ull.es\/portal\/agenda\/evento\/rodando-rodari-de-antonio-conejo\/\",\"url\":\"https:\/\/www.ull.es\/portal\/agenda\/evento\/rodando-rodari-de-antonio-conejo\/\",\"name\":\"\\\"Rodando Rodari\\\" de Antonio Conejo - ULL - Agenda\",\"isPartOf\":{\"@id\":\"https:\/\/www.ull.es\/portal\/agenda\/#website\"},\"datePublished\":\"2023-09-25T07:39:20+00:00\",\"dateModified\":\"2023-09-25T07:40:35+00:00\",\"breadcrumb\":{\"@id\":\"https:\/\/www.ull.es\/portal\/agenda\/evento\/rodando-rodari-de-antonio-conejo\/#breadcrumb\"},\"inLanguage\":\"es\",\"potentialAction\":[{\"@type\":\"ReadAction\",\"target\":[\"https:\/\/www.ull.es\/portal\/agenda\/evento\/rodando-rodari-de-antonio-conejo\/\"]}]},{\"@type\":\"BreadcrumbList\",\"@id\":\"https:\/\/www.ull.es\/portal\/agenda\/evento\/rodando-rodari-de-antonio-conejo\/#breadcrumb\",\"itemListElement\":[{\"@type\":\"ListItem\",\"position\":1,\"name\":\"Portada\",\"item\":\"https:\/\/www.ull.es\/portal\/agenda\/\"},{\"@type\":\"ListItem\",\"position\":2,\"name\":\"\u00abRodando Rodari\u00bb de Antonio Conejo\"}]},{\"@type\":\"WebSite\",\"@id\":\"https:\/\/www.ull.es\/portal\/agenda\/#website\",\"url\":\"https:\/\/www.ull.es\/portal\/agenda\/\",\"name\":\"ULL - Agenda\",\"description\":\"\",\"potentialAction\":[{\"@type\":\"SearchAction\",\"target\":{\"@type\":\"EntryPoint\",\"urlTemplate\":\"https:\/\/www.ull.es\/portal\/agenda\/?s={search_term_string}\"},\"query-input\":\"required name=search_term_string\"}],\"inLanguage\":\"es\"}]}<\/script>\n<!-- \/ Yoast SEO plugin. -->","yoast_head_json":{"title":"\"Rodando Rodari\" de Antonio Conejo - ULL - Agenda","robots":{"index":"index","follow":"follow","max-snippet":"max-snippet:-1","max-image-preview":"max-image-preview:large","max-video-preview":"max-video-preview:-1"},"canonical":"https:\/\/www.ull.es\/portal\/agenda\/evento\/rodando-rodari-de-antonio-conejo\/","og_locale":"es_ES","og_type":"article","og_title":"\"Rodando Rodari\" de Antonio Conejo - ULL - Agenda","og_description":"\u00abRodando Rodari\u00bb es un espect\u00e1culo de narraci\u00f3n oral esc\u00e9nica con interpretaci\u00f3n en Lengua de Signos Espa\u00f1ola (ILSE) y m\u00fasica en directo. Consiste en la adaptaci\u00f3n de cuentos del escritor italiano Gianni Rodari, dirigido a todos los p\u00fablicos, recomendado a partir de 4 a\u00f1os. Adapta libremente los cuentos de Gianni Rodari: \u201cEl camino que no iba...","og_url":"https:\/\/www.ull.es\/portal\/agenda\/evento\/rodando-rodari-de-antonio-conejo\/","og_site_name":"ULL - Agenda","article_modified_time":"2023-09-25T07:40:35+00:00","og_image":[{"width":1600,"height":800,"url":"https:\/\/www.ull.es\/portal\/agenda\/wp-content\/uploads\/sites\/12\/2023\/09\/af-rodando-rodari-700x350px.jpg","type":"image\/jpeg"}],"twitter_card":"summary_large_image","twitter_misc":{"Tiempo de lectura":"1 minuto"},"schema":{"@context":"https:\/\/schema.org","@graph":[{"@type":"WebPage","@id":"https:\/\/www.ull.es\/portal\/agenda\/evento\/rodando-rodari-de-antonio-conejo\/","url":"https:\/\/www.ull.es\/portal\/agenda\/evento\/rodando-rodari-de-antonio-conejo\/","name":"\"Rodando Rodari\" de Antonio Conejo - ULL - Agenda","isPartOf":{"@id":"https:\/\/www.ull.es\/portal\/agenda\/#website"},"datePublished":"2023-09-25T07:39:20+00:00","dateModified":"2023-09-25T07:40:35+00:00","breadcrumb":{"@id":"https:\/\/www.ull.es\/portal\/agenda\/evento\/rodando-rodari-de-antonio-conejo\/#breadcrumb"},"inLanguage":"es","potentialAction":[{"@type":"ReadAction","target":["https:\/\/www.ull.es\/portal\/agenda\/evento\/rodando-rodari-de-antonio-conejo\/"]}]},{"@type":"BreadcrumbList","@id":"https:\/\/www.ull.es\/portal\/agenda\/evento\/rodando-rodari-de-antonio-conejo\/#breadcrumb","itemListElement":[{"@type":"ListItem","position":1,"name":"Portada","item":"https:\/\/www.ull.es\/portal\/agenda\/"},{"@type":"ListItem","position":2,"name":"\u00abRodando Rodari\u00bb de Antonio Conejo"}]},{"@type":"WebSite","@id":"https:\/\/www.ull.es\/portal\/agenda\/#website","url":"https:\/\/www.ull.es\/portal\/agenda\/","name":"ULL - Agenda","description":"","potentialAction":[{"@type":"SearchAction","target":{"@type":"EntryPoint","urlTemplate":"https:\/\/www.ull.es\/portal\/agenda\/?s={search_term_string}"},"query-input":"required name=search_term_string"}],"inLanguage":"es"}]}},"_links":{"self":[{"href":"https:\/\/www.ull.es\/portal\/agenda\/wp-json\/wp\/v2\/tribe_events\/32160"}],"collection":[{"href":"https:\/\/www.ull.es\/portal\/agenda\/wp-json\/wp\/v2\/tribe_events"}],"about":[{"href":"https:\/\/www.ull.es\/portal\/agenda\/wp-json\/wp\/v2\/types\/tribe_events"}],"author":[{"embeddable":true,"href":"https:\/\/www.ull.es\/portal\/agenda\/wp-json\/wp\/v2\/users\/65"}],"replies":[{"embeddable":true,"href":"https:\/\/www.ull.es\/portal\/agenda\/wp-json\/wp\/v2\/comments?post=32160"}],"version-history":[{"count":2,"href":"https:\/\/www.ull.es\/portal\/agenda\/wp-json\/wp\/v2\/tribe_events\/32160\/revisions"}],"predecessor-version":[{"id":32163,"href":"https:\/\/www.ull.es\/portal\/agenda\/wp-json\/wp\/v2\/tribe_events\/32160\/revisions\/32163"}],"wp:featuredmedia":[{"embeddable":true,"href":"https:\/\/www.ull.es\/portal\/agenda\/wp-json\/wp\/v2\/media\/32161"}],"wp:attachment":[{"href":"https:\/\/www.ull.es\/portal\/agenda\/wp-json\/wp\/v2\/media?parent=32160"}],"wp:term":[{"taxonomy":"post_tag","embeddable":true,"href":"https:\/\/www.ull.es\/portal\/agenda\/wp-json\/wp\/v2\/tags?post=32160"},{"taxonomy":"tribe_events_cat","embeddable":true,"href":"https:\/\/www.ull.es\/portal\/agenda\/wp-json\/wp\/v2\/tribe_events_cat?post=32160"}],"curies":[{"name":"wp","href":"https:\/\/api.w.org\/{rel}","templated":true}]}}

<div class="gmail_default">«Rodando Rodari» es un espectáculo de narración oral escénica con interpretación en Lengua de Signos Española (ILSE) y música en directo.</p>
<p>Consiste en la adaptación de cuentos del escritor italiano Gianni Rodari, dirigido a todos los públicos, recomendado a partir de 4 años. Adapta libremente los cuentos de Gianni Rodari: “El camino que no iba a ninguna parte”, “Teresita la que no crece”, “Alicia Caerina”, y “El flautista y los automóviles”. Cada cuento tiene entidad propia pero muchos puntos en común.</p>
<p>Protagonizado por niños y niñas que con su imaginación, curiosidad y esfuerzo superan dificultades sin renunciar a lo que son. Martín toma un camino que no va a ninguna parte, Teresita se niega a crecer en un mundo injusto, Alicia se cae en cualquier sitio, una ciudad está tan llena de coches que los niños y las niñas no tienen ni un rincón para jugar en las calles… y así se van desgranando estas historias provistas de aventura, humor, enseñanza, unas gotas de drama, y mucha fantasía e imaginación.</p></div>
<p><a href="http://www.tomaticket.es/recintos/paraninfo-ull" target="_blank" rel="noopener" target="_blank" rel="noopener">Entrada</a>: 7 €</p>
<div class="gmail_default">Duración estimada: 60 minutos</div>
<div class="gmail_default">Espectáculo familiar recomendado a partir de los 4 años.</div>

<p>«Rodando Rodari» es un espectáculo de narración oral escénica con interpretación en Lengua de Signos Española (ILSE) y música en directo. Consiste en la adaptación de cuentos del escritor italiano Gianni Rodari, dirigido a todos los públicos, recomendado a partir de 4 años. Adapta libremente los cuentos de Gianni Rodari: “El camino que no iba&#8230;</p>

<!-- This site is optimized with the Yoast SEO plugin v21.3 - https://yoast.com/wordpress/plugins/seo/ -->
<title>&quot;Rodando Rodari&quot; de Antonio Conejo - ULL - Agenda</title>
<meta name="robots" content="index, follow, max-snippet:-1, max-image-preview:large, max-video-preview:-1" />
<link rel="canonical" href="https://www.ull.es/portal/agenda/evento/rodando-rodari-de-antonio-conejo/" />
<meta property="og:locale" content="es_ES" />
<meta property="og:type" content="article" />
<meta property="og:title" content="&quot;Rodando Rodari&quot; de Antonio Conejo - ULL - Agenda" />
<meta property="og:description" content="«Rodando Rodari» es un espectáculo de narración oral escénica con interpretación en Lengua de Signos Española (ILSE) y música en directo. Consiste en la adaptación de cuentos del escritor italiano Gianni Rodari, dirigido a todos los públicos, recomendado a partir de 4 años. Adapta libremente los cuentos de Gianni Rodari: “El camino que no iba..." />
<meta property="og:url" content="https://www.ull.es/portal/agenda/evento/rodando-rodari-de-antonio-conejo/" />
<meta property="og:site_name" content="ULL - Agenda" />
<meta property="article:modified_time" content="2023-09-25T07:40:35+00:00" />
<meta property="og:image" content="https://www.ull.es/portal/agenda/wp-content/uploads/sites/12/2023/09/af-rodando-rodari-700x350px.jpg" />
	<meta property="og:image:width" content="1600" />
	<meta property="og:image:height" content="800" />
	<meta property="og:image:type" content="image/jpeg" />
<meta name="twitter:card" content="summary_large_image" />
<meta name="twitter:label1" content="Tiempo de lectura" />
	<meta name="twitter:data1" content="1 minuto" />
<script type="application/ld+json" class="yoast-schema-graph">{"@context":"https://schema.org","@graph":[{"@type":"WebPage","@id":"https://www.ull.es/portal/agenda/evento/rodando-rodari-de-antonio-conejo/","url":"https://www.ull.es/portal/agenda/evento/rodando-rodari-de-antonio-conejo/","name":"\"Rodando Rodari\" de Antonio Conejo - ULL - Agenda","isPartOf":{"@id":"https://www.ull.es/portal/agenda/#website"},"datePublished":"2023-09-25T07:39:20+00:00","dateModified":"2023-09-25T07:40:35+00:00","breadcrumb":{"@id":"https://www.ull.es/portal/agenda/evento/rodando-rodari-de-antonio-conejo/#breadcrumb"},"inLanguage":"es","potentialAction":[{"@type":"ReadAction","target":["https://www.ull.es/portal/agenda/evento/rodando-rodari-de-antonio-conejo/"]}]},{"@type":"BreadcrumbList","@id":"https://www.ull.es/portal/agenda/evento/rodando-rodari-de-antonio-conejo/#breadcrumb","itemListElement":[{"@type":"ListItem","position":1,"name":"Portada","item":"https://www.ull.es/portal/agenda/"},{"@type":"ListItem","position":2,"name":"«Rodando Rodari» de Antonio Conejo"}]},{"@type":"WebSite","@id":"https://www.ull.es/portal/agenda/#website","url":"https://www.ull.es/portal/agenda/","name":"ULL - Agenda","description":"","potentialAction":[{"@type":"SearchAction","target":{"@type":"EntryPoint","urlTemplate":"https://www.ull.es/portal/agenda/?s={search_term_string}"},"query-input":"required name=search_term_string"}],"inLanguage":"es"}]}</script>
<!-- / Yoast SEO plugin. -->

«Rodando Rodari» es un espectáculo de narración oral escénica con interpretación en Lengua de Signos Española (ILSE) y música en directo. Consiste en la adaptación de cuentos del escritor italiano Gianni Rodari, dirigido a todos los públicos, recomendado a partir de 4 años. Adapta libremente los cuentos de Gianni Rodari: “El camino que no iba...
