{"id":32177,"date":"2023-09-25T10:38:51","date_gmt":"2023-09-25T10:38:51","guid":{"rendered":"https:\/\/www.ull.es\/portal\/agenda\/?post_type=tribe_events&#038;p=32177"},"modified":"2023-09-26T07:50:53","modified_gmt":"2023-09-26T07:50:53","slug":"xxxiv-curso-de-estudios-medievales-y-renacentistas-las-geografias-imaginarias","status":"publish","type":"tribe_events","link":"https:\/\/www.ull.es\/portal\/agenda\/evento\/xxxiv-curso-de-estudios-medievales-y-renacentistas-las-geografias-imaginarias\/","title":{"rendered":"XXXIV Curso de Estudios Medievales y Renacentistas. \u00abLas geograf\u00edas imaginarias\u00bb"},"content":{"rendered":"<p>Celebraci\u00f3n del XXXIV Curso de Estudios Medievales y Renacentistas de la ULL, que en esta ocasi\u00f3n girar\u00e1 en torno a las geograf\u00edas imaginarias en la Edad Media y principios de la Moderna. A lo largo de tres d\u00edas, diversos especialistas de la ULL abordar\u00e1n la importancia y desarrollo de distintas geograf\u00edas imaginarias, con un car\u00e1cter transversal y amplio.<\/p>\n","protected":false},"excerpt":{"rendered":"<p>Celebraci\u00f3n del XXXIV Curso de Estudios Medievales y Renacentistas de la ULL, que en esta ocasi\u00f3n girar\u00e1 en torno a las geograf\u00edas imaginarias en la Edad Media y principios de la Moderna. A lo largo de tres d\u00edas, diversos especialistas de la ULL abordar\u00e1n la importancia y desarrollo de distintas geograf\u00edas imaginarias, con un car\u00e1cter&#8230;<\/p>\n","protected":false},"author":65,"featured_media":32189,"comment_status":"closed","ping_status":"closed","template":"","tags":[],"tribe_events_cat":[4,985,4253,191],"acf":[],"yoast_head":"<!-- This site is optimized with the Yoast SEO plugin v21.3 - https:\/\/yoast.com\/wordpress\/plugins\/seo\/ -->\n<title>XXXIV Curso de Estudios Medievales y Renacentistas. &quot;Las geograf\u00edas imaginarias&quot; - ULL - Agenda<\/title>\n<meta name=\"robots\" content=\"index, follow, max-snippet:-1, max-image-preview:large, max-video-preview:-1\" \/>\n<link rel=\"canonical\" href=\"https:\/\/www.ull.es\/portal\/agenda\/evento\/xxxiv-curso-de-estudios-medievales-y-renacentistas-las-geografias-imaginarias\/\" \/>\n<meta property=\"og:locale\" content=\"es_ES\" \/>\n<meta property=\"og:type\" content=\"article\" \/>\n<meta property=\"og:title\" content=\"XXXIV Curso de Estudios Medievales y Renacentistas. &quot;Las geograf\u00edas imaginarias&quot; - ULL - Agenda\" \/>\n<meta property=\"og:description\" content=\"Celebraci\u00f3n del XXXIV Curso de Estudios Medievales y Renacentistas de la ULL, que en esta ocasi\u00f3n girar\u00e1 en torno a las geograf\u00edas imaginarias en la Edad Media y principios de la Moderna. A lo largo de tres d\u00edas, diversos especialistas de la ULL abordar\u00e1n la importancia y desarrollo de distintas geograf\u00edas imaginarias, con un car\u00e1cter...\" \/>\n<meta property=\"og:url\" content=\"https:\/\/www.ull.es\/portal\/agenda\/evento\/xxxiv-curso-de-estudios-medievales-y-renacentistas-las-geografias-imaginarias\/\" \/>\n<meta property=\"og:site_name\" content=\"ULL - Agenda\" \/>\n<meta property=\"article:modified_time\" content=\"2023-09-26T07:50:53+00:00\" \/>\n<meta property=\"og:image\" content=\"https:\/\/www.ull.es\/portal\/agenda\/wp-content\/uploads\/sites\/12\/2023\/09\/XXXIV-Curso-de-Estudios-Medievales-y-Renacentistas_Banner-Evento-ULL.png\" \/>\n\t<meta property=\"og:image:width\" content=\"750\" \/>\n\t<meta property=\"og:image:height\" content=\"370\" \/>\n\t<meta property=\"og:image:type\" content=\"image\/png\" \/>\n<meta name=\"twitter:card\" content=\"summary_large_image\" \/>\n<meta name=\"twitter:label1\" content=\"Tiempo de lectura\" \/>\n\t<meta name=\"twitter:data1\" content=\"1 minuto\" \/>\n<script type=\"application\/ld+json\" class=\"yoast-schema-graph\">{\"@context\":\"https:\/\/schema.org\",\"@graph\":[{\"@type\":\"WebPage\",\"@id\":\"https:\/\/www.ull.es\/portal\/agenda\/evento\/xxxiv-curso-de-estudios-medievales-y-renacentistas-las-geografias-imaginarias\/\",\"url\":\"https:\/\/www.ull.es\/portal\/agenda\/evento\/xxxiv-curso-de-estudios-medievales-y-renacentistas-las-geografias-imaginarias\/\",\"name\":\"XXXIV Curso de Estudios Medievales y Renacentistas. \\\"Las geograf\u00edas imaginarias\\\" - ULL - Agenda\",\"isPartOf\":{\"@id\":\"https:\/\/www.ull.es\/portal\/agenda\/#website\"},\"datePublished\":\"2023-09-25T10:38:51+00:00\",\"dateModified\":\"2023-09-26T07:50:53+00:00\",\"breadcrumb\":{\"@id\":\"https:\/\/www.ull.es\/portal\/agenda\/evento\/xxxiv-curso-de-estudios-medievales-y-renacentistas-las-geografias-imaginarias\/#breadcrumb\"},\"inLanguage\":\"es\",\"potentialAction\":[{\"@type\":\"ReadAction\",\"target\":[\"https:\/\/www.ull.es\/portal\/agenda\/evento\/xxxiv-curso-de-estudios-medievales-y-renacentistas-las-geografias-imaginarias\/\"]}]},{\"@type\":\"BreadcrumbList\",\"@id\":\"https:\/\/www.ull.es\/portal\/agenda\/evento\/xxxiv-curso-de-estudios-medievales-y-renacentistas-las-geografias-imaginarias\/#breadcrumb\",\"itemListElement\":[{\"@type\":\"ListItem\",\"position\":1,\"name\":\"Portada\",\"item\":\"https:\/\/www.ull.es\/portal\/agenda\/\"},{\"@type\":\"ListItem\",\"position\":2,\"name\":\"XXXIV Curso de Estudios Medievales y Renacentistas. \u00abLas geograf\u00edas imaginarias\u00bb\"}]},{\"@type\":\"WebSite\",\"@id\":\"https:\/\/www.ull.es\/portal\/agenda\/#website\",\"url\":\"https:\/\/www.ull.es\/portal\/agenda\/\",\"name\":\"ULL - Agenda\",\"description\":\"\",\"potentialAction\":[{\"@type\":\"SearchAction\",\"target\":{\"@type\":\"EntryPoint\",\"urlTemplate\":\"https:\/\/www.ull.es\/portal\/agenda\/?s={search_term_string}\"},\"query-input\":\"required name=search_term_string\"}],\"inLanguage\":\"es\"}]}<\/script>\n<!-- \/ Yoast SEO plugin. -->","yoast_head_json":{"title":"XXXIV Curso de Estudios Medievales y Renacentistas. \"Las geograf\u00edas imaginarias\" - ULL - Agenda","robots":{"index":"index","follow":"follow","max-snippet":"max-snippet:-1","max-image-preview":"max-image-preview:large","max-video-preview":"max-video-preview:-1"},"canonical":"https:\/\/www.ull.es\/portal\/agenda\/evento\/xxxiv-curso-de-estudios-medievales-y-renacentistas-las-geografias-imaginarias\/","og_locale":"es_ES","og_type":"article","og_title":"XXXIV Curso de Estudios Medievales y Renacentistas. \"Las geograf\u00edas imaginarias\" - ULL - Agenda","og_description":"Celebraci\u00f3n del XXXIV Curso de Estudios Medievales y Renacentistas de la ULL, que en esta ocasi\u00f3n girar\u00e1 en torno a las geograf\u00edas imaginarias en la Edad Media y principios de la Moderna. A lo largo de tres d\u00edas, diversos especialistas de la ULL abordar\u00e1n la importancia y desarrollo de distintas geograf\u00edas imaginarias, con un car\u00e1cter...","og_url":"https:\/\/www.ull.es\/portal\/agenda\/evento\/xxxiv-curso-de-estudios-medievales-y-renacentistas-las-geografias-imaginarias\/","og_site_name":"ULL - Agenda","article_modified_time":"2023-09-26T07:50:53+00:00","og_image":[{"width":750,"height":370,"url":"https:\/\/www.ull.es\/portal\/agenda\/wp-content\/uploads\/sites\/12\/2023\/09\/XXXIV-Curso-de-Estudios-Medievales-y-Renacentistas_Banner-Evento-ULL.png","type":"image\/png"}],"twitter_card":"summary_large_image","twitter_misc":{"Tiempo de lectura":"1 minuto"},"schema":{"@context":"https:\/\/schema.org","@graph":[{"@type":"WebPage","@id":"https:\/\/www.ull.es\/portal\/agenda\/evento\/xxxiv-curso-de-estudios-medievales-y-renacentistas-las-geografias-imaginarias\/","url":"https:\/\/www.ull.es\/portal\/agenda\/evento\/xxxiv-curso-de-estudios-medievales-y-renacentistas-las-geografias-imaginarias\/","name":"XXXIV Curso de Estudios Medievales y Renacentistas. \"Las geograf\u00edas imaginarias\" - ULL - Agenda","isPartOf":{"@id":"https:\/\/www.ull.es\/portal\/agenda\/#website"},"datePublished":"2023-09-25T10:38:51+00:00","dateModified":"2023-09-26T07:50:53+00:00","breadcrumb":{"@id":"https:\/\/www.ull.es\/portal\/agenda\/evento\/xxxiv-curso-de-estudios-medievales-y-renacentistas-las-geografias-imaginarias\/#breadcrumb"},"inLanguage":"es","potentialAction":[{"@type":"ReadAction","target":["https:\/\/www.ull.es\/portal\/agenda\/evento\/xxxiv-curso-de-estudios-medievales-y-renacentistas-las-geografias-imaginarias\/"]}]},{"@type":"BreadcrumbList","@id":"https:\/\/www.ull.es\/portal\/agenda\/evento\/xxxiv-curso-de-estudios-medievales-y-renacentistas-las-geografias-imaginarias\/#breadcrumb","itemListElement":[{"@type":"ListItem","position":1,"name":"Portada","item":"https:\/\/www.ull.es\/portal\/agenda\/"},{"@type":"ListItem","position":2,"name":"XXXIV Curso de Estudios Medievales y Renacentistas. \u00abLas geograf\u00edas imaginarias\u00bb"}]},{"@type":"WebSite","@id":"https:\/\/www.ull.es\/portal\/agenda\/#website","url":"https:\/\/www.ull.es\/portal\/agenda\/","name":"ULL - Agenda","description":"","potentialAction":[{"@type":"SearchAction","target":{"@type":"EntryPoint","urlTemplate":"https:\/\/www.ull.es\/portal\/agenda\/?s={search_term_string}"},"query-input":"required name=search_term_string"}],"inLanguage":"es"}]}},"_links":{"self":[{"href":"https:\/\/www.ull.es\/portal\/agenda\/wp-json\/wp\/v2\/tribe_events\/32177"}],"collection":[{"href":"https:\/\/www.ull.es\/portal\/agenda\/wp-json\/wp\/v2\/tribe_events"}],"about":[{"href":"https:\/\/www.ull.es\/portal\/agenda\/wp-json\/wp\/v2\/types\/tribe_events"}],"author":[{"embeddable":true,"href":"https:\/\/www.ull.es\/portal\/agenda\/wp-json\/wp\/v2\/users\/65"}],"replies":[{"embeddable":true,"href":"https:\/\/www.ull.es\/portal\/agenda\/wp-json\/wp\/v2\/comments?post=32177"}],"version-history":[{"count":1,"href":"https:\/\/www.ull.es\/portal\/agenda\/wp-json\/wp\/v2\/tribe_events\/32177\/revisions"}],"predecessor-version":[{"id":32178,"href":"https:\/\/www.ull.es\/portal\/agenda\/wp-json\/wp\/v2\/tribe_events\/32177\/revisions\/32178"}],"wp:featuredmedia":[{"embeddable":true,"href":"https:\/\/www.ull.es\/portal\/agenda\/wp-json\/wp\/v2\/media\/32189"}],"wp:attachment":[{"href":"https:\/\/www.ull.es\/portal\/agenda\/wp-json\/wp\/v2\/media?parent=32177"}],"wp:term":[{"taxonomy":"post_tag","embeddable":true,"href":"https:\/\/www.ull.es\/portal\/agenda\/wp-json\/wp\/v2\/tags?post=32177"},{"taxonomy":"tribe_events_cat","embeddable":true,"href":"https:\/\/www.ull.es\/portal\/agenda\/wp-json\/wp\/v2\/tribe_events_cat?post=32177"}],"curies":[{"name":"wp","href":"https:\/\/api.w.org\/{rel}","templated":true}]}}

XXXIV Curso de Estudios Medievales y Renacentistas. «Las geografías imaginarias»

<p>Celebración del XXXIV Curso de Estudios Medievales y Renacentistas de la ULL, que en esta ocasión girará en torno a las geografías imaginarias en la Edad Media y principios de la Moderna. A lo largo de tres días, diversos especialistas de la ULL abordarán la importancia y desarrollo de distintas geografías imaginarias, con un carácter transversal y amplio.</p>

<p>Celebración del XXXIV Curso de Estudios Medievales y Renacentistas de la ULL, que en esta ocasión girará en torno a las geografías imaginarias en la Edad Media y principios de la Moderna. A lo largo de tres días, diversos especialistas de la ULL abordarán la importancia y desarrollo de distintas geografías imaginarias, con un carácter&#8230;</p>

<!-- This site is optimized with the Yoast SEO plugin v21.3 - https://yoast.com/wordpress/plugins/seo/ -->
<title>XXXIV Curso de Estudios Medievales y Renacentistas. &quot;Las geografías imaginarias&quot; - ULL - Agenda</title>
<meta name="robots" content="index, follow, max-snippet:-1, max-image-preview:large, max-video-preview:-1" />
<link rel="canonical" href="https://www.ull.es/portal/agenda/evento/xxxiv-curso-de-estudios-medievales-y-renacentistas-las-geografias-imaginarias/" />
<meta property="og:locale" content="es_ES" />
<meta property="og:type" content="article" />
<meta property="og:title" content="XXXIV Curso de Estudios Medievales y Renacentistas. &quot;Las geografías imaginarias&quot; - ULL - Agenda" />
<meta property="og:description" content="Celebración del XXXIV Curso de Estudios Medievales y Renacentistas de la ULL, que en esta ocasión girará en torno a las geografías imaginarias en la Edad Media y principios de la Moderna. A lo largo de tres días, diversos especialistas de la ULL abordarán la importancia y desarrollo de distintas geografías imaginarias, con un carácter..." />
<meta property="og:url" content="https://www.ull.es/portal/agenda/evento/xxxiv-curso-de-estudios-medievales-y-renacentistas-las-geografias-imaginarias/" />
<meta property="og:site_name" content="ULL - Agenda" />
<meta property="article:modified_time" content="2023-09-26T07:50:53+00:00" />
<meta property="og:image" content="https://www.ull.es/portal/agenda/wp-content/uploads/sites/12/2023/09/XXXIV-Curso-de-Estudios-Medievales-y-Renacentistas_Banner-Evento-ULL.png" />
	<meta property="og:image:width" content="750" />
	<meta property="og:image:height" content="370" />
	<meta property="og:image:type" content="image/png" />
<meta name="twitter:card" content="summary_large_image" />
<meta name="twitter:label1" content="Tiempo de lectura" />
	<meta name="twitter:data1" content="1 minuto" />
<script type="application/ld+json" class="yoast-schema-graph">{"@context":"https://schema.org","@graph":[{"@type":"WebPage","@id":"https://www.ull.es/portal/agenda/evento/xxxiv-curso-de-estudios-medievales-y-renacentistas-las-geografias-imaginarias/","url":"https://www.ull.es/portal/agenda/evento/xxxiv-curso-de-estudios-medievales-y-renacentistas-las-geografias-imaginarias/","name":"XXXIV Curso de Estudios Medievales y Renacentistas. \"Las geografías imaginarias\" - ULL - Agenda","isPartOf":{"@id":"https://www.ull.es/portal/agenda/#website"},"datePublished":"2023-09-25T10:38:51+00:00","dateModified":"2023-09-26T07:50:53+00:00","breadcrumb":{"@id":"https://www.ull.es/portal/agenda/evento/xxxiv-curso-de-estudios-medievales-y-renacentistas-las-geografias-imaginarias/#breadcrumb"},"inLanguage":"es","potentialAction":[{"@type":"ReadAction","target":["https://www.ull.es/portal/agenda/evento/xxxiv-curso-de-estudios-medievales-y-renacentistas-las-geografias-imaginarias/"]}]},{"@type":"BreadcrumbList","@id":"https://www.ull.es/portal/agenda/evento/xxxiv-curso-de-estudios-medievales-y-renacentistas-las-geografias-imaginarias/#breadcrumb","itemListElement":[{"@type":"ListItem","position":1,"name":"Portada","item":"https://www.ull.es/portal/agenda/"},{"@type":"ListItem","position":2,"name":"XXXIV Curso de Estudios Medievales y Renacentistas. «Las geografías imaginarias»"}]},{"@type":"WebSite","@id":"https://www.ull.es/portal/agenda/#website","url":"https://www.ull.es/portal/agenda/","name":"ULL - Agenda","description":"","potentialAction":[{"@type":"SearchAction","target":{"@type":"EntryPoint","urlTemplate":"https://www.ull.es/portal/agenda/?s={search_term_string}"},"query-input":"required name=search_term_string"}],"inLanguage":"es"}]}</script>
<!-- / Yoast SEO plugin. -->

XXXIV Curso de Estudios Medievales y Renacentistas. "Las geografías imaginarias" - ULL - Agenda

Celebración del XXXIV Curso de Estudios Medievales y Renacentistas de la ULL, que en esta ocasión girará en torno a las geografías imaginarias en la Edad Media y principios de la Moderna. A lo largo de tres días, diversos especialistas de la ULL abordarán la importancia y desarrollo de distintas geografías imaginarias, con un carácter...
