{"id":32206,"date":"2023-09-26T09:59:55","date_gmt":"2023-09-26T09:59:55","guid":{"rendered":"https:\/\/www.ull.es\/portal\/agenda\/?post_type=tribe_events&#038;p=32206"},"modified":"2023-09-26T10:03:49","modified_gmt":"2023-09-26T10:03:49","slug":"conferencia-arte-e-direito","status":"publish","type":"tribe_events","link":"https:\/\/www.ull.es\/portal\/agenda\/evento\/conferencia-arte-e-direito\/","title":{"rendered":"Conferencia \u00abArte e Direito\u00bb"},"content":{"rendered":"<p>La C\u00e1tedra Cultural \u00abFrancisco Tom\u00e1s y Valiente\u00bb y el Departamento de Arte y Dise\u00f1o de la Facultad de Artes y Humanidades de la Universidad de Madeira organizan esta conferencia que se impartir\u00e1 en modalidad h\u00edbrida.<\/p>\n<p>A trav\u00e9s de esta conferencia se pretende ilustrar a una audiencia dedicada a las actividades art\u00edsticas en los fundamentos que permiten la protecci\u00f3n de las obras de su autor\u00eda a trav\u00e9s del Derecho de la Propiedad Intelectual, con especial atenci\u00f3n al ordenamiento jur\u00eddico portugu\u00e9s.<\/p>\n<p>La conferencia se impartir\u00e1 en ingl\u00e9s y las personas que se inscriban pueden asistir tanto de manera presencial o bien telem\u00e1ticamente.<\/p>\n<p>Dirigida a cualquier persona interesada en la tem\u00e1tica propuesta, especialmente profesionales o amateurs de las disciplinas art\u00edsticas, tanto cl\u00e1sicas como modernas.<\/p>\n<p>Direcci\u00f3n acad\u00e9mica:<\/p>\n<ul>\n<li>Luis Javier Capote P\u00e9rez. Profesor Contratado Doctor Tipo I de Derecho Civil, Departamento de Disciplinas Jur\u00eddicas B\u00e1sicas\u00a0 de la Universidad de La Laguna.<\/li>\n<li>Pau Pascual Galbis. Profesor Doctor de la Universidad de Madeira.<\/li>\n<\/ul>\n<p>Coordinaci\u00f3n: Eva M\u00aa. Gonz\u00e1lez Lorenzo. Doctora en Ciencias de la Comunicaci\u00f3n, Directora-Gerente de la Asociaci\u00f3n Cultural de Relaciones Internacionales \u201cHacer para el desarrollo\u201d.<\/p>\n<p><a href=\"https:\/\/sede.fg.ull.es\/es\/curso\/detalle\/a23020254\/arte-e-direito\" target=\"_blank\" rel=\"noopener noreferrer\" target=\"_blank\" rel=\"noopener\"><strong><u>Asistencia gratuita previa inscripci\u00f3n aqu\u00ed.<\/u><\/strong><\/a><\/p>\n<p>CERTIFICADO DE ASISTENCIA: La ULL, a trav\u00e9s del Vicerrectorado de Cultura y Extensi\u00f3n Universitaria, emitir\u00e1 un certificado de asistencia a todas aquellas personas que participen, previa inscripci\u00f3n en la actividad.<\/p>\n<p><strong>Contacto: 922 319 616 \/ 922 319 626 \u2013\u00a0<\/strong><a href=\"mailto:extuni@ull.edu.es\" target=\"_blank\" rel=\"noopener\" target=\"_blank\" rel=\"noopener\"><strong>extuni@ull.es<\/strong><\/a><\/p>\n","protected":false},"excerpt":{"rendered":"<p>La C\u00e1tedra Cultural \u00abFrancisco Tom\u00e1s y Valiente\u00bb y el Departamento de Arte y Dise\u00f1o de la Facultad de Artes y Humanidades de la Universidad de Madeira organizan esta conferencia que se impartir\u00e1 en modalidad h\u00edbrida. A trav\u00e9s de esta conferencia se pretende ilustrar a una audiencia dedicada a las actividades art\u00edsticas en los fundamentos que&#8230;<\/p>\n","protected":false},"author":43,"featured_media":32207,"comment_status":"closed","ping_status":"closed","template":"","tags":[4259,4887,977,3812,3751],"tribe_events_cat":[472,471,4,186],"acf":[],"yoast_head":"<!-- This site is optimized with the Yoast SEO plugin v21.3 - https:\/\/yoast.com\/wordpress\/plugins\/seo\/ -->\n<title>Conferencia \u00abArte e Direito\u00bb - ULL - Agenda<\/title>\n<meta name=\"robots\" content=\"index, follow, max-snippet:-1, max-image-preview:large, max-video-preview:-1\" \/>\n<link rel=\"canonical\" href=\"https:\/\/www.ull.es\/portal\/agenda\/evento\/conferencia-arte-e-direito\/\" \/>\n<meta property=\"og:locale\" content=\"es_ES\" \/>\n<meta property=\"og:type\" content=\"article\" \/>\n<meta property=\"og:title\" content=\"Conferencia \u00abArte e Direito\u00bb - ULL - Agenda\" \/>\n<meta property=\"og:description\" content=\"La C\u00e1tedra Cultural \u00abFrancisco Tom\u00e1s y Valiente\u00bb y el Departamento de Arte y Dise\u00f1o de la Facultad de Artes y Humanidades de la Universidad de Madeira organizan esta conferencia que se impartir\u00e1 en modalidad h\u00edbrida. A trav\u00e9s de esta conferencia se pretende ilustrar a una audiencia dedicada a las actividades art\u00edsticas en los fundamentos que...\" \/>\n<meta property=\"og:url\" content=\"https:\/\/www.ull.es\/portal\/agenda\/evento\/conferencia-arte-e-direito\/\" \/>\n<meta property=\"og:site_name\" content=\"ULL - Agenda\" \/>\n<meta property=\"article:modified_time\" content=\"2023-09-26T10:03:49+00:00\" \/>\n<meta property=\"og:image\" content=\"https:\/\/www.ull.es\/portal\/agenda\/wp-content\/uploads\/sites\/12\/2023\/09\/BannerDereito.png\" \/>\n\t<meta property=\"og:image:width\" content=\"700\" \/>\n\t<meta property=\"og:image:height\" content=\"350\" \/>\n\t<meta property=\"og:image:type\" content=\"image\/png\" \/>\n<meta name=\"twitter:card\" content=\"summary_large_image\" \/>\n<meta name=\"twitter:label1\" content=\"Tiempo de lectura\" \/>\n\t<meta name=\"twitter:data1\" content=\"2 minutos\" \/>\n<script type=\"application\/ld+json\" class=\"yoast-schema-graph\">{\"@context\":\"https:\/\/schema.org\",\"@graph\":[{\"@type\":\"WebPage\",\"@id\":\"https:\/\/www.ull.es\/portal\/agenda\/evento\/conferencia-arte-e-direito\/\",\"url\":\"https:\/\/www.ull.es\/portal\/agenda\/evento\/conferencia-arte-e-direito\/\",\"name\":\"Conferencia \u00abArte e Direito\u00bb - ULL - Agenda\",\"isPartOf\":{\"@id\":\"https:\/\/www.ull.es\/portal\/agenda\/#website\"},\"datePublished\":\"2023-09-26T09:59:55+00:00\",\"dateModified\":\"2023-09-26T10:03:49+00:00\",\"breadcrumb\":{\"@id\":\"https:\/\/www.ull.es\/portal\/agenda\/evento\/conferencia-arte-e-direito\/#breadcrumb\"},\"inLanguage\":\"es\",\"potentialAction\":[{\"@type\":\"ReadAction\",\"target\":[\"https:\/\/www.ull.es\/portal\/agenda\/evento\/conferencia-arte-e-direito\/\"]}]},{\"@type\":\"BreadcrumbList\",\"@id\":\"https:\/\/www.ull.es\/portal\/agenda\/evento\/conferencia-arte-e-direito\/#breadcrumb\",\"itemListElement\":[{\"@type\":\"ListItem\",\"position\":1,\"name\":\"Portada\",\"item\":\"https:\/\/www.ull.es\/portal\/agenda\/\"},{\"@type\":\"ListItem\",\"position\":2,\"name\":\"Conferencia \u00abArte e Direito\u00bb\"}]},{\"@type\":\"WebSite\",\"@id\":\"https:\/\/www.ull.es\/portal\/agenda\/#website\",\"url\":\"https:\/\/www.ull.es\/portal\/agenda\/\",\"name\":\"ULL - Agenda\",\"description\":\"\",\"potentialAction\":[{\"@type\":\"SearchAction\",\"target\":{\"@type\":\"EntryPoint\",\"urlTemplate\":\"https:\/\/www.ull.es\/portal\/agenda\/?s={search_term_string}\"},\"query-input\":\"required name=search_term_string\"}],\"inLanguage\":\"es\"}]}<\/script>\n<!-- \/ Yoast SEO plugin. -->","yoast_head_json":{"title":"Conferencia \u00abArte e Direito\u00bb - ULL - Agenda","robots":{"index":"index","follow":"follow","max-snippet":"max-snippet:-1","max-image-preview":"max-image-preview:large","max-video-preview":"max-video-preview:-1"},"canonical":"https:\/\/www.ull.es\/portal\/agenda\/evento\/conferencia-arte-e-direito\/","og_locale":"es_ES","og_type":"article","og_title":"Conferencia \u00abArte e Direito\u00bb - ULL - Agenda","og_description":"La C\u00e1tedra Cultural \u00abFrancisco Tom\u00e1s y Valiente\u00bb y el Departamento de Arte y Dise\u00f1o de la Facultad de Artes y Humanidades de la Universidad de Madeira organizan esta conferencia que se impartir\u00e1 en modalidad h\u00edbrida. A trav\u00e9s de esta conferencia se pretende ilustrar a una audiencia dedicada a las actividades art\u00edsticas en los fundamentos que...","og_url":"https:\/\/www.ull.es\/portal\/agenda\/evento\/conferencia-arte-e-direito\/","og_site_name":"ULL - Agenda","article_modified_time":"2023-09-26T10:03:49+00:00","og_image":[{"width":700,"height":350,"url":"https:\/\/www.ull.es\/portal\/agenda\/wp-content\/uploads\/sites\/12\/2023\/09\/BannerDereito.png","type":"image\/png"}],"twitter_card":"summary_large_image","twitter_misc":{"Tiempo de lectura":"2 minutos"},"schema":{"@context":"https:\/\/schema.org","@graph":[{"@type":"WebPage","@id":"https:\/\/www.ull.es\/portal\/agenda\/evento\/conferencia-arte-e-direito\/","url":"https:\/\/www.ull.es\/portal\/agenda\/evento\/conferencia-arte-e-direito\/","name":"Conferencia \u00abArte e Direito\u00bb - ULL - Agenda","isPartOf":{"@id":"https:\/\/www.ull.es\/portal\/agenda\/#website"},"datePublished":"2023-09-26T09:59:55+00:00","dateModified":"2023-09-26T10:03:49+00:00","breadcrumb":{"@id":"https:\/\/www.ull.es\/portal\/agenda\/evento\/conferencia-arte-e-direito\/#breadcrumb"},"inLanguage":"es","potentialAction":[{"@type":"ReadAction","target":["https:\/\/www.ull.es\/portal\/agenda\/evento\/conferencia-arte-e-direito\/"]}]},{"@type":"BreadcrumbList","@id":"https:\/\/www.ull.es\/portal\/agenda\/evento\/conferencia-arte-e-direito\/#breadcrumb","itemListElement":[{"@type":"ListItem","position":1,"name":"Portada","item":"https:\/\/www.ull.es\/portal\/agenda\/"},{"@type":"ListItem","position":2,"name":"Conferencia \u00abArte e Direito\u00bb"}]},{"@type":"WebSite","@id":"https:\/\/www.ull.es\/portal\/agenda\/#website","url":"https:\/\/www.ull.es\/portal\/agenda\/","name":"ULL - Agenda","description":"","potentialAction":[{"@type":"SearchAction","target":{"@type":"EntryPoint","urlTemplate":"https:\/\/www.ull.es\/portal\/agenda\/?s={search_term_string}"},"query-input":"required name=search_term_string"}],"inLanguage":"es"}]}},"_links":{"self":[{"href":"https:\/\/www.ull.es\/portal\/agenda\/wp-json\/wp\/v2\/tribe_events\/32206"}],"collection":[{"href":"https:\/\/www.ull.es\/portal\/agenda\/wp-json\/wp\/v2\/tribe_events"}],"about":[{"href":"https:\/\/www.ull.es\/portal\/agenda\/wp-json\/wp\/v2\/types\/tribe_events"}],"author":[{"embeddable":true,"href":"https:\/\/www.ull.es\/portal\/agenda\/wp-json\/wp\/v2\/users\/43"}],"replies":[{"embeddable":true,"href":"https:\/\/www.ull.es\/portal\/agenda\/wp-json\/wp\/v2\/comments?post=32206"}],"version-history":[{"count":4,"href":"https:\/\/www.ull.es\/portal\/agenda\/wp-json\/wp\/v2\/tribe_events\/32206\/revisions"}],"predecessor-version":[{"id":32211,"href":"https:\/\/www.ull.es\/portal\/agenda\/wp-json\/wp\/v2\/tribe_events\/32206\/revisions\/32211"}],"wp:featuredmedia":[{"embeddable":true,"href":"https:\/\/www.ull.es\/portal\/agenda\/wp-json\/wp\/v2\/media\/32207"}],"wp:attachment":[{"href":"https:\/\/www.ull.es\/portal\/agenda\/wp-json\/wp\/v2\/media?parent=32206"}],"wp:term":[{"taxonomy":"post_tag","embeddable":true,"href":"https:\/\/www.ull.es\/portal\/agenda\/wp-json\/wp\/v2\/tags?post=32206"},{"taxonomy":"tribe_events_cat","embeddable":true,"href":"https:\/\/www.ull.es\/portal\/agenda\/wp-json\/wp\/v2\/tribe_events_cat?post=32206"}],"curies":[{"name":"wp","href":"https:\/\/api.w.org\/{rel}","templated":true}]}}

<p>La Cátedra Cultural «Francisco Tomás y Valiente» y el Departamento de Arte y Diseño de la Facultad de Artes y Humanidades de la Universidad de Madeira organizan esta conferencia que se impartirá en modalidad híbrida.</p>
<p>A través de esta conferencia se pretende ilustrar a una audiencia dedicada a las actividades artísticas en los fundamentos que permiten la protección de las obras de su autoría a través del Derecho de la Propiedad Intelectual, con especial atención al ordenamiento jurídico portugués.</p>
<p>La conferencia se impartirá en inglés y las personas que se inscriban pueden asistir tanto de manera presencial o bien telemáticamente.</p>
<p>Dirigida a cualquier persona interesada en la temática propuesta, especialmente profesionales o amateurs de las disciplinas artísticas, tanto clásicas como modernas.</p>
<p>Dirección académica:</p>
<ul>
<li>Luis Javier Capote Pérez. Profesor Contratado Doctor Tipo I de Derecho Civil, Departamento de Disciplinas Jurídicas Básicas  de la Universidad de La Laguna.</li>
<li>Pau Pascual Galbis. Profesor Doctor de la Universidad de Madeira.</li>
</ul>
<p>Coordinación: Eva Mª. González Lorenzo. Doctora en Ciencias de la Comunicación, Directora-Gerente de la Asociación Cultural de Relaciones Internacionales “Hacer para el desarrollo”.</p>
<p><a href="https://sede.fg.ull.es/es/curso/detalle/a23020254/arte-e-direito" target="_blank" rel="noopener noreferrer" target="_blank" rel="noopener"><strong><u>Asistencia gratuita previa inscripción aquí.</u></strong></a></p>
<p>CERTIFICADO DE ASISTENCIA: La ULL, a través del Vicerrectorado de Cultura y Extensión Universitaria, emitirá un certificado de asistencia a todas aquellas personas que participen, previa inscripción en la actividad.</p>
<p><strong>Contacto: 922 319 616 / 922 319 626 – </strong><a href="mailto:extuni@ull.edu.es" target="_blank" rel="noopener" target="_blank" rel="noopener"><strong>extuni@ull.es</strong></a></p>

<p>La Cátedra Cultural «Francisco Tomás y Valiente» y el Departamento de Arte y Diseño de la Facultad de Artes y Humanidades de la Universidad de Madeira organizan esta conferencia que se impartirá en modalidad híbrida. A través de esta conferencia se pretende ilustrar a una audiencia dedicada a las actividades artísticas en los fundamentos que&#8230;</p>

<!-- This site is optimized with the Yoast SEO plugin v21.3 - https://yoast.com/wordpress/plugins/seo/ -->
<title>Conferencia «Arte e Direito» - ULL - Agenda</title>
<meta name="robots" content="index, follow, max-snippet:-1, max-image-preview:large, max-video-preview:-1" />
<link rel="canonical" href="https://www.ull.es/portal/agenda/evento/conferencia-arte-e-direito/" />
<meta property="og:locale" content="es_ES" />
<meta property="og:type" content="article" />
<meta property="og:title" content="Conferencia «Arte e Direito» - ULL - Agenda" />
<meta property="og:description" content="La Cátedra Cultural «Francisco Tomás y Valiente» y el Departamento de Arte y Diseño de la Facultad de Artes y Humanidades de la Universidad de Madeira organizan esta conferencia que se impartirá en modalidad híbrida. A través de esta conferencia se pretende ilustrar a una audiencia dedicada a las actividades artísticas en los fundamentos que..." />
<meta property="og:url" content="https://www.ull.es/portal/agenda/evento/conferencia-arte-e-direito/" />
<meta property="og:site_name" content="ULL - Agenda" />
<meta property="article:modified_time" content="2023-09-26T10:03:49+00:00" />
<meta property="og:image" content="https://www.ull.es/portal/agenda/wp-content/uploads/sites/12/2023/09/BannerDereito.png" />
	<meta property="og:image:width" content="700" />
	<meta property="og:image:height" content="350" />
	<meta property="og:image:type" content="image/png" />
<meta name="twitter:card" content="summary_large_image" />
<meta name="twitter:label1" content="Tiempo de lectura" />
	<meta name="twitter:data1" content="2 minutos" />
<script type="application/ld+json" class="yoast-schema-graph">{"@context":"https://schema.org","@graph":[{"@type":"WebPage","@id":"https://www.ull.es/portal/agenda/evento/conferencia-arte-e-direito/","url":"https://www.ull.es/portal/agenda/evento/conferencia-arte-e-direito/","name":"Conferencia «Arte e Direito» - ULL - Agenda","isPartOf":{"@id":"https://www.ull.es/portal/agenda/#website"},"datePublished":"2023-09-26T09:59:55+00:00","dateModified":"2023-09-26T10:03:49+00:00","breadcrumb":{"@id":"https://www.ull.es/portal/agenda/evento/conferencia-arte-e-direito/#breadcrumb"},"inLanguage":"es","potentialAction":[{"@type":"ReadAction","target":["https://www.ull.es/portal/agenda/evento/conferencia-arte-e-direito/"]}]},{"@type":"BreadcrumbList","@id":"https://www.ull.es/portal/agenda/evento/conferencia-arte-e-direito/#breadcrumb","itemListElement":[{"@type":"ListItem","position":1,"name":"Portada","item":"https://www.ull.es/portal/agenda/"},{"@type":"ListItem","position":2,"name":"Conferencia «Arte e Direito»"}]},{"@type":"WebSite","@id":"https://www.ull.es/portal/agenda/#website","url":"https://www.ull.es/portal/agenda/","name":"ULL - Agenda","description":"","potentialAction":[{"@type":"SearchAction","target":{"@type":"EntryPoint","urlTemplate":"https://www.ull.es/portal/agenda/?s={search_term_string}"},"query-input":"required name=search_term_string"}],"inLanguage":"es"}]}</script>
<!-- / Yoast SEO plugin. -->

La Cátedra Cultural «Francisco Tomás y Valiente» y el Departamento de Arte y Diseño de la Facultad de Artes y Humanidades de la Universidad de Madeira organizan esta conferencia que se impartirá en modalidad híbrida. A través de esta conferencia se pretende ilustrar a una audiencia dedicada a las actividades artísticas en los fundamentos que...
