{"id":32448,"date":"2023-10-10T10:24:01","date_gmt":"2023-10-10T10:24:01","guid":{"rendered":"https:\/\/www.ull.es\/portal\/agenda\/?post_type=tribe_events&#038;p=32448"},"modified":"2023-10-16T08:50:15","modified_gmt":"2023-10-16T08:50:15","slug":"gestion-del-riesgo-en-infraestructuras-criticas-el-teleferico-del-teide","status":"publish","type":"tribe_events","link":"https:\/\/www.ull.es\/portal\/agenda\/evento\/gestion-del-riesgo-en-infraestructuras-criticas-el-teleferico-del-teide\/","title":{"rendered":"Gesti\u00f3n del riesgo en infraestructuras cr\u00edticas. El telef\u00e9rico del Teide"},"content":{"rendered":"<div class=\"tribe-events-single-event-description tribe-events-content\">\n<p>La C\u00e1tedra Reducci\u00f3n del Riesgo de Desastres y Ciudades Resilientes junto con el Consorcio de Bomberos de Tenerife y Telef\u00e9rico del Pico del Teide S.A. organizan estas jornadas que se celebrar\u00e1n el 27 de octubre en la Estaci\u00f3n inferior del Telef\u00e9rico del Teide y el 30 de octubre en modalidad online s\u00edncrona.<\/p>\n<\/div>\n<p>Los objetivos que se persiguen con estas jornadas son los siguientes:<\/p>\n<ul>\n<li>Proporcionar a los participantes una comprensi\u00f3n s\u00f3lida de las infraestructuras cr\u00edticas tomando como referencia el Telef\u00e9rico del Teide.<\/li>\n<li>Comprender el funcionamiento de los sistemas de evacuaci\u00f3n con el fin de estar preparados para tomar medidas eficaces en caso de una parada no programada.<\/li>\n<li>Adquirir las habilidades y conocimientos necesarios para llevar a cabo maniobras de evacuaci\u00f3n de manera segura y eficiente, garantizando la integridad de las operaciones del telef\u00e9rico.<\/li>\n<li>Comprender como las condiciones clim\u00e1ticas pueden influir en la operaci\u00f3n y seguridad del Telef\u00e9rico del Teide y en los procesos de rescate.<\/li>\n<li>Entender c\u00f3mo las TIG pueden mejorar la toma de decisiones y la seguridad en procesos de evacuaci\u00f3n y rescate, constituy\u00e9ndose en importantes herramientas para la toma de decisiones.<\/li>\n<\/ul>\n<div class=\"tribe-events-single-event-description tribe-events-content\">\n<p>Esta formaci\u00f3n est\u00e1 dirigida a t\u00e9cnicos de la administraci\u00f3n y personal encargados de dar respuesta y atender situaciones de emergencias. As\u00ed como aquellos profesionales, asociaciones y particulares interesados en la tem\u00e1tica de las jornadas, cuya participaci\u00f3n contribuya a la difusi\u00f3n de los conocimientos que ser\u00e1n expuestos en las mismas.<\/p>\n<\/div>\n<p>Direcci\u00f3n acad\u00e9mica:<\/p>\n<ul>\n<li>Abel L\u00f3pez D\u00edez. Profesor Ayudante Doctor, Departamento de Geograf\u00eda e Historia de la Universidad de La Laguna.<\/li>\n<li>Jaime Salvador D\u00edaz Pacheco. Investigador de la C\u00e1tedra de Reducci\u00f3n de Riesgos de Desastres y Ciudades Resilientes. Profesor Ayudante Doctor de la Universidad de La Laguna.<\/li>\n<\/ul>\n<p>Coordinaci\u00f3n: Nerea Mart\u00edn Raya. Investigadora FPU, Departamento de Geograf\u00eda e Historia de la Universidad de La Laguna.<\/p>\n<p><strong>CERTIFICADO DE ASISTENCIA Y APTITUD<\/strong>: La ULL, a trav\u00e9s del Vicerrectorado de Cultura y Extensi\u00f3n Universitaria, emitir\u00e1 un certificado de asistencia a todas aquellas personas que asistan a un m\u00ednimo del 80% de las horas lectivas, previa inscripci\u00f3n en la actividad. Adem\u00e1s, aquellas personas que superen la evaluaci\u00f3n, recibir\u00e1n un certificado de asistencia y aprovechamiento.<\/p>\n<p><a href=\"https:\/\/sede.fg.ull.es\/es\/curso\/detalle\/a23020266\/gestion-del-riesgo-en-infraestructuras-criticas-el-teleferico-del-teide\" target=\"_blank\" rel=\"noopener noreferrer\" target=\"_blank\" rel=\"noopener\"><strong><u>Consulta el programa e inscr\u00edbete aqu\u00ed.<\/u><\/strong><\/a><\/p>\n<p><span style=\"color: #ff0000\"><strong>\u00a1PLAZAS AGOTADAS!<\/strong><\/span><\/p>\n<p><strong>Contacto: 922 319 616 \/ 922 319 626 \u2013\u00a0<\/strong><strong><a href=\"mailto:extuni@ull.edu.es\" target=\"_blank\" rel=\"noopener\" target=\"_blank\" rel=\"noopener\">extuni@ull.es<\/a><\/strong><\/p>\n<p>&nbsp;<\/p>\n","protected":false},"excerpt":{"rendered":"<p>La C\u00e1tedra Reducci\u00f3n del Riesgo de Desastres y Ciudades Resilientes junto con el Consorcio de Bomberos de Tenerife y Telef\u00e9rico del Pico del Teide S.A. organizan estas jornadas que se celebrar\u00e1n el 27 de octubre en la Estaci\u00f3n inferior del Telef\u00e9rico del Teide y el 30 de octubre en modalidad online s\u00edncrona. Los objetivos que&#8230;<\/p>\n","protected":false},"author":43,"featured_media":32449,"comment_status":"closed","ping_status":"closed","template":"","tags":[1333,977,4870,3812,4770,3751],"tribe_events_cat":[472,471,4,186],"acf":[],"yoast_head":"<!-- This site is optimized with the Yoast SEO plugin v21.3 - https:\/\/yoast.com\/wordpress\/plugins\/seo\/ -->\n<title>Gesti\u00f3n del riesgo en infraestructuras cr\u00edticas. El telef\u00e9rico del Teide - ULL - Agenda<\/title>\n<meta name=\"robots\" content=\"index, follow, max-snippet:-1, max-image-preview:large, max-video-preview:-1\" \/>\n<link rel=\"canonical\" href=\"https:\/\/www.ull.es\/portal\/agenda\/evento\/gestion-del-riesgo-en-infraestructuras-criticas-el-teleferico-del-teide\/\" \/>\n<meta property=\"og:locale\" content=\"es_ES\" \/>\n<meta property=\"og:type\" content=\"article\" \/>\n<meta property=\"og:title\" content=\"Gesti\u00f3n del riesgo en infraestructuras cr\u00edticas. El telef\u00e9rico del Teide - ULL - Agenda\" \/>\n<meta property=\"og:description\" content=\"La C\u00e1tedra Reducci\u00f3n del Riesgo de Desastres y Ciudades Resilientes junto con el Consorcio de Bomberos de Tenerife y Telef\u00e9rico del Pico del Teide S.A. organizan estas jornadas que se celebrar\u00e1n el 27 de octubre en la Estaci\u00f3n inferior del Telef\u00e9rico del Teide y el 30 de octubre en modalidad online s\u00edncrona. Los objetivos que...\" \/>\n<meta property=\"og:url\" content=\"https:\/\/www.ull.es\/portal\/agenda\/evento\/gestion-del-riesgo-en-infraestructuras-criticas-el-teleferico-del-teide\/\" \/>\n<meta property=\"og:site_name\" content=\"ULL - Agenda\" \/>\n<meta property=\"article:modified_time\" content=\"2023-10-16T08:50:15+00:00\" \/>\n<meta property=\"og:image\" content=\"https:\/\/www.ull.es\/portal\/agenda\/wp-content\/uploads\/sites\/12\/2023\/10\/BannerTeide.jpg\" \/>\n\t<meta property=\"og:image:width\" content=\"700\" \/>\n\t<meta property=\"og:image:height\" content=\"350\" \/>\n\t<meta property=\"og:image:type\" content=\"image\/jpeg\" \/>\n<meta name=\"twitter:card\" content=\"summary_large_image\" \/>\n<meta name=\"twitter:label1\" content=\"Tiempo de lectura\" \/>\n\t<meta name=\"twitter:data1\" content=\"2 minutos\" \/>\n<script type=\"application\/ld+json\" class=\"yoast-schema-graph\">{\"@context\":\"https:\/\/schema.org\",\"@graph\":[{\"@type\":\"WebPage\",\"@id\":\"https:\/\/www.ull.es\/portal\/agenda\/evento\/gestion-del-riesgo-en-infraestructuras-criticas-el-teleferico-del-teide\/\",\"url\":\"https:\/\/www.ull.es\/portal\/agenda\/evento\/gestion-del-riesgo-en-infraestructuras-criticas-el-teleferico-del-teide\/\",\"name\":\"Gesti\u00f3n del riesgo en infraestructuras cr\u00edticas. El telef\u00e9rico del Teide - ULL - Agenda\",\"isPartOf\":{\"@id\":\"https:\/\/www.ull.es\/portal\/agenda\/#website\"},\"datePublished\":\"2023-10-10T10:24:01+00:00\",\"dateModified\":\"2023-10-16T08:50:15+00:00\",\"breadcrumb\":{\"@id\":\"https:\/\/www.ull.es\/portal\/agenda\/evento\/gestion-del-riesgo-en-infraestructuras-criticas-el-teleferico-del-teide\/#breadcrumb\"},\"inLanguage\":\"es\",\"potentialAction\":[{\"@type\":\"ReadAction\",\"target\":[\"https:\/\/www.ull.es\/portal\/agenda\/evento\/gestion-del-riesgo-en-infraestructuras-criticas-el-teleferico-del-teide\/\"]}]},{\"@type\":\"BreadcrumbList\",\"@id\":\"https:\/\/www.ull.es\/portal\/agenda\/evento\/gestion-del-riesgo-en-infraestructuras-criticas-el-teleferico-del-teide\/#breadcrumb\",\"itemListElement\":[{\"@type\":\"ListItem\",\"position\":1,\"name\":\"Portada\",\"item\":\"https:\/\/www.ull.es\/portal\/agenda\/\"},{\"@type\":\"ListItem\",\"position\":2,\"name\":\"Gesti\u00f3n del riesgo en infraestructuras cr\u00edticas. El telef\u00e9rico del Teide\"}]},{\"@type\":\"WebSite\",\"@id\":\"https:\/\/www.ull.es\/portal\/agenda\/#website\",\"url\":\"https:\/\/www.ull.es\/portal\/agenda\/\",\"name\":\"ULL - Agenda\",\"description\":\"\",\"potentialAction\":[{\"@type\":\"SearchAction\",\"target\":{\"@type\":\"EntryPoint\",\"urlTemplate\":\"https:\/\/www.ull.es\/portal\/agenda\/?s={search_term_string}\"},\"query-input\":\"required name=search_term_string\"}],\"inLanguage\":\"es\"}]}<\/script>\n<!-- \/ Yoast SEO plugin. -->","yoast_head_json":{"title":"Gesti\u00f3n del riesgo en infraestructuras cr\u00edticas. El telef\u00e9rico del Teide - ULL - Agenda","robots":{"index":"index","follow":"follow","max-snippet":"max-snippet:-1","max-image-preview":"max-image-preview:large","max-video-preview":"max-video-preview:-1"},"canonical":"https:\/\/www.ull.es\/portal\/agenda\/evento\/gestion-del-riesgo-en-infraestructuras-criticas-el-teleferico-del-teide\/","og_locale":"es_ES","og_type":"article","og_title":"Gesti\u00f3n del riesgo en infraestructuras cr\u00edticas. El telef\u00e9rico del Teide - ULL - Agenda","og_description":"La C\u00e1tedra Reducci\u00f3n del Riesgo de Desastres y Ciudades Resilientes junto con el Consorcio de Bomberos de Tenerife y Telef\u00e9rico del Pico del Teide S.A. organizan estas jornadas que se celebrar\u00e1n el 27 de octubre en la Estaci\u00f3n inferior del Telef\u00e9rico del Teide y el 30 de octubre en modalidad online s\u00edncrona. Los objetivos que...","og_url":"https:\/\/www.ull.es\/portal\/agenda\/evento\/gestion-del-riesgo-en-infraestructuras-criticas-el-teleferico-del-teide\/","og_site_name":"ULL - Agenda","article_modified_time":"2023-10-16T08:50:15+00:00","og_image":[{"width":700,"height":350,"url":"https:\/\/www.ull.es\/portal\/agenda\/wp-content\/uploads\/sites\/12\/2023\/10\/BannerTeide.jpg","type":"image\/jpeg"}],"twitter_card":"summary_large_image","twitter_misc":{"Tiempo de lectura":"2 minutos"},"schema":{"@context":"https:\/\/schema.org","@graph":[{"@type":"WebPage","@id":"https:\/\/www.ull.es\/portal\/agenda\/evento\/gestion-del-riesgo-en-infraestructuras-criticas-el-teleferico-del-teide\/","url":"https:\/\/www.ull.es\/portal\/agenda\/evento\/gestion-del-riesgo-en-infraestructuras-criticas-el-teleferico-del-teide\/","name":"Gesti\u00f3n del riesgo en infraestructuras cr\u00edticas. El telef\u00e9rico del Teide - ULL - Agenda","isPartOf":{"@id":"https:\/\/www.ull.es\/portal\/agenda\/#website"},"datePublished":"2023-10-10T10:24:01+00:00","dateModified":"2023-10-16T08:50:15+00:00","breadcrumb":{"@id":"https:\/\/www.ull.es\/portal\/agenda\/evento\/gestion-del-riesgo-en-infraestructuras-criticas-el-teleferico-del-teide\/#breadcrumb"},"inLanguage":"es","potentialAction":[{"@type":"ReadAction","target":["https:\/\/www.ull.es\/portal\/agenda\/evento\/gestion-del-riesgo-en-infraestructuras-criticas-el-teleferico-del-teide\/"]}]},{"@type":"BreadcrumbList","@id":"https:\/\/www.ull.es\/portal\/agenda\/evento\/gestion-del-riesgo-en-infraestructuras-criticas-el-teleferico-del-teide\/#breadcrumb","itemListElement":[{"@type":"ListItem","position":1,"name":"Portada","item":"https:\/\/www.ull.es\/portal\/agenda\/"},{"@type":"ListItem","position":2,"name":"Gesti\u00f3n del riesgo en infraestructuras cr\u00edticas. El telef\u00e9rico del Teide"}]},{"@type":"WebSite","@id":"https:\/\/www.ull.es\/portal\/agenda\/#website","url":"https:\/\/www.ull.es\/portal\/agenda\/","name":"ULL - Agenda","description":"","potentialAction":[{"@type":"SearchAction","target":{"@type":"EntryPoint","urlTemplate":"https:\/\/www.ull.es\/portal\/agenda\/?s={search_term_string}"},"query-input":"required name=search_term_string"}],"inLanguage":"es"}]}},"_links":{"self":[{"href":"https:\/\/www.ull.es\/portal\/agenda\/wp-json\/wp\/v2\/tribe_events\/32448"}],"collection":[{"href":"https:\/\/www.ull.es\/portal\/agenda\/wp-json\/wp\/v2\/tribe_events"}],"about":[{"href":"https:\/\/www.ull.es\/portal\/agenda\/wp-json\/wp\/v2\/types\/tribe_events"}],"author":[{"embeddable":true,"href":"https:\/\/www.ull.es\/portal\/agenda\/wp-json\/wp\/v2\/users\/43"}],"replies":[{"embeddable":true,"href":"https:\/\/www.ull.es\/portal\/agenda\/wp-json\/wp\/v2\/comments?post=32448"}],"version-history":[{"count":3,"href":"https:\/\/www.ull.es\/portal\/agenda\/wp-json\/wp\/v2\/tribe_events\/32448\/revisions"}],"predecessor-version":[{"id":32534,"href":"https:\/\/www.ull.es\/portal\/agenda\/wp-json\/wp\/v2\/tribe_events\/32448\/revisions\/32534"}],"wp:featuredmedia":[{"embeddable":true,"href":"https:\/\/www.ull.es\/portal\/agenda\/wp-json\/wp\/v2\/media\/32449"}],"wp:attachment":[{"href":"https:\/\/www.ull.es\/portal\/agenda\/wp-json\/wp\/v2\/media?parent=32448"}],"wp:term":[{"taxonomy":"post_tag","embeddable":true,"href":"https:\/\/www.ull.es\/portal\/agenda\/wp-json\/wp\/v2\/tags?post=32448"},{"taxonomy":"tribe_events_cat","embeddable":true,"href":"https:\/\/www.ull.es\/portal\/agenda\/wp-json\/wp\/v2\/tribe_events_cat?post=32448"}],"curies":[{"name":"wp","href":"https:\/\/api.w.org\/{rel}","templated":true}]}}

Gestión del riesgo en infraestructuras críticas. El teleférico del Teide

<div class="tribe-events-single-event-description tribe-events-content">
<p>La Cátedra Reducción del Riesgo de Desastres y Ciudades Resilientes junto con el Consorcio de Bomberos de Tenerife y Teleférico del Pico del Teide S.A. organizan estas jornadas que se celebrarán el 27 de octubre en la Estación inferior del Teleférico del Teide y el 30 de octubre en modalidad online síncrona.</p>
</div>
<p>Los objetivos que se persiguen con estas jornadas son los siguientes:</p>
<ul>
<li>Proporcionar a los participantes una comprensión sólida de las infraestructuras críticas tomando como referencia el Teleférico del Teide.</li>
<li>Comprender el funcionamiento de los sistemas de evacuación con el fin de estar preparados para tomar medidas eficaces en caso de una parada no programada.</li>
<li>Adquirir las habilidades y conocimientos necesarios para llevar a cabo maniobras de evacuación de manera segura y eficiente, garantizando la integridad de las operaciones del teleférico.</li>
<li>Comprender como las condiciones climáticas pueden influir en la operación y seguridad del Teleférico del Teide y en los procesos de rescate.</li>
<li>Entender cómo las TIG pueden mejorar la toma de decisiones y la seguridad en procesos de evacuación y rescate, constituyéndose en importantes herramientas para la toma de decisiones.</li>
</ul>
<div class="tribe-events-single-event-description tribe-events-content">
<p>Esta formación está dirigida a técnicos de la administración y personal encargados de dar respuesta y atender situaciones de emergencias. Así como aquellos profesionales, asociaciones y particulares interesados en la temática de las jornadas, cuya participación contribuya a la difusión de los conocimientos que serán expuestos en las mismas.</p>
</div>
<p>Dirección académica:</p>
<ul>
<li>Abel López Díez. Profesor Ayudante Doctor, Departamento de Geografía e Historia de la Universidad de La Laguna.</li>
<li>Jaime Salvador Díaz Pacheco. Investigador de la Cátedra de Reducción de Riesgos de Desastres y Ciudades Resilientes. Profesor Ayudante Doctor de la Universidad de La Laguna.</li>
</ul>
<p>Coordinación: Nerea Martín Raya. Investigadora FPU, Departamento de Geografía e Historia de la Universidad de La Laguna.</p>
<p><strong>CERTIFICADO DE ASISTENCIA Y APTITUD</strong>: La ULL, a través del Vicerrectorado de Cultura y Extensión Universitaria, emitirá un certificado de asistencia a todas aquellas personas que asistan a un mínimo del 80% de las horas lectivas, previa inscripción en la actividad. Además, aquellas personas que superen la evaluación, recibirán un certificado de asistencia y aprovechamiento.</p>
<p><a href="https://sede.fg.ull.es/es/curso/detalle/a23020266/gestion-del-riesgo-en-infraestructuras-criticas-el-teleferico-del-teide" target="_blank" rel="noopener noreferrer" target="_blank" rel="noopener"><strong><u>Consulta el programa e inscríbete aquí.</u></strong></a></p>
<p><span style="color: #ff0000"><strong>¡PLAZAS AGOTADAS!</strong></span></p>
<p><strong>Contacto: 922 319 616 / 922 319 626 – </strong><strong><a href="mailto:extuni@ull.edu.es" target="_blank" rel="noopener" target="_blank" rel="noopener">extuni@ull.es</a></strong></p>
<p>&nbsp;</p>

<p>La Cátedra Reducción del Riesgo de Desastres y Ciudades Resilientes junto con el Consorcio de Bomberos de Tenerife y Teleférico del Pico del Teide S.A. organizan estas jornadas que se celebrarán el 27 de octubre en la Estación inferior del Teleférico del Teide y el 30 de octubre en modalidad online síncrona. Los objetivos que&#8230;</p>

<!-- This site is optimized with the Yoast SEO plugin v21.3 - https://yoast.com/wordpress/plugins/seo/ -->
<title>Gestión del riesgo en infraestructuras críticas. El teleférico del Teide - ULL - Agenda</title>
<meta name="robots" content="index, follow, max-snippet:-1, max-image-preview:large, max-video-preview:-1" />
<link rel="canonical" href="https://www.ull.es/portal/agenda/evento/gestion-del-riesgo-en-infraestructuras-criticas-el-teleferico-del-teide/" />
<meta property="og:locale" content="es_ES" />
<meta property="og:type" content="article" />
<meta property="og:title" content="Gestión del riesgo en infraestructuras críticas. El teleférico del Teide - ULL - Agenda" />
<meta property="og:description" content="La Cátedra Reducción del Riesgo de Desastres y Ciudades Resilientes junto con el Consorcio de Bomberos de Tenerife y Teleférico del Pico del Teide S.A. organizan estas jornadas que se celebrarán el 27 de octubre en la Estación inferior del Teleférico del Teide y el 30 de octubre en modalidad online síncrona. Los objetivos que..." />
<meta property="og:url" content="https://www.ull.es/portal/agenda/evento/gestion-del-riesgo-en-infraestructuras-criticas-el-teleferico-del-teide/" />
<meta property="og:site_name" content="ULL - Agenda" />
<meta property="article:modified_time" content="2023-10-16T08:50:15+00:00" />
<meta property="og:image" content="https://www.ull.es/portal/agenda/wp-content/uploads/sites/12/2023/10/BannerTeide.jpg" />
	<meta property="og:image:width" content="700" />
	<meta property="og:image:height" content="350" />
	<meta property="og:image:type" content="image/jpeg" />
<meta name="twitter:card" content="summary_large_image" />
<meta name="twitter:label1" content="Tiempo de lectura" />
	<meta name="twitter:data1" content="2 minutos" />
<script type="application/ld+json" class="yoast-schema-graph">{"@context":"https://schema.org","@graph":[{"@type":"WebPage","@id":"https://www.ull.es/portal/agenda/evento/gestion-del-riesgo-en-infraestructuras-criticas-el-teleferico-del-teide/","url":"https://www.ull.es/portal/agenda/evento/gestion-del-riesgo-en-infraestructuras-criticas-el-teleferico-del-teide/","name":"Gestión del riesgo en infraestructuras críticas. El teleférico del Teide - ULL - Agenda","isPartOf":{"@id":"https://www.ull.es/portal/agenda/#website"},"datePublished":"2023-10-10T10:24:01+00:00","dateModified":"2023-10-16T08:50:15+00:00","breadcrumb":{"@id":"https://www.ull.es/portal/agenda/evento/gestion-del-riesgo-en-infraestructuras-criticas-el-teleferico-del-teide/#breadcrumb"},"inLanguage":"es","potentialAction":[{"@type":"ReadAction","target":["https://www.ull.es/portal/agenda/evento/gestion-del-riesgo-en-infraestructuras-criticas-el-teleferico-del-teide/"]}]},{"@type":"BreadcrumbList","@id":"https://www.ull.es/portal/agenda/evento/gestion-del-riesgo-en-infraestructuras-criticas-el-teleferico-del-teide/#breadcrumb","itemListElement":[{"@type":"ListItem","position":1,"name":"Portada","item":"https://www.ull.es/portal/agenda/"},{"@type":"ListItem","position":2,"name":"Gestión del riesgo en infraestructuras críticas. El teleférico del Teide"}]},{"@type":"WebSite","@id":"https://www.ull.es/portal/agenda/#website","url":"https://www.ull.es/portal/agenda/","name":"ULL - Agenda","description":"","potentialAction":[{"@type":"SearchAction","target":{"@type":"EntryPoint","urlTemplate":"https://www.ull.es/portal/agenda/?s={search_term_string}"},"query-input":"required name=search_term_string"}],"inLanguage":"es"}]}</script>
<!-- / Yoast SEO plugin. -->

Gestión del riesgo en infraestructuras críticas. El teleférico del Teide - ULL - Agenda

La Cátedra Reducción del Riesgo de Desastres y Ciudades Resilientes junto con el Consorcio de Bomberos de Tenerife y Teleférico del Pico del Teide S.A. organizan estas jornadas que se celebrarán el 27 de octubre en la Estación inferior del Teleférico del Teide y el 30 de octubre en modalidad online síncrona. Los objetivos que...
