{"id":32468,"date":"2023-10-10T13:38:48","date_gmt":"2023-10-10T13:38:48","guid":{"rendered":"https:\/\/www.ull.es\/portal\/agenda\/?post_type=tribe_events&#038;p=32468"},"modified":"2023-10-24T11:31:51","modified_gmt":"2023-10-24T11:31:51","slug":"literatura-hispanoamericana-del-popul-vuh-a-la-curiosidad-barroca","status":"publish","type":"tribe_events","link":"https:\/\/www.ull.es\/portal\/agenda\/evento\/literatura-hispanoamericana-del-popul-vuh-a-la-curiosidad-barroca\/","title":{"rendered":"Literatura hispanoamericana: del Popul Vuh a la \u201ccuriosidad barroca\u201d"},"content":{"rendered":"<p>El Aula Cultural de Lengua y Literatura organiza este curso que se celebrar\u00e1 en el Aulario de Guajara los d\u00edas 25 y 27 de octubre, 3, 8 y 10 de noviembre de 2023 en horario de ma\u00f1ana.<\/p>\n<p>La actividad consiste en abordar algunos de los primeros ejemplos de la literatura hispanoamericana, comenzando por un texto fundamental del periodo precolombino (el <em>Popul Vuh<\/em>), deteni\u00e9ndonos en un autor del siglo XVI (Guam\u00e1n Poma de Ayala), hasta llegar a la obra de dos autores del siglo XVII (Sor Juana In\u00e9s de la Cruz y Carlos de Sig\u00fcenza y G\u00f3ngora), al calor de lo que se conoce como \u201cbarroco americano\u201d.<\/p>\n<p>El enfoque del curso privilegiar\u00e1 la lectura comprensiva de extractos significativos de dichos autores y obras, ubic\u00e1ndolos en un contexto hist\u00f3rico y epist\u00e9mico concretos, al mismo tiempo que estableciendo conexiones con el presente. Ello permitir\u00e1 proceder a un an\u00e1lisis textual amplio, con el que trazar una diacron\u00eda est\u00e9tica \u00fatil para que el alumnado se acerque a las manifestaciones iniciales de lo que se conocer\u00e1 despu\u00e9s como el canon de la literatura hispanoamericana<\/p>\n<p>Dirigido al alumnado de 2\u00ba curso de Grado de Espa\u00f1ol: Lengua y Literatura. Alumnado de la Facultad de Filolog\u00eda. P\u00fablico interesado.<\/p>\n<p>Imparte: Paula Fern\u00e1ndez Hern\u00e1ndez. Profesora del Departamento de Filolog\u00eda Espa\u00f1ola de la Universidad de La Laguna.<\/p>\n<p>Direcci\u00f3n acad\u00e9mica: Nieves Mar\u00eda Concepci\u00f3n Lorenzo. Profesora Titular de Universidad. Departamento de Filolog\u00eda Espa\u00f1ola de la Universidad de La Laguna.<\/p>\n<p><strong>CERTIFICADO DE ASISTENCIA, APTITUD Y RECONOCIMIENTO POR CR\u00c9DITO ECTS<\/strong><\/p>\n<p>La ULL, a trav\u00e9s del Vicerrectorado de Cultura y Extensi\u00f3n Universitaria, emitir\u00e1 un certificado de asistencia a todas aquellas personas que asistan a un m\u00ednimo del 80% de las horas lectivas presenciales. Asimismo, aquellas personas que superen el trabajo aut\u00f3nomo del alumnado, recibir\u00e1n un certificado de asistencia y aprovechamiento, reconocible a su vez por un cr\u00e9dito ECTS.<\/p>\n<p><a href=\"https:\/\/sede.fg.ull.es\/es\/curso\/detalle\/a23020269\/literatura-hispanoamericana-del-popul-vuh-a-la-curiosidad-barroca\" target=\"_blank\" rel=\"noopener noreferrer\" target=\"_blank\" rel=\"noopener\"><strong><u>M\u00e1s informaci\u00f3n e inscripci\u00f3n aqu\u00ed.<\/u><\/strong><\/a><\/p>\n<p><strong>Contacto: 922 319 616 \/ 922 319 626 \u2013\u00a0<\/strong><a href=\"mailto:extuni@ull.edu.es\" target=\"_blank\" rel=\"noopener\" target=\"_blank\" rel=\"noopener\"><strong>extuni@ull.es<\/strong><\/a><\/p>\n","protected":false},"excerpt":{"rendered":"<p>El Aula Cultural de Lengua y Literatura organiza este curso que se celebrar\u00e1 en el Aulario de Guajara los d\u00edas 25 y 27 de octubre, 3, 8 y 10 de noviembre de 2023 en horario de ma\u00f1ana. La actividad consiste en abordar algunos de los primeros ejemplos de la literatura hispanoamericana, comenzando por un texto&#8230;<\/p>\n","protected":false},"author":43,"featured_media":32469,"comment_status":"closed","ping_status":"closed","template":"","tags":[4259,977,3812,3751,4165],"tribe_events_cat":[472,471,4,186],"acf":[],"yoast_head":"<!-- This site is optimized with the Yoast SEO plugin v21.3 - https:\/\/yoast.com\/wordpress\/plugins\/seo\/ -->\n<title>Literatura hispanoamericana: del Popul Vuh a la \u201ccuriosidad barroca\u201d - ULL - Agenda<\/title>\n<meta name=\"robots\" content=\"index, follow, max-snippet:-1, max-image-preview:large, max-video-preview:-1\" \/>\n<link rel=\"canonical\" href=\"https:\/\/www.ull.es\/portal\/agenda\/evento\/literatura-hispanoamericana-del-popul-vuh-a-la-curiosidad-barroca\/\" \/>\n<meta property=\"og:locale\" content=\"es_ES\" \/>\n<meta property=\"og:type\" content=\"article\" \/>\n<meta property=\"og:title\" content=\"Literatura hispanoamericana: del Popul Vuh a la \u201ccuriosidad barroca\u201d - ULL - Agenda\" \/>\n<meta property=\"og:description\" content=\"El Aula Cultural de Lengua y Literatura organiza este curso que se celebrar\u00e1 en el Aulario de Guajara los d\u00edas 25 y 27 de octubre, 3, 8 y 10 de noviembre de 2023 en horario de ma\u00f1ana. La actividad consiste en abordar algunos de los primeros ejemplos de la literatura hispanoamericana, comenzando por un texto...\" \/>\n<meta property=\"og:url\" content=\"https:\/\/www.ull.es\/portal\/agenda\/evento\/literatura-hispanoamericana-del-popul-vuh-a-la-curiosidad-barroca\/\" \/>\n<meta property=\"og:site_name\" content=\"ULL - Agenda\" \/>\n<meta property=\"article:modified_time\" content=\"2023-10-24T11:31:51+00:00\" \/>\n<meta property=\"og:image\" content=\"https:\/\/www.ull.es\/portal\/agenda\/wp-content\/uploads\/sites\/12\/2023\/10\/BannerLiteratura.png\" \/>\n\t<meta property=\"og:image:width\" content=\"700\" \/>\n\t<meta property=\"og:image:height\" content=\"350\" \/>\n\t<meta property=\"og:image:type\" content=\"image\/png\" \/>\n<meta name=\"twitter:card\" content=\"summary_large_image\" \/>\n<meta name=\"twitter:label1\" content=\"Tiempo de lectura\" \/>\n\t<meta name=\"twitter:data1\" content=\"2 minutos\" \/>\n<script type=\"application\/ld+json\" class=\"yoast-schema-graph\">{\"@context\":\"https:\/\/schema.org\",\"@graph\":[{\"@type\":\"WebPage\",\"@id\":\"https:\/\/www.ull.es\/portal\/agenda\/evento\/literatura-hispanoamericana-del-popul-vuh-a-la-curiosidad-barroca\/\",\"url\":\"https:\/\/www.ull.es\/portal\/agenda\/evento\/literatura-hispanoamericana-del-popul-vuh-a-la-curiosidad-barroca\/\",\"name\":\"Literatura hispanoamericana: del Popul Vuh a la \u201ccuriosidad barroca\u201d - ULL - Agenda\",\"isPartOf\":{\"@id\":\"https:\/\/www.ull.es\/portal\/agenda\/#website\"},\"datePublished\":\"2023-10-10T13:38:48+00:00\",\"dateModified\":\"2023-10-24T11:31:51+00:00\",\"breadcrumb\":{\"@id\":\"https:\/\/www.ull.es\/portal\/agenda\/evento\/literatura-hispanoamericana-del-popul-vuh-a-la-curiosidad-barroca\/#breadcrumb\"},\"inLanguage\":\"es\",\"potentialAction\":[{\"@type\":\"ReadAction\",\"target\":[\"https:\/\/www.ull.es\/portal\/agenda\/evento\/literatura-hispanoamericana-del-popul-vuh-a-la-curiosidad-barroca\/\"]}]},{\"@type\":\"BreadcrumbList\",\"@id\":\"https:\/\/www.ull.es\/portal\/agenda\/evento\/literatura-hispanoamericana-del-popul-vuh-a-la-curiosidad-barroca\/#breadcrumb\",\"itemListElement\":[{\"@type\":\"ListItem\",\"position\":1,\"name\":\"Portada\",\"item\":\"https:\/\/www.ull.es\/portal\/agenda\/\"},{\"@type\":\"ListItem\",\"position\":2,\"name\":\"Literatura hispanoamericana: del Popul Vuh a la \u201ccuriosidad barroca\u201d\"}]},{\"@type\":\"WebSite\",\"@id\":\"https:\/\/www.ull.es\/portal\/agenda\/#website\",\"url\":\"https:\/\/www.ull.es\/portal\/agenda\/\",\"name\":\"ULL - Agenda\",\"description\":\"\",\"potentialAction\":[{\"@type\":\"SearchAction\",\"target\":{\"@type\":\"EntryPoint\",\"urlTemplate\":\"https:\/\/www.ull.es\/portal\/agenda\/?s={search_term_string}\"},\"query-input\":\"required name=search_term_string\"}],\"inLanguage\":\"es\"}]}<\/script>\n<!-- \/ Yoast SEO plugin. -->","yoast_head_json":{"title":"Literatura hispanoamericana: del Popul Vuh a la \u201ccuriosidad barroca\u201d - ULL - Agenda","robots":{"index":"index","follow":"follow","max-snippet":"max-snippet:-1","max-image-preview":"max-image-preview:large","max-video-preview":"max-video-preview:-1"},"canonical":"https:\/\/www.ull.es\/portal\/agenda\/evento\/literatura-hispanoamericana-del-popul-vuh-a-la-curiosidad-barroca\/","og_locale":"es_ES","og_type":"article","og_title":"Literatura hispanoamericana: del Popul Vuh a la \u201ccuriosidad barroca\u201d - ULL - Agenda","og_description":"El Aula Cultural de Lengua y Literatura organiza este curso que se celebrar\u00e1 en el Aulario de Guajara los d\u00edas 25 y 27 de octubre, 3, 8 y 10 de noviembre de 2023 en horario de ma\u00f1ana. La actividad consiste en abordar algunos de los primeros ejemplos de la literatura hispanoamericana, comenzando por un texto...","og_url":"https:\/\/www.ull.es\/portal\/agenda\/evento\/literatura-hispanoamericana-del-popul-vuh-a-la-curiosidad-barroca\/","og_site_name":"ULL - Agenda","article_modified_time":"2023-10-24T11:31:51+00:00","og_image":[{"width":700,"height":350,"url":"https:\/\/www.ull.es\/portal\/agenda\/wp-content\/uploads\/sites\/12\/2023\/10\/BannerLiteratura.png","type":"image\/png"}],"twitter_card":"summary_large_image","twitter_misc":{"Tiempo de lectura":"2 minutos"},"schema":{"@context":"https:\/\/schema.org","@graph":[{"@type":"WebPage","@id":"https:\/\/www.ull.es\/portal\/agenda\/evento\/literatura-hispanoamericana-del-popul-vuh-a-la-curiosidad-barroca\/","url":"https:\/\/www.ull.es\/portal\/agenda\/evento\/literatura-hispanoamericana-del-popul-vuh-a-la-curiosidad-barroca\/","name":"Literatura hispanoamericana: del Popul Vuh a la \u201ccuriosidad barroca\u201d - ULL - Agenda","isPartOf":{"@id":"https:\/\/www.ull.es\/portal\/agenda\/#website"},"datePublished":"2023-10-10T13:38:48+00:00","dateModified":"2023-10-24T11:31:51+00:00","breadcrumb":{"@id":"https:\/\/www.ull.es\/portal\/agenda\/evento\/literatura-hispanoamericana-del-popul-vuh-a-la-curiosidad-barroca\/#breadcrumb"},"inLanguage":"es","potentialAction":[{"@type":"ReadAction","target":["https:\/\/www.ull.es\/portal\/agenda\/evento\/literatura-hispanoamericana-del-popul-vuh-a-la-curiosidad-barroca\/"]}]},{"@type":"BreadcrumbList","@id":"https:\/\/www.ull.es\/portal\/agenda\/evento\/literatura-hispanoamericana-del-popul-vuh-a-la-curiosidad-barroca\/#breadcrumb","itemListElement":[{"@type":"ListItem","position":1,"name":"Portada","item":"https:\/\/www.ull.es\/portal\/agenda\/"},{"@type":"ListItem","position":2,"name":"Literatura hispanoamericana: del Popul Vuh a la \u201ccuriosidad barroca\u201d"}]},{"@type":"WebSite","@id":"https:\/\/www.ull.es\/portal\/agenda\/#website","url":"https:\/\/www.ull.es\/portal\/agenda\/","name":"ULL - Agenda","description":"","potentialAction":[{"@type":"SearchAction","target":{"@type":"EntryPoint","urlTemplate":"https:\/\/www.ull.es\/portal\/agenda\/?s={search_term_string}"},"query-input":"required name=search_term_string"}],"inLanguage":"es"}]}},"_links":{"self":[{"href":"https:\/\/www.ull.es\/portal\/agenda\/wp-json\/wp\/v2\/tribe_events\/32468"}],"collection":[{"href":"https:\/\/www.ull.es\/portal\/agenda\/wp-json\/wp\/v2\/tribe_events"}],"about":[{"href":"https:\/\/www.ull.es\/portal\/agenda\/wp-json\/wp\/v2\/types\/tribe_events"}],"author":[{"embeddable":true,"href":"https:\/\/www.ull.es\/portal\/agenda\/wp-json\/wp\/v2\/users\/43"}],"replies":[{"embeddable":true,"href":"https:\/\/www.ull.es\/portal\/agenda\/wp-json\/wp\/v2\/comments?post=32468"}],"version-history":[{"count":3,"href":"https:\/\/www.ull.es\/portal\/agenda\/wp-json\/wp\/v2\/tribe_events\/32468\/revisions"}],"predecessor-version":[{"id":32675,"href":"https:\/\/www.ull.es\/portal\/agenda\/wp-json\/wp\/v2\/tribe_events\/32468\/revisions\/32675"}],"wp:featuredmedia":[{"embeddable":true,"href":"https:\/\/www.ull.es\/portal\/agenda\/wp-json\/wp\/v2\/media\/32469"}],"wp:attachment":[{"href":"https:\/\/www.ull.es\/portal\/agenda\/wp-json\/wp\/v2\/media?parent=32468"}],"wp:term":[{"taxonomy":"post_tag","embeddable":true,"href":"https:\/\/www.ull.es\/portal\/agenda\/wp-json\/wp\/v2\/tags?post=32468"},{"taxonomy":"tribe_events_cat","embeddable":true,"href":"https:\/\/www.ull.es\/portal\/agenda\/wp-json\/wp\/v2\/tribe_events_cat?post=32468"}],"curies":[{"name":"wp","href":"https:\/\/api.w.org\/{rel}","templated":true}]}}

<p>El Aula Cultural de Lengua y Literatura organiza este curso que se celebrará en el Aulario de Guajara los días 25 y 27 de octubre, 3, 8 y 10 de noviembre de 2023 en horario de mañana.</p>
<p>La actividad consiste en abordar algunos de los primeros ejemplos de la literatura hispanoamericana, comenzando por un texto fundamental del periodo precolombino (el <em>Popul Vuh</em>), deteniéndonos en un autor del siglo XVI (Guamán Poma de Ayala), hasta llegar a la obra de dos autores del siglo XVII (Sor Juana Inés de la Cruz y Carlos de Sigüenza y Góngora), al calor de lo que se conoce como “barroco americano”.</p>
<p>El enfoque del curso privilegiará la lectura comprensiva de extractos significativos de dichos autores y obras, ubicándolos en un contexto histórico y epistémico concretos, al mismo tiempo que estableciendo conexiones con el presente. Ello permitirá proceder a un análisis textual amplio, con el que trazar una diacronía estética útil para que el alumnado se acerque a las manifestaciones iniciales de lo que se conocerá después como el canon de la literatura hispanoamericana</p>
<p>Dirigido al alumnado de 2º curso de Grado de Español: Lengua y Literatura. Alumnado de la Facultad de Filología. Público interesado.</p>
<p>Imparte: Paula Fernández Hernández. Profesora del Departamento de Filología Española de la Universidad de La Laguna.</p>
<p>Dirección académica: Nieves María Concepción Lorenzo. Profesora Titular de Universidad. Departamento de Filología Española de la Universidad de La Laguna.</p>
<p><strong>CERTIFICADO DE ASISTENCIA, APTITUD Y RECONOCIMIENTO POR CRÉDITO ECTS</strong></p>
<p>La ULL, a través del Vicerrectorado de Cultura y Extensión Universitaria, emitirá un certificado de asistencia a todas aquellas personas que asistan a un mínimo del 80% de las horas lectivas presenciales. Asimismo, aquellas personas que superen el trabajo autónomo del alumnado, recibirán un certificado de asistencia y aprovechamiento, reconocible a su vez por un crédito ECTS.</p>
<p><a href="https://sede.fg.ull.es/es/curso/detalle/a23020269/literatura-hispanoamericana-del-popul-vuh-a-la-curiosidad-barroca" target="_blank" rel="noopener noreferrer" target="_blank" rel="noopener"><strong><u>Más información e inscripción aquí.</u></strong></a></p>
<p><strong>Contacto: 922 319 616 / 922 319 626 – </strong><a href="mailto:extuni@ull.edu.es" target="_blank" rel="noopener" target="_blank" rel="noopener"><strong>extuni@ull.es</strong></a></p>

<p>El Aula Cultural de Lengua y Literatura organiza este curso que se celebrará en el Aulario de Guajara los días 25 y 27 de octubre, 3, 8 y 10 de noviembre de 2023 en horario de mañana. La actividad consiste en abordar algunos de los primeros ejemplos de la literatura hispanoamericana, comenzando por un texto&#8230;</p>

<!-- This site is optimized with the Yoast SEO plugin v21.3 - https://yoast.com/wordpress/plugins/seo/ -->
<title>Literatura hispanoamericana: del Popul Vuh a la “curiosidad barroca” - ULL - Agenda</title>
<meta name="robots" content="index, follow, max-snippet:-1, max-image-preview:large, max-video-preview:-1" />
<link rel="canonical" href="https://www.ull.es/portal/agenda/evento/literatura-hispanoamericana-del-popul-vuh-a-la-curiosidad-barroca/" />
<meta property="og:locale" content="es_ES" />
<meta property="og:type" content="article" />
<meta property="og:title" content="Literatura hispanoamericana: del Popul Vuh a la “curiosidad barroca” - ULL - Agenda" />
<meta property="og:description" content="El Aula Cultural de Lengua y Literatura organiza este curso que se celebrará en el Aulario de Guajara los días 25 y 27 de octubre, 3, 8 y 10 de noviembre de 2023 en horario de mañana. La actividad consiste en abordar algunos de los primeros ejemplos de la literatura hispanoamericana, comenzando por un texto..." />
<meta property="og:url" content="https://www.ull.es/portal/agenda/evento/literatura-hispanoamericana-del-popul-vuh-a-la-curiosidad-barroca/" />
<meta property="og:site_name" content="ULL - Agenda" />
<meta property="article:modified_time" content="2023-10-24T11:31:51+00:00" />
<meta property="og:image" content="https://www.ull.es/portal/agenda/wp-content/uploads/sites/12/2023/10/BannerLiteratura.png" />
	<meta property="og:image:width" content="700" />
	<meta property="og:image:height" content="350" />
	<meta property="og:image:type" content="image/png" />
<meta name="twitter:card" content="summary_large_image" />
<meta name="twitter:label1" content="Tiempo de lectura" />
	<meta name="twitter:data1" content="2 minutos" />
<script type="application/ld+json" class="yoast-schema-graph">{"@context":"https://schema.org","@graph":[{"@type":"WebPage","@id":"https://www.ull.es/portal/agenda/evento/literatura-hispanoamericana-del-popul-vuh-a-la-curiosidad-barroca/","url":"https://www.ull.es/portal/agenda/evento/literatura-hispanoamericana-del-popul-vuh-a-la-curiosidad-barroca/","name":"Literatura hispanoamericana: del Popul Vuh a la “curiosidad barroca” - ULL - Agenda","isPartOf":{"@id":"https://www.ull.es/portal/agenda/#website"},"datePublished":"2023-10-10T13:38:48+00:00","dateModified":"2023-10-24T11:31:51+00:00","breadcrumb":{"@id":"https://www.ull.es/portal/agenda/evento/literatura-hispanoamericana-del-popul-vuh-a-la-curiosidad-barroca/#breadcrumb"},"inLanguage":"es","potentialAction":[{"@type":"ReadAction","target":["https://www.ull.es/portal/agenda/evento/literatura-hispanoamericana-del-popul-vuh-a-la-curiosidad-barroca/"]}]},{"@type":"BreadcrumbList","@id":"https://www.ull.es/portal/agenda/evento/literatura-hispanoamericana-del-popul-vuh-a-la-curiosidad-barroca/#breadcrumb","itemListElement":[{"@type":"ListItem","position":1,"name":"Portada","item":"https://www.ull.es/portal/agenda/"},{"@type":"ListItem","position":2,"name":"Literatura hispanoamericana: del Popul Vuh a la “curiosidad barroca”"}]},{"@type":"WebSite","@id":"https://www.ull.es/portal/agenda/#website","url":"https://www.ull.es/portal/agenda/","name":"ULL - Agenda","description":"","potentialAction":[{"@type":"SearchAction","target":{"@type":"EntryPoint","urlTemplate":"https://www.ull.es/portal/agenda/?s={search_term_string}"},"query-input":"required name=search_term_string"}],"inLanguage":"es"}]}</script>
<!-- / Yoast SEO plugin. -->

El Aula Cultural de Lengua y Literatura organiza este curso que se celebrará en el Aulario de Guajara los días 25 y 27 de octubre, 3, 8 y 10 de noviembre de 2023 en horario de mañana. La actividad consiste en abordar algunos de los primeros ejemplos de la literatura hispanoamericana, comenzando por un texto...
