{"id":32529,"date":"2023-10-16T07:47:06","date_gmt":"2023-10-16T07:47:06","guid":{"rendered":"https:\/\/www.ull.es\/portal\/agenda\/?post_type=tribe_events&#038;p=32529"},"modified":"2023-10-16T11:48:42","modified_gmt":"2023-10-16T11:48:42","slug":"taller-narrativas-sobre-migraciones-y-nuevas-ciudadanias","status":"publish","type":"tribe_events","link":"https:\/\/www.ull.es\/portal\/agenda\/evento\/taller-narrativas-sobre-migraciones-y-nuevas-ciudadanias\/","title":{"rendered":"Taller: Narrativas sobre Migraciones y Nuevas Ciudadan\u00edas"},"content":{"rendered":"<p style=\"font-weight: 400;\">El Taller\u00a0<em>Narrativas sobre Migraciones y nuevas ciudadan\u00edas<\/em>\u00a0es una continuaci\u00f3n de los seminarios coordinados por la C\u00e1tedra Globalizaci\u00f3n, Migraciones y Nuevas Ciudadan\u00edas, asociaciones de migrantes y asociaciones y colectivos relacionados con las migraciones. Su principal objetivo es crear narrativas sobre los procesos migratorios acordes a la situaci\u00f3n actual. Es decir, relatos que reflejen la realidad global, conectada y dependiente de m\u00faltiples aspectos sociales, y, sobre todo, de la movilizaci\u00f3n de colectivos migratorios que, desde hace dos d\u00e9cadas, intentan ser part\u00edcipes en igualdad de oportunidades.<\/p>\n<p style=\"font-weight: 400;\">Para cumplir con este objetivo se invita a los colectivos migrantes a participar en este taller del d\u00eda 16 de octubre que tendr\u00e1 lugar en la Biblioteca de la Universidad de La Laguna de 17:00 a 20:00 horas. Ser\u00e1 dinamizado por la asociaci\u00f3n Danzarte Canarias. La actividad se plantea unir la labor de documentaci\u00f3n de las asociaciones migrantes en Canarias, comenzando por la isla de Tenerife, con la creaci\u00f3n de redes y la definici\u00f3n de metas comunes. Con este fin, se hace llamamiento a los colectivos interesados para que re\u00fanan material documental sobre la trayectoria de su asociaci\u00f3n, logros que quieran resaltar, metas que persiguen o aspectos que crean conveniente resaltar, todo esto con el fin de crear carteles\/murallas donde quede reflejado. Toda la producci\u00f3n del taller, fotos, recortes de prensa, cartas, escritos, etc., conformar\u00e1n el material de una exposici\u00f3n y\/o publicaci\u00f3n m\u00e1s amplia sobre estas narrativas y nuevas ciudadan\u00edas.<\/p>\n","protected":false},"excerpt":{"rendered":"<p>El Taller\u00a0Narrativas sobre Migraciones y nuevas ciudadan\u00edas\u00a0es una continuaci\u00f3n de los seminarios coordinados por la C\u00e1tedra Globalizaci\u00f3n, Migraciones y Nuevas Ciudadan\u00edas, asociaciones de migrantes y asociaciones y colectivos relacionados con las migraciones. Su principal objetivo es crear narrativas sobre los procesos migratorios acordes a la situaci\u00f3n actual. Es decir, relatos que reflejen la realidad global,&#8230;<\/p>\n","protected":false},"author":65,"featured_media":32547,"comment_status":"closed","ping_status":"closed","template":"","tags":[],"tribe_events_cat":[4,3308,191],"acf":[],"yoast_head":"<!-- This site is optimized with the Yoast SEO plugin v21.3 - https:\/\/yoast.com\/wordpress\/plugins\/seo\/ -->\n<title>Taller: Narrativas sobre Migraciones y Nuevas Ciudadan\u00edas - ULL - Agenda<\/title>\n<meta name=\"robots\" content=\"index, follow, max-snippet:-1, max-image-preview:large, max-video-preview:-1\" \/>\n<link rel=\"canonical\" href=\"https:\/\/www.ull.es\/portal\/agenda\/evento\/taller-narrativas-sobre-migraciones-y-nuevas-ciudadanias\/\" \/>\n<meta property=\"og:locale\" content=\"es_ES\" \/>\n<meta property=\"og:type\" content=\"article\" \/>\n<meta property=\"og:title\" content=\"Taller: Narrativas sobre Migraciones y Nuevas Ciudadan\u00edas - ULL - Agenda\" \/>\n<meta property=\"og:description\" content=\"El Taller\u00a0Narrativas sobre Migraciones y nuevas ciudadan\u00edas\u00a0es una continuaci\u00f3n de los seminarios coordinados por la C\u00e1tedra Globalizaci\u00f3n, Migraciones y Nuevas Ciudadan\u00edas, asociaciones de migrantes y asociaciones y colectivos relacionados con las migraciones. Su principal objetivo es crear narrativas sobre los procesos migratorios acordes a la situaci\u00f3n actual. Es decir, relatos que reflejen la realidad global,...\" \/>\n<meta property=\"og:url\" content=\"https:\/\/www.ull.es\/portal\/agenda\/evento\/taller-narrativas-sobre-migraciones-y-nuevas-ciudadanias\/\" \/>\n<meta property=\"og:site_name\" content=\"ULL - Agenda\" \/>\n<meta property=\"article:modified_time\" content=\"2023-10-16T11:48:42+00:00\" \/>\n<meta property=\"og:image\" content=\"https:\/\/www.ull.es\/portal\/agenda\/wp-content\/uploads\/sites\/12\/2023\/10\/Taller-Narrativas-sobre-Migraciones-y-Nuevas-Ciudadanias_Eventos.png\" \/>\n\t<meta property=\"og:image:width\" content=\"751\" \/>\n\t<meta property=\"og:image:height\" content=\"370\" \/>\n\t<meta property=\"og:image:type\" content=\"image\/png\" \/>\n<meta name=\"twitter:card\" content=\"summary_large_image\" \/>\n<meta name=\"twitter:label1\" content=\"Tiempo de lectura\" \/>\n\t<meta name=\"twitter:data1\" content=\"2 minutos\" \/>\n<script type=\"application\/ld+json\" class=\"yoast-schema-graph\">{\"@context\":\"https:\/\/schema.org\",\"@graph\":[{\"@type\":\"WebPage\",\"@id\":\"https:\/\/www.ull.es\/portal\/agenda\/evento\/taller-narrativas-sobre-migraciones-y-nuevas-ciudadanias\/\",\"url\":\"https:\/\/www.ull.es\/portal\/agenda\/evento\/taller-narrativas-sobre-migraciones-y-nuevas-ciudadanias\/\",\"name\":\"Taller: Narrativas sobre Migraciones y Nuevas Ciudadan\u00edas - ULL - Agenda\",\"isPartOf\":{\"@id\":\"https:\/\/www.ull.es\/portal\/agenda\/#website\"},\"datePublished\":\"2023-10-16T07:47:06+00:00\",\"dateModified\":\"2023-10-16T11:48:42+00:00\",\"breadcrumb\":{\"@id\":\"https:\/\/www.ull.es\/portal\/agenda\/evento\/taller-narrativas-sobre-migraciones-y-nuevas-ciudadanias\/#breadcrumb\"},\"inLanguage\":\"es\",\"potentialAction\":[{\"@type\":\"ReadAction\",\"target\":[\"https:\/\/www.ull.es\/portal\/agenda\/evento\/taller-narrativas-sobre-migraciones-y-nuevas-ciudadanias\/\"]}]},{\"@type\":\"BreadcrumbList\",\"@id\":\"https:\/\/www.ull.es\/portal\/agenda\/evento\/taller-narrativas-sobre-migraciones-y-nuevas-ciudadanias\/#breadcrumb\",\"itemListElement\":[{\"@type\":\"ListItem\",\"position\":1,\"name\":\"Portada\",\"item\":\"https:\/\/www.ull.es\/portal\/agenda\/\"},{\"@type\":\"ListItem\",\"position\":2,\"name\":\"Taller: Narrativas sobre Migraciones y Nuevas Ciudadan\u00edas\"}]},{\"@type\":\"WebSite\",\"@id\":\"https:\/\/www.ull.es\/portal\/agenda\/#website\",\"url\":\"https:\/\/www.ull.es\/portal\/agenda\/\",\"name\":\"ULL - Agenda\",\"description\":\"\",\"potentialAction\":[{\"@type\":\"SearchAction\",\"target\":{\"@type\":\"EntryPoint\",\"urlTemplate\":\"https:\/\/www.ull.es\/portal\/agenda\/?s={search_term_string}\"},\"query-input\":\"required name=search_term_string\"}],\"inLanguage\":\"es\"}]}<\/script>\n<!-- \/ Yoast SEO plugin. -->","yoast_head_json":{"title":"Taller: Narrativas sobre Migraciones y Nuevas Ciudadan\u00edas - ULL - Agenda","robots":{"index":"index","follow":"follow","max-snippet":"max-snippet:-1","max-image-preview":"max-image-preview:large","max-video-preview":"max-video-preview:-1"},"canonical":"https:\/\/www.ull.es\/portal\/agenda\/evento\/taller-narrativas-sobre-migraciones-y-nuevas-ciudadanias\/","og_locale":"es_ES","og_type":"article","og_title":"Taller: Narrativas sobre Migraciones y Nuevas Ciudadan\u00edas - ULL - Agenda","og_description":"El Taller\u00a0Narrativas sobre Migraciones y nuevas ciudadan\u00edas\u00a0es una continuaci\u00f3n de los seminarios coordinados por la C\u00e1tedra Globalizaci\u00f3n, Migraciones y Nuevas Ciudadan\u00edas, asociaciones de migrantes y asociaciones y colectivos relacionados con las migraciones. Su principal objetivo es crear narrativas sobre los procesos migratorios acordes a la situaci\u00f3n actual. Es decir, relatos que reflejen la realidad global,...","og_url":"https:\/\/www.ull.es\/portal\/agenda\/evento\/taller-narrativas-sobre-migraciones-y-nuevas-ciudadanias\/","og_site_name":"ULL - Agenda","article_modified_time":"2023-10-16T11:48:42+00:00","og_image":[{"width":751,"height":370,"url":"https:\/\/www.ull.es\/portal\/agenda\/wp-content\/uploads\/sites\/12\/2023\/10\/Taller-Narrativas-sobre-Migraciones-y-Nuevas-Ciudadanias_Eventos.png","type":"image\/png"}],"twitter_card":"summary_large_image","twitter_misc":{"Tiempo de lectura":"2 minutos"},"schema":{"@context":"https:\/\/schema.org","@graph":[{"@type":"WebPage","@id":"https:\/\/www.ull.es\/portal\/agenda\/evento\/taller-narrativas-sobre-migraciones-y-nuevas-ciudadanias\/","url":"https:\/\/www.ull.es\/portal\/agenda\/evento\/taller-narrativas-sobre-migraciones-y-nuevas-ciudadanias\/","name":"Taller: Narrativas sobre Migraciones y Nuevas Ciudadan\u00edas - ULL - Agenda","isPartOf":{"@id":"https:\/\/www.ull.es\/portal\/agenda\/#website"},"datePublished":"2023-10-16T07:47:06+00:00","dateModified":"2023-10-16T11:48:42+00:00","breadcrumb":{"@id":"https:\/\/www.ull.es\/portal\/agenda\/evento\/taller-narrativas-sobre-migraciones-y-nuevas-ciudadanias\/#breadcrumb"},"inLanguage":"es","potentialAction":[{"@type":"ReadAction","target":["https:\/\/www.ull.es\/portal\/agenda\/evento\/taller-narrativas-sobre-migraciones-y-nuevas-ciudadanias\/"]}]},{"@type":"BreadcrumbList","@id":"https:\/\/www.ull.es\/portal\/agenda\/evento\/taller-narrativas-sobre-migraciones-y-nuevas-ciudadanias\/#breadcrumb","itemListElement":[{"@type":"ListItem","position":1,"name":"Portada","item":"https:\/\/www.ull.es\/portal\/agenda\/"},{"@type":"ListItem","position":2,"name":"Taller: Narrativas sobre Migraciones y Nuevas Ciudadan\u00edas"}]},{"@type":"WebSite","@id":"https:\/\/www.ull.es\/portal\/agenda\/#website","url":"https:\/\/www.ull.es\/portal\/agenda\/","name":"ULL - Agenda","description":"","potentialAction":[{"@type":"SearchAction","target":{"@type":"EntryPoint","urlTemplate":"https:\/\/www.ull.es\/portal\/agenda\/?s={search_term_string}"},"query-input":"required name=search_term_string"}],"inLanguage":"es"}]}},"_links":{"self":[{"href":"https:\/\/www.ull.es\/portal\/agenda\/wp-json\/wp\/v2\/tribe_events\/32529"}],"collection":[{"href":"https:\/\/www.ull.es\/portal\/agenda\/wp-json\/wp\/v2\/tribe_events"}],"about":[{"href":"https:\/\/www.ull.es\/portal\/agenda\/wp-json\/wp\/v2\/types\/tribe_events"}],"author":[{"embeddable":true,"href":"https:\/\/www.ull.es\/portal\/agenda\/wp-json\/wp\/v2\/users\/65"}],"replies":[{"embeddable":true,"href":"https:\/\/www.ull.es\/portal\/agenda\/wp-json\/wp\/v2\/comments?post=32529"}],"version-history":[{"count":1,"href":"https:\/\/www.ull.es\/portal\/agenda\/wp-json\/wp\/v2\/tribe_events\/32529\/revisions"}],"predecessor-version":[{"id":32530,"href":"https:\/\/www.ull.es\/portal\/agenda\/wp-json\/wp\/v2\/tribe_events\/32529\/revisions\/32530"}],"wp:featuredmedia":[{"embeddable":true,"href":"https:\/\/www.ull.es\/portal\/agenda\/wp-json\/wp\/v2\/media\/32547"}],"wp:attachment":[{"href":"https:\/\/www.ull.es\/portal\/agenda\/wp-json\/wp\/v2\/media?parent=32529"}],"wp:term":[{"taxonomy":"post_tag","embeddable":true,"href":"https:\/\/www.ull.es\/portal\/agenda\/wp-json\/wp\/v2\/tags?post=32529"},{"taxonomy":"tribe_events_cat","embeddable":true,"href":"https:\/\/www.ull.es\/portal\/agenda\/wp-json\/wp\/v2\/tribe_events_cat?post=32529"}],"curies":[{"name":"wp","href":"https:\/\/api.w.org\/{rel}","templated":true}]}}

Taller: Narrativas sobre Migraciones y Nuevas Ciudadanías

<p style="font-weight: 400;">El Taller <em>Narrativas sobre Migraciones y nuevas ciudadanías</em> es una continuación de los seminarios coordinados por la Cátedra Globalización, Migraciones y Nuevas Ciudadanías, asociaciones de migrantes y asociaciones y colectivos relacionados con las migraciones. Su principal objetivo es crear narrativas sobre los procesos migratorios acordes a la situación actual. Es decir, relatos que reflejen la realidad global, conectada y dependiente de múltiples aspectos sociales, y, sobre todo, de la movilización de colectivos migratorios que, desde hace dos décadas, intentan ser partícipes en igualdad de oportunidades.</p>
<p style="font-weight: 400;">Para cumplir con este objetivo se invita a los colectivos migrantes a participar en este taller del día 16 de octubre que tendrá lugar en la Biblioteca de la Universidad de La Laguna de 17:00 a 20:00 horas. Será dinamizado por la asociación Danzarte Canarias. La actividad se plantea unir la labor de documentación de las asociaciones migrantes en Canarias, comenzando por la isla de Tenerife, con la creación de redes y la definición de metas comunes. Con este fin, se hace llamamiento a los colectivos interesados para que reúnan material documental sobre la trayectoria de su asociación, logros que quieran resaltar, metas que persiguen o aspectos que crean conveniente resaltar, todo esto con el fin de crear carteles/murallas donde quede reflejado. Toda la producción del taller, fotos, recortes de prensa, cartas, escritos, etc., conformarán el material de una exposición y/o publicación más amplia sobre estas narrativas y nuevas ciudadanías.</p>

<p>El Taller Narrativas sobre Migraciones y nuevas ciudadanías es una continuación de los seminarios coordinados por la Cátedra Globalización, Migraciones y Nuevas Ciudadanías, asociaciones de migrantes y asociaciones y colectivos relacionados con las migraciones. Su principal objetivo es crear narrativas sobre los procesos migratorios acordes a la situación actual. Es decir, relatos que reflejen la realidad global,&#8230;</p>

<!-- This site is optimized with the Yoast SEO plugin v21.3 - https://yoast.com/wordpress/plugins/seo/ -->
<title>Taller: Narrativas sobre Migraciones y Nuevas Ciudadanías - ULL - Agenda</title>
<meta name="robots" content="index, follow, max-snippet:-1, max-image-preview:large, max-video-preview:-1" />
<link rel="canonical" href="https://www.ull.es/portal/agenda/evento/taller-narrativas-sobre-migraciones-y-nuevas-ciudadanias/" />
<meta property="og:locale" content="es_ES" />
<meta property="og:type" content="article" />
<meta property="og:title" content="Taller: Narrativas sobre Migraciones y Nuevas Ciudadanías - ULL - Agenda" />
<meta property="og:description" content="El Taller Narrativas sobre Migraciones y nuevas ciudadanías es una continuación de los seminarios coordinados por la Cátedra Globalización, Migraciones y Nuevas Ciudadanías, asociaciones de migrantes y asociaciones y colectivos relacionados con las migraciones. Su principal objetivo es crear narrativas sobre los procesos migratorios acordes a la situación actual. Es decir, relatos que reflejen la realidad global,..." />
<meta property="og:url" content="https://www.ull.es/portal/agenda/evento/taller-narrativas-sobre-migraciones-y-nuevas-ciudadanias/" />
<meta property="og:site_name" content="ULL - Agenda" />
<meta property="article:modified_time" content="2023-10-16T11:48:42+00:00" />
<meta property="og:image" content="https://www.ull.es/portal/agenda/wp-content/uploads/sites/12/2023/10/Taller-Narrativas-sobre-Migraciones-y-Nuevas-Ciudadanias_Eventos.png" />
	<meta property="og:image:width" content="751" />
	<meta property="og:image:height" content="370" />
	<meta property="og:image:type" content="image/png" />
<meta name="twitter:card" content="summary_large_image" />
<meta name="twitter:label1" content="Tiempo de lectura" />
	<meta name="twitter:data1" content="2 minutos" />
<script type="application/ld+json" class="yoast-schema-graph">{"@context":"https://schema.org","@graph":[{"@type":"WebPage","@id":"https://www.ull.es/portal/agenda/evento/taller-narrativas-sobre-migraciones-y-nuevas-ciudadanias/","url":"https://www.ull.es/portal/agenda/evento/taller-narrativas-sobre-migraciones-y-nuevas-ciudadanias/","name":"Taller: Narrativas sobre Migraciones y Nuevas Ciudadanías - ULL - Agenda","isPartOf":{"@id":"https://www.ull.es/portal/agenda/#website"},"datePublished":"2023-10-16T07:47:06+00:00","dateModified":"2023-10-16T11:48:42+00:00","breadcrumb":{"@id":"https://www.ull.es/portal/agenda/evento/taller-narrativas-sobre-migraciones-y-nuevas-ciudadanias/#breadcrumb"},"inLanguage":"es","potentialAction":[{"@type":"ReadAction","target":["https://www.ull.es/portal/agenda/evento/taller-narrativas-sobre-migraciones-y-nuevas-ciudadanias/"]}]},{"@type":"BreadcrumbList","@id":"https://www.ull.es/portal/agenda/evento/taller-narrativas-sobre-migraciones-y-nuevas-ciudadanias/#breadcrumb","itemListElement":[{"@type":"ListItem","position":1,"name":"Portada","item":"https://www.ull.es/portal/agenda/"},{"@type":"ListItem","position":2,"name":"Taller: Narrativas sobre Migraciones y Nuevas Ciudadanías"}]},{"@type":"WebSite","@id":"https://www.ull.es/portal/agenda/#website","url":"https://www.ull.es/portal/agenda/","name":"ULL - Agenda","description":"","potentialAction":[{"@type":"SearchAction","target":{"@type":"EntryPoint","urlTemplate":"https://www.ull.es/portal/agenda/?s={search_term_string}"},"query-input":"required name=search_term_string"}],"inLanguage":"es"}]}</script>
<!-- / Yoast SEO plugin. -->

Taller: Narrativas sobre Migraciones y Nuevas Ciudadanías - ULL - Agenda

El Taller Narrativas sobre Migraciones y nuevas ciudadanías es una continuación de los seminarios coordinados por la Cátedra Globalización, Migraciones y Nuevas Ciudadanías, asociaciones de migrantes y asociaciones y colectivos relacionados con las migraciones. Su principal objetivo es crear narrativas sobre los procesos migratorios acordes a la situación actual. Es decir, relatos que reflejen la realidad global,...
