{"id":32531,"date":"2023-10-16T07:50:28","date_gmt":"2023-10-16T07:50:28","guid":{"rendered":"https:\/\/www.ull.es\/portal\/agenda\/?post_type=tribe_events&#038;p=32531"},"modified":"2023-10-26T07:38:22","modified_gmt":"2023-10-26T07:38:22","slug":"exposicion-representaciones-de-las-nuevas-ciudadanias-convivencia-e-integracion-a-traves-del-asociacionismo-migrante","status":"publish","type":"tribe_events","link":"https:\/\/www.ull.es\/portal\/agenda\/evento\/exposicion-representaciones-de-las-nuevas-ciudadanias-convivencia-e-integracion-a-traves-del-asociacionismo-migrante\/","title":{"rendered":"Exposici\u00f3n. Representaciones de las nuevas ciudadan\u00edas: convivencia e integraci\u00f3n a trav\u00e9s del asociacionismo migrante"},"content":{"rendered":"<p>La exposici\u00f3n\u00a0<em>\u00abRepresentaciones de las nuevas ciudadan\u00edas: convivencia e integraci\u00f3n a trav\u00e9s del asociacionismo migrante\u00bb<\/em>\u00a0cuenta con trabajos de las personas que han transitado por el mundo para llegar a nuestras islas. Por un lado, tenemos la exposici\u00f3n\u00a0<em>\u00abCon otra mirada\u00bb<\/em>\u00a0del Servicio Atenci\u00f3n a Personas Migrantes del Programa Tenerife Isla Solidaria, la exposici\u00f3n fotogr\u00e1fica de German Maymo\u00a0<em>\u201cUna mirada al Pasado, Parte de mi vida\u201d<\/em>\u00a0y la obra de Oumaima Manchit Laroussi. A estos trabajos se suma una pieza de car\u00e1cter documental sobre organizaciones de personas migrantes de Tenerife. Esta \u00faltima se ha realizado en un proceso participativo dinamizado por la Asociaci\u00f3n Danzarte, con el apoyo de la C\u00e1tedra Globalizaci\u00f3n, Migraciones y Nuevas Ciudadan\u00edas, de la Universidad de La Laguna y Sinpromi.<\/p>\n","protected":false},"excerpt":{"rendered":"<p>La exposici\u00f3n\u00a0\u00abRepresentaciones de las nuevas ciudadan\u00edas: convivencia e integraci\u00f3n a trav\u00e9s del asociacionismo migrante\u00bb\u00a0cuenta con trabajos de las personas que han transitado por el mundo para llegar a nuestras islas. Por un lado, tenemos la exposici\u00f3n\u00a0\u00abCon otra mirada\u00bb\u00a0del Servicio Atenci\u00f3n a Personas Migrantes del Programa Tenerife Isla Solidaria, la exposici\u00f3n fotogr\u00e1fica de German Maymo\u00a0\u201cUna mirada&#8230;<\/p>\n","protected":false},"author":65,"featured_media":32583,"comment_status":"closed","ping_status":"closed","template":"","tags":[],"tribe_events_cat":[344,3987,4,19,3308],"acf":[],"yoast_head":"<!-- This site is optimized with the Yoast SEO plugin v21.3 - https:\/\/yoast.com\/wordpress\/plugins\/seo\/ -->\n<title>Exposici\u00f3n. Representaciones de las nuevas ciudadan\u00edas: convivencia e integraci\u00f3n a trav\u00e9s del asociacionismo migrante - ULL - Agenda<\/title>\n<meta name=\"robots\" content=\"index, follow, max-snippet:-1, max-image-preview:large, max-video-preview:-1\" \/>\n<link rel=\"canonical\" href=\"https:\/\/www.ull.es\/portal\/agenda\/evento\/exposicion-representaciones-de-las-nuevas-ciudadanias-convivencia-e-integracion-a-traves-del-asociacionismo-migrante\/\" \/>\n<meta property=\"og:locale\" content=\"es_ES\" \/>\n<meta property=\"og:type\" content=\"article\" \/>\n<meta property=\"og:title\" content=\"Exposici\u00f3n. Representaciones de las nuevas ciudadan\u00edas: convivencia e integraci\u00f3n a trav\u00e9s del asociacionismo migrante - ULL - Agenda\" \/>\n<meta property=\"og:description\" content=\"La exposici\u00f3n\u00a0\u00abRepresentaciones de las nuevas ciudadan\u00edas: convivencia e integraci\u00f3n a trav\u00e9s del asociacionismo migrante\u00bb\u00a0cuenta con trabajos de las personas que han transitado por el mundo para llegar a nuestras islas. Por un lado, tenemos la exposici\u00f3n\u00a0\u00abCon otra mirada\u00bb\u00a0del Servicio Atenci\u00f3n a Personas Migrantes del Programa Tenerife Isla Solidaria, la exposici\u00f3n fotogr\u00e1fica de German Maymo\u00a0\u201cUna mirada...\" \/>\n<meta property=\"og:url\" content=\"https:\/\/www.ull.es\/portal\/agenda\/evento\/exposicion-representaciones-de-las-nuevas-ciudadanias-convivencia-e-integracion-a-traves-del-asociacionismo-migrante\/\" \/>\n<meta property=\"og:site_name\" content=\"ULL - Agenda\" \/>\n<meta property=\"article:modified_time\" content=\"2023-10-26T07:38:22+00:00\" \/>\n<meta property=\"og:image\" content=\"https:\/\/www.ull.es\/portal\/agenda\/wp-content\/uploads\/sites\/12\/2023\/10\/Representaciones-de-las-nuevas-ciudadanias_Eventos.png\" \/>\n\t<meta property=\"og:image:width\" content=\"751\" \/>\n\t<meta property=\"og:image:height\" content=\"370\" \/>\n\t<meta property=\"og:image:type\" content=\"image\/png\" \/>\n<meta name=\"twitter:card\" content=\"summary_large_image\" \/>\n<meta name=\"twitter:label1\" content=\"Tiempo de lectura\" \/>\n\t<meta name=\"twitter:data1\" content=\"1 minuto\" \/>\n<script type=\"application\/ld+json\" class=\"yoast-schema-graph\">{\"@context\":\"https:\/\/schema.org\",\"@graph\":[{\"@type\":\"WebPage\",\"@id\":\"https:\/\/www.ull.es\/portal\/agenda\/evento\/exposicion-representaciones-de-las-nuevas-ciudadanias-convivencia-e-integracion-a-traves-del-asociacionismo-migrante\/\",\"url\":\"https:\/\/www.ull.es\/portal\/agenda\/evento\/exposicion-representaciones-de-las-nuevas-ciudadanias-convivencia-e-integracion-a-traves-del-asociacionismo-migrante\/\",\"name\":\"Exposici\u00f3n. Representaciones de las nuevas ciudadan\u00edas: convivencia e integraci\u00f3n a trav\u00e9s del asociacionismo migrante - ULL - Agenda\",\"isPartOf\":{\"@id\":\"https:\/\/www.ull.es\/portal\/agenda\/#website\"},\"datePublished\":\"2023-10-16T07:50:28+00:00\",\"dateModified\":\"2023-10-26T07:38:22+00:00\",\"breadcrumb\":{\"@id\":\"https:\/\/www.ull.es\/portal\/agenda\/evento\/exposicion-representaciones-de-las-nuevas-ciudadanias-convivencia-e-integracion-a-traves-del-asociacionismo-migrante\/#breadcrumb\"},\"inLanguage\":\"es\",\"potentialAction\":[{\"@type\":\"ReadAction\",\"target\":[\"https:\/\/www.ull.es\/portal\/agenda\/evento\/exposicion-representaciones-de-las-nuevas-ciudadanias-convivencia-e-integracion-a-traves-del-asociacionismo-migrante\/\"]}]},{\"@type\":\"BreadcrumbList\",\"@id\":\"https:\/\/www.ull.es\/portal\/agenda\/evento\/exposicion-representaciones-de-las-nuevas-ciudadanias-convivencia-e-integracion-a-traves-del-asociacionismo-migrante\/#breadcrumb\",\"itemListElement\":[{\"@type\":\"ListItem\",\"position\":1,\"name\":\"Portada\",\"item\":\"https:\/\/www.ull.es\/portal\/agenda\/\"},{\"@type\":\"ListItem\",\"position\":2,\"name\":\"Exposici\u00f3n. Representaciones de las nuevas ciudadan\u00edas: convivencia e integraci\u00f3n a trav\u00e9s del asociacionismo migrante\"}]},{\"@type\":\"WebSite\",\"@id\":\"https:\/\/www.ull.es\/portal\/agenda\/#website\",\"url\":\"https:\/\/www.ull.es\/portal\/agenda\/\",\"name\":\"ULL - Agenda\",\"description\":\"\",\"potentialAction\":[{\"@type\":\"SearchAction\",\"target\":{\"@type\":\"EntryPoint\",\"urlTemplate\":\"https:\/\/www.ull.es\/portal\/agenda\/?s={search_term_string}\"},\"query-input\":\"required name=search_term_string\"}],\"inLanguage\":\"es\"}]}<\/script>\n<!-- \/ Yoast SEO plugin. -->","yoast_head_json":{"title":"Exposici\u00f3n. Representaciones de las nuevas ciudadan\u00edas: convivencia e integraci\u00f3n a trav\u00e9s del asociacionismo migrante - ULL - Agenda","robots":{"index":"index","follow":"follow","max-snippet":"max-snippet:-1","max-image-preview":"max-image-preview:large","max-video-preview":"max-video-preview:-1"},"canonical":"https:\/\/www.ull.es\/portal\/agenda\/evento\/exposicion-representaciones-de-las-nuevas-ciudadanias-convivencia-e-integracion-a-traves-del-asociacionismo-migrante\/","og_locale":"es_ES","og_type":"article","og_title":"Exposici\u00f3n. Representaciones de las nuevas ciudadan\u00edas: convivencia e integraci\u00f3n a trav\u00e9s del asociacionismo migrante - ULL - Agenda","og_description":"La exposici\u00f3n\u00a0\u00abRepresentaciones de las nuevas ciudadan\u00edas: convivencia e integraci\u00f3n a trav\u00e9s del asociacionismo migrante\u00bb\u00a0cuenta con trabajos de las personas que han transitado por el mundo para llegar a nuestras islas. Por un lado, tenemos la exposici\u00f3n\u00a0\u00abCon otra mirada\u00bb\u00a0del Servicio Atenci\u00f3n a Personas Migrantes del Programa Tenerife Isla Solidaria, la exposici\u00f3n fotogr\u00e1fica de German Maymo\u00a0\u201cUna mirada...","og_url":"https:\/\/www.ull.es\/portal\/agenda\/evento\/exposicion-representaciones-de-las-nuevas-ciudadanias-convivencia-e-integracion-a-traves-del-asociacionismo-migrante\/","og_site_name":"ULL - Agenda","article_modified_time":"2023-10-26T07:38:22+00:00","og_image":[{"width":751,"height":370,"url":"https:\/\/www.ull.es\/portal\/agenda\/wp-content\/uploads\/sites\/12\/2023\/10\/Representaciones-de-las-nuevas-ciudadanias_Eventos.png","type":"image\/png"}],"twitter_card":"summary_large_image","twitter_misc":{"Tiempo de lectura":"1 minuto"},"schema":{"@context":"https:\/\/schema.org","@graph":[{"@type":"WebPage","@id":"https:\/\/www.ull.es\/portal\/agenda\/evento\/exposicion-representaciones-de-las-nuevas-ciudadanias-convivencia-e-integracion-a-traves-del-asociacionismo-migrante\/","url":"https:\/\/www.ull.es\/portal\/agenda\/evento\/exposicion-representaciones-de-las-nuevas-ciudadanias-convivencia-e-integracion-a-traves-del-asociacionismo-migrante\/","name":"Exposici\u00f3n. Representaciones de las nuevas ciudadan\u00edas: convivencia e integraci\u00f3n a trav\u00e9s del asociacionismo migrante - ULL - Agenda","isPartOf":{"@id":"https:\/\/www.ull.es\/portal\/agenda\/#website"},"datePublished":"2023-10-16T07:50:28+00:00","dateModified":"2023-10-26T07:38:22+00:00","breadcrumb":{"@id":"https:\/\/www.ull.es\/portal\/agenda\/evento\/exposicion-representaciones-de-las-nuevas-ciudadanias-convivencia-e-integracion-a-traves-del-asociacionismo-migrante\/#breadcrumb"},"inLanguage":"es","potentialAction":[{"@type":"ReadAction","target":["https:\/\/www.ull.es\/portal\/agenda\/evento\/exposicion-representaciones-de-las-nuevas-ciudadanias-convivencia-e-integracion-a-traves-del-asociacionismo-migrante\/"]}]},{"@type":"BreadcrumbList","@id":"https:\/\/www.ull.es\/portal\/agenda\/evento\/exposicion-representaciones-de-las-nuevas-ciudadanias-convivencia-e-integracion-a-traves-del-asociacionismo-migrante\/#breadcrumb","itemListElement":[{"@type":"ListItem","position":1,"name":"Portada","item":"https:\/\/www.ull.es\/portal\/agenda\/"},{"@type":"ListItem","position":2,"name":"Exposici\u00f3n. Representaciones de las nuevas ciudadan\u00edas: convivencia e integraci\u00f3n a trav\u00e9s del asociacionismo migrante"}]},{"@type":"WebSite","@id":"https:\/\/www.ull.es\/portal\/agenda\/#website","url":"https:\/\/www.ull.es\/portal\/agenda\/","name":"ULL - Agenda","description":"","potentialAction":[{"@type":"SearchAction","target":{"@type":"EntryPoint","urlTemplate":"https:\/\/www.ull.es\/portal\/agenda\/?s={search_term_string}"},"query-input":"required name=search_term_string"}],"inLanguage":"es"}]}},"_links":{"self":[{"href":"https:\/\/www.ull.es\/portal\/agenda\/wp-json\/wp\/v2\/tribe_events\/32531"}],"collection":[{"href":"https:\/\/www.ull.es\/portal\/agenda\/wp-json\/wp\/v2\/tribe_events"}],"about":[{"href":"https:\/\/www.ull.es\/portal\/agenda\/wp-json\/wp\/v2\/types\/tribe_events"}],"author":[{"embeddable":true,"href":"https:\/\/www.ull.es\/portal\/agenda\/wp-json\/wp\/v2\/users\/65"}],"replies":[{"embeddable":true,"href":"https:\/\/www.ull.es\/portal\/agenda\/wp-json\/wp\/v2\/comments?post=32531"}],"version-history":[{"count":2,"href":"https:\/\/www.ull.es\/portal\/agenda\/wp-json\/wp\/v2\/tribe_events\/32531\/revisions"}],"predecessor-version":[{"id":32533,"href":"https:\/\/www.ull.es\/portal\/agenda\/wp-json\/wp\/v2\/tribe_events\/32531\/revisions\/32533"}],"wp:featuredmedia":[{"embeddable":true,"href":"https:\/\/www.ull.es\/portal\/agenda\/wp-json\/wp\/v2\/media\/32583"}],"wp:attachment":[{"href":"https:\/\/www.ull.es\/portal\/agenda\/wp-json\/wp\/v2\/media?parent=32531"}],"wp:term":[{"taxonomy":"post_tag","embeddable":true,"href":"https:\/\/www.ull.es\/portal\/agenda\/wp-json\/wp\/v2\/tags?post=32531"},{"taxonomy":"tribe_events_cat","embeddable":true,"href":"https:\/\/www.ull.es\/portal\/agenda\/wp-json\/wp\/v2\/tribe_events_cat?post=32531"}],"curies":[{"name":"wp","href":"https:\/\/api.w.org\/{rel}","templated":true}]}}

Exposición. Representaciones de las nuevas ciudadanías: convivencia e integración a través del asociacionismo migrante

<p>La exposición <em>«Representaciones de las nuevas ciudadanías: convivencia e integración a través del asociacionismo migrante»</em> cuenta con trabajos de las personas que han transitado por el mundo para llegar a nuestras islas. Por un lado, tenemos la exposición <em>«Con otra mirada»</em> del Servicio Atención a Personas Migrantes del Programa Tenerife Isla Solidaria, la exposición fotográfica de German Maymo <em>“Una mirada al Pasado, Parte de mi vida”</em> y la obra de Oumaima Manchit Laroussi. A estos trabajos se suma una pieza de carácter documental sobre organizaciones de personas migrantes de Tenerife. Esta última se ha realizado en un proceso participativo dinamizado por la Asociación Danzarte, con el apoyo de la Cátedra Globalización, Migraciones y Nuevas Ciudadanías, de la Universidad de La Laguna y Sinpromi.</p>

<p>La exposición «Representaciones de las nuevas ciudadanías: convivencia e integración a través del asociacionismo migrante» cuenta con trabajos de las personas que han transitado por el mundo para llegar a nuestras islas. Por un lado, tenemos la exposición «Con otra mirada» del Servicio Atención a Personas Migrantes del Programa Tenerife Isla Solidaria, la exposición fotográfica de German Maymo “Una mirada&#8230;</p>

<!-- This site is optimized with the Yoast SEO plugin v21.3 - https://yoast.com/wordpress/plugins/seo/ -->
<title>Exposición. Representaciones de las nuevas ciudadanías: convivencia e integración a través del asociacionismo migrante - ULL - Agenda</title>
<meta name="robots" content="index, follow, max-snippet:-1, max-image-preview:large, max-video-preview:-1" />
<link rel="canonical" href="https://www.ull.es/portal/agenda/evento/exposicion-representaciones-de-las-nuevas-ciudadanias-convivencia-e-integracion-a-traves-del-asociacionismo-migrante/" />
<meta property="og:locale" content="es_ES" />
<meta property="og:type" content="article" />
<meta property="og:title" content="Exposición. Representaciones de las nuevas ciudadanías: convivencia e integración a través del asociacionismo migrante - ULL - Agenda" />
<meta property="og:description" content="La exposición «Representaciones de las nuevas ciudadanías: convivencia e integración a través del asociacionismo migrante» cuenta con trabajos de las personas que han transitado por el mundo para llegar a nuestras islas. Por un lado, tenemos la exposición «Con otra mirada» del Servicio Atención a Personas Migrantes del Programa Tenerife Isla Solidaria, la exposición fotográfica de German Maymo “Una mirada..." />
<meta property="og:url" content="https://www.ull.es/portal/agenda/evento/exposicion-representaciones-de-las-nuevas-ciudadanias-convivencia-e-integracion-a-traves-del-asociacionismo-migrante/" />
<meta property="og:site_name" content="ULL - Agenda" />
<meta property="article:modified_time" content="2023-10-26T07:38:22+00:00" />
<meta property="og:image" content="https://www.ull.es/portal/agenda/wp-content/uploads/sites/12/2023/10/Representaciones-de-las-nuevas-ciudadanias_Eventos.png" />
	<meta property="og:image:width" content="751" />
	<meta property="og:image:height" content="370" />
	<meta property="og:image:type" content="image/png" />
<meta name="twitter:card" content="summary_large_image" />
<meta name="twitter:label1" content="Tiempo de lectura" />
	<meta name="twitter:data1" content="1 minuto" />
<script type="application/ld+json" class="yoast-schema-graph">{"@context":"https://schema.org","@graph":[{"@type":"WebPage","@id":"https://www.ull.es/portal/agenda/evento/exposicion-representaciones-de-las-nuevas-ciudadanias-convivencia-e-integracion-a-traves-del-asociacionismo-migrante/","url":"https://www.ull.es/portal/agenda/evento/exposicion-representaciones-de-las-nuevas-ciudadanias-convivencia-e-integracion-a-traves-del-asociacionismo-migrante/","name":"Exposición. Representaciones de las nuevas ciudadanías: convivencia e integración a través del asociacionismo migrante - ULL - Agenda","isPartOf":{"@id":"https://www.ull.es/portal/agenda/#website"},"datePublished":"2023-10-16T07:50:28+00:00","dateModified":"2023-10-26T07:38:22+00:00","breadcrumb":{"@id":"https://www.ull.es/portal/agenda/evento/exposicion-representaciones-de-las-nuevas-ciudadanias-convivencia-e-integracion-a-traves-del-asociacionismo-migrante/#breadcrumb"},"inLanguage":"es","potentialAction":[{"@type":"ReadAction","target":["https://www.ull.es/portal/agenda/evento/exposicion-representaciones-de-las-nuevas-ciudadanias-convivencia-e-integracion-a-traves-del-asociacionismo-migrante/"]}]},{"@type":"BreadcrumbList","@id":"https://www.ull.es/portal/agenda/evento/exposicion-representaciones-de-las-nuevas-ciudadanias-convivencia-e-integracion-a-traves-del-asociacionismo-migrante/#breadcrumb","itemListElement":[{"@type":"ListItem","position":1,"name":"Portada","item":"https://www.ull.es/portal/agenda/"},{"@type":"ListItem","position":2,"name":"Exposición. Representaciones de las nuevas ciudadanías: convivencia e integración a través del asociacionismo migrante"}]},{"@type":"WebSite","@id":"https://www.ull.es/portal/agenda/#website","url":"https://www.ull.es/portal/agenda/","name":"ULL - Agenda","description":"","potentialAction":[{"@type":"SearchAction","target":{"@type":"EntryPoint","urlTemplate":"https://www.ull.es/portal/agenda/?s={search_term_string}"},"query-input":"required name=search_term_string"}],"inLanguage":"es"}]}</script>
<!-- / Yoast SEO plugin. -->

Exposición. Representaciones de las nuevas ciudadanías: convivencia e integración a través del asociacionismo migrante - ULL - Agenda

La exposición «Representaciones de las nuevas ciudadanías: convivencia e integración a través del asociacionismo migrante» cuenta con trabajos de las personas que han transitado por el mundo para llegar a nuestras islas. Por un lado, tenemos la exposición «Con otra mirada» del Servicio Atención a Personas Migrantes del Programa Tenerife Isla Solidaria, la exposición fotográfica de German Maymo “Una mirada...
