{"id":32633,"date":"2023-10-23T12:14:18","date_gmt":"2023-10-23T12:14:18","guid":{"rendered":"https:\/\/www.ull.es\/portal\/agenda\/?post_type=tribe_events&#038;p=32633"},"modified":"2023-11-07T09:32:16","modified_gmt":"2023-11-07T09:32:16","slug":"jornadas-de-sensibilizacion-a-la-cooperacion-ods-salud-mundial-y-movimientos-migratorios-en-canarias","status":"publish","type":"tribe_events","link":"https:\/\/www.ull.es\/portal\/agenda\/evento\/jornadas-de-sensibilizacion-a-la-cooperacion-ods-salud-mundial-y-movimientos-migratorios-en-canarias\/","title":{"rendered":"Jornadas de Sensibilizaci\u00f3n a la Cooperaci\u00f3n: ODS, Salud mundial y Movimientos migratorios en Canarias"},"content":{"rendered":"<p>Las Jornadas de Sensibilizaci\u00f3n a la Cooperaci\u00f3n: ODS, Salud mundial y Movimientos migratorios en Canarias, se presentan como un espacio de reflexi\u00f3n sobre la cooperaci\u00f3n incidiendo en los retos actuales vinculados a la salud y los movimientos migratorios. Se llevar\u00e1 a cabo en dos sesiones por medio de ponencias, talleres y mesas redondas, adquiriendo as\u00ed un enfoque te\u00f3rico y pr\u00e1ctico id\u00f3neo para promover las competencias en el alumnado.<\/p>\n<p>El prop\u00f3sito general es sensibilizar y capacitar al colectivo universitario hacia la cooperaci\u00f3n, abordando las problem\u00e1ticas de salud -mundial y en el entorno- y de los movimientos migratorios en Canarias (incluyendo vulneraci\u00f3n, exclusi\u00f3n social, racismo y xenofobia), bajo la perspectiva transversal de los ODS y, en particular, de la igualdad de g\u00e9nero.<\/p>\n<p>Como objetivos espec\u00edficos:<\/p>\n<ul>\n<li>Debatir sobre la situaci\u00f3n actual de salud en nuestro entorno y en el mundo.<\/li>\n<li>Reflexionar sobre los ODS 2030 vinculados a la migraci\u00f3n y a la salud.<\/li>\n<li>Mostrar los retos de la salud ahora y en el futuro.<\/li>\n<li>Reflexionar y debatir sobre la problem\u00e1tica migratoria en Canarias.<\/li>\n<li>Mostrar posibles actuaciones de cambio y compromiso de los Estados y de la sociedad civil.<\/li>\n<li>Motivar a los asistentes para que participen en este tipo de actividades de cooperaci\u00f3n, ya sea como voluntarios o como profesionales.<\/li>\n<li>Facilitar a los participantes interesados la formaci\u00f3n pr\u00e1ctica en alguna ONG.<\/li>\n<\/ul>\n<p>Dirigido al alumnado, PDI y PAS de la Universidad de La Laguna y p\u00fablico en general interesado en la tem\u00e1tica de las jornadas.<\/p>\n<p>Direcci\u00f3n acad\u00e9mica:<\/p>\n<ul>\n<li>M\u00edriam \u00c1lvarez Lorenzo. Profesora Contratada Doctora. Departamento de Ciencias de la Comunicaci\u00f3n y Trabajo Social de la Universidad de La Laguna.<\/li>\n<li>Pilar Garrido Martin. Profesora Contratada Doctora ACCUUE \/ Venia Docendi \/ Profesora Ayudante doctora ANECA. Doctora en Medicina y Cirug\u00eda Jefa Secci\u00f3n Cirug\u00eda Cardiovascular HUC. Vicepresidenta 2\u00ba de M\u00e9dicos del Mundo Espa\u00f1a. Vocal de movimientos migratorios. M\u00e1ster en Cooperaci\u00f3n y Acci\u00f3n Humanitaria.<\/li>\n<\/ul>\n<p><strong>CERTIFICADO DE ASISTENCIA, APTITUD Y RECONOCIMIENTO POR CR\u00c9DITO ECTS<\/strong><\/p>\n<p>La ULL, a trav\u00e9s del Vicerrectorado de Cultura y Extensi\u00f3n Universitaria, emitir\u00e1 un certificado de asistencia a todas aquellas personas que asistan a un m\u00ednimo del 80% de las horas lectivas presenciales. Asimismo, aquellas personas que superen el trabajo aut\u00f3nomo del alumnado, recibir\u00e1n un certificado de asistencia y aprovechamiento, reconocible a su vez por un cr\u00e9dito ECTS.<\/p>\n<p><a href=\"https:\/\/sede.fg.ull.es\/es\/curso\/detalle\/a23020282\/jornadas-de-sensibilizacion-a-la-cooperacion-ods-salud-mundial-y-movimientos-migratorios-en-canarias\" target=\"_blank\" rel=\"noopener noreferrer\" target=\"_blank\" rel=\"noopener\"><strong><u>M\u00e1s informaci\u00f3n e inscripci\u00f3n aqu\u00ed.<\/u><\/strong><\/a><\/p>\n<p><strong>Contacto: 922 319 626 \/ 922 319 616 \u2013\u00a0<\/strong><a href=\"mailto:extuni@ull.edu.es\" target=\"_blank\" rel=\"noopener\" target=\"_blank\" rel=\"noopener\"><strong>extuni@ull.es<\/strong><\/a><\/p>\n<p>Organiza: Vicerrectorado de Internacionalizaci\u00f3n y Cooperaci\u00f3n.<\/p>\n<p>Colaboran: Vicerrectorado de Cultura y Extensi\u00f3n Universitaria, Centro de Estudios sobre Desigualdad y Gobernanza (CEDESOG) y el Cabildo Insular de Tenerife \u2013 Acci\u00f3n Exterior.<\/p>\n","protected":false},"excerpt":{"rendered":"<p>Las Jornadas de Sensibilizaci\u00f3n a la Cooperaci\u00f3n: ODS, Salud mundial y Movimientos migratorios en Canarias, se presentan como un espacio de reflexi\u00f3n sobre la cooperaci\u00f3n incidiendo en los retos actuales vinculados a la salud y los movimientos migratorios. Se llevar\u00e1 a cabo en dos sesiones por medio de ponencias, talleres y mesas redondas, adquiriendo as\u00ed&#8230;<\/p>\n","protected":false},"author":43,"featured_media":32894,"comment_status":"closed","ping_status":"closed","template":"","tags":[4890,977,3812,4770,4891,1132,3751],"tribe_events_cat":[472,1479,4,1090,186,191],"acf":[],"yoast_head":"<!-- This site is optimized with the Yoast SEO plugin v21.3 - https:\/\/yoast.com\/wordpress\/plugins\/seo\/ -->\n<title>Jornadas de Sensibilizaci\u00f3n a la Cooperaci\u00f3n: ODS, Salud mundial y Movimientos migratorios en Canarias - ULL - Agenda<\/title>\n<meta name=\"robots\" content=\"index, follow, max-snippet:-1, max-image-preview:large, max-video-preview:-1\" \/>\n<link rel=\"canonical\" href=\"https:\/\/www.ull.es\/portal\/agenda\/evento\/jornadas-de-sensibilizacion-a-la-cooperacion-ods-salud-mundial-y-movimientos-migratorios-en-canarias\/\" \/>\n<meta property=\"og:locale\" content=\"es_ES\" \/>\n<meta property=\"og:type\" content=\"article\" \/>\n<meta property=\"og:title\" content=\"Jornadas de Sensibilizaci\u00f3n a la Cooperaci\u00f3n: ODS, Salud mundial y Movimientos migratorios en Canarias - ULL - Agenda\" \/>\n<meta property=\"og:description\" content=\"Las Jornadas de Sensibilizaci\u00f3n a la Cooperaci\u00f3n: ODS, Salud mundial y Movimientos migratorios en Canarias, se presentan como un espacio de reflexi\u00f3n sobre la cooperaci\u00f3n incidiendo en los retos actuales vinculados a la salud y los movimientos migratorios. Se llevar\u00e1 a cabo en dos sesiones por medio de ponencias, talleres y mesas redondas, adquiriendo as\u00ed...\" \/>\n<meta property=\"og:url\" content=\"https:\/\/www.ull.es\/portal\/agenda\/evento\/jornadas-de-sensibilizacion-a-la-cooperacion-ods-salud-mundial-y-movimientos-migratorios-en-canarias\/\" \/>\n<meta property=\"og:site_name\" content=\"ULL - Agenda\" \/>\n<meta property=\"article:modified_time\" content=\"2023-11-07T09:32:16+00:00\" \/>\n<meta property=\"og:image\" content=\"https:\/\/www.ull.es\/portal\/agenda\/wp-content\/uploads\/sites\/12\/2023\/10\/BannerMigraciones-1.png\" \/>\n\t<meta property=\"og:image:width\" content=\"700\" \/>\n\t<meta property=\"og:image:height\" content=\"350\" \/>\n\t<meta property=\"og:image:type\" content=\"image\/png\" \/>\n<meta name=\"twitter:card\" content=\"summary_large_image\" \/>\n<meta name=\"twitter:label1\" content=\"Tiempo de lectura\" \/>\n\t<meta name=\"twitter:data1\" content=\"2 minutos\" \/>\n<script type=\"application\/ld+json\" class=\"yoast-schema-graph\">{\"@context\":\"https:\/\/schema.org\",\"@graph\":[{\"@type\":\"WebPage\",\"@id\":\"https:\/\/www.ull.es\/portal\/agenda\/evento\/jornadas-de-sensibilizacion-a-la-cooperacion-ods-salud-mundial-y-movimientos-migratorios-en-canarias\/\",\"url\":\"https:\/\/www.ull.es\/portal\/agenda\/evento\/jornadas-de-sensibilizacion-a-la-cooperacion-ods-salud-mundial-y-movimientos-migratorios-en-canarias\/\",\"name\":\"Jornadas de Sensibilizaci\u00f3n a la Cooperaci\u00f3n: ODS, Salud mundial y Movimientos migratorios en Canarias - ULL - Agenda\",\"isPartOf\":{\"@id\":\"https:\/\/www.ull.es\/portal\/agenda\/#website\"},\"datePublished\":\"2023-10-23T12:14:18+00:00\",\"dateModified\":\"2023-11-07T09:32:16+00:00\",\"breadcrumb\":{\"@id\":\"https:\/\/www.ull.es\/portal\/agenda\/evento\/jornadas-de-sensibilizacion-a-la-cooperacion-ods-salud-mundial-y-movimientos-migratorios-en-canarias\/#breadcrumb\"},\"inLanguage\":\"es\",\"potentialAction\":[{\"@type\":\"ReadAction\",\"target\":[\"https:\/\/www.ull.es\/portal\/agenda\/evento\/jornadas-de-sensibilizacion-a-la-cooperacion-ods-salud-mundial-y-movimientos-migratorios-en-canarias\/\"]}]},{\"@type\":\"BreadcrumbList\",\"@id\":\"https:\/\/www.ull.es\/portal\/agenda\/evento\/jornadas-de-sensibilizacion-a-la-cooperacion-ods-salud-mundial-y-movimientos-migratorios-en-canarias\/#breadcrumb\",\"itemListElement\":[{\"@type\":\"ListItem\",\"position\":1,\"name\":\"Portada\",\"item\":\"https:\/\/www.ull.es\/portal\/agenda\/\"},{\"@type\":\"ListItem\",\"position\":2,\"name\":\"Jornadas de Sensibilizaci\u00f3n a la Cooperaci\u00f3n: ODS, Salud mundial y Movimientos migratorios en Canarias\"}]},{\"@type\":\"WebSite\",\"@id\":\"https:\/\/www.ull.es\/portal\/agenda\/#website\",\"url\":\"https:\/\/www.ull.es\/portal\/agenda\/\",\"name\":\"ULL - Agenda\",\"description\":\"\",\"potentialAction\":[{\"@type\":\"SearchAction\",\"target\":{\"@type\":\"EntryPoint\",\"urlTemplate\":\"https:\/\/www.ull.es\/portal\/agenda\/?s={search_term_string}\"},\"query-input\":\"required name=search_term_string\"}],\"inLanguage\":\"es\"}]}<\/script>\n<!-- \/ Yoast SEO plugin. -->","yoast_head_json":{"title":"Jornadas de Sensibilizaci\u00f3n a la Cooperaci\u00f3n: ODS, Salud mundial y Movimientos migratorios en Canarias - ULL - Agenda","robots":{"index":"index","follow":"follow","max-snippet":"max-snippet:-1","max-image-preview":"max-image-preview:large","max-video-preview":"max-video-preview:-1"},"canonical":"https:\/\/www.ull.es\/portal\/agenda\/evento\/jornadas-de-sensibilizacion-a-la-cooperacion-ods-salud-mundial-y-movimientos-migratorios-en-canarias\/","og_locale":"es_ES","og_type":"article","og_title":"Jornadas de Sensibilizaci\u00f3n a la Cooperaci\u00f3n: ODS, Salud mundial y Movimientos migratorios en Canarias - ULL - Agenda","og_description":"Las Jornadas de Sensibilizaci\u00f3n a la Cooperaci\u00f3n: ODS, Salud mundial y Movimientos migratorios en Canarias, se presentan como un espacio de reflexi\u00f3n sobre la cooperaci\u00f3n incidiendo en los retos actuales vinculados a la salud y los movimientos migratorios. Se llevar\u00e1 a cabo en dos sesiones por medio de ponencias, talleres y mesas redondas, adquiriendo as\u00ed...","og_url":"https:\/\/www.ull.es\/portal\/agenda\/evento\/jornadas-de-sensibilizacion-a-la-cooperacion-ods-salud-mundial-y-movimientos-migratorios-en-canarias\/","og_site_name":"ULL - Agenda","article_modified_time":"2023-11-07T09:32:16+00:00","og_image":[{"width":700,"height":350,"url":"https:\/\/www.ull.es\/portal\/agenda\/wp-content\/uploads\/sites\/12\/2023\/10\/BannerMigraciones-1.png","type":"image\/png"}],"twitter_card":"summary_large_image","twitter_misc":{"Tiempo de lectura":"2 minutos"},"schema":{"@context":"https:\/\/schema.org","@graph":[{"@type":"WebPage","@id":"https:\/\/www.ull.es\/portal\/agenda\/evento\/jornadas-de-sensibilizacion-a-la-cooperacion-ods-salud-mundial-y-movimientos-migratorios-en-canarias\/","url":"https:\/\/www.ull.es\/portal\/agenda\/evento\/jornadas-de-sensibilizacion-a-la-cooperacion-ods-salud-mundial-y-movimientos-migratorios-en-canarias\/","name":"Jornadas de Sensibilizaci\u00f3n a la Cooperaci\u00f3n: ODS, Salud mundial y Movimientos migratorios en Canarias - ULL - Agenda","isPartOf":{"@id":"https:\/\/www.ull.es\/portal\/agenda\/#website"},"datePublished":"2023-10-23T12:14:18+00:00","dateModified":"2023-11-07T09:32:16+00:00","breadcrumb":{"@id":"https:\/\/www.ull.es\/portal\/agenda\/evento\/jornadas-de-sensibilizacion-a-la-cooperacion-ods-salud-mundial-y-movimientos-migratorios-en-canarias\/#breadcrumb"},"inLanguage":"es","potentialAction":[{"@type":"ReadAction","target":["https:\/\/www.ull.es\/portal\/agenda\/evento\/jornadas-de-sensibilizacion-a-la-cooperacion-ods-salud-mundial-y-movimientos-migratorios-en-canarias\/"]}]},{"@type":"BreadcrumbList","@id":"https:\/\/www.ull.es\/portal\/agenda\/evento\/jornadas-de-sensibilizacion-a-la-cooperacion-ods-salud-mundial-y-movimientos-migratorios-en-canarias\/#breadcrumb","itemListElement":[{"@type":"ListItem","position":1,"name":"Portada","item":"https:\/\/www.ull.es\/portal\/agenda\/"},{"@type":"ListItem","position":2,"name":"Jornadas de Sensibilizaci\u00f3n a la Cooperaci\u00f3n: ODS, Salud mundial y Movimientos migratorios en Canarias"}]},{"@type":"WebSite","@id":"https:\/\/www.ull.es\/portal\/agenda\/#website","url":"https:\/\/www.ull.es\/portal\/agenda\/","name":"ULL - Agenda","description":"","potentialAction":[{"@type":"SearchAction","target":{"@type":"EntryPoint","urlTemplate":"https:\/\/www.ull.es\/portal\/agenda\/?s={search_term_string}"},"query-input":"required name=search_term_string"}],"inLanguage":"es"}]}},"_links":{"self":[{"href":"https:\/\/www.ull.es\/portal\/agenda\/wp-json\/wp\/v2\/tribe_events\/32633"}],"collection":[{"href":"https:\/\/www.ull.es\/portal\/agenda\/wp-json\/wp\/v2\/tribe_events"}],"about":[{"href":"https:\/\/www.ull.es\/portal\/agenda\/wp-json\/wp\/v2\/types\/tribe_events"}],"author":[{"embeddable":true,"href":"https:\/\/www.ull.es\/portal\/agenda\/wp-json\/wp\/v2\/users\/43"}],"replies":[{"embeddable":true,"href":"https:\/\/www.ull.es\/portal\/agenda\/wp-json\/wp\/v2\/comments?post=32633"}],"version-history":[{"count":6,"href":"https:\/\/www.ull.es\/portal\/agenda\/wp-json\/wp\/v2\/tribe_events\/32633\/revisions"}],"predecessor-version":[{"id":32724,"href":"https:\/\/www.ull.es\/portal\/agenda\/wp-json\/wp\/v2\/tribe_events\/32633\/revisions\/32724"}],"wp:featuredmedia":[{"embeddable":true,"href":"https:\/\/www.ull.es\/portal\/agenda\/wp-json\/wp\/v2\/media\/32894"}],"wp:attachment":[{"href":"https:\/\/www.ull.es\/portal\/agenda\/wp-json\/wp\/v2\/media?parent=32633"}],"wp:term":[{"taxonomy":"post_tag","embeddable":true,"href":"https:\/\/www.ull.es\/portal\/agenda\/wp-json\/wp\/v2\/tags?post=32633"},{"taxonomy":"tribe_events_cat","embeddable":true,"href":"https:\/\/www.ull.es\/portal\/agenda\/wp-json\/wp\/v2\/tribe_events_cat?post=32633"}],"curies":[{"name":"wp","href":"https:\/\/api.w.org\/{rel}","templated":true}]}}

Jornadas de Sensibilización a la Cooperación: ODS, Salud mundial y Movimientos migratorios en Canarias

<p>Las Jornadas de Sensibilización a la Cooperación: ODS, Salud mundial y Movimientos migratorios en Canarias, se presentan como un espacio de reflexión sobre la cooperación incidiendo en los retos actuales vinculados a la salud y los movimientos migratorios. Se llevará a cabo en dos sesiones por medio de ponencias, talleres y mesas redondas, adquiriendo así un enfoque teórico y práctico idóneo para promover las competencias en el alumnado.</p>
<p>El propósito general es sensibilizar y capacitar al colectivo universitario hacia la cooperación, abordando las problemáticas de salud -mundial y en el entorno- y de los movimientos migratorios en Canarias (incluyendo vulneración, exclusión social, racismo y xenofobia), bajo la perspectiva transversal de los ODS y, en particular, de la igualdad de género.</p>
<p>Como objetivos específicos:</p>
<ul>
<li>Debatir sobre la situación actual de salud en nuestro entorno y en el mundo.</li>
<li>Reflexionar sobre los ODS 2030 vinculados a la migración y a la salud.</li>
<li>Mostrar los retos de la salud ahora y en el futuro.</li>
<li>Reflexionar y debatir sobre la problemática migratoria en Canarias.</li>
<li>Mostrar posibles actuaciones de cambio y compromiso de los Estados y de la sociedad civil.</li>
<li>Motivar a los asistentes para que participen en este tipo de actividades de cooperación, ya sea como voluntarios o como profesionales.</li>
<li>Facilitar a los participantes interesados la formación práctica en alguna ONG.</li>
</ul>
<p>Dirigido al alumnado, PDI y PAS de la Universidad de La Laguna y público en general interesado en la temática de las jornadas.</p>
<p>Dirección académica:</p>
<ul>
<li>Míriam Álvarez Lorenzo. Profesora Contratada Doctora. Departamento de Ciencias de la Comunicación y Trabajo Social de la Universidad de La Laguna.</li>
<li>Pilar Garrido Martin. Profesora Contratada Doctora ACCUUE / Venia Docendi / Profesora Ayudante doctora ANECA. Doctora en Medicina y Cirugía Jefa Sección Cirugía Cardiovascular HUC. Vicepresidenta 2º de Médicos del Mundo España. Vocal de movimientos migratorios. Máster en Cooperación y Acción Humanitaria.</li>
</ul>
<p><strong>CERTIFICADO DE ASISTENCIA, APTITUD Y RECONOCIMIENTO POR CRÉDITO ECTS</strong></p>
<p>La ULL, a través del Vicerrectorado de Cultura y Extensión Universitaria, emitirá un certificado de asistencia a todas aquellas personas que asistan a un mínimo del 80% de las horas lectivas presenciales. Asimismo, aquellas personas que superen el trabajo autónomo del alumnado, recibirán un certificado de asistencia y aprovechamiento, reconocible a su vez por un crédito ECTS.</p>
<p><a href="https://sede.fg.ull.es/es/curso/detalle/a23020282/jornadas-de-sensibilizacion-a-la-cooperacion-ods-salud-mundial-y-movimientos-migratorios-en-canarias" target="_blank" rel="noopener noreferrer" target="_blank" rel="noopener"><strong><u>Más información e inscripción aquí.</u></strong></a></p>
<p><strong>Contacto: 922 319 626 / 922 319 616 – </strong><a href="mailto:extuni@ull.edu.es" target="_blank" rel="noopener" target="_blank" rel="noopener"><strong>extuni@ull.es</strong></a></p>
<p>Organiza: Vicerrectorado de Internacionalización y Cooperación.</p>
<p>Colaboran: Vicerrectorado de Cultura y Extensión Universitaria, Centro de Estudios sobre Desigualdad y Gobernanza (CEDESOG) y el Cabildo Insular de Tenerife – Acción Exterior.</p>

<p>Las Jornadas de Sensibilización a la Cooperación: ODS, Salud mundial y Movimientos migratorios en Canarias, se presentan como un espacio de reflexión sobre la cooperación incidiendo en los retos actuales vinculados a la salud y los movimientos migratorios. Se llevará a cabo en dos sesiones por medio de ponencias, talleres y mesas redondas, adquiriendo así&#8230;</p>

<!-- This site is optimized with the Yoast SEO plugin v21.3 - https://yoast.com/wordpress/plugins/seo/ -->
<title>Jornadas de Sensibilización a la Cooperación: ODS, Salud mundial y Movimientos migratorios en Canarias - ULL - Agenda</title>
<meta name="robots" content="index, follow, max-snippet:-1, max-image-preview:large, max-video-preview:-1" />
<link rel="canonical" href="https://www.ull.es/portal/agenda/evento/jornadas-de-sensibilizacion-a-la-cooperacion-ods-salud-mundial-y-movimientos-migratorios-en-canarias/" />
<meta property="og:locale" content="es_ES" />
<meta property="og:type" content="article" />
<meta property="og:title" content="Jornadas de Sensibilización a la Cooperación: ODS, Salud mundial y Movimientos migratorios en Canarias - ULL - Agenda" />
<meta property="og:description" content="Las Jornadas de Sensibilización a la Cooperación: ODS, Salud mundial y Movimientos migratorios en Canarias, se presentan como un espacio de reflexión sobre la cooperación incidiendo en los retos actuales vinculados a la salud y los movimientos migratorios. Se llevará a cabo en dos sesiones por medio de ponencias, talleres y mesas redondas, adquiriendo así..." />
<meta property="og:url" content="https://www.ull.es/portal/agenda/evento/jornadas-de-sensibilizacion-a-la-cooperacion-ods-salud-mundial-y-movimientos-migratorios-en-canarias/" />
<meta property="og:site_name" content="ULL - Agenda" />
<meta property="article:modified_time" content="2023-11-07T09:32:16+00:00" />
<meta property="og:image" content="https://www.ull.es/portal/agenda/wp-content/uploads/sites/12/2023/10/BannerMigraciones-1.png" />
	<meta property="og:image:width" content="700" />
	<meta property="og:image:height" content="350" />
	<meta property="og:image:type" content="image/png" />
<meta name="twitter:card" content="summary_large_image" />
<meta name="twitter:label1" content="Tiempo de lectura" />
	<meta name="twitter:data1" content="2 minutos" />
<script type="application/ld+json" class="yoast-schema-graph">{"@context":"https://schema.org","@graph":[{"@type":"WebPage","@id":"https://www.ull.es/portal/agenda/evento/jornadas-de-sensibilizacion-a-la-cooperacion-ods-salud-mundial-y-movimientos-migratorios-en-canarias/","url":"https://www.ull.es/portal/agenda/evento/jornadas-de-sensibilizacion-a-la-cooperacion-ods-salud-mundial-y-movimientos-migratorios-en-canarias/","name":"Jornadas de Sensibilización a la Cooperación: ODS, Salud mundial y Movimientos migratorios en Canarias - ULL - Agenda","isPartOf":{"@id":"https://www.ull.es/portal/agenda/#website"},"datePublished":"2023-10-23T12:14:18+00:00","dateModified":"2023-11-07T09:32:16+00:00","breadcrumb":{"@id":"https://www.ull.es/portal/agenda/evento/jornadas-de-sensibilizacion-a-la-cooperacion-ods-salud-mundial-y-movimientos-migratorios-en-canarias/#breadcrumb"},"inLanguage":"es","potentialAction":[{"@type":"ReadAction","target":["https://www.ull.es/portal/agenda/evento/jornadas-de-sensibilizacion-a-la-cooperacion-ods-salud-mundial-y-movimientos-migratorios-en-canarias/"]}]},{"@type":"BreadcrumbList","@id":"https://www.ull.es/portal/agenda/evento/jornadas-de-sensibilizacion-a-la-cooperacion-ods-salud-mundial-y-movimientos-migratorios-en-canarias/#breadcrumb","itemListElement":[{"@type":"ListItem","position":1,"name":"Portada","item":"https://www.ull.es/portal/agenda/"},{"@type":"ListItem","position":2,"name":"Jornadas de Sensibilización a la Cooperación: ODS, Salud mundial y Movimientos migratorios en Canarias"}]},{"@type":"WebSite","@id":"https://www.ull.es/portal/agenda/#website","url":"https://www.ull.es/portal/agenda/","name":"ULL - Agenda","description":"","potentialAction":[{"@type":"SearchAction","target":{"@type":"EntryPoint","urlTemplate":"https://www.ull.es/portal/agenda/?s={search_term_string}"},"query-input":"required name=search_term_string"}],"inLanguage":"es"}]}</script>
<!-- / Yoast SEO plugin. -->

Jornadas de Sensibilización a la Cooperación: ODS, Salud mundial y Movimientos migratorios en Canarias - ULL - Agenda

Las Jornadas de Sensibilización a la Cooperación: ODS, Salud mundial y Movimientos migratorios en Canarias, se presentan como un espacio de reflexión sobre la cooperación incidiendo en los retos actuales vinculados a la salud y los movimientos migratorios. Se llevará a cabo en dos sesiones por medio de ponencias, talleres y mesas redondas, adquiriendo así...
