{"id":32756,"date":"2023-10-30T08:41:35","date_gmt":"2023-10-30T08:41:35","guid":{"rendered":"https:\/\/www.ull.es\/portal\/agenda\/?post_type=tribe_events&#038;p=32756"},"modified":"2023-10-30T14:19:19","modified_gmt":"2023-10-30T14:19:19","slug":"seminario-de-portavocia-tecnicas-y-habilidades-de-comunicacion-en-situaciones-de-crisis","status":"publish","type":"tribe_events","link":"https:\/\/www.ull.es\/portal\/agenda\/evento\/seminario-de-portavocia-tecnicas-y-habilidades-de-comunicacion-en-situaciones-de-crisis\/2023-11-03\/","title":{"rendered":"Seminario de Portavoc\u00eda. T\u00e9cnicas y habilidades de Comunicaci\u00f3n en situaciones de Crisis"},"content":{"rendered":"<p>El Aula Cultural de Comunicaci\u00f3n de la Universidad de La Laguna, organiza para los d\u00edas 3 y 10 de noviembre pr\u00f3ximos, el Seminario de Portavoc\u00eda, orientado al estudiantado de la Universidad de La Laguna de comunicaci\u00f3n y de todas las \u00e1reas de conocimiento interesadas en la comunicaci\u00f3n de la identidad corporativa de las entidades y organizaciones. Con este seminario se persigue, dentro del \u00e1mbito de la comunicaci\u00f3n verbal y la oratoria, trabajar en las situaciones de crisis diversas en las que los que el rol del portavoz ha de recurrir a habilidades y destrezas espec\u00edficas de comunicaci\u00f3n, para dirigirse a los medios de comunicaci\u00f3n, pero tambi\u00e9n a las ciudadan\u00edas, afectadas o implicadas.<\/p>\n<p>El Seminario profundizar\u00e1 en los roles de los portavoces, una figura que cada vez precisan m\u00e1s organizaciones, en el marco de la complejidad comunicativa y los paradigmas que se plantean en la sociedad actual.<\/p>\n<p>&nbsp;<\/p>\n<p><a href=\"https:\/\/drive.google.com\/file\/d\/1IpncJurtZe5PXU8L7NFplAtZ7C1Rp8vu\/view?usp=sharing\" target=\"_blank\" rel=\"noopener\" target=\"_blank\" rel=\"noopener\">Cartel<\/a><\/p>\n","protected":false},"excerpt":{"rendered":"<p>El Aula Cultural de Comunicaci\u00f3n de la Universidad de La Laguna, organiza para los d\u00edas 3 y 10 de noviembre pr\u00f3ximos, el Seminario de Portavoc\u00eda, orientado al estudiantado de la Universidad de La Laguna de comunicaci\u00f3n y de todas las \u00e1reas de conocimiento interesadas en la comunicaci\u00f3n de la identidad corporativa de las entidades y&#8230;<\/p>\n","protected":false},"author":65,"featured_media":32792,"comment_status":"closed","ping_status":"closed","template":"","tags":[],"tribe_events_cat":[344,3987,4,848,191],"acf":[],"yoast_head":"<!-- This site is optimized with the Yoast SEO plugin v21.3 - https:\/\/yoast.com\/wordpress\/plugins\/seo\/ -->\n<title>Seminario de Portavoc\u00eda. T\u00e9cnicas y habilidades de Comunicaci\u00f3n en situaciones de Crisis - ULL - Agenda<\/title>\n<meta name=\"robots\" content=\"index, follow, max-snippet:-1, max-image-preview:large, max-video-preview:-1\" \/>\n<link rel=\"canonical\" href=\"https:\/\/www.ull.es\/portal\/agenda\/evento\/seminario-de-portavocia-tecnicas-y-habilidades-de-comunicacion-en-situaciones-de-crisis\/2023-11-03\/\" \/>\n<meta property=\"og:locale\" content=\"es_ES\" \/>\n<meta property=\"og:type\" content=\"article\" \/>\n<meta property=\"og:title\" content=\"Seminario de Portavoc\u00eda. T\u00e9cnicas y habilidades de Comunicaci\u00f3n en situaciones de Crisis - ULL - Agenda\" \/>\n<meta property=\"og:description\" content=\"El Aula Cultural de Comunicaci\u00f3n de la Universidad de La Laguna, organiza para los d\u00edas 3 y 10 de noviembre pr\u00f3ximos, el Seminario de Portavoc\u00eda, orientado al estudiantado de la Universidad de La Laguna de comunicaci\u00f3n y de todas las \u00e1reas de conocimiento interesadas en la comunicaci\u00f3n de la identidad corporativa de las entidades y...\" \/>\n<meta property=\"og:url\" content=\"https:\/\/www.ull.es\/portal\/agenda\/evento\/seminario-de-portavocia-tecnicas-y-habilidades-de-comunicacion-en-situaciones-de-crisis\/2023-11-03\/\" \/>\n<meta property=\"og:site_name\" content=\"ULL - Agenda\" \/>\n<meta property=\"article:modified_time\" content=\"2023-10-30T14:19:19+00:00\" \/>\n<meta property=\"og:image\" content=\"https:\/\/www.ull.es\/portal\/agenda\/wp-content\/uploads\/sites\/12\/2023\/10\/Seminario-de-portavocia_Banner-eventos.png\" \/>\n\t<meta property=\"og:image:width\" content=\"750\" \/>\n\t<meta property=\"og:image:height\" content=\"370\" \/>\n\t<meta property=\"og:image:type\" content=\"image\/png\" \/>\n<meta name=\"twitter:card\" content=\"summary_large_image\" \/>\n<meta name=\"twitter:label1\" content=\"Tiempo de lectura\" \/>\n\t<meta name=\"twitter:data1\" content=\"1 minuto\" \/>\n<script type=\"application\/ld+json\" class=\"yoast-schema-graph\">{\"@context\":\"https:\/\/schema.org\",\"@graph\":[{\"@type\":\"WebPage\",\"@id\":\"https:\/\/www.ull.es\/portal\/agenda\/evento\/seminario-de-portavocia-tecnicas-y-habilidades-de-comunicacion-en-situaciones-de-crisis\/2023-11-03\/\",\"url\":\"https:\/\/www.ull.es\/portal\/agenda\/evento\/seminario-de-portavocia-tecnicas-y-habilidades-de-comunicacion-en-situaciones-de-crisis\/2023-11-03\/\",\"name\":\"Seminario de Portavoc\u00eda. T\u00e9cnicas y habilidades de Comunicaci\u00f3n en situaciones de Crisis - ULL - Agenda\",\"isPartOf\":{\"@id\":\"https:\/\/www.ull.es\/portal\/agenda\/#website\"},\"datePublished\":\"2023-10-30T08:41:35+00:00\",\"dateModified\":\"2023-10-30T14:19:19+00:00\",\"breadcrumb\":{\"@id\":\"https:\/\/www.ull.es\/portal\/agenda\/evento\/seminario-de-portavocia-tecnicas-y-habilidades-de-comunicacion-en-situaciones-de-crisis\/2023-11-03\/#breadcrumb\"},\"inLanguage\":\"es\",\"potentialAction\":[{\"@type\":\"ReadAction\",\"target\":[\"https:\/\/www.ull.es\/portal\/agenda\/evento\/seminario-de-portavocia-tecnicas-y-habilidades-de-comunicacion-en-situaciones-de-crisis\/2023-11-03\/\"]}]},{\"@type\":\"BreadcrumbList\",\"@id\":\"https:\/\/www.ull.es\/portal\/agenda\/evento\/seminario-de-portavocia-tecnicas-y-habilidades-de-comunicacion-en-situaciones-de-crisis\/2023-11-03\/#breadcrumb\",\"itemListElement\":[{\"@type\":\"ListItem\",\"position\":1,\"name\":\"Portada\",\"item\":\"https:\/\/www.ull.es\/portal\/agenda\/\"},{\"@type\":\"ListItem\",\"position\":2,\"name\":\"Seminario de Portavoc\u00eda. T\u00e9cnicas y habilidades de Comunicaci\u00f3n en situaciones de Crisis\"}]},{\"@type\":\"WebSite\",\"@id\":\"https:\/\/www.ull.es\/portal\/agenda\/#website\",\"url\":\"https:\/\/www.ull.es\/portal\/agenda\/\",\"name\":\"ULL - Agenda\",\"description\":\"\",\"potentialAction\":[{\"@type\":\"SearchAction\",\"target\":{\"@type\":\"EntryPoint\",\"urlTemplate\":\"https:\/\/www.ull.es\/portal\/agenda\/?s={search_term_string}\"},\"query-input\":\"required name=search_term_string\"}],\"inLanguage\":\"es\"}]}<\/script>\n<!-- \/ Yoast SEO plugin. -->","yoast_head_json":{"title":"Seminario de Portavoc\u00eda. T\u00e9cnicas y habilidades de Comunicaci\u00f3n en situaciones de Crisis - ULL - Agenda","robots":{"index":"index","follow":"follow","max-snippet":"max-snippet:-1","max-image-preview":"max-image-preview:large","max-video-preview":"max-video-preview:-1"},"canonical":"https:\/\/www.ull.es\/portal\/agenda\/evento\/seminario-de-portavocia-tecnicas-y-habilidades-de-comunicacion-en-situaciones-de-crisis\/2023-11-03\/","og_locale":"es_ES","og_type":"article","og_title":"Seminario de Portavoc\u00eda. T\u00e9cnicas y habilidades de Comunicaci\u00f3n en situaciones de Crisis - ULL - Agenda","og_description":"El Aula Cultural de Comunicaci\u00f3n de la Universidad de La Laguna, organiza para los d\u00edas 3 y 10 de noviembre pr\u00f3ximos, el Seminario de Portavoc\u00eda, orientado al estudiantado de la Universidad de La Laguna de comunicaci\u00f3n y de todas las \u00e1reas de conocimiento interesadas en la comunicaci\u00f3n de la identidad corporativa de las entidades y...","og_url":"https:\/\/www.ull.es\/portal\/agenda\/evento\/seminario-de-portavocia-tecnicas-y-habilidades-de-comunicacion-en-situaciones-de-crisis\/2023-11-03\/","og_site_name":"ULL - Agenda","article_modified_time":"2023-10-30T14:19:19+00:00","og_image":[{"width":750,"height":370,"url":"https:\/\/www.ull.es\/portal\/agenda\/wp-content\/uploads\/sites\/12\/2023\/10\/Seminario-de-portavocia_Banner-eventos.png","type":"image\/png"}],"twitter_card":"summary_large_image","twitter_misc":{"Tiempo de lectura":"1 minuto"},"schema":{"@context":"https:\/\/schema.org","@graph":[{"@type":"WebPage","@id":"https:\/\/www.ull.es\/portal\/agenda\/evento\/seminario-de-portavocia-tecnicas-y-habilidades-de-comunicacion-en-situaciones-de-crisis\/2023-11-03\/","url":"https:\/\/www.ull.es\/portal\/agenda\/evento\/seminario-de-portavocia-tecnicas-y-habilidades-de-comunicacion-en-situaciones-de-crisis\/2023-11-03\/","name":"Seminario de Portavoc\u00eda. T\u00e9cnicas y habilidades de Comunicaci\u00f3n en situaciones de Crisis - ULL - Agenda","isPartOf":{"@id":"https:\/\/www.ull.es\/portal\/agenda\/#website"},"datePublished":"2023-10-30T08:41:35+00:00","dateModified":"2023-10-30T14:19:19+00:00","breadcrumb":{"@id":"https:\/\/www.ull.es\/portal\/agenda\/evento\/seminario-de-portavocia-tecnicas-y-habilidades-de-comunicacion-en-situaciones-de-crisis\/2023-11-03\/#breadcrumb"},"inLanguage":"es","potentialAction":[{"@type":"ReadAction","target":["https:\/\/www.ull.es\/portal\/agenda\/evento\/seminario-de-portavocia-tecnicas-y-habilidades-de-comunicacion-en-situaciones-de-crisis\/2023-11-03\/"]}]},{"@type":"BreadcrumbList","@id":"https:\/\/www.ull.es\/portal\/agenda\/evento\/seminario-de-portavocia-tecnicas-y-habilidades-de-comunicacion-en-situaciones-de-crisis\/2023-11-03\/#breadcrumb","itemListElement":[{"@type":"ListItem","position":1,"name":"Portada","item":"https:\/\/www.ull.es\/portal\/agenda\/"},{"@type":"ListItem","position":2,"name":"Seminario de Portavoc\u00eda. T\u00e9cnicas y habilidades de Comunicaci\u00f3n en situaciones de Crisis"}]},{"@type":"WebSite","@id":"https:\/\/www.ull.es\/portal\/agenda\/#website","url":"https:\/\/www.ull.es\/portal\/agenda\/","name":"ULL - Agenda","description":"","potentialAction":[{"@type":"SearchAction","target":{"@type":"EntryPoint","urlTemplate":"https:\/\/www.ull.es\/portal\/agenda\/?s={search_term_string}"},"query-input":"required name=search_term_string"}],"inLanguage":"es"}]}},"_links":{"self":[{"href":"https:\/\/www.ull.es\/portal\/agenda\/wp-json\/wp\/v2\/tribe_events\/32756"}],"collection":[{"href":"https:\/\/www.ull.es\/portal\/agenda\/wp-json\/wp\/v2\/tribe_events"}],"about":[{"href":"https:\/\/www.ull.es\/portal\/agenda\/wp-json\/wp\/v2\/types\/tribe_events"}],"author":[{"embeddable":true,"href":"https:\/\/www.ull.es\/portal\/agenda\/wp-json\/wp\/v2\/users\/65"}],"replies":[{"embeddable":true,"href":"https:\/\/www.ull.es\/portal\/agenda\/wp-json\/wp\/v2\/comments?post=32756"}],"version-history":[{"count":4,"href":"https:\/\/www.ull.es\/portal\/agenda\/wp-json\/wp\/v2\/tribe_events\/32756\/revisions"}],"predecessor-version":[{"id":32780,"href":"https:\/\/www.ull.es\/portal\/agenda\/wp-json\/wp\/v2\/tribe_events\/32756\/revisions\/32780"}],"wp:featuredmedia":[{"embeddable":true,"href":"https:\/\/www.ull.es\/portal\/agenda\/wp-json\/wp\/v2\/media\/32792"}],"wp:attachment":[{"href":"https:\/\/www.ull.es\/portal\/agenda\/wp-json\/wp\/v2\/media?parent=32756"}],"wp:term":[{"taxonomy":"post_tag","embeddable":true,"href":"https:\/\/www.ull.es\/portal\/agenda\/wp-json\/wp\/v2\/tags?post=32756"},{"taxonomy":"tribe_events_cat","embeddable":true,"href":"https:\/\/www.ull.es\/portal\/agenda\/wp-json\/wp\/v2\/tribe_events_cat?post=32756"}],"curies":[{"name":"wp","href":"https:\/\/api.w.org\/{rel}","templated":true}]}}

Seminario de Portavocía. Técnicas y habilidades de Comunicación en situaciones de Crisis

<p>El Aula Cultural de Comunicación de la Universidad de La Laguna, organiza para los días 3 y 10 de noviembre próximos, el Seminario de Portavocía, orientado al estudiantado de la Universidad de La Laguna de comunicación y de todas las áreas de conocimiento interesadas en la comunicación de la identidad corporativa de las entidades y organizaciones. Con este seminario se persigue, dentro del ámbito de la comunicación verbal y la oratoria, trabajar en las situaciones de crisis diversas en las que los que el rol del portavoz ha de recurrir a habilidades y destrezas específicas de comunicación, para dirigirse a los medios de comunicación, pero también a las ciudadanías, afectadas o implicadas.</p>
<p>El Seminario profundizará en los roles de los portavoces, una figura que cada vez precisan más organizaciones, en el marco de la complejidad comunicativa y los paradigmas que se plantean en la sociedad actual.</p>
<p>&nbsp;</p>
<p><a href="https://drive.google.com/file/d/1IpncJurtZe5PXU8L7NFplAtZ7C1Rp8vu/view?usp=sharing" target="_blank" rel="noopener" target="_blank" rel="noopener">Cartel</a></p>

<p>El Aula Cultural de Comunicación de la Universidad de La Laguna, organiza para los días 3 y 10 de noviembre próximos, el Seminario de Portavocía, orientado al estudiantado de la Universidad de La Laguna de comunicación y de todas las áreas de conocimiento interesadas en la comunicación de la identidad corporativa de las entidades y&#8230;</p>

<!-- This site is optimized with the Yoast SEO plugin v21.3 - https://yoast.com/wordpress/plugins/seo/ -->
<title>Seminario de Portavocía. Técnicas y habilidades de Comunicación en situaciones de Crisis - ULL - Agenda</title>
<meta name="robots" content="index, follow, max-snippet:-1, max-image-preview:large, max-video-preview:-1" />
<link rel="canonical" href="https://www.ull.es/portal/agenda/evento/seminario-de-portavocia-tecnicas-y-habilidades-de-comunicacion-en-situaciones-de-crisis/2023-11-03/" />
<meta property="og:locale" content="es_ES" />
<meta property="og:type" content="article" />
<meta property="og:title" content="Seminario de Portavocía. Técnicas y habilidades de Comunicación en situaciones de Crisis - ULL - Agenda" />
<meta property="og:description" content="El Aula Cultural de Comunicación de la Universidad de La Laguna, organiza para los días 3 y 10 de noviembre próximos, el Seminario de Portavocía, orientado al estudiantado de la Universidad de La Laguna de comunicación y de todas las áreas de conocimiento interesadas en la comunicación de la identidad corporativa de las entidades y..." />
<meta property="og:url" content="https://www.ull.es/portal/agenda/evento/seminario-de-portavocia-tecnicas-y-habilidades-de-comunicacion-en-situaciones-de-crisis/2023-11-03/" />
<meta property="og:site_name" content="ULL - Agenda" />
<meta property="article:modified_time" content="2023-10-30T14:19:19+00:00" />
<meta property="og:image" content="https://www.ull.es/portal/agenda/wp-content/uploads/sites/12/2023/10/Seminario-de-portavocia_Banner-eventos.png" />
	<meta property="og:image:width" content="750" />
	<meta property="og:image:height" content="370" />
	<meta property="og:image:type" content="image/png" />
<meta name="twitter:card" content="summary_large_image" />
<meta name="twitter:label1" content="Tiempo de lectura" />
	<meta name="twitter:data1" content="1 minuto" />
<script type="application/ld+json" class="yoast-schema-graph">{"@context":"https://schema.org","@graph":[{"@type":"WebPage","@id":"https://www.ull.es/portal/agenda/evento/seminario-de-portavocia-tecnicas-y-habilidades-de-comunicacion-en-situaciones-de-crisis/2023-11-03/","url":"https://www.ull.es/portal/agenda/evento/seminario-de-portavocia-tecnicas-y-habilidades-de-comunicacion-en-situaciones-de-crisis/2023-11-03/","name":"Seminario de Portavocía. Técnicas y habilidades de Comunicación en situaciones de Crisis - ULL - Agenda","isPartOf":{"@id":"https://www.ull.es/portal/agenda/#website"},"datePublished":"2023-10-30T08:41:35+00:00","dateModified":"2023-10-30T14:19:19+00:00","breadcrumb":{"@id":"https://www.ull.es/portal/agenda/evento/seminario-de-portavocia-tecnicas-y-habilidades-de-comunicacion-en-situaciones-de-crisis/2023-11-03/#breadcrumb"},"inLanguage":"es","potentialAction":[{"@type":"ReadAction","target":["https://www.ull.es/portal/agenda/evento/seminario-de-portavocia-tecnicas-y-habilidades-de-comunicacion-en-situaciones-de-crisis/2023-11-03/"]}]},{"@type":"BreadcrumbList","@id":"https://www.ull.es/portal/agenda/evento/seminario-de-portavocia-tecnicas-y-habilidades-de-comunicacion-en-situaciones-de-crisis/2023-11-03/#breadcrumb","itemListElement":[{"@type":"ListItem","position":1,"name":"Portada","item":"https://www.ull.es/portal/agenda/"},{"@type":"ListItem","position":2,"name":"Seminario de Portavocía. Técnicas y habilidades de Comunicación en situaciones de Crisis"}]},{"@type":"WebSite","@id":"https://www.ull.es/portal/agenda/#website","url":"https://www.ull.es/portal/agenda/","name":"ULL - Agenda","description":"","potentialAction":[{"@type":"SearchAction","target":{"@type":"EntryPoint","urlTemplate":"https://www.ull.es/portal/agenda/?s={search_term_string}"},"query-input":"required name=search_term_string"}],"inLanguage":"es"}]}</script>
<!-- / Yoast SEO plugin. -->

Seminario de Portavocía. Técnicas y habilidades de Comunicación en situaciones de Crisis - ULL - Agenda

El Aula Cultural de Comunicación de la Universidad de La Laguna, organiza para los días 3 y 10 de noviembre próximos, el Seminario de Portavocía, orientado al estudiantado de la Universidad de La Laguna de comunicación y de todas las áreas de conocimiento interesadas en la comunicación de la identidad corporativa de las entidades y...
