{"id":32802,"date":"2023-10-31T10:12:05","date_gmt":"2023-10-31T10:12:05","guid":{"rendered":"https:\/\/www.ull.es\/portal\/agenda\/?post_type=tribe_events&#038;p=32802"},"modified":"2023-10-31T13:46:34","modified_gmt":"2023-10-31T13:46:34","slug":"seminario-de-geopolitica-canarias-frontera-sur-de-europa","status":"publish","type":"tribe_events","link":"https:\/\/www.ull.es\/portal\/agenda\/evento\/seminario-de-geopolitica-canarias-frontera-sur-de-europa\/","title":{"rendered":"Seminario de geopol\u00edtica. Canarias: frontera sur de Europa"},"content":{"rendered":"<p style=\"font-weight: 400;\">El Seminario de Geopol\u00edtica: Canarias, frontera sur de Europa, que se celebrar\u00e1 del 15 al 17 de noviembre, tiene como objetivo ofrecer un marco de reflexi\u00f3n y debate sobre el contexto geopol\u00edtico que afecta a las islas Canarias. Para ello, se han organizado dos sesiones de ponencias y una salida de campo. En las primeras se abordar\u00e1n los contenidos te\u00f3ricos y los an\u00e1lisis de distintas problem\u00e1ticas que, desde una lectura geopol\u00edtica, afectan al archipi\u00e9lago canario. En la sesi\u00f3n del mi\u00e9rcoles 15 intervendr\u00e1, en primer lugar, el profesor de An\u00e1lisis Geogr\u00e1fico Regional de la Universidad de La Laguna, V\u00edctor Mart\u00edn, con la ponencia <em>Lenin versus Mackinder o geopol\u00edtica proletaria versus geopol\u00edtica imperialista<\/em>, en la cual abordar\u00e1 el papel de clase que juega la geopol\u00edtica a trav\u00e9s del ejemplo de la aplicaci\u00f3n de la vieja teor\u00eda del ge\u00f3grafo brit\u00e1nico Mackinder a la situaci\u00f3n de la geopol\u00edtica mundial actual. En an\u00e1lisis plantea que las consecuencias de la ruptura del mundo unipolar (hegemon\u00eda de EE.UU.), motivado por el ascenso econ\u00f3mico de China y de la recuperaci\u00f3n militar de Rusia, permiten entrever alguna de las consecuencias que ya Lenin predijo hace un siglo: \u00bfCaminamos hacia la III Guerra Mundial? Por su parte, en la segunda conferencia, el catedr\u00e1tico de Geograf\u00eda Humana de la Universidad de Alicante, Jos\u00e9 Antonio Segrelles, tratar\u00e1 las\u00a0<em>Contradicciones ambientales entre la PAC de la Uni\u00f3n Europea y el Tratado Transatl\u00e1ntico de Comercio e Inversiones (TTIP). Repercusiones Sobre Canarias<\/em>, en la que se adentrar\u00e1 en la explicaci\u00f3n de c\u00f3mo las exigentes normas ambientales de la Pol\u00edtica Agraria Com\u00fan de la Uni\u00f3n Europea dejar\u00edan de tener sentido si llegara a firmarse el Tratado Transatl\u00e1ntico de Comercio e Inversiones con Estados Unidos. Para el autor, ambas regiones representan ideas, conceptos y enfoques antag\u00f3nicos que al final acabar\u00edan relacion\u00e1ndose de forma dial\u00e9ctica. El aumento de la competencia supondr\u00eda la profundizaci\u00f3n del libre comercio, el consiguiente aumento de la intensificaci\u00f3n productiva, la degradaci\u00f3n ambiental y de las condiciones de trabajo y el deterioro de la calidad de los alimentos, es decir, sufrir\u00e1 un categ\u00f3rico menoscabo todo aquello que dice defender la PAC, lo que perjudicar\u00eda ante todo a los pa\u00edses europeos mediterr\u00e1neos y a las zonas ultraperif\u00e9ricas, como Canarias.<\/p>\n<p style=\"font-weight: 400;\">La sesi\u00f3n del jueves 16 la abrir\u00e1 el profesor de An\u00e1lisis Geogr\u00e1fico Regional de la Universidad de La Laguna, Luis Jerez, con la ponencia <em>Canarias frente a la crisis geopol\u00edtica del noroeste africano<\/em>. En ella se abordar\u00e1 el papel geoestrat\u00e9gico que juega el archipi\u00e9lago canario, as\u00ed como el an\u00e1lisis de la situaci\u00f3n geopol\u00edtica del Magreb y el Sahel, dos regiones que mantienen una din\u00e1mica de tensi\u00f3n creciente que es necesario atender, dadas las implicaciones directas e indirectas que tiene (caso del fen\u00f3meno migratorio) y puede tener sobre las Islas. La segunda conferencia:\u00a0<em>El Sahel a la merced de los grandes depredadores de recursos estrat\u00e9gicos<\/em>\u00a0ser\u00e1 impartida por el analista geopol\u00edtico y especialista en las relaciones \u00c1frica y Europa, Sani Ladan, Esta ponencia tratar\u00e1 la manera en que la crisis del capitalismo mundial ha exacerbado la lucha por los recursos naturales en los pa\u00edses del Sur, especialmente en \u00c1frica. Esa carrera por los recursos se produce de diversas formas, en particular, mediante intervenciones militares en regiones como el Sahel, ricas en recursos energ\u00e9ticos (uranio, petr\u00f3leo y gas), en nombre de la seguridad u objetivos \u00abhumanitarios\u00bb, como el \u00abderecho de protecci\u00f3n\u00bb o la \u00abinjerencia humanitaria\u00bb. Esta doctrina fue tr\u00e1gicamente aplicada en Libia por el imperialismo occidental, a trav\u00e9s de su brazo armado: la OTAN. \u00bfQu\u00e9 supone para \u00c1frica, y en especial para el Sahel, el hecho de que Europa incluya la energ\u00eda nuclear como energ\u00eda verde? Estos ser\u00e1n los contenidos abordados en la presentaci\u00f3n, prestando especial atenci\u00f3n al caso de N\u00edger y el uranio.<\/p>\n<p style=\"font-weight: 400;\">Finalmente, para el viernes 17 se plantea una salida de campo a modo de recorrido por diferentes puntos del sur de la isla, en los que son reconocibles territorialmente diversos aspectos tratados en las ponencias de los d\u00edas anteriores.<\/p>\n<p><b>Contacto para la inscripci\u00f3n:<\/b>\u00a0<span style=\"color: #0000ff;\"><a href=\"mailto:ljerez@ull.edu.es\" target=\"_blank\" rel=\"noopener\" target=\"_blank\" rel=\"noopener\">ljerez@ull.edu.es<\/a>\u00a0<\/span><\/p>\n<p><a href=\"https:\/\/drive.google.com\/file\/d\/1RQ7Z-zyMC5i3zyP7wEk9gwVBg14Py-3z\/view?usp=drive_link\" target=\"_blank\" rel=\"noopener\" target=\"_blank\" rel=\"noopener\">Cartel<\/a><\/p>\n","protected":false},"excerpt":{"rendered":"<p>El Seminario de Geopol\u00edtica: Canarias, frontera sur de Europa, que se celebrar\u00e1 del 15 al 17 de noviembre, tiene como objetivo ofrecer un marco de reflexi\u00f3n y debate sobre el contexto geopol\u00edtico que afecta a las islas Canarias. Para ello, se han organizado dos sesiones de ponencias y una salida de campo. En las primeras&#8230;<\/p>\n","protected":false},"author":65,"featured_media":32813,"comment_status":"closed","ping_status":"closed","template":"","tags":[],"tribe_events_cat":[4,985,509,191],"acf":[],"yoast_head":"<!-- This site is optimized with the Yoast SEO plugin v21.3 - https:\/\/yoast.com\/wordpress\/plugins\/seo\/ -->\n<title>Seminario de geopol\u00edtica. Canarias: frontera sur de Europa - ULL - Agenda<\/title>\n<meta name=\"robots\" content=\"index, follow, max-snippet:-1, max-image-preview:large, max-video-preview:-1\" \/>\n<link rel=\"canonical\" href=\"https:\/\/www.ull.es\/portal\/agenda\/evento\/seminario-de-geopolitica-canarias-frontera-sur-de-europa\/\" \/>\n<meta property=\"og:locale\" content=\"es_ES\" \/>\n<meta property=\"og:type\" content=\"article\" \/>\n<meta property=\"og:title\" content=\"Seminario de geopol\u00edtica. Canarias: frontera sur de Europa - ULL - Agenda\" \/>\n<meta property=\"og:description\" content=\"El Seminario de Geopol\u00edtica: Canarias, frontera sur de Europa, que se celebrar\u00e1 del 15 al 17 de noviembre, tiene como objetivo ofrecer un marco de reflexi\u00f3n y debate sobre el contexto geopol\u00edtico que afecta a las islas Canarias. Para ello, se han organizado dos sesiones de ponencias y una salida de campo. En las primeras...\" \/>\n<meta property=\"og:url\" content=\"https:\/\/www.ull.es\/portal\/agenda\/evento\/seminario-de-geopolitica-canarias-frontera-sur-de-europa\/\" \/>\n<meta property=\"og:site_name\" content=\"ULL - Agenda\" \/>\n<meta property=\"article:modified_time\" content=\"2023-10-31T13:46:34+00:00\" \/>\n<meta property=\"og:image\" content=\"https:\/\/www.ull.es\/portal\/agenda\/wp-content\/uploads\/sites\/12\/2023\/10\/Seminario-de-geopolitica.-Canarias-frontera-sur-de-Europa_Banner-Evento-ULL.png\" \/>\n\t<meta property=\"og:image:width\" content=\"751\" \/>\n\t<meta property=\"og:image:height\" content=\"370\" \/>\n\t<meta property=\"og:image:type\" content=\"image\/png\" \/>\n<meta name=\"twitter:card\" content=\"summary_large_image\" \/>\n<meta name=\"twitter:label1\" content=\"Tiempo de lectura\" \/>\n\t<meta name=\"twitter:data1\" content=\"4 minutos\" \/>\n<script type=\"application\/ld+json\" class=\"yoast-schema-graph\">{\"@context\":\"https:\/\/schema.org\",\"@graph\":[{\"@type\":\"WebPage\",\"@id\":\"https:\/\/www.ull.es\/portal\/agenda\/evento\/seminario-de-geopolitica-canarias-frontera-sur-de-europa\/\",\"url\":\"https:\/\/www.ull.es\/portal\/agenda\/evento\/seminario-de-geopolitica-canarias-frontera-sur-de-europa\/\",\"name\":\"Seminario de geopol\u00edtica. Canarias: frontera sur de Europa - ULL - Agenda\",\"isPartOf\":{\"@id\":\"https:\/\/www.ull.es\/portal\/agenda\/#website\"},\"datePublished\":\"2023-10-31T10:12:05+00:00\",\"dateModified\":\"2023-10-31T13:46:34+00:00\",\"breadcrumb\":{\"@id\":\"https:\/\/www.ull.es\/portal\/agenda\/evento\/seminario-de-geopolitica-canarias-frontera-sur-de-europa\/#breadcrumb\"},\"inLanguage\":\"es\",\"potentialAction\":[{\"@type\":\"ReadAction\",\"target\":[\"https:\/\/www.ull.es\/portal\/agenda\/evento\/seminario-de-geopolitica-canarias-frontera-sur-de-europa\/\"]}]},{\"@type\":\"BreadcrumbList\",\"@id\":\"https:\/\/www.ull.es\/portal\/agenda\/evento\/seminario-de-geopolitica-canarias-frontera-sur-de-europa\/#breadcrumb\",\"itemListElement\":[{\"@type\":\"ListItem\",\"position\":1,\"name\":\"Portada\",\"item\":\"https:\/\/www.ull.es\/portal\/agenda\/\"},{\"@type\":\"ListItem\",\"position\":2,\"name\":\"Seminario de geopol\u00edtica. Canarias: frontera sur de Europa\"}]},{\"@type\":\"WebSite\",\"@id\":\"https:\/\/www.ull.es\/portal\/agenda\/#website\",\"url\":\"https:\/\/www.ull.es\/portal\/agenda\/\",\"name\":\"ULL - Agenda\",\"description\":\"\",\"potentialAction\":[{\"@type\":\"SearchAction\",\"target\":{\"@type\":\"EntryPoint\",\"urlTemplate\":\"https:\/\/www.ull.es\/portal\/agenda\/?s={search_term_string}\"},\"query-input\":\"required name=search_term_string\"}],\"inLanguage\":\"es\"}]}<\/script>\n<!-- \/ Yoast SEO plugin. -->","yoast_head_json":{"title":"Seminario de geopol\u00edtica. Canarias: frontera sur de Europa - ULL - Agenda","robots":{"index":"index","follow":"follow","max-snippet":"max-snippet:-1","max-image-preview":"max-image-preview:large","max-video-preview":"max-video-preview:-1"},"canonical":"https:\/\/www.ull.es\/portal\/agenda\/evento\/seminario-de-geopolitica-canarias-frontera-sur-de-europa\/","og_locale":"es_ES","og_type":"article","og_title":"Seminario de geopol\u00edtica. Canarias: frontera sur de Europa - ULL - Agenda","og_description":"El Seminario de Geopol\u00edtica: Canarias, frontera sur de Europa, que se celebrar\u00e1 del 15 al 17 de noviembre, tiene como objetivo ofrecer un marco de reflexi\u00f3n y debate sobre el contexto geopol\u00edtico que afecta a las islas Canarias. Para ello, se han organizado dos sesiones de ponencias y una salida de campo. En las primeras...","og_url":"https:\/\/www.ull.es\/portal\/agenda\/evento\/seminario-de-geopolitica-canarias-frontera-sur-de-europa\/","og_site_name":"ULL - Agenda","article_modified_time":"2023-10-31T13:46:34+00:00","og_image":[{"width":751,"height":370,"url":"https:\/\/www.ull.es\/portal\/agenda\/wp-content\/uploads\/sites\/12\/2023\/10\/Seminario-de-geopolitica.-Canarias-frontera-sur-de-Europa_Banner-Evento-ULL.png","type":"image\/png"}],"twitter_card":"summary_large_image","twitter_misc":{"Tiempo de lectura":"4 minutos"},"schema":{"@context":"https:\/\/schema.org","@graph":[{"@type":"WebPage","@id":"https:\/\/www.ull.es\/portal\/agenda\/evento\/seminario-de-geopolitica-canarias-frontera-sur-de-europa\/","url":"https:\/\/www.ull.es\/portal\/agenda\/evento\/seminario-de-geopolitica-canarias-frontera-sur-de-europa\/","name":"Seminario de geopol\u00edtica. Canarias: frontera sur de Europa - ULL - Agenda","isPartOf":{"@id":"https:\/\/www.ull.es\/portal\/agenda\/#website"},"datePublished":"2023-10-31T10:12:05+00:00","dateModified":"2023-10-31T13:46:34+00:00","breadcrumb":{"@id":"https:\/\/www.ull.es\/portal\/agenda\/evento\/seminario-de-geopolitica-canarias-frontera-sur-de-europa\/#breadcrumb"},"inLanguage":"es","potentialAction":[{"@type":"ReadAction","target":["https:\/\/www.ull.es\/portal\/agenda\/evento\/seminario-de-geopolitica-canarias-frontera-sur-de-europa\/"]}]},{"@type":"BreadcrumbList","@id":"https:\/\/www.ull.es\/portal\/agenda\/evento\/seminario-de-geopolitica-canarias-frontera-sur-de-europa\/#breadcrumb","itemListElement":[{"@type":"ListItem","position":1,"name":"Portada","item":"https:\/\/www.ull.es\/portal\/agenda\/"},{"@type":"ListItem","position":2,"name":"Seminario de geopol\u00edtica. Canarias: frontera sur de Europa"}]},{"@type":"WebSite","@id":"https:\/\/www.ull.es\/portal\/agenda\/#website","url":"https:\/\/www.ull.es\/portal\/agenda\/","name":"ULL - Agenda","description":"","potentialAction":[{"@type":"SearchAction","target":{"@type":"EntryPoint","urlTemplate":"https:\/\/www.ull.es\/portal\/agenda\/?s={search_term_string}"},"query-input":"required name=search_term_string"}],"inLanguage":"es"}]}},"_links":{"self":[{"href":"https:\/\/www.ull.es\/portal\/agenda\/wp-json\/wp\/v2\/tribe_events\/32802"}],"collection":[{"href":"https:\/\/www.ull.es\/portal\/agenda\/wp-json\/wp\/v2\/tribe_events"}],"about":[{"href":"https:\/\/www.ull.es\/portal\/agenda\/wp-json\/wp\/v2\/types\/tribe_events"}],"author":[{"embeddable":true,"href":"https:\/\/www.ull.es\/portal\/agenda\/wp-json\/wp\/v2\/users\/65"}],"replies":[{"embeddable":true,"href":"https:\/\/www.ull.es\/portal\/agenda\/wp-json\/wp\/v2\/comments?post=32802"}],"version-history":[{"count":2,"href":"https:\/\/www.ull.es\/portal\/agenda\/wp-json\/wp\/v2\/tribe_events\/32802\/revisions"}],"predecessor-version":[{"id":32819,"href":"https:\/\/www.ull.es\/portal\/agenda\/wp-json\/wp\/v2\/tribe_events\/32802\/revisions\/32819"}],"wp:featuredmedia":[{"embeddable":true,"href":"https:\/\/www.ull.es\/portal\/agenda\/wp-json\/wp\/v2\/media\/32813"}],"wp:attachment":[{"href":"https:\/\/www.ull.es\/portal\/agenda\/wp-json\/wp\/v2\/media?parent=32802"}],"wp:term":[{"taxonomy":"post_tag","embeddable":true,"href":"https:\/\/www.ull.es\/portal\/agenda\/wp-json\/wp\/v2\/tags?post=32802"},{"taxonomy":"tribe_events_cat","embeddable":true,"href":"https:\/\/www.ull.es\/portal\/agenda\/wp-json\/wp\/v2\/tribe_events_cat?post=32802"}],"curies":[{"name":"wp","href":"https:\/\/api.w.org\/{rel}","templated":true}]}}

Seminario de geopolítica. Canarias: frontera sur de Europa

<p style="font-weight: 400;">El Seminario de Geopolítica: Canarias, frontera sur de Europa, que se celebrará del 15 al 17 de noviembre, tiene como objetivo ofrecer un marco de reflexión y debate sobre el contexto geopolítico que afecta a las islas Canarias. Para ello, se han organizado dos sesiones de ponencias y una salida de campo. En las primeras se abordarán los contenidos teóricos y los análisis de distintas problemáticas que, desde una lectura geopolítica, afectan al archipiélago canario. En la sesión del miércoles 15 intervendrá, en primer lugar, el profesor de Análisis Geográfico Regional de la Universidad de La Laguna, Víctor Martín, con la ponencia <em>Lenin versus Mackinder o geopolítica proletaria versus geopolítica imperialista</em>, en la cual abordará el papel de clase que juega la geopolítica a través del ejemplo de la aplicación de la vieja teoría del geógrafo británico Mackinder a la situación de la geopolítica mundial actual. En análisis plantea que las consecuencias de la ruptura del mundo unipolar (hegemonía de EE.UU.), motivado por el ascenso económico de China y de la recuperación militar de Rusia, permiten entrever alguna de las consecuencias que ya Lenin predijo hace un siglo: ¿Caminamos hacia la III Guerra Mundial? Por su parte, en la segunda conferencia, el catedrático de Geografía Humana de la Universidad de Alicante, José Antonio Segrelles, tratará las <em>Contradicciones ambientales entre la PAC de la Unión Europea y el Tratado Transatlántico de Comercio e Inversiones (TTIP). Repercusiones Sobre Canarias</em>, en la que se adentrará en la explicación de cómo las exigentes normas ambientales de la Política Agraria Común de la Unión Europea dejarían de tener sentido si llegara a firmarse el Tratado Transatlántico de Comercio e Inversiones con Estados Unidos. Para el autor, ambas regiones representan ideas, conceptos y enfoques antagónicos que al final acabarían relacionándose de forma dialéctica. El aumento de la competencia supondría la profundización del libre comercio, el consiguiente aumento de la intensificación productiva, la degradación ambiental y de las condiciones de trabajo y el deterioro de la calidad de los alimentos, es decir, sufrirá un categórico menoscabo todo aquello que dice defender la PAC, lo que perjudicaría ante todo a los países europeos mediterráneos y a las zonas ultraperiféricas, como Canarias.</p>
<p style="font-weight: 400;">La sesión del jueves 16 la abrirá el profesor de Análisis Geográfico Regional de la Universidad de La Laguna, Luis Jerez, con la ponencia <em>Canarias frente a la crisis geopolítica del noroeste africano</em>. En ella se abordará el papel geoestratégico que juega el archipiélago canario, así como el análisis de la situación geopolítica del Magreb y el Sahel, dos regiones que mantienen una dinámica de tensión creciente que es necesario atender, dadas las implicaciones directas e indirectas que tiene (caso del fenómeno migratorio) y puede tener sobre las Islas. La segunda conferencia: <em>El Sahel a la merced de los grandes depredadores de recursos estratégicos</em> será impartida por el analista geopolítico y especialista en las relaciones África y Europa, Sani Ladan, Esta ponencia tratará la manera en que la crisis del capitalismo mundial ha exacerbado la lucha por los recursos naturales en los países del Sur, especialmente en África. Esa carrera por los recursos se produce de diversas formas, en particular, mediante intervenciones militares en regiones como el Sahel, ricas en recursos energéticos (uranio, petróleo y gas), en nombre de la seguridad u objetivos «humanitarios», como el «derecho de protección» o la «injerencia humanitaria». Esta doctrina fue trágicamente aplicada en Libia por el imperialismo occidental, a través de su brazo armado: la OTAN. ¿Qué supone para África, y en especial para el Sahel, el hecho de que Europa incluya la energía nuclear como energía verde? Estos serán los contenidos abordados en la presentación, prestando especial atención al caso de Níger y el uranio.</p>
<p style="font-weight: 400;">Finalmente, para el viernes 17 se plantea una salida de campo a modo de recorrido por diferentes puntos del sur de la isla, en los que son reconocibles territorialmente diversos aspectos tratados en las ponencias de los días anteriores.</p>
<p><b>Contacto para la inscripción:</b> <span style="color: #0000ff;"><a href="mailto:ljerez@ull.edu.es" target="_blank" rel="noopener" target="_blank" rel="noopener">ljerez@ull.edu.es</a> </span></p>
<p><a href="https://drive.google.com/file/d/1RQ7Z-zyMC5i3zyP7wEk9gwVBg14Py-3z/view?usp=drive_link" target="_blank" rel="noopener" target="_blank" rel="noopener">Cartel</a></p>

<p>El Seminario de Geopolítica: Canarias, frontera sur de Europa, que se celebrará del 15 al 17 de noviembre, tiene como objetivo ofrecer un marco de reflexión y debate sobre el contexto geopolítico que afecta a las islas Canarias. Para ello, se han organizado dos sesiones de ponencias y una salida de campo. En las primeras&#8230;</p>

<!-- This site is optimized with the Yoast SEO plugin v21.3 - https://yoast.com/wordpress/plugins/seo/ -->
<title>Seminario de geopolítica. Canarias: frontera sur de Europa - ULL - Agenda</title>
<meta name="robots" content="index, follow, max-snippet:-1, max-image-preview:large, max-video-preview:-1" />
<link rel="canonical" href="https://www.ull.es/portal/agenda/evento/seminario-de-geopolitica-canarias-frontera-sur-de-europa/" />
<meta property="og:locale" content="es_ES" />
<meta property="og:type" content="article" />
<meta property="og:title" content="Seminario de geopolítica. Canarias: frontera sur de Europa - ULL - Agenda" />
<meta property="og:description" content="El Seminario de Geopolítica: Canarias, frontera sur de Europa, que se celebrará del 15 al 17 de noviembre, tiene como objetivo ofrecer un marco de reflexión y debate sobre el contexto geopolítico que afecta a las islas Canarias. Para ello, se han organizado dos sesiones de ponencias y una salida de campo. En las primeras..." />
<meta property="og:url" content="https://www.ull.es/portal/agenda/evento/seminario-de-geopolitica-canarias-frontera-sur-de-europa/" />
<meta property="og:site_name" content="ULL - Agenda" />
<meta property="article:modified_time" content="2023-10-31T13:46:34+00:00" />
<meta property="og:image" content="https://www.ull.es/portal/agenda/wp-content/uploads/sites/12/2023/10/Seminario-de-geopolitica.-Canarias-frontera-sur-de-Europa_Banner-Evento-ULL.png" />
	<meta property="og:image:width" content="751" />
	<meta property="og:image:height" content="370" />
	<meta property="og:image:type" content="image/png" />
<meta name="twitter:card" content="summary_large_image" />
<meta name="twitter:label1" content="Tiempo de lectura" />
	<meta name="twitter:data1" content="4 minutos" />
<script type="application/ld+json" class="yoast-schema-graph">{"@context":"https://schema.org","@graph":[{"@type":"WebPage","@id":"https://www.ull.es/portal/agenda/evento/seminario-de-geopolitica-canarias-frontera-sur-de-europa/","url":"https://www.ull.es/portal/agenda/evento/seminario-de-geopolitica-canarias-frontera-sur-de-europa/","name":"Seminario de geopolítica. Canarias: frontera sur de Europa - ULL - Agenda","isPartOf":{"@id":"https://www.ull.es/portal/agenda/#website"},"datePublished":"2023-10-31T10:12:05+00:00","dateModified":"2023-10-31T13:46:34+00:00","breadcrumb":{"@id":"https://www.ull.es/portal/agenda/evento/seminario-de-geopolitica-canarias-frontera-sur-de-europa/#breadcrumb"},"inLanguage":"es","potentialAction":[{"@type":"ReadAction","target":["https://www.ull.es/portal/agenda/evento/seminario-de-geopolitica-canarias-frontera-sur-de-europa/"]}]},{"@type":"BreadcrumbList","@id":"https://www.ull.es/portal/agenda/evento/seminario-de-geopolitica-canarias-frontera-sur-de-europa/#breadcrumb","itemListElement":[{"@type":"ListItem","position":1,"name":"Portada","item":"https://www.ull.es/portal/agenda/"},{"@type":"ListItem","position":2,"name":"Seminario de geopolítica. Canarias: frontera sur de Europa"}]},{"@type":"WebSite","@id":"https://www.ull.es/portal/agenda/#website","url":"https://www.ull.es/portal/agenda/","name":"ULL - Agenda","description":"","potentialAction":[{"@type":"SearchAction","target":{"@type":"EntryPoint","urlTemplate":"https://www.ull.es/portal/agenda/?s={search_term_string}"},"query-input":"required name=search_term_string"}],"inLanguage":"es"}]}</script>
<!-- / Yoast SEO plugin. -->

Seminario de geopolítica. Canarias: frontera sur de Europa - ULL - Agenda

El Seminario de Geopolítica: Canarias, frontera sur de Europa, que se celebrará del 15 al 17 de noviembre, tiene como objetivo ofrecer un marco de reflexión y debate sobre el contexto geopolítico que afecta a las islas Canarias. Para ello, se han organizado dos sesiones de ponencias y una salida de campo. En las primeras...
