{"id":32821,"date":"2023-10-31T14:19:50","date_gmt":"2023-10-31T14:19:50","guid":{"rendered":"https:\/\/www.ull.es\/portal\/agenda\/?post_type=tribe_events&#038;p=32821"},"modified":"2023-11-28T10:26:57","modified_gmt":"2023-11-28T10:26:57","slug":"workshop-internacional-explorando-horizontes-educativos","status":"publish","type":"tribe_events","link":"https:\/\/www.ull.es\/portal\/agenda\/evento\/workshop-internacional-explorando-horizontes-educativos\/","title":{"rendered":"I Workshop Internacional: Explorando horizontes educativos"},"content":{"rendered":"<p>Desde el Departamento de Did\u00e1cticas Espec\u00edficas de la Universidad de La Laguna y en colaboraci\u00f3n con el Vicerrectorado de Investigaci\u00f3n y Transferencia\u00a0 se ha organizado el I Workshop Internacional \u201cExplorando horizontes educativos\u201d, cuya finalidad es el intercambio de ideas y pr\u00e1cticas docentes innovadoras para crear sinergias y nexos colaborativos entre la universidad y los centros educativos de Tenerife.<\/p>\n<p>Durante el desarrollo de este Workshop se crear\u00e1n espacios de encuentro (conferencias, mesas redondas, talleres) en el que docentes de diferentes etapas educativas y profesorado universitario, puedan intercambiar experiencias, retos, proyectos y crear una red de colaboraci\u00f3n para trabajar los desaf\u00edos a los que se presenta la educaci\u00f3n del siglo XXI.<\/p>\n<p>Este evento se celebrar\u00e1 los d\u00edas 27, 28 y 29 de noviembre en la Facultad de Educaci\u00f3n de la Universidad de La Laguna. Las contribuciones a este Workshop girar\u00e1n en torno a las did\u00e1cticas espec\u00edficas: Ciencias Sociales; Ciencias Experimentales; Lengua y Literatura; Expresi\u00f3n Musical y Expresi\u00f3n Corporal.<\/p>\n<p>Para m\u00e1s informaci\u00f3n, pulse este <a href=\"https:\/\/drive.google.com\/file\/d\/138msEbk-wz5XfAascrotylUdUUVFYXYi\/view?usp=drive_link\" target=\"_blank\" rel=\"noopener\" target=\"_blank\" rel=\"noopener\">enlace.<\/a><\/p>\n<p><strong>Organiza<\/strong>: Grupo de investigaci\u00f3n de Did\u00e1ctica y Comunicaci\u00f3n de las Ciencias y la Tecnolog\u00eda (DICCTA) y Departamento de Did\u00e1cticas Espec\u00edficas de la Universidad de La Laguna.<\/p>\n","protected":false},"excerpt":{"rendered":"<p>Desde el Departamento de Did\u00e1cticas Espec\u00edficas de la Universidad de La Laguna y en colaboraci\u00f3n con el Vicerrectorado de Investigaci\u00f3n y Transferencia\u00a0 se ha organizado el I Workshop Internacional \u201cExplorando horizontes educativos\u201d, cuya finalidad es el intercambio de ideas y pr\u00e1cticas docentes innovadoras para crear sinergias y nexos colaborativos entre la universidad y los centros&#8230;<\/p>\n","protected":false},"author":65,"featured_media":32843,"comment_status":"closed","ping_status":"closed","template":"","tags":[],"tribe_events_cat":[4,391,815,5],"acf":[],"yoast_head":"<!-- This site is optimized with the Yoast SEO plugin v21.3 - https:\/\/yoast.com\/wordpress\/plugins\/seo\/ -->\n<title>I Workshop Internacional: Explorando horizontes educativos - ULL - Agenda<\/title>\n<meta name=\"robots\" content=\"index, follow, max-snippet:-1, max-image-preview:large, max-video-preview:-1\" \/>\n<link rel=\"canonical\" href=\"https:\/\/www.ull.es\/portal\/agenda\/evento\/workshop-internacional-explorando-horizontes-educativos\/\" \/>\n<meta property=\"og:locale\" content=\"es_ES\" \/>\n<meta property=\"og:type\" content=\"article\" \/>\n<meta property=\"og:title\" content=\"I Workshop Internacional: Explorando horizontes educativos - ULL - Agenda\" \/>\n<meta property=\"og:description\" content=\"Desde el Departamento de Did\u00e1cticas Espec\u00edficas de la Universidad de La Laguna y en colaboraci\u00f3n con el Vicerrectorado de Investigaci\u00f3n y Transferencia\u00a0 se ha organizado el I Workshop Internacional \u201cExplorando horizontes educativos\u201d, cuya finalidad es el intercambio de ideas y pr\u00e1cticas docentes innovadoras para crear sinergias y nexos colaborativos entre la universidad y los centros...\" \/>\n<meta property=\"og:url\" content=\"https:\/\/www.ull.es\/portal\/agenda\/evento\/workshop-internacional-explorando-horizontes-educativos\/\" \/>\n<meta property=\"og:site_name\" content=\"ULL - Agenda\" \/>\n<meta property=\"article:modified_time\" content=\"2023-11-28T10:26:57+00:00\" \/>\n<meta property=\"og:image\" content=\"https:\/\/www.ull.es\/portal\/agenda\/wp-content\/uploads\/sites\/12\/2023\/10\/Workshop-Internacional-Explorando-horizontes-educativos_Banner-eventos.png\" \/>\n\t<meta property=\"og:image:width\" content=\"750\" \/>\n\t<meta property=\"og:image:height\" content=\"370\" \/>\n\t<meta property=\"og:image:type\" content=\"image\/png\" \/>\n<meta name=\"twitter:card\" content=\"summary_large_image\" \/>\n<meta name=\"twitter:label1\" content=\"Tiempo de lectura\" \/>\n\t<meta name=\"twitter:data1\" content=\"1 minuto\" \/>\n<script type=\"application\/ld+json\" class=\"yoast-schema-graph\">{\"@context\":\"https:\/\/schema.org\",\"@graph\":[{\"@type\":\"WebPage\",\"@id\":\"https:\/\/www.ull.es\/portal\/agenda\/evento\/workshop-internacional-explorando-horizontes-educativos\/\",\"url\":\"https:\/\/www.ull.es\/portal\/agenda\/evento\/workshop-internacional-explorando-horizontes-educativos\/\",\"name\":\"I Workshop Internacional: Explorando horizontes educativos - ULL - Agenda\",\"isPartOf\":{\"@id\":\"https:\/\/www.ull.es\/portal\/agenda\/#website\"},\"datePublished\":\"2023-10-31T14:19:50+00:00\",\"dateModified\":\"2023-11-28T10:26:57+00:00\",\"breadcrumb\":{\"@id\":\"https:\/\/www.ull.es\/portal\/agenda\/evento\/workshop-internacional-explorando-horizontes-educativos\/#breadcrumb\"},\"inLanguage\":\"es\",\"potentialAction\":[{\"@type\":\"ReadAction\",\"target\":[\"https:\/\/www.ull.es\/portal\/agenda\/evento\/workshop-internacional-explorando-horizontes-educativos\/\"]}]},{\"@type\":\"BreadcrumbList\",\"@id\":\"https:\/\/www.ull.es\/portal\/agenda\/evento\/workshop-internacional-explorando-horizontes-educativos\/#breadcrumb\",\"itemListElement\":[{\"@type\":\"ListItem\",\"position\":1,\"name\":\"Portada\",\"item\":\"https:\/\/www.ull.es\/portal\/agenda\/\"},{\"@type\":\"ListItem\",\"position\":2,\"name\":\"I Workshop Internacional: Explorando horizontes educativos\"}]},{\"@type\":\"WebSite\",\"@id\":\"https:\/\/www.ull.es\/portal\/agenda\/#website\",\"url\":\"https:\/\/www.ull.es\/portal\/agenda\/\",\"name\":\"ULL - Agenda\",\"description\":\"\",\"potentialAction\":[{\"@type\":\"SearchAction\",\"target\":{\"@type\":\"EntryPoint\",\"urlTemplate\":\"https:\/\/www.ull.es\/portal\/agenda\/?s={search_term_string}\"},\"query-input\":\"required name=search_term_string\"}],\"inLanguage\":\"es\"}]}<\/script>\n<!-- \/ Yoast SEO plugin. -->","yoast_head_json":{"title":"I Workshop Internacional: Explorando horizontes educativos - ULL - Agenda","robots":{"index":"index","follow":"follow","max-snippet":"max-snippet:-1","max-image-preview":"max-image-preview:large","max-video-preview":"max-video-preview:-1"},"canonical":"https:\/\/www.ull.es\/portal\/agenda\/evento\/workshop-internacional-explorando-horizontes-educativos\/","og_locale":"es_ES","og_type":"article","og_title":"I Workshop Internacional: Explorando horizontes educativos - ULL - Agenda","og_description":"Desde el Departamento de Did\u00e1cticas Espec\u00edficas de la Universidad de La Laguna y en colaboraci\u00f3n con el Vicerrectorado de Investigaci\u00f3n y Transferencia\u00a0 se ha organizado el I Workshop Internacional \u201cExplorando horizontes educativos\u201d, cuya finalidad es el intercambio de ideas y pr\u00e1cticas docentes innovadoras para crear sinergias y nexos colaborativos entre la universidad y los centros...","og_url":"https:\/\/www.ull.es\/portal\/agenda\/evento\/workshop-internacional-explorando-horizontes-educativos\/","og_site_name":"ULL - Agenda","article_modified_time":"2023-11-28T10:26:57+00:00","og_image":[{"width":750,"height":370,"url":"https:\/\/www.ull.es\/portal\/agenda\/wp-content\/uploads\/sites\/12\/2023\/10\/Workshop-Internacional-Explorando-horizontes-educativos_Banner-eventos.png","type":"image\/png"}],"twitter_card":"summary_large_image","twitter_misc":{"Tiempo de lectura":"1 minuto"},"schema":{"@context":"https:\/\/schema.org","@graph":[{"@type":"WebPage","@id":"https:\/\/www.ull.es\/portal\/agenda\/evento\/workshop-internacional-explorando-horizontes-educativos\/","url":"https:\/\/www.ull.es\/portal\/agenda\/evento\/workshop-internacional-explorando-horizontes-educativos\/","name":"I Workshop Internacional: Explorando horizontes educativos - ULL - Agenda","isPartOf":{"@id":"https:\/\/www.ull.es\/portal\/agenda\/#website"},"datePublished":"2023-10-31T14:19:50+00:00","dateModified":"2023-11-28T10:26:57+00:00","breadcrumb":{"@id":"https:\/\/www.ull.es\/portal\/agenda\/evento\/workshop-internacional-explorando-horizontes-educativos\/#breadcrumb"},"inLanguage":"es","potentialAction":[{"@type":"ReadAction","target":["https:\/\/www.ull.es\/portal\/agenda\/evento\/workshop-internacional-explorando-horizontes-educativos\/"]}]},{"@type":"BreadcrumbList","@id":"https:\/\/www.ull.es\/portal\/agenda\/evento\/workshop-internacional-explorando-horizontes-educativos\/#breadcrumb","itemListElement":[{"@type":"ListItem","position":1,"name":"Portada","item":"https:\/\/www.ull.es\/portal\/agenda\/"},{"@type":"ListItem","position":2,"name":"I Workshop Internacional: Explorando horizontes educativos"}]},{"@type":"WebSite","@id":"https:\/\/www.ull.es\/portal\/agenda\/#website","url":"https:\/\/www.ull.es\/portal\/agenda\/","name":"ULL - Agenda","description":"","potentialAction":[{"@type":"SearchAction","target":{"@type":"EntryPoint","urlTemplate":"https:\/\/www.ull.es\/portal\/agenda\/?s={search_term_string}"},"query-input":"required name=search_term_string"}],"inLanguage":"es"}]}},"_links":{"self":[{"href":"https:\/\/www.ull.es\/portal\/agenda\/wp-json\/wp\/v2\/tribe_events\/32821"}],"collection":[{"href":"https:\/\/www.ull.es\/portal\/agenda\/wp-json\/wp\/v2\/tribe_events"}],"about":[{"href":"https:\/\/www.ull.es\/portal\/agenda\/wp-json\/wp\/v2\/types\/tribe_events"}],"author":[{"embeddable":true,"href":"https:\/\/www.ull.es\/portal\/agenda\/wp-json\/wp\/v2\/users\/65"}],"replies":[{"embeddable":true,"href":"https:\/\/www.ull.es\/portal\/agenda\/wp-json\/wp\/v2\/comments?post=32821"}],"version-history":[{"count":4,"href":"https:\/\/www.ull.es\/portal\/agenda\/wp-json\/wp\/v2\/tribe_events\/32821\/revisions"}],"predecessor-version":[{"id":32851,"href":"https:\/\/www.ull.es\/portal\/agenda\/wp-json\/wp\/v2\/tribe_events\/32821\/revisions\/32851"}],"wp:featuredmedia":[{"embeddable":true,"href":"https:\/\/www.ull.es\/portal\/agenda\/wp-json\/wp\/v2\/media\/32843"}],"wp:attachment":[{"href":"https:\/\/www.ull.es\/portal\/agenda\/wp-json\/wp\/v2\/media?parent=32821"}],"wp:term":[{"taxonomy":"post_tag","embeddable":true,"href":"https:\/\/www.ull.es\/portal\/agenda\/wp-json\/wp\/v2\/tags?post=32821"},{"taxonomy":"tribe_events_cat","embeddable":true,"href":"https:\/\/www.ull.es\/portal\/agenda\/wp-json\/wp\/v2\/tribe_events_cat?post=32821"}],"curies":[{"name":"wp","href":"https:\/\/api.w.org\/{rel}","templated":true}]}}

<p>Desde el Departamento de Didácticas Específicas de la Universidad de La Laguna y en colaboración con el Vicerrectorado de Investigación y Transferencia  se ha organizado el I Workshop Internacional “Explorando horizontes educativos”, cuya finalidad es el intercambio de ideas y prácticas docentes innovadoras para crear sinergias y nexos colaborativos entre la universidad y los centros educativos de Tenerife.</p>
<p>Durante el desarrollo de este Workshop se crearán espacios de encuentro (conferencias, mesas redondas, talleres) en el que docentes de diferentes etapas educativas y profesorado universitario, puedan intercambiar experiencias, retos, proyectos y crear una red de colaboración para trabajar los desafíos a los que se presenta la educación del siglo XXI.</p>
<p>Este evento se celebrará los días 27, 28 y 29 de noviembre en la Facultad de Educación de la Universidad de La Laguna. Las contribuciones a este Workshop girarán en torno a las didácticas específicas: Ciencias Sociales; Ciencias Experimentales; Lengua y Literatura; Expresión Musical y Expresión Corporal.</p>
<p>Para más información, pulse este <a href="https://drive.google.com/file/d/138msEbk-wz5XfAascrotylUdUUVFYXYi/view?usp=drive_link" target="_blank" rel="noopener" target="_blank" rel="noopener">enlace.</a></p>
<p><strong>Organiza</strong>: Grupo de investigación de Didáctica y Comunicación de las Ciencias y la Tecnología (DICCTA) y Departamento de Didácticas Específicas de la Universidad de La Laguna.</p>

<p>Desde el Departamento de Didácticas Específicas de la Universidad de La Laguna y en colaboración con el Vicerrectorado de Investigación y Transferencia  se ha organizado el I Workshop Internacional “Explorando horizontes educativos”, cuya finalidad es el intercambio de ideas y prácticas docentes innovadoras para crear sinergias y nexos colaborativos entre la universidad y los centros&#8230;</p>

<!-- This site is optimized with the Yoast SEO plugin v21.3 - https://yoast.com/wordpress/plugins/seo/ -->
<title>I Workshop Internacional: Explorando horizontes educativos - ULL - Agenda</title>
<meta name="robots" content="index, follow, max-snippet:-1, max-image-preview:large, max-video-preview:-1" />
<link rel="canonical" href="https://www.ull.es/portal/agenda/evento/workshop-internacional-explorando-horizontes-educativos/" />
<meta property="og:locale" content="es_ES" />
<meta property="og:type" content="article" />
<meta property="og:title" content="I Workshop Internacional: Explorando horizontes educativos - ULL - Agenda" />
<meta property="og:description" content="Desde el Departamento de Didácticas Específicas de la Universidad de La Laguna y en colaboración con el Vicerrectorado de Investigación y Transferencia  se ha organizado el I Workshop Internacional “Explorando horizontes educativos”, cuya finalidad es el intercambio de ideas y prácticas docentes innovadoras para crear sinergias y nexos colaborativos entre la universidad y los centros..." />
<meta property="og:url" content="https://www.ull.es/portal/agenda/evento/workshop-internacional-explorando-horizontes-educativos/" />
<meta property="og:site_name" content="ULL - Agenda" />
<meta property="article:modified_time" content="2023-11-28T10:26:57+00:00" />
<meta property="og:image" content="https://www.ull.es/portal/agenda/wp-content/uploads/sites/12/2023/10/Workshop-Internacional-Explorando-horizontes-educativos_Banner-eventos.png" />
	<meta property="og:image:width" content="750" />
	<meta property="og:image:height" content="370" />
	<meta property="og:image:type" content="image/png" />
<meta name="twitter:card" content="summary_large_image" />
<meta name="twitter:label1" content="Tiempo de lectura" />
	<meta name="twitter:data1" content="1 minuto" />
<script type="application/ld+json" class="yoast-schema-graph">{"@context":"https://schema.org","@graph":[{"@type":"WebPage","@id":"https://www.ull.es/portal/agenda/evento/workshop-internacional-explorando-horizontes-educativos/","url":"https://www.ull.es/portal/agenda/evento/workshop-internacional-explorando-horizontes-educativos/","name":"I Workshop Internacional: Explorando horizontes educativos - ULL - Agenda","isPartOf":{"@id":"https://www.ull.es/portal/agenda/#website"},"datePublished":"2023-10-31T14:19:50+00:00","dateModified":"2023-11-28T10:26:57+00:00","breadcrumb":{"@id":"https://www.ull.es/portal/agenda/evento/workshop-internacional-explorando-horizontes-educativos/#breadcrumb"},"inLanguage":"es","potentialAction":[{"@type":"ReadAction","target":["https://www.ull.es/portal/agenda/evento/workshop-internacional-explorando-horizontes-educativos/"]}]},{"@type":"BreadcrumbList","@id":"https://www.ull.es/portal/agenda/evento/workshop-internacional-explorando-horizontes-educativos/#breadcrumb","itemListElement":[{"@type":"ListItem","position":1,"name":"Portada","item":"https://www.ull.es/portal/agenda/"},{"@type":"ListItem","position":2,"name":"I Workshop Internacional: Explorando horizontes educativos"}]},{"@type":"WebSite","@id":"https://www.ull.es/portal/agenda/#website","url":"https://www.ull.es/portal/agenda/","name":"ULL - Agenda","description":"","potentialAction":[{"@type":"SearchAction","target":{"@type":"EntryPoint","urlTemplate":"https://www.ull.es/portal/agenda/?s={search_term_string}"},"query-input":"required name=search_term_string"}],"inLanguage":"es"}]}</script>
<!-- / Yoast SEO plugin. -->

Desde el Departamento de Didácticas Específicas de la Universidad de La Laguna y en colaboración con el Vicerrectorado de Investigación y Transferencia  se ha organizado el I Workshop Internacional “Explorando horizontes educativos”, cuya finalidad es el intercambio de ideas y prácticas docentes innovadoras para crear sinergias y nexos colaborativos entre la universidad y los centros...
