{"id":32847,"date":"2023-11-02T13:21:46","date_gmt":"2023-11-02T13:21:46","guid":{"rendered":"https:\/\/www.ull.es\/portal\/agenda\/?post_type=tribe_events&#038;p=32847"},"modified":"2023-11-02T13:22:57","modified_gmt":"2023-11-02T13:22:57","slug":"presentacion-del-disco-green-fireflies-de-carlos-costa","status":"publish","type":"tribe_events","link":"https:\/\/www.ull.es\/portal\/agenda\/evento\/presentacion-del-disco-green-fireflies-de-carlos-costa\/","title":{"rendered":"Presentaci\u00f3n del disco &#8216;Green Fireflies&#8217; de Carlos Costa"},"content":{"rendered":"<p>\u201cGreen Fireflies\u201d es el nuevo proyecto discogr\u00e1fico del artista, contrabajista y panderista, Carlos Costa. La m\u00fasica grabada en Brooklyn Nueva York en octubre de 2022 tiene como fuente el trabajo cient\u00edfico de la astrof\u00edsica Rebeca Galera que desarroll\u00f3 su investigaci\u00f3n en torno a las Nebulosas Planetarias a las que llamaba \u201cMis luci\u00e9rnagas verdes\u201d de ah\u00ed el t\u00edtulo del disco. Cuenta con la presencia de m\u00fasicos tan destacados como Tomas Fujiwara (bater\u00eda) y Patricia Brennan (vibr\u00e1fono) m\u00fasicos destacados de la escena neoyorquina. Manolo Rodr\u00edguez (electr\u00f3nica y productor art\u00edstico), Yossi Itskovich (tromb\u00f3n), Luisa Machado (Voz) o Ibrahima Sarr (Rap). El disco posee un fuerte componente r\u00edtmico-mel\u00f3dico que ser\u00e1 presentado en este espect\u00e1culo.<\/p>\n<p><a href=\"https:\/\/www.tomaticket.es\/recintos\/paraninfo-ull\" target=\"_blank\" rel=\"noopener\" target=\"_blank\" rel=\"noopener\">Entrada:<\/a> 10 \u20ac<\/p>\n","protected":false},"excerpt":{"rendered":"<p>\u201cGreen Fireflies\u201d es el nuevo proyecto discogr\u00e1fico del artista, contrabajista y panderista, Carlos Costa. La m\u00fasica grabada en Brooklyn Nueva York en octubre de 2022 tiene como fuente el trabajo cient\u00edfico de la astrof\u00edsica Rebeca Galera que desarroll\u00f3 su investigaci\u00f3n en torno a las Nebulosas Planetarias a las que llamaba \u201cMis luci\u00e9rnagas verdes\u201d de ah\u00ed&#8230;<\/p>\n","protected":false},"author":65,"featured_media":32848,"comment_status":"closed","ping_status":"closed","template":"","tags":[],"tribe_events_cat":[4,343,4691,186,191],"acf":[],"yoast_head":"<!-- This site is optimized with the Yoast SEO plugin v21.3 - https:\/\/yoast.com\/wordpress\/plugins\/seo\/ -->\n<title>Presentaci\u00f3n del disco &#039;Green Fireflies&#039; de Carlos Costa - ULL - Agenda<\/title>\n<meta name=\"robots\" content=\"index, follow, max-snippet:-1, max-image-preview:large, max-video-preview:-1\" \/>\n<link rel=\"canonical\" href=\"https:\/\/www.ull.es\/portal\/agenda\/evento\/presentacion-del-disco-green-fireflies-de-carlos-costa\/\" \/>\n<meta property=\"og:locale\" content=\"es_ES\" \/>\n<meta property=\"og:type\" content=\"article\" \/>\n<meta property=\"og:title\" content=\"Presentaci\u00f3n del disco &#039;Green Fireflies&#039; de Carlos Costa - ULL - Agenda\" \/>\n<meta property=\"og:description\" content=\"\u201cGreen Fireflies\u201d es el nuevo proyecto discogr\u00e1fico del artista, contrabajista y panderista, Carlos Costa. La m\u00fasica grabada en Brooklyn Nueva York en octubre de 2022 tiene como fuente el trabajo cient\u00edfico de la astrof\u00edsica Rebeca Galera que desarroll\u00f3 su investigaci\u00f3n en torno a las Nebulosas Planetarias a las que llamaba \u201cMis luci\u00e9rnagas verdes\u201d de ah\u00ed...\" \/>\n<meta property=\"og:url\" content=\"https:\/\/www.ull.es\/portal\/agenda\/evento\/presentacion-del-disco-green-fireflies-de-carlos-costa\/\" \/>\n<meta property=\"og:site_name\" content=\"ULL - Agenda\" \/>\n<meta property=\"article:modified_time\" content=\"2023-11-02T13:22:57+00:00\" \/>\n<meta property=\"og:image\" content=\"https:\/\/www.ull.es\/portal\/agenda\/wp-content\/uploads\/sites\/12\/2023\/11\/af-cartel-carlos-acosta-700x350px.jpg\" \/>\n\t<meta property=\"og:image:width\" content=\"1600\" \/>\n\t<meta property=\"og:image:height\" content=\"800\" \/>\n\t<meta property=\"og:image:type\" content=\"image\/jpeg\" \/>\n<meta name=\"twitter:card\" content=\"summary_large_image\" \/>\n<meta name=\"twitter:label1\" content=\"Tiempo de lectura\" \/>\n\t<meta name=\"twitter:data1\" content=\"1 minuto\" \/>\n<script type=\"application\/ld+json\" class=\"yoast-schema-graph\">{\"@context\":\"https:\/\/schema.org\",\"@graph\":[{\"@type\":\"WebPage\",\"@id\":\"https:\/\/www.ull.es\/portal\/agenda\/evento\/presentacion-del-disco-green-fireflies-de-carlos-costa\/\",\"url\":\"https:\/\/www.ull.es\/portal\/agenda\/evento\/presentacion-del-disco-green-fireflies-de-carlos-costa\/\",\"name\":\"Presentaci\u00f3n del disco 'Green Fireflies' de Carlos Costa - ULL - Agenda\",\"isPartOf\":{\"@id\":\"https:\/\/www.ull.es\/portal\/agenda\/#website\"},\"datePublished\":\"2023-11-02T13:21:46+00:00\",\"dateModified\":\"2023-11-02T13:22:57+00:00\",\"breadcrumb\":{\"@id\":\"https:\/\/www.ull.es\/portal\/agenda\/evento\/presentacion-del-disco-green-fireflies-de-carlos-costa\/#breadcrumb\"},\"inLanguage\":\"es\",\"potentialAction\":[{\"@type\":\"ReadAction\",\"target\":[\"https:\/\/www.ull.es\/portal\/agenda\/evento\/presentacion-del-disco-green-fireflies-de-carlos-costa\/\"]}]},{\"@type\":\"BreadcrumbList\",\"@id\":\"https:\/\/www.ull.es\/portal\/agenda\/evento\/presentacion-del-disco-green-fireflies-de-carlos-costa\/#breadcrumb\",\"itemListElement\":[{\"@type\":\"ListItem\",\"position\":1,\"name\":\"Portada\",\"item\":\"https:\/\/www.ull.es\/portal\/agenda\/\"},{\"@type\":\"ListItem\",\"position\":2,\"name\":\"Presentaci\u00f3n del disco &#8216;Green Fireflies&#8217; de Carlos Costa\"}]},{\"@type\":\"WebSite\",\"@id\":\"https:\/\/www.ull.es\/portal\/agenda\/#website\",\"url\":\"https:\/\/www.ull.es\/portal\/agenda\/\",\"name\":\"ULL - Agenda\",\"description\":\"\",\"potentialAction\":[{\"@type\":\"SearchAction\",\"target\":{\"@type\":\"EntryPoint\",\"urlTemplate\":\"https:\/\/www.ull.es\/portal\/agenda\/?s={search_term_string}\"},\"query-input\":\"required name=search_term_string\"}],\"inLanguage\":\"es\"}]}<\/script>\n<!-- \/ Yoast SEO plugin. -->","yoast_head_json":{"title":"Presentaci\u00f3n del disco 'Green Fireflies' de Carlos Costa - ULL - Agenda","robots":{"index":"index","follow":"follow","max-snippet":"max-snippet:-1","max-image-preview":"max-image-preview:large","max-video-preview":"max-video-preview:-1"},"canonical":"https:\/\/www.ull.es\/portal\/agenda\/evento\/presentacion-del-disco-green-fireflies-de-carlos-costa\/","og_locale":"es_ES","og_type":"article","og_title":"Presentaci\u00f3n del disco 'Green Fireflies' de Carlos Costa - ULL - Agenda","og_description":"\u201cGreen Fireflies\u201d es el nuevo proyecto discogr\u00e1fico del artista, contrabajista y panderista, Carlos Costa. La m\u00fasica grabada en Brooklyn Nueva York en octubre de 2022 tiene como fuente el trabajo cient\u00edfico de la astrof\u00edsica Rebeca Galera que desarroll\u00f3 su investigaci\u00f3n en torno a las Nebulosas Planetarias a las que llamaba \u201cMis luci\u00e9rnagas verdes\u201d de ah\u00ed...","og_url":"https:\/\/www.ull.es\/portal\/agenda\/evento\/presentacion-del-disco-green-fireflies-de-carlos-costa\/","og_site_name":"ULL - Agenda","article_modified_time":"2023-11-02T13:22:57+00:00","og_image":[{"width":1600,"height":800,"url":"https:\/\/www.ull.es\/portal\/agenda\/wp-content\/uploads\/sites\/12\/2023\/11\/af-cartel-carlos-acosta-700x350px.jpg","type":"image\/jpeg"}],"twitter_card":"summary_large_image","twitter_misc":{"Tiempo de lectura":"1 minuto"},"schema":{"@context":"https:\/\/schema.org","@graph":[{"@type":"WebPage","@id":"https:\/\/www.ull.es\/portal\/agenda\/evento\/presentacion-del-disco-green-fireflies-de-carlos-costa\/","url":"https:\/\/www.ull.es\/portal\/agenda\/evento\/presentacion-del-disco-green-fireflies-de-carlos-costa\/","name":"Presentaci\u00f3n del disco 'Green Fireflies' de Carlos Costa - ULL - Agenda","isPartOf":{"@id":"https:\/\/www.ull.es\/portal\/agenda\/#website"},"datePublished":"2023-11-02T13:21:46+00:00","dateModified":"2023-11-02T13:22:57+00:00","breadcrumb":{"@id":"https:\/\/www.ull.es\/portal\/agenda\/evento\/presentacion-del-disco-green-fireflies-de-carlos-costa\/#breadcrumb"},"inLanguage":"es","potentialAction":[{"@type":"ReadAction","target":["https:\/\/www.ull.es\/portal\/agenda\/evento\/presentacion-del-disco-green-fireflies-de-carlos-costa\/"]}]},{"@type":"BreadcrumbList","@id":"https:\/\/www.ull.es\/portal\/agenda\/evento\/presentacion-del-disco-green-fireflies-de-carlos-costa\/#breadcrumb","itemListElement":[{"@type":"ListItem","position":1,"name":"Portada","item":"https:\/\/www.ull.es\/portal\/agenda\/"},{"@type":"ListItem","position":2,"name":"Presentaci\u00f3n del disco &#8216;Green Fireflies&#8217; de Carlos Costa"}]},{"@type":"WebSite","@id":"https:\/\/www.ull.es\/portal\/agenda\/#website","url":"https:\/\/www.ull.es\/portal\/agenda\/","name":"ULL - Agenda","description":"","potentialAction":[{"@type":"SearchAction","target":{"@type":"EntryPoint","urlTemplate":"https:\/\/www.ull.es\/portal\/agenda\/?s={search_term_string}"},"query-input":"required name=search_term_string"}],"inLanguage":"es"}]}},"_links":{"self":[{"href":"https:\/\/www.ull.es\/portal\/agenda\/wp-json\/wp\/v2\/tribe_events\/32847"}],"collection":[{"href":"https:\/\/www.ull.es\/portal\/agenda\/wp-json\/wp\/v2\/tribe_events"}],"about":[{"href":"https:\/\/www.ull.es\/portal\/agenda\/wp-json\/wp\/v2\/types\/tribe_events"}],"author":[{"embeddable":true,"href":"https:\/\/www.ull.es\/portal\/agenda\/wp-json\/wp\/v2\/users\/65"}],"replies":[{"embeddable":true,"href":"https:\/\/www.ull.es\/portal\/agenda\/wp-json\/wp\/v2\/comments?post=32847"}],"version-history":[{"count":1,"href":"https:\/\/www.ull.es\/portal\/agenda\/wp-json\/wp\/v2\/tribe_events\/32847\/revisions"}],"predecessor-version":[{"id":32849,"href":"https:\/\/www.ull.es\/portal\/agenda\/wp-json\/wp\/v2\/tribe_events\/32847\/revisions\/32849"}],"wp:featuredmedia":[{"embeddable":true,"href":"https:\/\/www.ull.es\/portal\/agenda\/wp-json\/wp\/v2\/media\/32848"}],"wp:attachment":[{"href":"https:\/\/www.ull.es\/portal\/agenda\/wp-json\/wp\/v2\/media?parent=32847"}],"wp:term":[{"taxonomy":"post_tag","embeddable":true,"href":"https:\/\/www.ull.es\/portal\/agenda\/wp-json\/wp\/v2\/tags?post=32847"},{"taxonomy":"tribe_events_cat","embeddable":true,"href":"https:\/\/www.ull.es\/portal\/agenda\/wp-json\/wp\/v2\/tribe_events_cat?post=32847"}],"curies":[{"name":"wp","href":"https:\/\/api.w.org\/{rel}","templated":true}]}}

Presentación del disco &#8216;Green Fireflies&#8217; de Carlos Costa

<p>“Green Fireflies” es el nuevo proyecto discográfico del artista, contrabajista y panderista, Carlos Costa. La música grabada en Brooklyn Nueva York en octubre de 2022 tiene como fuente el trabajo científico de la astrofísica Rebeca Galera que desarrolló su investigación en torno a las Nebulosas Planetarias a las que llamaba “Mis luciérnagas verdes” de ahí el título del disco. Cuenta con la presencia de músicos tan destacados como Tomas Fujiwara (batería) y Patricia Brennan (vibráfono) músicos destacados de la escena neoyorquina. Manolo Rodríguez (electrónica y productor artístico), Yossi Itskovich (trombón), Luisa Machado (Voz) o Ibrahima Sarr (Rap). El disco posee un fuerte componente rítmico-melódico que será presentado en este espectáculo.</p>
<p><a href="https://www.tomaticket.es/recintos/paraninfo-ull" target="_blank" rel="noopener" target="_blank" rel="noopener">Entrada:</a> 10 €</p>

<p>“Green Fireflies” es el nuevo proyecto discográfico del artista, contrabajista y panderista, Carlos Costa. La música grabada en Brooklyn Nueva York en octubre de 2022 tiene como fuente el trabajo científico de la astrofísica Rebeca Galera que desarrolló su investigación en torno a las Nebulosas Planetarias a las que llamaba “Mis luciérnagas verdes” de ahí&#8230;</p>

<!-- This site is optimized with the Yoast SEO plugin v21.3 - https://yoast.com/wordpress/plugins/seo/ -->
<title>Presentación del disco &#039;Green Fireflies&#039; de Carlos Costa - ULL - Agenda</title>
<meta name="robots" content="index, follow, max-snippet:-1, max-image-preview:large, max-video-preview:-1" />
<link rel="canonical" href="https://www.ull.es/portal/agenda/evento/presentacion-del-disco-green-fireflies-de-carlos-costa/" />
<meta property="og:locale" content="es_ES" />
<meta property="og:type" content="article" />
<meta property="og:title" content="Presentación del disco &#039;Green Fireflies&#039; de Carlos Costa - ULL - Agenda" />
<meta property="og:description" content="“Green Fireflies” es el nuevo proyecto discográfico del artista, contrabajista y panderista, Carlos Costa. La música grabada en Brooklyn Nueva York en octubre de 2022 tiene como fuente el trabajo científico de la astrofísica Rebeca Galera que desarrolló su investigación en torno a las Nebulosas Planetarias a las que llamaba “Mis luciérnagas verdes” de ahí..." />
<meta property="og:url" content="https://www.ull.es/portal/agenda/evento/presentacion-del-disco-green-fireflies-de-carlos-costa/" />
<meta property="og:site_name" content="ULL - Agenda" />
<meta property="article:modified_time" content="2023-11-02T13:22:57+00:00" />
<meta property="og:image" content="https://www.ull.es/portal/agenda/wp-content/uploads/sites/12/2023/11/af-cartel-carlos-acosta-700x350px.jpg" />
	<meta property="og:image:width" content="1600" />
	<meta property="og:image:height" content="800" />
	<meta property="og:image:type" content="image/jpeg" />
<meta name="twitter:card" content="summary_large_image" />
<meta name="twitter:label1" content="Tiempo de lectura" />
	<meta name="twitter:data1" content="1 minuto" />
<script type="application/ld+json" class="yoast-schema-graph">{"@context":"https://schema.org","@graph":[{"@type":"WebPage","@id":"https://www.ull.es/portal/agenda/evento/presentacion-del-disco-green-fireflies-de-carlos-costa/","url":"https://www.ull.es/portal/agenda/evento/presentacion-del-disco-green-fireflies-de-carlos-costa/","name":"Presentación del disco 'Green Fireflies' de Carlos Costa - ULL - Agenda","isPartOf":{"@id":"https://www.ull.es/portal/agenda/#website"},"datePublished":"2023-11-02T13:21:46+00:00","dateModified":"2023-11-02T13:22:57+00:00","breadcrumb":{"@id":"https://www.ull.es/portal/agenda/evento/presentacion-del-disco-green-fireflies-de-carlos-costa/#breadcrumb"},"inLanguage":"es","potentialAction":[{"@type":"ReadAction","target":["https://www.ull.es/portal/agenda/evento/presentacion-del-disco-green-fireflies-de-carlos-costa/"]}]},{"@type":"BreadcrumbList","@id":"https://www.ull.es/portal/agenda/evento/presentacion-del-disco-green-fireflies-de-carlos-costa/#breadcrumb","itemListElement":[{"@type":"ListItem","position":1,"name":"Portada","item":"https://www.ull.es/portal/agenda/"},{"@type":"ListItem","position":2,"name":"Presentación del disco &#8216;Green Fireflies&#8217; de Carlos Costa"}]},{"@type":"WebSite","@id":"https://www.ull.es/portal/agenda/#website","url":"https://www.ull.es/portal/agenda/","name":"ULL - Agenda","description":"","potentialAction":[{"@type":"SearchAction","target":{"@type":"EntryPoint","urlTemplate":"https://www.ull.es/portal/agenda/?s={search_term_string}"},"query-input":"required name=search_term_string"}],"inLanguage":"es"}]}</script>
<!-- / Yoast SEO plugin. -->

Presentación del disco 'Green Fireflies' de Carlos Costa - ULL - Agenda

“Green Fireflies” es el nuevo proyecto discográfico del artista, contrabajista y panderista, Carlos Costa. La música grabada en Brooklyn Nueva York en octubre de 2022 tiene como fuente el trabajo científico de la astrofísica Rebeca Galera que desarrolló su investigación en torno a las Nebulosas Planetarias a las que llamaba “Mis luciérnagas verdes” de ahí...
