{"id":33001,"date":"2023-11-10T12:42:49","date_gmt":"2023-11-10T12:42:49","guid":{"rendered":"https:\/\/www.ull.es\/portal\/agenda\/?post_type=tribe_events&#038;p=33001"},"modified":"2023-11-24T14:15:30","modified_gmt":"2023-11-24T14:15:30","slug":"la-ull-en-negro","status":"publish","type":"tribe_events","link":"https:\/\/www.ull.es\/portal\/agenda\/evento\/la-ull-en-negro\/","title":{"rendered":"La ULL en Negro"},"content":{"rendered":"<p>El lunes 27 de noviembre, con motivo del d\u00eda contra las violencias machistas, el Instituto Universitario de Estudios de las Mujeres de la Universidad de La Laguna organiza la actividad \u201cLa ULL en Negro\u201d. De 10:00 a 14:00h se colocar\u00e1 un stand en el pasillo frente a la sala de decanas y decanos del M\u00f3dulo B de la Facultad de Educaci\u00f3n (Campus Central), donde se invita a la comunidad universitaria a grabar mensajes contra las violencias machistas y\/o sacar fotos con mensajes de concienciaci\u00f3n y sensibilizaci\u00f3n, adem\u00e1s de a movilizarse en sus redes con los hashtag #LaULLenNegro etiquetando al Instituto.<\/p>\n<p>Asimismo, se har\u00e1 un llamamiento a la participaci\u00f3n para dejar mensajes de concienciaci\u00f3n contra las violencias machistas en un tabl\u00f3n negro ubicado en el hall, y se entregar\u00e1 una camiseta de la #LaULLenNegro a las personas que participen en la actividad -hasta fin de existencias-.<\/p>\n<p>Se invita a toda la comunidad universitaria de la Universidad de La Laguna acudir con indumentaria de color negro el lunes, 27 de noviembre, y a asistir a la concentraci\u00f3n que se realizar\u00e1 a las 14:00 h en dicho espacio para hacer una foto grupal con los mensajes contra las violencias machistas y #LaULLenNegro.<\/p>\n<p>&nbsp;<\/p>\n","protected":false},"excerpt":{"rendered":"<p>El lunes 27 de noviembre, con motivo del d\u00eda contra las violencias machistas, el Instituto Universitario de Estudios de las Mujeres de la Universidad de La Laguna organiza la actividad \u201cLa ULL en Negro\u201d. De 10:00 a 14:00h se colocar\u00e1 un stand en el pasillo frente a la sala de decanas y decanos del M\u00f3dulo&#8230;<\/p>\n","protected":false},"author":65,"featured_media":33033,"comment_status":"closed","ping_status":"closed","template":"","tags":[],"tribe_events_cat":[4,1103,915,789,4647,3096,972,1090,848,865,937,815,2580,985,1831,3682,186,2125],"acf":[],"yoast_head":"<!-- This site is optimized with the Yoast SEO plugin v21.3 - https:\/\/yoast.com\/wordpress\/plugins\/seo\/ -->\n<title>La ULL en Negro - ULL - Agenda<\/title>\n<meta name=\"robots\" content=\"index, follow, max-snippet:-1, max-image-preview:large, max-video-preview:-1\" \/>\n<link rel=\"canonical\" href=\"https:\/\/www.ull.es\/portal\/agenda\/evento\/la-ull-en-negro\/\" \/>\n<meta property=\"og:locale\" content=\"es_ES\" \/>\n<meta property=\"og:type\" content=\"article\" \/>\n<meta property=\"og:title\" content=\"La ULL en Negro - ULL - Agenda\" \/>\n<meta property=\"og:description\" content=\"El lunes 27 de noviembre, con motivo del d\u00eda contra las violencias machistas, el Instituto Universitario de Estudios de las Mujeres de la Universidad de La Laguna organiza la actividad \u201cLa ULL en Negro\u201d. De 10:00 a 14:00h se colocar\u00e1 un stand en el pasillo frente a la sala de decanas y decanos del M\u00f3dulo...\" \/>\n<meta property=\"og:url\" content=\"https:\/\/www.ull.es\/portal\/agenda\/evento\/la-ull-en-negro\/\" \/>\n<meta property=\"og:site_name\" content=\"ULL - Agenda\" \/>\n<meta property=\"article:modified_time\" content=\"2023-11-24T14:15:30+00:00\" \/>\n<meta property=\"og:image\" content=\"https:\/\/www.ull.es\/portal\/agenda\/wp-content\/uploads\/sites\/12\/2023\/11\/La-ULL-en-negro.png\" \/>\n\t<meta property=\"og:image:width\" content=\"750\" \/>\n\t<meta property=\"og:image:height\" content=\"370\" \/>\n\t<meta property=\"og:image:type\" content=\"image\/png\" \/>\n<meta name=\"twitter:card\" content=\"summary_large_image\" \/>\n<meta name=\"twitter:label1\" content=\"Tiempo de lectura\" \/>\n\t<meta name=\"twitter:data1\" content=\"1 minuto\" \/>\n<script type=\"application\/ld+json\" class=\"yoast-schema-graph\">{\"@context\":\"https:\/\/schema.org\",\"@graph\":[{\"@type\":\"WebPage\",\"@id\":\"https:\/\/www.ull.es\/portal\/agenda\/evento\/la-ull-en-negro\/\",\"url\":\"https:\/\/www.ull.es\/portal\/agenda\/evento\/la-ull-en-negro\/\",\"name\":\"La ULL en Negro - ULL - Agenda\",\"isPartOf\":{\"@id\":\"https:\/\/www.ull.es\/portal\/agenda\/#website\"},\"datePublished\":\"2023-11-10T12:42:49+00:00\",\"dateModified\":\"2023-11-24T14:15:30+00:00\",\"breadcrumb\":{\"@id\":\"https:\/\/www.ull.es\/portal\/agenda\/evento\/la-ull-en-negro\/#breadcrumb\"},\"inLanguage\":\"es\",\"potentialAction\":[{\"@type\":\"ReadAction\",\"target\":[\"https:\/\/www.ull.es\/portal\/agenda\/evento\/la-ull-en-negro\/\"]}]},{\"@type\":\"BreadcrumbList\",\"@id\":\"https:\/\/www.ull.es\/portal\/agenda\/evento\/la-ull-en-negro\/#breadcrumb\",\"itemListElement\":[{\"@type\":\"ListItem\",\"position\":1,\"name\":\"Portada\",\"item\":\"https:\/\/www.ull.es\/portal\/agenda\/\"},{\"@type\":\"ListItem\",\"position\":2,\"name\":\"La ULL en Negro\"}]},{\"@type\":\"WebSite\",\"@id\":\"https:\/\/www.ull.es\/portal\/agenda\/#website\",\"url\":\"https:\/\/www.ull.es\/portal\/agenda\/\",\"name\":\"ULL - Agenda\",\"description\":\"\",\"potentialAction\":[{\"@type\":\"SearchAction\",\"target\":{\"@type\":\"EntryPoint\",\"urlTemplate\":\"https:\/\/www.ull.es\/portal\/agenda\/?s={search_term_string}\"},\"query-input\":\"required name=search_term_string\"}],\"inLanguage\":\"es\"}]}<\/script>\n<!-- \/ Yoast SEO plugin. -->","yoast_head_json":{"title":"La ULL en Negro - ULL - Agenda","robots":{"index":"index","follow":"follow","max-snippet":"max-snippet:-1","max-image-preview":"max-image-preview:large","max-video-preview":"max-video-preview:-1"},"canonical":"https:\/\/www.ull.es\/portal\/agenda\/evento\/la-ull-en-negro\/","og_locale":"es_ES","og_type":"article","og_title":"La ULL en Negro - ULL - Agenda","og_description":"El lunes 27 de noviembre, con motivo del d\u00eda contra las violencias machistas, el Instituto Universitario de Estudios de las Mujeres de la Universidad de La Laguna organiza la actividad \u201cLa ULL en Negro\u201d. De 10:00 a 14:00h se colocar\u00e1 un stand en el pasillo frente a la sala de decanas y decanos del M\u00f3dulo...","og_url":"https:\/\/www.ull.es\/portal\/agenda\/evento\/la-ull-en-negro\/","og_site_name":"ULL - Agenda","article_modified_time":"2023-11-24T14:15:30+00:00","og_image":[{"width":750,"height":370,"url":"https:\/\/www.ull.es\/portal\/agenda\/wp-content\/uploads\/sites\/12\/2023\/11\/La-ULL-en-negro.png","type":"image\/png"}],"twitter_card":"summary_large_image","twitter_misc":{"Tiempo de lectura":"1 minuto"},"schema":{"@context":"https:\/\/schema.org","@graph":[{"@type":"WebPage","@id":"https:\/\/www.ull.es\/portal\/agenda\/evento\/la-ull-en-negro\/","url":"https:\/\/www.ull.es\/portal\/agenda\/evento\/la-ull-en-negro\/","name":"La ULL en Negro - ULL - Agenda","isPartOf":{"@id":"https:\/\/www.ull.es\/portal\/agenda\/#website"},"datePublished":"2023-11-10T12:42:49+00:00","dateModified":"2023-11-24T14:15:30+00:00","breadcrumb":{"@id":"https:\/\/www.ull.es\/portal\/agenda\/evento\/la-ull-en-negro\/#breadcrumb"},"inLanguage":"es","potentialAction":[{"@type":"ReadAction","target":["https:\/\/www.ull.es\/portal\/agenda\/evento\/la-ull-en-negro\/"]}]},{"@type":"BreadcrumbList","@id":"https:\/\/www.ull.es\/portal\/agenda\/evento\/la-ull-en-negro\/#breadcrumb","itemListElement":[{"@type":"ListItem","position":1,"name":"Portada","item":"https:\/\/www.ull.es\/portal\/agenda\/"},{"@type":"ListItem","position":2,"name":"La ULL en Negro"}]},{"@type":"WebSite","@id":"https:\/\/www.ull.es\/portal\/agenda\/#website","url":"https:\/\/www.ull.es\/portal\/agenda\/","name":"ULL - Agenda","description":"","potentialAction":[{"@type":"SearchAction","target":{"@type":"EntryPoint","urlTemplate":"https:\/\/www.ull.es\/portal\/agenda\/?s={search_term_string}"},"query-input":"required name=search_term_string"}],"inLanguage":"es"}]}},"_links":{"self":[{"href":"https:\/\/www.ull.es\/portal\/agenda\/wp-json\/wp\/v2\/tribe_events\/33001"}],"collection":[{"href":"https:\/\/www.ull.es\/portal\/agenda\/wp-json\/wp\/v2\/tribe_events"}],"about":[{"href":"https:\/\/www.ull.es\/portal\/agenda\/wp-json\/wp\/v2\/types\/tribe_events"}],"author":[{"embeddable":true,"href":"https:\/\/www.ull.es\/portal\/agenda\/wp-json\/wp\/v2\/users\/65"}],"replies":[{"embeddable":true,"href":"https:\/\/www.ull.es\/portal\/agenda\/wp-json\/wp\/v2\/comments?post=33001"}],"version-history":[{"count":3,"href":"https:\/\/www.ull.es\/portal\/agenda\/wp-json\/wp\/v2\/tribe_events\/33001\/revisions"}],"predecessor-version":[{"id":33028,"href":"https:\/\/www.ull.es\/portal\/agenda\/wp-json\/wp\/v2\/tribe_events\/33001\/revisions\/33028"}],"wp:featuredmedia":[{"embeddable":true,"href":"https:\/\/www.ull.es\/portal\/agenda\/wp-json\/wp\/v2\/media\/33033"}],"wp:attachment":[{"href":"https:\/\/www.ull.es\/portal\/agenda\/wp-json\/wp\/v2\/media?parent=33001"}],"wp:term":[{"taxonomy":"post_tag","embeddable":true,"href":"https:\/\/www.ull.es\/portal\/agenda\/wp-json\/wp\/v2\/tags?post=33001"},{"taxonomy":"tribe_events_cat","embeddable":true,"href":"https:\/\/www.ull.es\/portal\/agenda\/wp-json\/wp\/v2\/tribe_events_cat?post=33001"}],"curies":[{"name":"wp","href":"https:\/\/api.w.org\/{rel}","templated":true}]}}

<p>El lunes 27 de noviembre, con motivo del día contra las violencias machistas, el Instituto Universitario de Estudios de las Mujeres de la Universidad de La Laguna organiza la actividad “La ULL en Negro”. De 10:00 a 14:00h se colocará un stand en el pasillo frente a la sala de decanas y decanos del Módulo B de la Facultad de Educación (Campus Central), donde se invita a la comunidad universitaria a grabar mensajes contra las violencias machistas y/o sacar fotos con mensajes de concienciación y sensibilización, además de a movilizarse en sus redes con los hashtag #LaULLenNegro etiquetando al Instituto.</p>
<p>Asimismo, se hará un llamamiento a la participación para dejar mensajes de concienciación contra las violencias machistas en un tablón negro ubicado en el hall, y se entregará una camiseta de la #LaULLenNegro a las personas que participen en la actividad -hasta fin de existencias-.</p>
<p>Se invita a toda la comunidad universitaria de la Universidad de La Laguna acudir con indumentaria de color negro el lunes, 27 de noviembre, y a asistir a la concentración que se realizará a las 14:00 h en dicho espacio para hacer una foto grupal con los mensajes contra las violencias machistas y #LaULLenNegro.</p>
<p>&nbsp;</p>

<p>El lunes 27 de noviembre, con motivo del día contra las violencias machistas, el Instituto Universitario de Estudios de las Mujeres de la Universidad de La Laguna organiza la actividad “La ULL en Negro”. De 10:00 a 14:00h se colocará un stand en el pasillo frente a la sala de decanas y decanos del Módulo&#8230;</p>

<!-- This site is optimized with the Yoast SEO plugin v21.3 - https://yoast.com/wordpress/plugins/seo/ -->
<title>La ULL en Negro - ULL - Agenda</title>
<meta name="robots" content="index, follow, max-snippet:-1, max-image-preview:large, max-video-preview:-1" />
<link rel="canonical" href="https://www.ull.es/portal/agenda/evento/la-ull-en-negro/" />
<meta property="og:locale" content="es_ES" />
<meta property="og:type" content="article" />
<meta property="og:title" content="La ULL en Negro - ULL - Agenda" />
<meta property="og:description" content="El lunes 27 de noviembre, con motivo del día contra las violencias machistas, el Instituto Universitario de Estudios de las Mujeres de la Universidad de La Laguna organiza la actividad “La ULL en Negro”. De 10:00 a 14:00h se colocará un stand en el pasillo frente a la sala de decanas y decanos del Módulo..." />
<meta property="og:url" content="https://www.ull.es/portal/agenda/evento/la-ull-en-negro/" />
<meta property="og:site_name" content="ULL - Agenda" />
<meta property="article:modified_time" content="2023-11-24T14:15:30+00:00" />
<meta property="og:image" content="https://www.ull.es/portal/agenda/wp-content/uploads/sites/12/2023/11/La-ULL-en-negro.png" />
	<meta property="og:image:width" content="750" />
	<meta property="og:image:height" content="370" />
	<meta property="og:image:type" content="image/png" />
<meta name="twitter:card" content="summary_large_image" />
<meta name="twitter:label1" content="Tiempo de lectura" />
	<meta name="twitter:data1" content="1 minuto" />
<script type="application/ld+json" class="yoast-schema-graph">{"@context":"https://schema.org","@graph":[{"@type":"WebPage","@id":"https://www.ull.es/portal/agenda/evento/la-ull-en-negro/","url":"https://www.ull.es/portal/agenda/evento/la-ull-en-negro/","name":"La ULL en Negro - ULL - Agenda","isPartOf":{"@id":"https://www.ull.es/portal/agenda/#website"},"datePublished":"2023-11-10T12:42:49+00:00","dateModified":"2023-11-24T14:15:30+00:00","breadcrumb":{"@id":"https://www.ull.es/portal/agenda/evento/la-ull-en-negro/#breadcrumb"},"inLanguage":"es","potentialAction":[{"@type":"ReadAction","target":["https://www.ull.es/portal/agenda/evento/la-ull-en-negro/"]}]},{"@type":"BreadcrumbList","@id":"https://www.ull.es/portal/agenda/evento/la-ull-en-negro/#breadcrumb","itemListElement":[{"@type":"ListItem","position":1,"name":"Portada","item":"https://www.ull.es/portal/agenda/"},{"@type":"ListItem","position":2,"name":"La ULL en Negro"}]},{"@type":"WebSite","@id":"https://www.ull.es/portal/agenda/#website","url":"https://www.ull.es/portal/agenda/","name":"ULL - Agenda","description":"","potentialAction":[{"@type":"SearchAction","target":{"@type":"EntryPoint","urlTemplate":"https://www.ull.es/portal/agenda/?s={search_term_string}"},"query-input":"required name=search_term_string"}],"inLanguage":"es"}]}</script>
<!-- / Yoast SEO plugin. -->

El lunes 27 de noviembre, con motivo del día contra las violencias machistas, el Instituto Universitario de Estudios de las Mujeres de la Universidad de La Laguna organiza la actividad “La ULL en Negro”. De 10:00 a 14:00h se colocará un stand en el pasillo frente a la sala de decanas y decanos del Módulo...
