{"id":33079,"date":"2023-11-15T14:05:55","date_gmt":"2023-11-15T14:05:55","guid":{"rendered":"https:\/\/www.ull.es\/portal\/agenda\/?post_type=tribe_events&#038;p=33079"},"modified":"2023-11-28T10:31:34","modified_gmt":"2023-11-28T10:31:34","slug":"jornada-de-la-accesibilidad-universal-al-empleo-inclusivo-acompanando-a-las-personas","status":"publish","type":"tribe_events","link":"https:\/\/www.ull.es\/portal\/agenda\/evento\/jornada-de-la-accesibilidad-universal-al-empleo-inclusivo-acompanando-a-las-personas\/","title":{"rendered":"Jornada \u00abDe la accesibilidad universal al empleo inclusivo: acompa\u00f1ando a las personas\u00bb"},"content":{"rendered":"<p>La Jornada \u00abDe la accesibilidad universal al empleo inclusivo: acompa\u00f1ando a las personas\u00bb se celebra para conmemorar el D\u00eda Internacional de las Personas con Discapacidad, que tiene lugar el 3 de diciembre, y est\u00e1 vinculado a la agenda 2030 de promoci\u00f3n de los derechos de las personas. Las universidades, en este sentido, asumen un rol importante en el \u00e1mbito acad\u00e9mico y formativo, e igualmente, en la proyecci\u00f3n social y contacto con las entidades de apoyo a estas personas. La Universidad Inclusiva ha de apostar por el apoyo y la atenci\u00f3n educativa y facilitar la inclusi\u00f3n social de todas las personas.<\/p>\n<p>Entre las experiencias inclusivas, se expondr\u00e1n buenas pr\u00e1cticas, encaminadas a crear entornos de aprendizaje accesibles en las universidades y el Dise\u00f1o para todas las Personas, como metodolog\u00eda fundamental. Conoceremos las acciones que, desde el trabajo en RED, se han creado desde las Universidades espa\u00f1olas, para dar respuesta educativa al alumnado con discapacidad. Y, en ese recorrido, se ver\u00e1n tambi\u00e9n las directrices y asesoramiento para el acceso al empleo y las oportunidades profesionales promovidas desde el \u00e1mbito social y su conexi\u00f3n con la formaci\u00f3n universitaria.<\/p>\n<p>Profesionales expertos en el \u00e1mbito de la accesibilidad, la empleabilidad y la atenci\u00f3n a estudiantes con discapacidad en las universidades tratar\u00e1n el tema de las personas con discapacidad desde un punto de vista t\u00e9cnico. Adem\u00e1s, alumnado perteneciente al programa PAED compartir\u00e1, en una mesa redonda, sus experiencias y vivencias como estudiantes de la Universidad de La Laguna.<\/p>\n<p><a href=\"https:\/\/drive.google.com\/file\/d\/18YcRQpAim3TK_infztw5VY7ohDlnDwg8\/view?usp=sharing\" target=\"_blank\" rel=\"noopener\" target=\"_blank\" rel=\"noopener\">Programa<\/a><\/p>\n","protected":false},"excerpt":{"rendered":"<p>La Jornada \u00abDe la accesibilidad universal al empleo inclusivo: acompa\u00f1ando a las personas\u00bb se celebra para conmemorar el D\u00eda Internacional de las Personas con Discapacidad, que tiene lugar el 3 de diciembre, y est\u00e1 vinculado a la agenda 2030 de promoci\u00f3n de los derechos de las personas. Las universidades, en este sentido, asumen un rol&#8230;<\/p>\n","protected":false},"author":65,"featured_media":33135,"comment_status":"closed","ping_status":"closed","template":"","tags":[],"tribe_events_cat":[4,186],"acf":[],"yoast_head":"<!-- This site is optimized with the Yoast SEO plugin v21.3 - https:\/\/yoast.com\/wordpress\/plugins\/seo\/ -->\n<title>Jornada &quot;De la accesibilidad universal al empleo inclusivo: acompa\u00f1ando a las personas&quot; - ULL - Agenda<\/title>\n<meta name=\"robots\" content=\"index, follow, max-snippet:-1, max-image-preview:large, max-video-preview:-1\" \/>\n<link rel=\"canonical\" href=\"https:\/\/www.ull.es\/portal\/agenda\/evento\/jornada-de-la-accesibilidad-universal-al-empleo-inclusivo-acompanando-a-las-personas\/\" \/>\n<meta property=\"og:locale\" content=\"es_ES\" \/>\n<meta property=\"og:type\" content=\"article\" \/>\n<meta property=\"og:title\" content=\"Jornada &quot;De la accesibilidad universal al empleo inclusivo: acompa\u00f1ando a las personas&quot; - ULL - Agenda\" \/>\n<meta property=\"og:description\" content=\"La Jornada \u00abDe la accesibilidad universal al empleo inclusivo: acompa\u00f1ando a las personas\u00bb se celebra para conmemorar el D\u00eda Internacional de las Personas con Discapacidad, que tiene lugar el 3 de diciembre, y est\u00e1 vinculado a la agenda 2030 de promoci\u00f3n de los derechos de las personas. Las universidades, en este sentido, asumen un rol...\" \/>\n<meta property=\"og:url\" content=\"https:\/\/www.ull.es\/portal\/agenda\/evento\/jornada-de-la-accesibilidad-universal-al-empleo-inclusivo-acompanando-a-las-personas\/\" \/>\n<meta property=\"og:site_name\" content=\"ULL - Agenda\" \/>\n<meta property=\"article:modified_time\" content=\"2023-11-28T10:31:34+00:00\" \/>\n<meta property=\"og:image\" content=\"https:\/\/www.ull.es\/portal\/agenda\/wp-content\/uploads\/sites\/12\/2023\/11\/Jornada-De-la-accesibilidad-universal-al-empleo-inclusivo_Banner-eventos.png\" \/>\n\t<meta property=\"og:image:width\" content=\"750\" \/>\n\t<meta property=\"og:image:height\" content=\"370\" \/>\n\t<meta property=\"og:image:type\" content=\"image\/png\" \/>\n<meta name=\"twitter:card\" content=\"summary_large_image\" \/>\n<meta name=\"twitter:label1\" content=\"Tiempo de lectura\" \/>\n\t<meta name=\"twitter:data1\" content=\"2 minutos\" \/>\n<script type=\"application\/ld+json\" class=\"yoast-schema-graph\">{\"@context\":\"https:\/\/schema.org\",\"@graph\":[{\"@type\":\"WebPage\",\"@id\":\"https:\/\/www.ull.es\/portal\/agenda\/evento\/jornada-de-la-accesibilidad-universal-al-empleo-inclusivo-acompanando-a-las-personas\/\",\"url\":\"https:\/\/www.ull.es\/portal\/agenda\/evento\/jornada-de-la-accesibilidad-universal-al-empleo-inclusivo-acompanando-a-las-personas\/\",\"name\":\"Jornada \\\"De la accesibilidad universal al empleo inclusivo: acompa\u00f1ando a las personas\\\" - ULL - Agenda\",\"isPartOf\":{\"@id\":\"https:\/\/www.ull.es\/portal\/agenda\/#website\"},\"datePublished\":\"2023-11-15T14:05:55+00:00\",\"dateModified\":\"2023-11-28T10:31:34+00:00\",\"breadcrumb\":{\"@id\":\"https:\/\/www.ull.es\/portal\/agenda\/evento\/jornada-de-la-accesibilidad-universal-al-empleo-inclusivo-acompanando-a-las-personas\/#breadcrumb\"},\"inLanguage\":\"es\",\"potentialAction\":[{\"@type\":\"ReadAction\",\"target\":[\"https:\/\/www.ull.es\/portal\/agenda\/evento\/jornada-de-la-accesibilidad-universal-al-empleo-inclusivo-acompanando-a-las-personas\/\"]}]},{\"@type\":\"BreadcrumbList\",\"@id\":\"https:\/\/www.ull.es\/portal\/agenda\/evento\/jornada-de-la-accesibilidad-universal-al-empleo-inclusivo-acompanando-a-las-personas\/#breadcrumb\",\"itemListElement\":[{\"@type\":\"ListItem\",\"position\":1,\"name\":\"Portada\",\"item\":\"https:\/\/www.ull.es\/portal\/agenda\/\"},{\"@type\":\"ListItem\",\"position\":2,\"name\":\"Jornada \u00abDe la accesibilidad universal al empleo inclusivo: acompa\u00f1ando a las personas\u00bb\"}]},{\"@type\":\"WebSite\",\"@id\":\"https:\/\/www.ull.es\/portal\/agenda\/#website\",\"url\":\"https:\/\/www.ull.es\/portal\/agenda\/\",\"name\":\"ULL - Agenda\",\"description\":\"\",\"potentialAction\":[{\"@type\":\"SearchAction\",\"target\":{\"@type\":\"EntryPoint\",\"urlTemplate\":\"https:\/\/www.ull.es\/portal\/agenda\/?s={search_term_string}\"},\"query-input\":\"required name=search_term_string\"}],\"inLanguage\":\"es\"}]}<\/script>\n<!-- \/ Yoast SEO plugin. -->","yoast_head_json":{"title":"Jornada \"De la accesibilidad universal al empleo inclusivo: acompa\u00f1ando a las personas\" - ULL - Agenda","robots":{"index":"index","follow":"follow","max-snippet":"max-snippet:-1","max-image-preview":"max-image-preview:large","max-video-preview":"max-video-preview:-1"},"canonical":"https:\/\/www.ull.es\/portal\/agenda\/evento\/jornada-de-la-accesibilidad-universal-al-empleo-inclusivo-acompanando-a-las-personas\/","og_locale":"es_ES","og_type":"article","og_title":"Jornada \"De la accesibilidad universal al empleo inclusivo: acompa\u00f1ando a las personas\" - ULL - Agenda","og_description":"La Jornada \u00abDe la accesibilidad universal al empleo inclusivo: acompa\u00f1ando a las personas\u00bb se celebra para conmemorar el D\u00eda Internacional de las Personas con Discapacidad, que tiene lugar el 3 de diciembre, y est\u00e1 vinculado a la agenda 2030 de promoci\u00f3n de los derechos de las personas. Las universidades, en este sentido, asumen un rol...","og_url":"https:\/\/www.ull.es\/portal\/agenda\/evento\/jornada-de-la-accesibilidad-universal-al-empleo-inclusivo-acompanando-a-las-personas\/","og_site_name":"ULL - Agenda","article_modified_time":"2023-11-28T10:31:34+00:00","og_image":[{"width":750,"height":370,"url":"https:\/\/www.ull.es\/portal\/agenda\/wp-content\/uploads\/sites\/12\/2023\/11\/Jornada-De-la-accesibilidad-universal-al-empleo-inclusivo_Banner-eventos.png","type":"image\/png"}],"twitter_card":"summary_large_image","twitter_misc":{"Tiempo de lectura":"2 minutos"},"schema":{"@context":"https:\/\/schema.org","@graph":[{"@type":"WebPage","@id":"https:\/\/www.ull.es\/portal\/agenda\/evento\/jornada-de-la-accesibilidad-universal-al-empleo-inclusivo-acompanando-a-las-personas\/","url":"https:\/\/www.ull.es\/portal\/agenda\/evento\/jornada-de-la-accesibilidad-universal-al-empleo-inclusivo-acompanando-a-las-personas\/","name":"Jornada \"De la accesibilidad universal al empleo inclusivo: acompa\u00f1ando a las personas\" - ULL - Agenda","isPartOf":{"@id":"https:\/\/www.ull.es\/portal\/agenda\/#website"},"datePublished":"2023-11-15T14:05:55+00:00","dateModified":"2023-11-28T10:31:34+00:00","breadcrumb":{"@id":"https:\/\/www.ull.es\/portal\/agenda\/evento\/jornada-de-la-accesibilidad-universal-al-empleo-inclusivo-acompanando-a-las-personas\/#breadcrumb"},"inLanguage":"es","potentialAction":[{"@type":"ReadAction","target":["https:\/\/www.ull.es\/portal\/agenda\/evento\/jornada-de-la-accesibilidad-universal-al-empleo-inclusivo-acompanando-a-las-personas\/"]}]},{"@type":"BreadcrumbList","@id":"https:\/\/www.ull.es\/portal\/agenda\/evento\/jornada-de-la-accesibilidad-universal-al-empleo-inclusivo-acompanando-a-las-personas\/#breadcrumb","itemListElement":[{"@type":"ListItem","position":1,"name":"Portada","item":"https:\/\/www.ull.es\/portal\/agenda\/"},{"@type":"ListItem","position":2,"name":"Jornada \u00abDe la accesibilidad universal al empleo inclusivo: acompa\u00f1ando a las personas\u00bb"}]},{"@type":"WebSite","@id":"https:\/\/www.ull.es\/portal\/agenda\/#website","url":"https:\/\/www.ull.es\/portal\/agenda\/","name":"ULL - Agenda","description":"","potentialAction":[{"@type":"SearchAction","target":{"@type":"EntryPoint","urlTemplate":"https:\/\/www.ull.es\/portal\/agenda\/?s={search_term_string}"},"query-input":"required name=search_term_string"}],"inLanguage":"es"}]}},"_links":{"self":[{"href":"https:\/\/www.ull.es\/portal\/agenda\/wp-json\/wp\/v2\/tribe_events\/33079"}],"collection":[{"href":"https:\/\/www.ull.es\/portal\/agenda\/wp-json\/wp\/v2\/tribe_events"}],"about":[{"href":"https:\/\/www.ull.es\/portal\/agenda\/wp-json\/wp\/v2\/types\/tribe_events"}],"author":[{"embeddable":true,"href":"https:\/\/www.ull.es\/portal\/agenda\/wp-json\/wp\/v2\/users\/65"}],"replies":[{"embeddable":true,"href":"https:\/\/www.ull.es\/portal\/agenda\/wp-json\/wp\/v2\/comments?post=33079"}],"version-history":[{"count":4,"href":"https:\/\/www.ull.es\/portal\/agenda\/wp-json\/wp\/v2\/tribe_events\/33079\/revisions"}],"predecessor-version":[{"id":33136,"href":"https:\/\/www.ull.es\/portal\/agenda\/wp-json\/wp\/v2\/tribe_events\/33079\/revisions\/33136"}],"wp:featuredmedia":[{"embeddable":true,"href":"https:\/\/www.ull.es\/portal\/agenda\/wp-json\/wp\/v2\/media\/33135"}],"wp:attachment":[{"href":"https:\/\/www.ull.es\/portal\/agenda\/wp-json\/wp\/v2\/media?parent=33079"}],"wp:term":[{"taxonomy":"post_tag","embeddable":true,"href":"https:\/\/www.ull.es\/portal\/agenda\/wp-json\/wp\/v2\/tags?post=33079"},{"taxonomy":"tribe_events_cat","embeddable":true,"href":"https:\/\/www.ull.es\/portal\/agenda\/wp-json\/wp\/v2\/tribe_events_cat?post=33079"}],"curies":[{"name":"wp","href":"https:\/\/api.w.org\/{rel}","templated":true}]}}

Jornada «De la accesibilidad universal al empleo inclusivo: acompañando a las personas»

<p>La Jornada «De la accesibilidad universal al empleo inclusivo: acompañando a las personas» se celebra para conmemorar el Día Internacional de las Personas con Discapacidad, que tiene lugar el 3 de diciembre, y está vinculado a la agenda 2030 de promoción de los derechos de las personas. Las universidades, en este sentido, asumen un rol importante en el ámbito académico y formativo, e igualmente, en la proyección social y contacto con las entidades de apoyo a estas personas. La Universidad Inclusiva ha de apostar por el apoyo y la atención educativa y facilitar la inclusión social de todas las personas.</p>
<p>Entre las experiencias inclusivas, se expondrán buenas prácticas, encaminadas a crear entornos de aprendizaje accesibles en las universidades y el Diseño para todas las Personas, como metodología fundamental. Conoceremos las acciones que, desde el trabajo en RED, se han creado desde las Universidades españolas, para dar respuesta educativa al alumnado con discapacidad. Y, en ese recorrido, se verán también las directrices y asesoramiento para el acceso al empleo y las oportunidades profesionales promovidas desde el ámbito social y su conexión con la formación universitaria.</p>
<p>Profesionales expertos en el ámbito de la accesibilidad, la empleabilidad y la atención a estudiantes con discapacidad en las universidades tratarán el tema de las personas con discapacidad desde un punto de vista técnico. Además, alumnado perteneciente al programa PAED compartirá, en una mesa redonda, sus experiencias y vivencias como estudiantes de la Universidad de La Laguna.</p>
<p><a href="https://drive.google.com/file/d/18YcRQpAim3TK_infztw5VY7ohDlnDwg8/view?usp=sharing" target="_blank" rel="noopener" target="_blank" rel="noopener">Programa</a></p>

<p>La Jornada «De la accesibilidad universal al empleo inclusivo: acompañando a las personas» se celebra para conmemorar el Día Internacional de las Personas con Discapacidad, que tiene lugar el 3 de diciembre, y está vinculado a la agenda 2030 de promoción de los derechos de las personas. Las universidades, en este sentido, asumen un rol&#8230;</p>

<!-- This site is optimized with the Yoast SEO plugin v21.3 - https://yoast.com/wordpress/plugins/seo/ -->
<title>Jornada &quot;De la accesibilidad universal al empleo inclusivo: acompañando a las personas&quot; - ULL - Agenda</title>
<meta name="robots" content="index, follow, max-snippet:-1, max-image-preview:large, max-video-preview:-1" />
<link rel="canonical" href="https://www.ull.es/portal/agenda/evento/jornada-de-la-accesibilidad-universal-al-empleo-inclusivo-acompanando-a-las-personas/" />
<meta property="og:locale" content="es_ES" />
<meta property="og:type" content="article" />
<meta property="og:title" content="Jornada &quot;De la accesibilidad universal al empleo inclusivo: acompañando a las personas&quot; - ULL - Agenda" />
<meta property="og:description" content="La Jornada «De la accesibilidad universal al empleo inclusivo: acompañando a las personas» se celebra para conmemorar el Día Internacional de las Personas con Discapacidad, que tiene lugar el 3 de diciembre, y está vinculado a la agenda 2030 de promoción de los derechos de las personas. Las universidades, en este sentido, asumen un rol..." />
<meta property="og:url" content="https://www.ull.es/portal/agenda/evento/jornada-de-la-accesibilidad-universal-al-empleo-inclusivo-acompanando-a-las-personas/" />
<meta property="og:site_name" content="ULL - Agenda" />
<meta property="article:modified_time" content="2023-11-28T10:31:34+00:00" />
<meta property="og:image" content="https://www.ull.es/portal/agenda/wp-content/uploads/sites/12/2023/11/Jornada-De-la-accesibilidad-universal-al-empleo-inclusivo_Banner-eventos.png" />
	<meta property="og:image:width" content="750" />
	<meta property="og:image:height" content="370" />
	<meta property="og:image:type" content="image/png" />
<meta name="twitter:card" content="summary_large_image" />
<meta name="twitter:label1" content="Tiempo de lectura" />
	<meta name="twitter:data1" content="2 minutos" />
<script type="application/ld+json" class="yoast-schema-graph">{"@context":"https://schema.org","@graph":[{"@type":"WebPage","@id":"https://www.ull.es/portal/agenda/evento/jornada-de-la-accesibilidad-universal-al-empleo-inclusivo-acompanando-a-las-personas/","url":"https://www.ull.es/portal/agenda/evento/jornada-de-la-accesibilidad-universal-al-empleo-inclusivo-acompanando-a-las-personas/","name":"Jornada \"De la accesibilidad universal al empleo inclusivo: acompañando a las personas\" - ULL - Agenda","isPartOf":{"@id":"https://www.ull.es/portal/agenda/#website"},"datePublished":"2023-11-15T14:05:55+00:00","dateModified":"2023-11-28T10:31:34+00:00","breadcrumb":{"@id":"https://www.ull.es/portal/agenda/evento/jornada-de-la-accesibilidad-universal-al-empleo-inclusivo-acompanando-a-las-personas/#breadcrumb"},"inLanguage":"es","potentialAction":[{"@type":"ReadAction","target":["https://www.ull.es/portal/agenda/evento/jornada-de-la-accesibilidad-universal-al-empleo-inclusivo-acompanando-a-las-personas/"]}]},{"@type":"BreadcrumbList","@id":"https://www.ull.es/portal/agenda/evento/jornada-de-la-accesibilidad-universal-al-empleo-inclusivo-acompanando-a-las-personas/#breadcrumb","itemListElement":[{"@type":"ListItem","position":1,"name":"Portada","item":"https://www.ull.es/portal/agenda/"},{"@type":"ListItem","position":2,"name":"Jornada «De la accesibilidad universal al empleo inclusivo: acompañando a las personas»"}]},{"@type":"WebSite","@id":"https://www.ull.es/portal/agenda/#website","url":"https://www.ull.es/portal/agenda/","name":"ULL - Agenda","description":"","potentialAction":[{"@type":"SearchAction","target":{"@type":"EntryPoint","urlTemplate":"https://www.ull.es/portal/agenda/?s={search_term_string}"},"query-input":"required name=search_term_string"}],"inLanguage":"es"}]}</script>
<!-- / Yoast SEO plugin. -->

Jornada "De la accesibilidad universal al empleo inclusivo: acompañando a las personas" - ULL - Agenda

La Jornada «De la accesibilidad universal al empleo inclusivo: acompañando a las personas» se celebra para conmemorar el Día Internacional de las Personas con Discapacidad, que tiene lugar el 3 de diciembre, y está vinculado a la agenda 2030 de promoción de los derechos de las personas. Las universidades, en este sentido, asumen un rol...
