{"id":33127,"date":"2023-11-16T13:20:06","date_gmt":"2023-11-16T13:20:06","guid":{"rendered":"https:\/\/www.ull.es\/portal\/agenda\/?post_type=tribe_events&#038;p=33127"},"modified":"2023-11-16T13:20:06","modified_gmt":"2023-11-16T13:20:06","slug":"i-jornadas-de-toxicologia-y-salud","status":"publish","type":"tribe_events","link":"https:\/\/www.ull.es\/portal\/agenda\/evento\/i-jornadas-de-toxicologia-y-salud\/","title":{"rendered":"I Jornadas de Toxicolog\u00eda y Salud"},"content":{"rendered":"<p>Las I Jornadas de Toxicolog\u00eda y Salud de la Universidad de La Laguna surgen de la colaboraci\u00f3n entre la Delegaci\u00f3n de Estudiantes de Medicina\u00a0 con la Facultad de Ciencias de la Salud, especialmente con las \u00e1reas de Medicina Interna y Urgencias del Hospital Universitario de Canarias.<\/p>\n<p>El objetivo de dicho evento es dar formaci\u00f3n a toda la comunidad universitaria sobre uno de los problemas epidemiol\u00f3gicos m\u00e1s preocupantes y actuales de nuestras calles: \u00abEl consumo de sustancias estupefacientes y sus efectos en nuestro organismo, desde un punto de vista tanto m\u00e9dico como psicosocial\u00bb.<\/p>\n<p>Est\u00e1n dirigidas tanto al estudiantado de Ciencias de la Salud como a otros miembros de la comunidad universitaria; la accesibilidad es uno de los pilares fundamentales de la divulgaci\u00f3n cient\u00edfica.<\/p>\n<p>No se precisa inscripci\u00f3n, se registrar\u00e1 asistencia que es reconocible por 1 ECTS.<\/p>\n<p><a href=\"https:\/\/drive.google.com\/file\/d\/1-BkA9qgfLj0U73K_RzFfhV9XCsVkRfpQ\/view?usp=sharing\" target=\"_blank\" rel=\"noopener\" target=\"_blank\" rel=\"noopener\">Programa<\/a><\/p>\n","protected":false},"excerpt":{"rendered":"<p>Las I Jornadas de Toxicolog\u00eda y Salud de la Universidad de La Laguna surgen de la colaboraci\u00f3n entre la Delegaci\u00f3n de Estudiantes de Medicina\u00a0 con la Facultad de Ciencias de la Salud, especialmente con las \u00e1reas de Medicina Interna y Urgencias del Hospital Universitario de Canarias. El objetivo de dicho evento es dar formaci\u00f3n a&#8230;<\/p>\n","protected":false},"author":65,"featured_media":33128,"comment_status":"closed","ping_status":"closed","template":"","tags":[],"tribe_events_cat":[4,1090,186,191],"acf":[],"yoast_head":"<!-- This site is optimized with the Yoast SEO plugin v21.3 - https:\/\/yoast.com\/wordpress\/plugins\/seo\/ -->\n<title>I Jornadas de Toxicolog\u00eda y Salud - ULL - Agenda<\/title>\n<meta name=\"robots\" content=\"index, follow, max-snippet:-1, max-image-preview:large, max-video-preview:-1\" \/>\n<link rel=\"canonical\" href=\"https:\/\/www.ull.es\/portal\/agenda\/evento\/i-jornadas-de-toxicologia-y-salud\/\" \/>\n<meta property=\"og:locale\" content=\"es_ES\" \/>\n<meta property=\"og:type\" content=\"article\" \/>\n<meta property=\"og:title\" content=\"I Jornadas de Toxicolog\u00eda y Salud - ULL - Agenda\" \/>\n<meta property=\"og:description\" content=\"Las I Jornadas de Toxicolog\u00eda y Salud de la Universidad de La Laguna surgen de la colaboraci\u00f3n entre la Delegaci\u00f3n de Estudiantes de Medicina\u00a0 con la Facultad de Ciencias de la Salud, especialmente con las \u00e1reas de Medicina Interna y Urgencias del Hospital Universitario de Canarias. El objetivo de dicho evento es dar formaci\u00f3n a...\" \/>\n<meta property=\"og:url\" content=\"https:\/\/www.ull.es\/portal\/agenda\/evento\/i-jornadas-de-toxicologia-y-salud\/\" \/>\n<meta property=\"og:site_name\" content=\"ULL - Agenda\" \/>\n<meta property=\"og:image\" content=\"https:\/\/www.ull.es\/portal\/agenda\/wp-content\/uploads\/sites\/12\/2023\/11\/Copia-de-I-Jornadas-de-Toxicologia-700-x-350-px.jpg\" \/>\n\t<meta property=\"og:image:width\" content=\"700\" \/>\n\t<meta property=\"og:image:height\" content=\"350\" \/>\n\t<meta property=\"og:image:type\" content=\"image\/jpeg\" \/>\n<meta name=\"twitter:card\" content=\"summary_large_image\" \/>\n<meta name=\"twitter:label1\" content=\"Tiempo de lectura\" \/>\n\t<meta name=\"twitter:data1\" content=\"1 minuto\" \/>\n<script type=\"application\/ld+json\" class=\"yoast-schema-graph\">{\"@context\":\"https:\/\/schema.org\",\"@graph\":[{\"@type\":\"WebPage\",\"@id\":\"https:\/\/www.ull.es\/portal\/agenda\/evento\/i-jornadas-de-toxicologia-y-salud\/\",\"url\":\"https:\/\/www.ull.es\/portal\/agenda\/evento\/i-jornadas-de-toxicologia-y-salud\/\",\"name\":\"I Jornadas de Toxicolog\u00eda y Salud - ULL - Agenda\",\"isPartOf\":{\"@id\":\"https:\/\/www.ull.es\/portal\/agenda\/#website\"},\"datePublished\":\"2023-11-16T13:20:06+00:00\",\"dateModified\":\"2023-11-16T13:20:06+00:00\",\"breadcrumb\":{\"@id\":\"https:\/\/www.ull.es\/portal\/agenda\/evento\/i-jornadas-de-toxicologia-y-salud\/#breadcrumb\"},\"inLanguage\":\"es\",\"potentialAction\":[{\"@type\":\"ReadAction\",\"target\":[\"https:\/\/www.ull.es\/portal\/agenda\/evento\/i-jornadas-de-toxicologia-y-salud\/\"]}]},{\"@type\":\"BreadcrumbList\",\"@id\":\"https:\/\/www.ull.es\/portal\/agenda\/evento\/i-jornadas-de-toxicologia-y-salud\/#breadcrumb\",\"itemListElement\":[{\"@type\":\"ListItem\",\"position\":1,\"name\":\"Portada\",\"item\":\"https:\/\/www.ull.es\/portal\/agenda\/\"},{\"@type\":\"ListItem\",\"position\":2,\"name\":\"I Jornadas de Toxicolog\u00eda y Salud\"}]},{\"@type\":\"WebSite\",\"@id\":\"https:\/\/www.ull.es\/portal\/agenda\/#website\",\"url\":\"https:\/\/www.ull.es\/portal\/agenda\/\",\"name\":\"ULL - Agenda\",\"description\":\"\",\"potentialAction\":[{\"@type\":\"SearchAction\",\"target\":{\"@type\":\"EntryPoint\",\"urlTemplate\":\"https:\/\/www.ull.es\/portal\/agenda\/?s={search_term_string}\"},\"query-input\":\"required name=search_term_string\"}],\"inLanguage\":\"es\"}]}<\/script>\n<!-- \/ Yoast SEO plugin. -->","yoast_head_json":{"title":"I Jornadas de Toxicolog\u00eda y Salud - ULL - Agenda","robots":{"index":"index","follow":"follow","max-snippet":"max-snippet:-1","max-image-preview":"max-image-preview:large","max-video-preview":"max-video-preview:-1"},"canonical":"https:\/\/www.ull.es\/portal\/agenda\/evento\/i-jornadas-de-toxicologia-y-salud\/","og_locale":"es_ES","og_type":"article","og_title":"I Jornadas de Toxicolog\u00eda y Salud - ULL - Agenda","og_description":"Las I Jornadas de Toxicolog\u00eda y Salud de la Universidad de La Laguna surgen de la colaboraci\u00f3n entre la Delegaci\u00f3n de Estudiantes de Medicina\u00a0 con la Facultad de Ciencias de la Salud, especialmente con las \u00e1reas de Medicina Interna y Urgencias del Hospital Universitario de Canarias. El objetivo de dicho evento es dar formaci\u00f3n a...","og_url":"https:\/\/www.ull.es\/portal\/agenda\/evento\/i-jornadas-de-toxicologia-y-salud\/","og_site_name":"ULL - Agenda","og_image":[{"width":700,"height":350,"url":"https:\/\/www.ull.es\/portal\/agenda\/wp-content\/uploads\/sites\/12\/2023\/11\/Copia-de-I-Jornadas-de-Toxicologia-700-x-350-px.jpg","type":"image\/jpeg"}],"twitter_card":"summary_large_image","twitter_misc":{"Tiempo de lectura":"1 minuto"},"schema":{"@context":"https:\/\/schema.org","@graph":[{"@type":"WebPage","@id":"https:\/\/www.ull.es\/portal\/agenda\/evento\/i-jornadas-de-toxicologia-y-salud\/","url":"https:\/\/www.ull.es\/portal\/agenda\/evento\/i-jornadas-de-toxicologia-y-salud\/","name":"I Jornadas de Toxicolog\u00eda y Salud - ULL - Agenda","isPartOf":{"@id":"https:\/\/www.ull.es\/portal\/agenda\/#website"},"datePublished":"2023-11-16T13:20:06+00:00","dateModified":"2023-11-16T13:20:06+00:00","breadcrumb":{"@id":"https:\/\/www.ull.es\/portal\/agenda\/evento\/i-jornadas-de-toxicologia-y-salud\/#breadcrumb"},"inLanguage":"es","potentialAction":[{"@type":"ReadAction","target":["https:\/\/www.ull.es\/portal\/agenda\/evento\/i-jornadas-de-toxicologia-y-salud\/"]}]},{"@type":"BreadcrumbList","@id":"https:\/\/www.ull.es\/portal\/agenda\/evento\/i-jornadas-de-toxicologia-y-salud\/#breadcrumb","itemListElement":[{"@type":"ListItem","position":1,"name":"Portada","item":"https:\/\/www.ull.es\/portal\/agenda\/"},{"@type":"ListItem","position":2,"name":"I Jornadas de Toxicolog\u00eda y Salud"}]},{"@type":"WebSite","@id":"https:\/\/www.ull.es\/portal\/agenda\/#website","url":"https:\/\/www.ull.es\/portal\/agenda\/","name":"ULL - Agenda","description":"","potentialAction":[{"@type":"SearchAction","target":{"@type":"EntryPoint","urlTemplate":"https:\/\/www.ull.es\/portal\/agenda\/?s={search_term_string}"},"query-input":"required name=search_term_string"}],"inLanguage":"es"}]}},"_links":{"self":[{"href":"https:\/\/www.ull.es\/portal\/agenda\/wp-json\/wp\/v2\/tribe_events\/33127"}],"collection":[{"href":"https:\/\/www.ull.es\/portal\/agenda\/wp-json\/wp\/v2\/tribe_events"}],"about":[{"href":"https:\/\/www.ull.es\/portal\/agenda\/wp-json\/wp\/v2\/types\/tribe_events"}],"author":[{"embeddable":true,"href":"https:\/\/www.ull.es\/portal\/agenda\/wp-json\/wp\/v2\/users\/65"}],"replies":[{"embeddable":true,"href":"https:\/\/www.ull.es\/portal\/agenda\/wp-json\/wp\/v2\/comments?post=33127"}],"version-history":[{"count":1,"href":"https:\/\/www.ull.es\/portal\/agenda\/wp-json\/wp\/v2\/tribe_events\/33127\/revisions"}],"predecessor-version":[{"id":33129,"href":"https:\/\/www.ull.es\/portal\/agenda\/wp-json\/wp\/v2\/tribe_events\/33127\/revisions\/33129"}],"wp:featuredmedia":[{"embeddable":true,"href":"https:\/\/www.ull.es\/portal\/agenda\/wp-json\/wp\/v2\/media\/33128"}],"wp:attachment":[{"href":"https:\/\/www.ull.es\/portal\/agenda\/wp-json\/wp\/v2\/media?parent=33127"}],"wp:term":[{"taxonomy":"post_tag","embeddable":true,"href":"https:\/\/www.ull.es\/portal\/agenda\/wp-json\/wp\/v2\/tags?post=33127"},{"taxonomy":"tribe_events_cat","embeddable":true,"href":"https:\/\/www.ull.es\/portal\/agenda\/wp-json\/wp\/v2\/tribe_events_cat?post=33127"}],"curies":[{"name":"wp","href":"https:\/\/api.w.org\/{rel}","templated":true}]}}

I Jornadas de Toxicología y Salud

<p>Las I Jornadas de Toxicología y Salud de la Universidad de La Laguna surgen de la colaboración entre la Delegación de Estudiantes de Medicina  con la Facultad de Ciencias de la Salud, especialmente con las áreas de Medicina Interna y Urgencias del Hospital Universitario de Canarias.</p>
<p>El objetivo de dicho evento es dar formación a toda la comunidad universitaria sobre uno de los problemas epidemiológicos más preocupantes y actuales de nuestras calles: «El consumo de sustancias estupefacientes y sus efectos en nuestro organismo, desde un punto de vista tanto médico como psicosocial».</p>
<p>Están dirigidas tanto al estudiantado de Ciencias de la Salud como a otros miembros de la comunidad universitaria; la accesibilidad es uno de los pilares fundamentales de la divulgación científica.</p>
<p>No se precisa inscripción, se registrará asistencia que es reconocible por 1 ECTS.</p>
<p><a href="https://drive.google.com/file/d/1-BkA9qgfLj0U73K_RzFfhV9XCsVkRfpQ/view?usp=sharing" target="_blank" rel="noopener" target="_blank" rel="noopener">Programa</a></p>

<p>Las I Jornadas de Toxicología y Salud de la Universidad de La Laguna surgen de la colaboración entre la Delegación de Estudiantes de Medicina  con la Facultad de Ciencias de la Salud, especialmente con las áreas de Medicina Interna y Urgencias del Hospital Universitario de Canarias. El objetivo de dicho evento es dar formación a&#8230;</p>

<!-- This site is optimized with the Yoast SEO plugin v21.3 - https://yoast.com/wordpress/plugins/seo/ -->
<title>I Jornadas de Toxicología y Salud - ULL - Agenda</title>
<meta name="robots" content="index, follow, max-snippet:-1, max-image-preview:large, max-video-preview:-1" />
<link rel="canonical" href="https://www.ull.es/portal/agenda/evento/i-jornadas-de-toxicologia-y-salud/" />
<meta property="og:locale" content="es_ES" />
<meta property="og:type" content="article" />
<meta property="og:title" content="I Jornadas de Toxicología y Salud - ULL - Agenda" />
<meta property="og:description" content="Las I Jornadas de Toxicología y Salud de la Universidad de La Laguna surgen de la colaboración entre la Delegación de Estudiantes de Medicina  con la Facultad de Ciencias de la Salud, especialmente con las áreas de Medicina Interna y Urgencias del Hospital Universitario de Canarias. El objetivo de dicho evento es dar formación a..." />
<meta property="og:url" content="https://www.ull.es/portal/agenda/evento/i-jornadas-de-toxicologia-y-salud/" />
<meta property="og:site_name" content="ULL - Agenda" />
<meta property="og:image" content="https://www.ull.es/portal/agenda/wp-content/uploads/sites/12/2023/11/Copia-de-I-Jornadas-de-Toxicologia-700-x-350-px.jpg" />
	<meta property="og:image:width" content="700" />
	<meta property="og:image:height" content="350" />
	<meta property="og:image:type" content="image/jpeg" />
<meta name="twitter:card" content="summary_large_image" />
<meta name="twitter:label1" content="Tiempo de lectura" />
	<meta name="twitter:data1" content="1 minuto" />
<script type="application/ld+json" class="yoast-schema-graph">{"@context":"https://schema.org","@graph":[{"@type":"WebPage","@id":"https://www.ull.es/portal/agenda/evento/i-jornadas-de-toxicologia-y-salud/","url":"https://www.ull.es/portal/agenda/evento/i-jornadas-de-toxicologia-y-salud/","name":"I Jornadas de Toxicología y Salud - ULL - Agenda","isPartOf":{"@id":"https://www.ull.es/portal/agenda/#website"},"datePublished":"2023-11-16T13:20:06+00:00","dateModified":"2023-11-16T13:20:06+00:00","breadcrumb":{"@id":"https://www.ull.es/portal/agenda/evento/i-jornadas-de-toxicologia-y-salud/#breadcrumb"},"inLanguage":"es","potentialAction":[{"@type":"ReadAction","target":["https://www.ull.es/portal/agenda/evento/i-jornadas-de-toxicologia-y-salud/"]}]},{"@type":"BreadcrumbList","@id":"https://www.ull.es/portal/agenda/evento/i-jornadas-de-toxicologia-y-salud/#breadcrumb","itemListElement":[{"@type":"ListItem","position":1,"name":"Portada","item":"https://www.ull.es/portal/agenda/"},{"@type":"ListItem","position":2,"name":"I Jornadas de Toxicología y Salud"}]},{"@type":"WebSite","@id":"https://www.ull.es/portal/agenda/#website","url":"https://www.ull.es/portal/agenda/","name":"ULL - Agenda","description":"","potentialAction":[{"@type":"SearchAction","target":{"@type":"EntryPoint","urlTemplate":"https://www.ull.es/portal/agenda/?s={search_term_string}"},"query-input":"required name=search_term_string"}],"inLanguage":"es"}]}</script>
<!-- / Yoast SEO plugin. -->

I Jornadas de Toxicología y Salud - ULL - Agenda

Las I Jornadas de Toxicología y Salud de la Universidad de La Laguna surgen de la colaboración entre la Delegación de Estudiantes de Medicina  con la Facultad de Ciencias de la Salud, especialmente con las áreas de Medicina Interna y Urgencias del Hospital Universitario de Canarias. El objetivo de dicho evento es dar formación a...
