{"id":33130,"date":"2023-11-16T13:25:35","date_gmt":"2023-11-16T13:25:35","guid":{"rendered":"https:\/\/www.ull.es\/portal\/agenda\/?post_type=tribe_events&#038;p=33130"},"modified":"2023-11-23T12:40:14","modified_gmt":"2023-11-23T12:40:14","slug":"razones-para-la-esperanza-conferencia-magistral-a-cargo-de-la-doctora-jane-goodall","status":"publish","type":"tribe_events","link":"https:\/\/www.ull.es\/portal\/agenda\/evento\/razones-para-la-esperanza-conferencia-magistral-a-cargo-de-la-doctora-jane-goodall\/","title":{"rendered":"\u00abRazones para la esperanza\u00bb, conferencia magistral a cargo de la Doctora Jane Goodall"},"content":{"rendered":"<p style=\"font-weight: 400;\">La fundadora del\u00a0<a href=\"http:\/\/www.janegoodall.es\/\" data-saferedirecturl=\"https:\/\/www.google.com\/url?q=http:\/\/www.janegoodall.es&amp;source=gmail&amp;ust=1700226592409000&amp;usg=AOvVaw3ZHm9rVmsBwhCzISEYJBoM\" target=\"_blank\" rel=\"noopener\">Instituto Jane Goodall<\/a>\u00a0y Mensajera de la Paz de Naciones Unidas, la Dra. Jane Goodall, sigue recorriendo el mundo a sus 89 a\u00f1os para compartir su historia de vida como cient\u00edfica pionera y activista ambiental, realizando un agudo an\u00e1lisis de las problem\u00e1ticas que afectan a nuestro planeta y su biodiversidad, e inspirando razones para poner la esperanza en acci\u00f3n.<\/p>\n<p style=\"font-weight: 400;\">Su impresionante labor ha sido fundamental no s\u00f3lo para profundizar y difundir conocimientos sobre los chimpanc\u00e9s y otras especies, sino tambi\u00e9n para generar empat\u00eda y afianzar su protecci\u00f3n y la de sus ecosistemas, adem\u00e1s de invitarnos a reflexionar sobre nuestra propia especie y promover un estilo de vida m\u00e1s sostenible en nuestras sociedades. La Doctora Jane Goodall es considerada una de las mujeres cient\u00edficas de mayor impacto en el siglo XX y una de las activistas ambientales m\u00e1s reconocidas del siglo XXI.<\/p>\n<p><strong>Entradas agotadas.<\/strong><\/p>\n<p>Para escuchar la interpretaci\u00f3n simult\u00e1nea debe tener en cuenta lo siguiente:<\/p>\n<ol>\n<li>Llevar su tel\u00e9fono m\u00f3vil bien cargado.<\/li>\n<li>Tener descargada la aplicaci\u00f3n Zoom.<\/li>\n<li>Llevar sus auriculares y consultar las <a href=\"https:\/\/drive.google.com\/file\/d\/14xpZXaZfrsxbh3YnhkRTpOCz3SWh5Ozp\/view?usp=drive_link\" target=\"_blank\" rel=\"noopener\" target=\"_blank\" rel=\"noopener\">instrucciones.<\/a><\/li>\n<\/ol>\n<p><a href=\"https:\/\/www.ull.es\/portal\/streaming-ull\" target=\"_blank\" rel=\"noopener\" target=\"_blank\" rel=\"noopener\">\ud83c\udfa5 Emisi\u00f3n en directo<\/a><\/p>\n","protected":false},"excerpt":{"rendered":"<p>La fundadora del\u00a0Instituto Jane Goodall\u00a0y Mensajera de la Paz de Naciones Unidas, la Dra. Jane Goodall, sigue recorriendo el mundo a sus 89 a\u00f1os para compartir su historia de vida como cient\u00edfica pionera y activista ambiental, realizando un agudo an\u00e1lisis de las problem\u00e1ticas que afectan a nuestro planeta y su biodiversidad, e inspirando razones para&#8230;<\/p>\n","protected":false},"author":65,"featured_media":33131,"comment_status":"closed","ping_status":"closed","template":"","tags":[2338,4895,4897,4896],"tribe_events_cat":[3987,4,972,5,343,186,188,187],"acf":[],"yoast_head":"<!-- This site is optimized with the Yoast SEO plugin v21.3 - https:\/\/yoast.com\/wordpress\/plugins\/seo\/ -->\n<title>\u00abRazones para la esperanza\u00bb, conferencia magistral a cargo de la Doctora Jane Goodall - ULL - Agenda<\/title>\n<meta name=\"robots\" content=\"index, follow, max-snippet:-1, max-image-preview:large, max-video-preview:-1\" \/>\n<link rel=\"canonical\" href=\"https:\/\/www.ull.es\/portal\/agenda\/evento\/razones-para-la-esperanza-conferencia-magistral-a-cargo-de-la-doctora-jane-goodall\/\" \/>\n<meta property=\"og:locale\" content=\"es_ES\" \/>\n<meta property=\"og:type\" content=\"article\" \/>\n<meta property=\"og:title\" content=\"\u00abRazones para la esperanza\u00bb, conferencia magistral a cargo de la Doctora Jane Goodall - ULL - Agenda\" \/>\n<meta property=\"og:description\" content=\"La fundadora del\u00a0Instituto Jane Goodall\u00a0y Mensajera de la Paz de Naciones Unidas, la Dra. Jane Goodall, sigue recorriendo el mundo a sus 89 a\u00f1os para compartir su historia de vida como cient\u00edfica pionera y activista ambiental, realizando un agudo an\u00e1lisis de las problem\u00e1ticas que afectan a nuestro planeta y su biodiversidad, e inspirando razones para...\" \/>\n<meta property=\"og:url\" content=\"https:\/\/www.ull.es\/portal\/agenda\/evento\/razones-para-la-esperanza-conferencia-magistral-a-cargo-de-la-doctora-jane-goodall\/\" \/>\n<meta property=\"og:site_name\" content=\"ULL - Agenda\" \/>\n<meta property=\"article:modified_time\" content=\"2023-11-23T12:40:14+00:00\" \/>\n<meta property=\"og:image\" content=\"https:\/\/www.ull.es\/portal\/agenda\/wp-content\/uploads\/sites\/12\/2023\/11\/2023_conferencia-jane-goodall_tenerife_700x350-agenda-web.jpg\" \/>\n\t<meta property=\"og:image:width\" content=\"700\" \/>\n\t<meta property=\"og:image:height\" content=\"350\" \/>\n\t<meta property=\"og:image:type\" content=\"image\/jpeg\" \/>\n<meta name=\"twitter:card\" content=\"summary_large_image\" \/>\n<meta name=\"twitter:label1\" content=\"Tiempo de lectura\" \/>\n\t<meta name=\"twitter:data1\" content=\"1 minuto\" \/>\n<script type=\"application\/ld+json\" class=\"yoast-schema-graph\">{\"@context\":\"https:\/\/schema.org\",\"@graph\":[{\"@type\":\"WebPage\",\"@id\":\"https:\/\/www.ull.es\/portal\/agenda\/evento\/razones-para-la-esperanza-conferencia-magistral-a-cargo-de-la-doctora-jane-goodall\/\",\"url\":\"https:\/\/www.ull.es\/portal\/agenda\/evento\/razones-para-la-esperanza-conferencia-magistral-a-cargo-de-la-doctora-jane-goodall\/\",\"name\":\"\u00abRazones para la esperanza\u00bb, conferencia magistral a cargo de la Doctora Jane Goodall - ULL - Agenda\",\"isPartOf\":{\"@id\":\"https:\/\/www.ull.es\/portal\/agenda\/#website\"},\"datePublished\":\"2023-11-16T13:25:35+00:00\",\"dateModified\":\"2023-11-23T12:40:14+00:00\",\"breadcrumb\":{\"@id\":\"https:\/\/www.ull.es\/portal\/agenda\/evento\/razones-para-la-esperanza-conferencia-magistral-a-cargo-de-la-doctora-jane-goodall\/#breadcrumb\"},\"inLanguage\":\"es\",\"potentialAction\":[{\"@type\":\"ReadAction\",\"target\":[\"https:\/\/www.ull.es\/portal\/agenda\/evento\/razones-para-la-esperanza-conferencia-magistral-a-cargo-de-la-doctora-jane-goodall\/\"]}]},{\"@type\":\"BreadcrumbList\",\"@id\":\"https:\/\/www.ull.es\/portal\/agenda\/evento\/razones-para-la-esperanza-conferencia-magistral-a-cargo-de-la-doctora-jane-goodall\/#breadcrumb\",\"itemListElement\":[{\"@type\":\"ListItem\",\"position\":1,\"name\":\"Portada\",\"item\":\"https:\/\/www.ull.es\/portal\/agenda\/\"},{\"@type\":\"ListItem\",\"position\":2,\"name\":\"\u00abRazones para la esperanza\u00bb, conferencia magistral a cargo de la Doctora Jane Goodall\"}]},{\"@type\":\"WebSite\",\"@id\":\"https:\/\/www.ull.es\/portal\/agenda\/#website\",\"url\":\"https:\/\/www.ull.es\/portal\/agenda\/\",\"name\":\"ULL - Agenda\",\"description\":\"\",\"potentialAction\":[{\"@type\":\"SearchAction\",\"target\":{\"@type\":\"EntryPoint\",\"urlTemplate\":\"https:\/\/www.ull.es\/portal\/agenda\/?s={search_term_string}\"},\"query-input\":\"required name=search_term_string\"}],\"inLanguage\":\"es\"}]}<\/script>\n<!-- \/ Yoast SEO plugin. -->","yoast_head_json":{"title":"\u00abRazones para la esperanza\u00bb, conferencia magistral a cargo de la Doctora Jane Goodall - ULL - Agenda","robots":{"index":"index","follow":"follow","max-snippet":"max-snippet:-1","max-image-preview":"max-image-preview:large","max-video-preview":"max-video-preview:-1"},"canonical":"https:\/\/www.ull.es\/portal\/agenda\/evento\/razones-para-la-esperanza-conferencia-magistral-a-cargo-de-la-doctora-jane-goodall\/","og_locale":"es_ES","og_type":"article","og_title":"\u00abRazones para la esperanza\u00bb, conferencia magistral a cargo de la Doctora Jane Goodall - ULL - Agenda","og_description":"La fundadora del\u00a0Instituto Jane Goodall\u00a0y Mensajera de la Paz de Naciones Unidas, la Dra. Jane Goodall, sigue recorriendo el mundo a sus 89 a\u00f1os para compartir su historia de vida como cient\u00edfica pionera y activista ambiental, realizando un agudo an\u00e1lisis de las problem\u00e1ticas que afectan a nuestro planeta y su biodiversidad, e inspirando razones para...","og_url":"https:\/\/www.ull.es\/portal\/agenda\/evento\/razones-para-la-esperanza-conferencia-magistral-a-cargo-de-la-doctora-jane-goodall\/","og_site_name":"ULL - Agenda","article_modified_time":"2023-11-23T12:40:14+00:00","og_image":[{"width":700,"height":350,"url":"https:\/\/www.ull.es\/portal\/agenda\/wp-content\/uploads\/sites\/12\/2023\/11\/2023_conferencia-jane-goodall_tenerife_700x350-agenda-web.jpg","type":"image\/jpeg"}],"twitter_card":"summary_large_image","twitter_misc":{"Tiempo de lectura":"1 minuto"},"schema":{"@context":"https:\/\/schema.org","@graph":[{"@type":"WebPage","@id":"https:\/\/www.ull.es\/portal\/agenda\/evento\/razones-para-la-esperanza-conferencia-magistral-a-cargo-de-la-doctora-jane-goodall\/","url":"https:\/\/www.ull.es\/portal\/agenda\/evento\/razones-para-la-esperanza-conferencia-magistral-a-cargo-de-la-doctora-jane-goodall\/","name":"\u00abRazones para la esperanza\u00bb, conferencia magistral a cargo de la Doctora Jane Goodall - ULL - Agenda","isPartOf":{"@id":"https:\/\/www.ull.es\/portal\/agenda\/#website"},"datePublished":"2023-11-16T13:25:35+00:00","dateModified":"2023-11-23T12:40:14+00:00","breadcrumb":{"@id":"https:\/\/www.ull.es\/portal\/agenda\/evento\/razones-para-la-esperanza-conferencia-magistral-a-cargo-de-la-doctora-jane-goodall\/#breadcrumb"},"inLanguage":"es","potentialAction":[{"@type":"ReadAction","target":["https:\/\/www.ull.es\/portal\/agenda\/evento\/razones-para-la-esperanza-conferencia-magistral-a-cargo-de-la-doctora-jane-goodall\/"]}]},{"@type":"BreadcrumbList","@id":"https:\/\/www.ull.es\/portal\/agenda\/evento\/razones-para-la-esperanza-conferencia-magistral-a-cargo-de-la-doctora-jane-goodall\/#breadcrumb","itemListElement":[{"@type":"ListItem","position":1,"name":"Portada","item":"https:\/\/www.ull.es\/portal\/agenda\/"},{"@type":"ListItem","position":2,"name":"\u00abRazones para la esperanza\u00bb, conferencia magistral a cargo de la Doctora Jane Goodall"}]},{"@type":"WebSite","@id":"https:\/\/www.ull.es\/portal\/agenda\/#website","url":"https:\/\/www.ull.es\/portal\/agenda\/","name":"ULL - Agenda","description":"","potentialAction":[{"@type":"SearchAction","target":{"@type":"EntryPoint","urlTemplate":"https:\/\/www.ull.es\/portal\/agenda\/?s={search_term_string}"},"query-input":"required name=search_term_string"}],"inLanguage":"es"}]}},"_links":{"self":[{"href":"https:\/\/www.ull.es\/portal\/agenda\/wp-json\/wp\/v2\/tribe_events\/33130"}],"collection":[{"href":"https:\/\/www.ull.es\/portal\/agenda\/wp-json\/wp\/v2\/tribe_events"}],"about":[{"href":"https:\/\/www.ull.es\/portal\/agenda\/wp-json\/wp\/v2\/types\/tribe_events"}],"author":[{"embeddable":true,"href":"https:\/\/www.ull.es\/portal\/agenda\/wp-json\/wp\/v2\/users\/65"}],"replies":[{"embeddable":true,"href":"https:\/\/www.ull.es\/portal\/agenda\/wp-json\/wp\/v2\/comments?post=33130"}],"version-history":[{"count":12,"href":"https:\/\/www.ull.es\/portal\/agenda\/wp-json\/wp\/v2\/tribe_events\/33130\/revisions"}],"predecessor-version":[{"id":33275,"href":"https:\/\/www.ull.es\/portal\/agenda\/wp-json\/wp\/v2\/tribe_events\/33130\/revisions\/33275"}],"wp:featuredmedia":[{"embeddable":true,"href":"https:\/\/www.ull.es\/portal\/agenda\/wp-json\/wp\/v2\/media\/33131"}],"wp:attachment":[{"href":"https:\/\/www.ull.es\/portal\/agenda\/wp-json\/wp\/v2\/media?parent=33130"}],"wp:term":[{"taxonomy":"post_tag","embeddable":true,"href":"https:\/\/www.ull.es\/portal\/agenda\/wp-json\/wp\/v2\/tags?post=33130"},{"taxonomy":"tribe_events_cat","embeddable":true,"href":"https:\/\/www.ull.es\/portal\/agenda\/wp-json\/wp\/v2\/tribe_events_cat?post=33130"}],"curies":[{"name":"wp","href":"https:\/\/api.w.org\/{rel}","templated":true}]}}

<p style="font-weight: 400;">La fundadora del <a href="http://www.janegoodall.es/" data-saferedirecturl="https://www.google.com/url?q=http://www.janegoodall.es&amp;source=gmail&amp;ust=1700226592409000&amp;usg=AOvVaw3ZHm9rVmsBwhCzISEYJBoM" target="_blank" rel="noopener">Instituto Jane Goodall</a> y Mensajera de la Paz de Naciones Unidas, la Dra. Jane Goodall, sigue recorriendo el mundo a sus 89 años para compartir su historia de vida como científica pionera y activista ambiental, realizando un agudo análisis de las problemáticas que afectan a nuestro planeta y su biodiversidad, e inspirando razones para poner la esperanza en acción.</p>
<p style="font-weight: 400;">Su impresionante labor ha sido fundamental no sólo para profundizar y difundir conocimientos sobre los chimpancés y otras especies, sino también para generar empatía y afianzar su protección y la de sus ecosistemas, además de invitarnos a reflexionar sobre nuestra propia especie y promover un estilo de vida más sostenible en nuestras sociedades. La Doctora Jane Goodall es considerada una de las mujeres científicas de mayor impacto en el siglo XX y una de las activistas ambientales más reconocidas del siglo XXI.</p>
<p><strong>Entradas agotadas.</strong></p>
<p>Para escuchar la interpretación simultánea debe tener en cuenta lo siguiente:</p>
<ol>
<li>Llevar su teléfono móvil bien cargado.</li>
<li>Tener descargada la aplicación Zoom.</li>
<li>Llevar sus auriculares y consultar las <a href="https://drive.google.com/file/d/14xpZXaZfrsxbh3YnhkRTpOCz3SWh5Ozp/view?usp=drive_link" target="_blank" rel="noopener" target="_blank" rel="noopener">instrucciones.</a></li>
</ol>
<p><a href="https://www.ull.es/portal/streaming-ull" target="_blank" rel="noopener" target="_blank" rel="noopener">🎥 Emisión en directo</a></p>

<p>La fundadora del Instituto Jane Goodall y Mensajera de la Paz de Naciones Unidas, la Dra. Jane Goodall, sigue recorriendo el mundo a sus 89 años para compartir su historia de vida como científica pionera y activista ambiental, realizando un agudo análisis de las problemáticas que afectan a nuestro planeta y su biodiversidad, e inspirando razones para&#8230;</p>

<!-- This site is optimized with the Yoast SEO plugin v21.3 - https://yoast.com/wordpress/plugins/seo/ -->
<title>«Razones para la esperanza», conferencia magistral a cargo de la Doctora Jane Goodall - ULL - Agenda</title>
<meta name="robots" content="index, follow, max-snippet:-1, max-image-preview:large, max-video-preview:-1" />
<link rel="canonical" href="https://www.ull.es/portal/agenda/evento/razones-para-la-esperanza-conferencia-magistral-a-cargo-de-la-doctora-jane-goodall/" />
<meta property="og:locale" content="es_ES" />
<meta property="og:type" content="article" />
<meta property="og:title" content="«Razones para la esperanza», conferencia magistral a cargo de la Doctora Jane Goodall - ULL - Agenda" />
<meta property="og:description" content="La fundadora del Instituto Jane Goodall y Mensajera de la Paz de Naciones Unidas, la Dra. Jane Goodall, sigue recorriendo el mundo a sus 89 años para compartir su historia de vida como científica pionera y activista ambiental, realizando un agudo análisis de las problemáticas que afectan a nuestro planeta y su biodiversidad, e inspirando razones para..." />
<meta property="og:url" content="https://www.ull.es/portal/agenda/evento/razones-para-la-esperanza-conferencia-magistral-a-cargo-de-la-doctora-jane-goodall/" />
<meta property="og:site_name" content="ULL - Agenda" />
<meta property="article:modified_time" content="2023-11-23T12:40:14+00:00" />
<meta property="og:image" content="https://www.ull.es/portal/agenda/wp-content/uploads/sites/12/2023/11/2023_conferencia-jane-goodall_tenerife_700x350-agenda-web.jpg" />
	<meta property="og:image:width" content="700" />
	<meta property="og:image:height" content="350" />
	<meta property="og:image:type" content="image/jpeg" />
<meta name="twitter:card" content="summary_large_image" />
<meta name="twitter:label1" content="Tiempo de lectura" />
	<meta name="twitter:data1" content="1 minuto" />
<script type="application/ld+json" class="yoast-schema-graph">{"@context":"https://schema.org","@graph":[{"@type":"WebPage","@id":"https://www.ull.es/portal/agenda/evento/razones-para-la-esperanza-conferencia-magistral-a-cargo-de-la-doctora-jane-goodall/","url":"https://www.ull.es/portal/agenda/evento/razones-para-la-esperanza-conferencia-magistral-a-cargo-de-la-doctora-jane-goodall/","name":"«Razones para la esperanza», conferencia magistral a cargo de la Doctora Jane Goodall - ULL - Agenda","isPartOf":{"@id":"https://www.ull.es/portal/agenda/#website"},"datePublished":"2023-11-16T13:25:35+00:00","dateModified":"2023-11-23T12:40:14+00:00","breadcrumb":{"@id":"https://www.ull.es/portal/agenda/evento/razones-para-la-esperanza-conferencia-magistral-a-cargo-de-la-doctora-jane-goodall/#breadcrumb"},"inLanguage":"es","potentialAction":[{"@type":"ReadAction","target":["https://www.ull.es/portal/agenda/evento/razones-para-la-esperanza-conferencia-magistral-a-cargo-de-la-doctora-jane-goodall/"]}]},{"@type":"BreadcrumbList","@id":"https://www.ull.es/portal/agenda/evento/razones-para-la-esperanza-conferencia-magistral-a-cargo-de-la-doctora-jane-goodall/#breadcrumb","itemListElement":[{"@type":"ListItem","position":1,"name":"Portada","item":"https://www.ull.es/portal/agenda/"},{"@type":"ListItem","position":2,"name":"«Razones para la esperanza», conferencia magistral a cargo de la Doctora Jane Goodall"}]},{"@type":"WebSite","@id":"https://www.ull.es/portal/agenda/#website","url":"https://www.ull.es/portal/agenda/","name":"ULL - Agenda","description":"","potentialAction":[{"@type":"SearchAction","target":{"@type":"EntryPoint","urlTemplate":"https://www.ull.es/portal/agenda/?s={search_term_string}"},"query-input":"required name=search_term_string"}],"inLanguage":"es"}]}</script>
<!-- / Yoast SEO plugin. -->

La fundadora del Instituto Jane Goodall y Mensajera de la Paz de Naciones Unidas, la Dra. Jane Goodall, sigue recorriendo el mundo a sus 89 años para compartir su historia de vida como científica pionera y activista ambiental, realizando un agudo análisis de las problemáticas que afectan a nuestro planeta y su biodiversidad, e inspirando razones para...
