{"id":33184,"date":"2023-11-20T10:52:59","date_gmt":"2023-11-20T10:52:59","guid":{"rendered":"https:\/\/www.ull.es\/portal\/agenda\/?post_type=tribe_events&#038;p=33184"},"modified":"2023-11-20T10:53:50","modified_gmt":"2023-11-20T10:53:50","slug":"escritoras-hispanoamericanas-desde-una-perspectiva-de-genero-las-autoras-y-sus-textos","status":"publish","type":"tribe_events","link":"https:\/\/www.ull.es\/portal\/agenda\/evento\/escritoras-hispanoamericanas-desde-una-perspectiva-de-genero-las-autoras-y-sus-textos\/","title":{"rendered":"Escritoras hispanoamericanas desde una perspectiva de g\u00e9nero: las autoras y sus textos"},"content":{"rendered":"<p>Este curso se centra en apreciar y desafiar los c\u00e1nones literarios hegem\u00f3nicos que han marginado las voces de las escritoras. Exploraremos las singularidades estil\u00edsticas, tem\u00e1ticas y discursivas de algunas autoras hispanoamericanas, destacando su aporte al panorama literario. As\u00ed, cuestionaremos el canon actual, proporcionando herramientas para reinterpretar sus obras y reconocer su relevancia cultural. En \u00faltima instancia, buscamos revalorizar la producci\u00f3n literaria de estas escritoras hispanoamericanas en particular, y de todas en general, contribuyendo a un legado cultural m\u00e1s inclusivo y equitativo.<\/p>\n<p>Dirigido al alumnado universitario, profesorado de secundaria, profesionales del mundo de la cultura e investigadores\/as interesados\/as en el tema.<\/p>\n<p>Direcci\u00f3n acad\u00e9mica:<\/p>\n<ul>\n<li>Yasmina Romero Morales. Miembro del Instituto Universitario de Estudios de las Mujeres (IUEM).<\/li>\n<li>Luca Cerullo. Profesor en la UNIBA.<\/li>\n<\/ul>\n<p><a href=\"https:\/\/sede.fg.ull.es\/es\/curso\/detalle?code=a23020314&amp;name=escritoras-hispanoamericanas-desde-una-perspectiva-de-genero-las-autoras-y-sus-textos\" target=\"_blank\" rel=\"noopener noreferrer\" target=\"_blank\" rel=\"noopener\"><strong><u>M\u00e1s informaci\u00f3n e inscripci\u00f3n gratuita aqu\u00ed.<\/u><\/strong><\/a><\/p>\n<p><strong>CERTIFICADO DE ASISTENCIA:\u00a0<\/strong>La Universidad de La Laguna, a trav\u00e9s del Vicerrectorado de Cultura y Extensi\u00f3n Universitaria, emitir\u00e1 un certificado de asistencia a todas aquellas personas que participen, previa inscripci\u00f3n en la actividad.<\/p>\n<p><strong>Contacto: 922 319 616 \/ 922 319 626 \u2013\u00a0<\/strong><a href=\"mailto:extuni@ull.edu.es\" target=\"_blank\" rel=\"noopener\" target=\"_blank\" rel=\"noopener\"><strong>extuni@ull.es<\/strong><\/a><\/p>\n<p>Organiza: Seminario de Investigaci\u00f3n Avanzada del Instituto Universitario de Estudios de las Mujeres (IUEM) de La Universidad de La Laguna.<\/p>\n<p>Colabora: Instituto Canario de Igualdad.<\/p>\n","protected":false},"excerpt":{"rendered":"<p>Este curso se centra en apreciar y desafiar los c\u00e1nones literarios hegem\u00f3nicos que han marginado las voces de las escritoras. Exploraremos las singularidades estil\u00edsticas, tem\u00e1ticas y discursivas de algunas autoras hispanoamericanas, destacando su aporte al panorama literario. As\u00ed, cuestionaremos el canon actual, proporcionando herramientas para reinterpretar sus obras y reconocer su relevancia cultural. En \u00faltima&#8230;<\/p>\n","protected":false},"author":43,"featured_media":33188,"comment_status":"closed","ping_status":"closed","template":"","tags":[4259,977,3812,3751,4165],"tribe_events_cat":[472,4,186],"acf":[],"yoast_head":"<!-- This site is optimized with the Yoast SEO plugin v21.3 - https:\/\/yoast.com\/wordpress\/plugins\/seo\/ -->\n<title>Escritoras hispanoamericanas desde una perspectiva de g\u00e9nero: las autoras y sus textos - ULL - Agenda<\/title>\n<meta name=\"robots\" content=\"index, follow, max-snippet:-1, max-image-preview:large, max-video-preview:-1\" \/>\n<link rel=\"canonical\" href=\"https:\/\/www.ull.es\/portal\/agenda\/evento\/escritoras-hispanoamericanas-desde-una-perspectiva-de-genero-las-autoras-y-sus-textos\/\" \/>\n<meta property=\"og:locale\" content=\"es_ES\" \/>\n<meta property=\"og:type\" content=\"article\" \/>\n<meta property=\"og:title\" content=\"Escritoras hispanoamericanas desde una perspectiva de g\u00e9nero: las autoras y sus textos - ULL - Agenda\" \/>\n<meta property=\"og:description\" content=\"Este curso se centra en apreciar y desafiar los c\u00e1nones literarios hegem\u00f3nicos que han marginado las voces de las escritoras. Exploraremos las singularidades estil\u00edsticas, tem\u00e1ticas y discursivas de algunas autoras hispanoamericanas, destacando su aporte al panorama literario. As\u00ed, cuestionaremos el canon actual, proporcionando herramientas para reinterpretar sus obras y reconocer su relevancia cultural. En \u00faltima...\" \/>\n<meta property=\"og:url\" content=\"https:\/\/www.ull.es\/portal\/agenda\/evento\/escritoras-hispanoamericanas-desde-una-perspectiva-de-genero-las-autoras-y-sus-textos\/\" \/>\n<meta property=\"og:site_name\" content=\"ULL - Agenda\" \/>\n<meta property=\"article:modified_time\" content=\"2023-11-20T10:53:50+00:00\" \/>\n<meta property=\"og:image\" content=\"https:\/\/www.ull.es\/portal\/agenda\/wp-content\/uploads\/sites\/12\/2023\/11\/BannerMujeresescritoras.png\" \/>\n\t<meta property=\"og:image:width\" content=\"700\" \/>\n\t<meta property=\"og:image:height\" content=\"350\" \/>\n\t<meta property=\"og:image:type\" content=\"image\/png\" \/>\n<meta name=\"twitter:card\" content=\"summary_large_image\" \/>\n<meta name=\"twitter:label1\" content=\"Tiempo de lectura\" \/>\n\t<meta name=\"twitter:data1\" content=\"1 minuto\" \/>\n<script type=\"application\/ld+json\" class=\"yoast-schema-graph\">{\"@context\":\"https:\/\/schema.org\",\"@graph\":[{\"@type\":\"WebPage\",\"@id\":\"https:\/\/www.ull.es\/portal\/agenda\/evento\/escritoras-hispanoamericanas-desde-una-perspectiva-de-genero-las-autoras-y-sus-textos\/\",\"url\":\"https:\/\/www.ull.es\/portal\/agenda\/evento\/escritoras-hispanoamericanas-desde-una-perspectiva-de-genero-las-autoras-y-sus-textos\/\",\"name\":\"Escritoras hispanoamericanas desde una perspectiva de g\u00e9nero: las autoras y sus textos - ULL - Agenda\",\"isPartOf\":{\"@id\":\"https:\/\/www.ull.es\/portal\/agenda\/#website\"},\"datePublished\":\"2023-11-20T10:52:59+00:00\",\"dateModified\":\"2023-11-20T10:53:50+00:00\",\"breadcrumb\":{\"@id\":\"https:\/\/www.ull.es\/portal\/agenda\/evento\/escritoras-hispanoamericanas-desde-una-perspectiva-de-genero-las-autoras-y-sus-textos\/#breadcrumb\"},\"inLanguage\":\"es\",\"potentialAction\":[{\"@type\":\"ReadAction\",\"target\":[\"https:\/\/www.ull.es\/portal\/agenda\/evento\/escritoras-hispanoamericanas-desde-una-perspectiva-de-genero-las-autoras-y-sus-textos\/\"]}]},{\"@type\":\"BreadcrumbList\",\"@id\":\"https:\/\/www.ull.es\/portal\/agenda\/evento\/escritoras-hispanoamericanas-desde-una-perspectiva-de-genero-las-autoras-y-sus-textos\/#breadcrumb\",\"itemListElement\":[{\"@type\":\"ListItem\",\"position\":1,\"name\":\"Portada\",\"item\":\"https:\/\/www.ull.es\/portal\/agenda\/\"},{\"@type\":\"ListItem\",\"position\":2,\"name\":\"Escritoras hispanoamericanas desde una perspectiva de g\u00e9nero: las autoras y sus textos\"}]},{\"@type\":\"WebSite\",\"@id\":\"https:\/\/www.ull.es\/portal\/agenda\/#website\",\"url\":\"https:\/\/www.ull.es\/portal\/agenda\/\",\"name\":\"ULL - Agenda\",\"description\":\"\",\"potentialAction\":[{\"@type\":\"SearchAction\",\"target\":{\"@type\":\"EntryPoint\",\"urlTemplate\":\"https:\/\/www.ull.es\/portal\/agenda\/?s={search_term_string}\"},\"query-input\":\"required name=search_term_string\"}],\"inLanguage\":\"es\"}]}<\/script>\n<!-- \/ Yoast SEO plugin. -->","yoast_head_json":{"title":"Escritoras hispanoamericanas desde una perspectiva de g\u00e9nero: las autoras y sus textos - ULL - Agenda","robots":{"index":"index","follow":"follow","max-snippet":"max-snippet:-1","max-image-preview":"max-image-preview:large","max-video-preview":"max-video-preview:-1"},"canonical":"https:\/\/www.ull.es\/portal\/agenda\/evento\/escritoras-hispanoamericanas-desde-una-perspectiva-de-genero-las-autoras-y-sus-textos\/","og_locale":"es_ES","og_type":"article","og_title":"Escritoras hispanoamericanas desde una perspectiva de g\u00e9nero: las autoras y sus textos - ULL - Agenda","og_description":"Este curso se centra en apreciar y desafiar los c\u00e1nones literarios hegem\u00f3nicos que han marginado las voces de las escritoras. Exploraremos las singularidades estil\u00edsticas, tem\u00e1ticas y discursivas de algunas autoras hispanoamericanas, destacando su aporte al panorama literario. As\u00ed, cuestionaremos el canon actual, proporcionando herramientas para reinterpretar sus obras y reconocer su relevancia cultural. En \u00faltima...","og_url":"https:\/\/www.ull.es\/portal\/agenda\/evento\/escritoras-hispanoamericanas-desde-una-perspectiva-de-genero-las-autoras-y-sus-textos\/","og_site_name":"ULL - Agenda","article_modified_time":"2023-11-20T10:53:50+00:00","og_image":[{"width":700,"height":350,"url":"https:\/\/www.ull.es\/portal\/agenda\/wp-content\/uploads\/sites\/12\/2023\/11\/BannerMujeresescritoras.png","type":"image\/png"}],"twitter_card":"summary_large_image","twitter_misc":{"Tiempo de lectura":"1 minuto"},"schema":{"@context":"https:\/\/schema.org","@graph":[{"@type":"WebPage","@id":"https:\/\/www.ull.es\/portal\/agenda\/evento\/escritoras-hispanoamericanas-desde-una-perspectiva-de-genero-las-autoras-y-sus-textos\/","url":"https:\/\/www.ull.es\/portal\/agenda\/evento\/escritoras-hispanoamericanas-desde-una-perspectiva-de-genero-las-autoras-y-sus-textos\/","name":"Escritoras hispanoamericanas desde una perspectiva de g\u00e9nero: las autoras y sus textos - ULL - Agenda","isPartOf":{"@id":"https:\/\/www.ull.es\/portal\/agenda\/#website"},"datePublished":"2023-11-20T10:52:59+00:00","dateModified":"2023-11-20T10:53:50+00:00","breadcrumb":{"@id":"https:\/\/www.ull.es\/portal\/agenda\/evento\/escritoras-hispanoamericanas-desde-una-perspectiva-de-genero-las-autoras-y-sus-textos\/#breadcrumb"},"inLanguage":"es","potentialAction":[{"@type":"ReadAction","target":["https:\/\/www.ull.es\/portal\/agenda\/evento\/escritoras-hispanoamericanas-desde-una-perspectiva-de-genero-las-autoras-y-sus-textos\/"]}]},{"@type":"BreadcrumbList","@id":"https:\/\/www.ull.es\/portal\/agenda\/evento\/escritoras-hispanoamericanas-desde-una-perspectiva-de-genero-las-autoras-y-sus-textos\/#breadcrumb","itemListElement":[{"@type":"ListItem","position":1,"name":"Portada","item":"https:\/\/www.ull.es\/portal\/agenda\/"},{"@type":"ListItem","position":2,"name":"Escritoras hispanoamericanas desde una perspectiva de g\u00e9nero: las autoras y sus textos"}]},{"@type":"WebSite","@id":"https:\/\/www.ull.es\/portal\/agenda\/#website","url":"https:\/\/www.ull.es\/portal\/agenda\/","name":"ULL - Agenda","description":"","potentialAction":[{"@type":"SearchAction","target":{"@type":"EntryPoint","urlTemplate":"https:\/\/www.ull.es\/portal\/agenda\/?s={search_term_string}"},"query-input":"required name=search_term_string"}],"inLanguage":"es"}]}},"_links":{"self":[{"href":"https:\/\/www.ull.es\/portal\/agenda\/wp-json\/wp\/v2\/tribe_events\/33184"}],"collection":[{"href":"https:\/\/www.ull.es\/portal\/agenda\/wp-json\/wp\/v2\/tribe_events"}],"about":[{"href":"https:\/\/www.ull.es\/portal\/agenda\/wp-json\/wp\/v2\/types\/tribe_events"}],"author":[{"embeddable":true,"href":"https:\/\/www.ull.es\/portal\/agenda\/wp-json\/wp\/v2\/users\/43"}],"replies":[{"embeddable":true,"href":"https:\/\/www.ull.es\/portal\/agenda\/wp-json\/wp\/v2\/comments?post=33184"}],"version-history":[{"count":2,"href":"https:\/\/www.ull.es\/portal\/agenda\/wp-json\/wp\/v2\/tribe_events\/33184\/revisions"}],"predecessor-version":[{"id":33190,"href":"https:\/\/www.ull.es\/portal\/agenda\/wp-json\/wp\/v2\/tribe_events\/33184\/revisions\/33190"}],"wp:featuredmedia":[{"embeddable":true,"href":"https:\/\/www.ull.es\/portal\/agenda\/wp-json\/wp\/v2\/media\/33188"}],"wp:attachment":[{"href":"https:\/\/www.ull.es\/portal\/agenda\/wp-json\/wp\/v2\/media?parent=33184"}],"wp:term":[{"taxonomy":"post_tag","embeddable":true,"href":"https:\/\/www.ull.es\/portal\/agenda\/wp-json\/wp\/v2\/tags?post=33184"},{"taxonomy":"tribe_events_cat","embeddable":true,"href":"https:\/\/www.ull.es\/portal\/agenda\/wp-json\/wp\/v2\/tribe_events_cat?post=33184"}],"curies":[{"name":"wp","href":"https:\/\/api.w.org\/{rel}","templated":true}]}}

Escritoras hispanoamericanas desde una perspectiva de género: las autoras y sus textos

<p>Este curso se centra en apreciar y desafiar los cánones literarios hegemónicos que han marginado las voces de las escritoras. Exploraremos las singularidades estilísticas, temáticas y discursivas de algunas autoras hispanoamericanas, destacando su aporte al panorama literario. Así, cuestionaremos el canon actual, proporcionando herramientas para reinterpretar sus obras y reconocer su relevancia cultural. En última instancia, buscamos revalorizar la producción literaria de estas escritoras hispanoamericanas en particular, y de todas en general, contribuyendo a un legado cultural más inclusivo y equitativo.</p>
<p>Dirigido al alumnado universitario, profesorado de secundaria, profesionales del mundo de la cultura e investigadores/as interesados/as en el tema.</p>
<p>Dirección académica:</p>
<ul>
<li>Yasmina Romero Morales. Miembro del Instituto Universitario de Estudios de las Mujeres (IUEM).</li>
<li>Luca Cerullo. Profesor en la UNIBA.</li>
</ul>
<p><a href="https://sede.fg.ull.es/es/curso/detalle?code=a23020314&amp;name=escritoras-hispanoamericanas-desde-una-perspectiva-de-genero-las-autoras-y-sus-textos" target="_blank" rel="noopener noreferrer" target="_blank" rel="noopener"><strong><u>Más información e inscripción gratuita aquí.</u></strong></a></p>
<p><strong>CERTIFICADO DE ASISTENCIA: </strong>La Universidad de La Laguna, a través del Vicerrectorado de Cultura y Extensión Universitaria, emitirá un certificado de asistencia a todas aquellas personas que participen, previa inscripción en la actividad.</p>
<p><strong>Contacto: 922 319 616 / 922 319 626 – </strong><a href="mailto:extuni@ull.edu.es" target="_blank" rel="noopener" target="_blank" rel="noopener"><strong>extuni@ull.es</strong></a></p>
<p>Organiza: Seminario de Investigación Avanzada del Instituto Universitario de Estudios de las Mujeres (IUEM) de La Universidad de La Laguna.</p>
<p>Colabora: Instituto Canario de Igualdad.</p>

<p>Este curso se centra en apreciar y desafiar los cánones literarios hegemónicos que han marginado las voces de las escritoras. Exploraremos las singularidades estilísticas, temáticas y discursivas de algunas autoras hispanoamericanas, destacando su aporte al panorama literario. Así, cuestionaremos el canon actual, proporcionando herramientas para reinterpretar sus obras y reconocer su relevancia cultural. En última&#8230;</p>

<!-- This site is optimized with the Yoast SEO plugin v21.3 - https://yoast.com/wordpress/plugins/seo/ -->
<title>Escritoras hispanoamericanas desde una perspectiva de género: las autoras y sus textos - ULL - Agenda</title>
<meta name="robots" content="index, follow, max-snippet:-1, max-image-preview:large, max-video-preview:-1" />
<link rel="canonical" href="https://www.ull.es/portal/agenda/evento/escritoras-hispanoamericanas-desde-una-perspectiva-de-genero-las-autoras-y-sus-textos/" />
<meta property="og:locale" content="es_ES" />
<meta property="og:type" content="article" />
<meta property="og:title" content="Escritoras hispanoamericanas desde una perspectiva de género: las autoras y sus textos - ULL - Agenda" />
<meta property="og:description" content="Este curso se centra en apreciar y desafiar los cánones literarios hegemónicos que han marginado las voces de las escritoras. Exploraremos las singularidades estilísticas, temáticas y discursivas de algunas autoras hispanoamericanas, destacando su aporte al panorama literario. Así, cuestionaremos el canon actual, proporcionando herramientas para reinterpretar sus obras y reconocer su relevancia cultural. En última..." />
<meta property="og:url" content="https://www.ull.es/portal/agenda/evento/escritoras-hispanoamericanas-desde-una-perspectiva-de-genero-las-autoras-y-sus-textos/" />
<meta property="og:site_name" content="ULL - Agenda" />
<meta property="article:modified_time" content="2023-11-20T10:53:50+00:00" />
<meta property="og:image" content="https://www.ull.es/portal/agenda/wp-content/uploads/sites/12/2023/11/BannerMujeresescritoras.png" />
	<meta property="og:image:width" content="700" />
	<meta property="og:image:height" content="350" />
	<meta property="og:image:type" content="image/png" />
<meta name="twitter:card" content="summary_large_image" />
<meta name="twitter:label1" content="Tiempo de lectura" />
	<meta name="twitter:data1" content="1 minuto" />
<script type="application/ld+json" class="yoast-schema-graph">{"@context":"https://schema.org","@graph":[{"@type":"WebPage","@id":"https://www.ull.es/portal/agenda/evento/escritoras-hispanoamericanas-desde-una-perspectiva-de-genero-las-autoras-y-sus-textos/","url":"https://www.ull.es/portal/agenda/evento/escritoras-hispanoamericanas-desde-una-perspectiva-de-genero-las-autoras-y-sus-textos/","name":"Escritoras hispanoamericanas desde una perspectiva de género: las autoras y sus textos - ULL - Agenda","isPartOf":{"@id":"https://www.ull.es/portal/agenda/#website"},"datePublished":"2023-11-20T10:52:59+00:00","dateModified":"2023-11-20T10:53:50+00:00","breadcrumb":{"@id":"https://www.ull.es/portal/agenda/evento/escritoras-hispanoamericanas-desde-una-perspectiva-de-genero-las-autoras-y-sus-textos/#breadcrumb"},"inLanguage":"es","potentialAction":[{"@type":"ReadAction","target":["https://www.ull.es/portal/agenda/evento/escritoras-hispanoamericanas-desde-una-perspectiva-de-genero-las-autoras-y-sus-textos/"]}]},{"@type":"BreadcrumbList","@id":"https://www.ull.es/portal/agenda/evento/escritoras-hispanoamericanas-desde-una-perspectiva-de-genero-las-autoras-y-sus-textos/#breadcrumb","itemListElement":[{"@type":"ListItem","position":1,"name":"Portada","item":"https://www.ull.es/portal/agenda/"},{"@type":"ListItem","position":2,"name":"Escritoras hispanoamericanas desde una perspectiva de género: las autoras y sus textos"}]},{"@type":"WebSite","@id":"https://www.ull.es/portal/agenda/#website","url":"https://www.ull.es/portal/agenda/","name":"ULL - Agenda","description":"","potentialAction":[{"@type":"SearchAction","target":{"@type":"EntryPoint","urlTemplate":"https://www.ull.es/portal/agenda/?s={search_term_string}"},"query-input":"required name=search_term_string"}],"inLanguage":"es"}]}</script>
<!-- / Yoast SEO plugin. -->

Escritoras hispanoamericanas desde una perspectiva de género: las autoras y sus textos - ULL - Agenda

Este curso se centra en apreciar y desafiar los cánones literarios hegemónicos que han marginado las voces de las escritoras. Exploraremos las singularidades estilísticas, temáticas y discursivas de algunas autoras hispanoamericanas, destacando su aporte al panorama literario. Así, cuestionaremos el canon actual, proporcionando herramientas para reinterpretar sus obras y reconocer su relevancia cultural. En última...
