{"id":33380,"date":"2023-11-28T10:44:19","date_gmt":"2023-11-28T10:44:19","guid":{"rendered":"https:\/\/www.ull.es\/portal\/agenda\/?post_type=tribe_events&#038;p=33380"},"modified":"2023-12-13T08:29:34","modified_gmt":"2023-12-13T08:29:34","slug":"analysis-in-tenerife","status":"publish","type":"tribe_events","link":"https:\/\/www.ull.es\/portal\/agenda\/evento\/analysis-in-tenerife\/","title":{"rendered":"Analysis in Tenerife"},"content":{"rendered":"<p>Esta es la primera de una serie de conferencias internacionales que tendr\u00e1n lugar en el seno de la Universidad de La Laguna. Organizadas por investigadores del Departamento de An\u00e1lisis Matem\u00e1tico y el Instituto de Matem\u00e1ticas y Aplicaciones de la Universidad de La Laguna, estas citas cient\u00edficas reunir\u00e1n a especialistas de un campo particular cada a\u00f1o. En esta ocasi\u00f3n, el tema es \u00abAn\u00e1lisis Complejo y Teor\u00eda de Operadores\u00bb.<\/p>\n<p><strong>Programa<\/strong><\/p>\n<p><strong>Jueves, 14 de diciembre<\/strong><br \/>\n09:45 h. Apertura<br \/>\n10:00 h. Oliver Roth (U. W\u00fcrzburg)<br \/>\n11:00 h. Pausa para caf\u00e9<br \/>\n11:30 h. Alejandro Mas (U. Val\u00e8ncia)<br \/>\n12:30 h. Catherine B\u00e9n\u00e9teau (U. South Florida)<br \/>\n13:30 h. Comida<br \/>\n15:30 h. Jorge Betancor (U. La Laguna)<br \/>\n16:30 h. Bartosz Malman (M\u00e4lardalen U.)<\/p>\n<p><strong>Viernes, 15 de diciembre<\/strong><br \/>\n10:00 h. Antonio Bonilla (U. La Laguna)<br \/>\n11:00 h. Pausa para caf\u00e9<br \/>\n11:30 h. Dima Khavinson (U. South Florida)<br \/>\n12:30 h. Actividad social<\/p>\n<p>Inscripci\u00f3n: El registro es gratuito pero es necesario enviar un correo electr\u00f3nico a la direcci\u00f3n <a href=\"mailto:dsecofor@ull.edu.es\" target=\"_blank\" rel=\"noopener\">dsecofor@ull.es<\/a> incluyendo el nombre y afiliaci\u00f3n.<\/p>\n<p>Para m\u00e1s informaci\u00f3n, pulse este <a href=\"https:\/\/analysisintenerife.wordpress.com\/\" target=\"_blank\" rel=\"noopener\" target=\"_blank\" rel=\"noopener\">enlace.\u00a0<\/a><\/p>\n","protected":false},"excerpt":{"rendered":"<p>Esta es la primera de una serie de conferencias internacionales que tendr\u00e1n lugar en el seno de la Universidad de La Laguna. Organizadas por investigadores del Departamento de An\u00e1lisis Matem\u00e1tico y el Instituto de Matem\u00e1ticas y Aplicaciones de la Universidad de La Laguna, estas citas cient\u00edficas reunir\u00e1n a especialistas de un campo particular cada a\u00f1o&#8230;.<\/p>\n","protected":false},"author":65,"featured_media":33575,"comment_status":"closed","ping_status":"closed","template":"","tags":[],"tribe_events_cat":[347,4,972,4399,5],"acf":[],"yoast_head":"<!-- This site is optimized with the Yoast SEO plugin v21.3 - https:\/\/yoast.com\/wordpress\/plugins\/seo\/ -->\n<title>Analysis in Tenerife - ULL - Agenda<\/title>\n<meta name=\"robots\" content=\"index, follow, max-snippet:-1, max-image-preview:large, max-video-preview:-1\" \/>\n<link rel=\"canonical\" href=\"https:\/\/www.ull.es\/portal\/agenda\/evento\/analysis-in-tenerife\/\" \/>\n<meta property=\"og:locale\" content=\"es_ES\" \/>\n<meta property=\"og:type\" content=\"article\" \/>\n<meta property=\"og:title\" content=\"Analysis in Tenerife - ULL - Agenda\" \/>\n<meta property=\"og:description\" content=\"Esta es la primera de una serie de conferencias internacionales que tendr\u00e1n lugar en el seno de la Universidad de La Laguna. Organizadas por investigadores del Departamento de An\u00e1lisis Matem\u00e1tico y el Instituto de Matem\u00e1ticas y Aplicaciones de la Universidad de La Laguna, estas citas cient\u00edficas reunir\u00e1n a especialistas de un campo particular cada a\u00f1o....\" \/>\n<meta property=\"og:url\" content=\"https:\/\/www.ull.es\/portal\/agenda\/evento\/analysis-in-tenerife\/\" \/>\n<meta property=\"og:site_name\" content=\"ULL - Agenda\" \/>\n<meta property=\"article:modified_time\" content=\"2023-12-13T08:29:34+00:00\" \/>\n<meta property=\"og:image\" content=\"https:\/\/www.ull.es\/portal\/agenda\/wp-content\/uploads\/sites\/12\/2023\/11\/Analisis-in-Tenerife_Banner-eventos.png\" \/>\n\t<meta property=\"og:image:width\" content=\"750\" \/>\n\t<meta property=\"og:image:height\" content=\"370\" \/>\n\t<meta property=\"og:image:type\" content=\"image\/png\" \/>\n<meta name=\"twitter:card\" content=\"summary_large_image\" \/>\n<meta name=\"twitter:label1\" content=\"Tiempo de lectura\" \/>\n\t<meta name=\"twitter:data1\" content=\"1 minuto\" \/>\n<script type=\"application\/ld+json\" class=\"yoast-schema-graph\">{\"@context\":\"https:\/\/schema.org\",\"@graph\":[{\"@type\":\"WebPage\",\"@id\":\"https:\/\/www.ull.es\/portal\/agenda\/evento\/analysis-in-tenerife\/\",\"url\":\"https:\/\/www.ull.es\/portal\/agenda\/evento\/analysis-in-tenerife\/\",\"name\":\"Analysis in Tenerife - ULL - Agenda\",\"isPartOf\":{\"@id\":\"https:\/\/www.ull.es\/portal\/agenda\/#website\"},\"datePublished\":\"2023-11-28T10:44:19+00:00\",\"dateModified\":\"2023-12-13T08:29:34+00:00\",\"breadcrumb\":{\"@id\":\"https:\/\/www.ull.es\/portal\/agenda\/evento\/analysis-in-tenerife\/#breadcrumb\"},\"inLanguage\":\"es\",\"potentialAction\":[{\"@type\":\"ReadAction\",\"target\":[\"https:\/\/www.ull.es\/portal\/agenda\/evento\/analysis-in-tenerife\/\"]}]},{\"@type\":\"BreadcrumbList\",\"@id\":\"https:\/\/www.ull.es\/portal\/agenda\/evento\/analysis-in-tenerife\/#breadcrumb\",\"itemListElement\":[{\"@type\":\"ListItem\",\"position\":1,\"name\":\"Portada\",\"item\":\"https:\/\/www.ull.es\/portal\/agenda\/\"},{\"@type\":\"ListItem\",\"position\":2,\"name\":\"Analysis in Tenerife\"}]},{\"@type\":\"WebSite\",\"@id\":\"https:\/\/www.ull.es\/portal\/agenda\/#website\",\"url\":\"https:\/\/www.ull.es\/portal\/agenda\/\",\"name\":\"ULL - Agenda\",\"description\":\"\",\"potentialAction\":[{\"@type\":\"SearchAction\",\"target\":{\"@type\":\"EntryPoint\",\"urlTemplate\":\"https:\/\/www.ull.es\/portal\/agenda\/?s={search_term_string}\"},\"query-input\":\"required name=search_term_string\"}],\"inLanguage\":\"es\"}]}<\/script>\n<!-- \/ Yoast SEO plugin. -->","yoast_head_json":{"title":"Analysis in Tenerife - ULL - Agenda","robots":{"index":"index","follow":"follow","max-snippet":"max-snippet:-1","max-image-preview":"max-image-preview:large","max-video-preview":"max-video-preview:-1"},"canonical":"https:\/\/www.ull.es\/portal\/agenda\/evento\/analysis-in-tenerife\/","og_locale":"es_ES","og_type":"article","og_title":"Analysis in Tenerife - ULL - Agenda","og_description":"Esta es la primera de una serie de conferencias internacionales que tendr\u00e1n lugar en el seno de la Universidad de La Laguna. Organizadas por investigadores del Departamento de An\u00e1lisis Matem\u00e1tico y el Instituto de Matem\u00e1ticas y Aplicaciones de la Universidad de La Laguna, estas citas cient\u00edficas reunir\u00e1n a especialistas de un campo particular cada a\u00f1o....","og_url":"https:\/\/www.ull.es\/portal\/agenda\/evento\/analysis-in-tenerife\/","og_site_name":"ULL - Agenda","article_modified_time":"2023-12-13T08:29:34+00:00","og_image":[{"width":750,"height":370,"url":"https:\/\/www.ull.es\/portal\/agenda\/wp-content\/uploads\/sites\/12\/2023\/11\/Analisis-in-Tenerife_Banner-eventos.png","type":"image\/png"}],"twitter_card":"summary_large_image","twitter_misc":{"Tiempo de lectura":"1 minuto"},"schema":{"@context":"https:\/\/schema.org","@graph":[{"@type":"WebPage","@id":"https:\/\/www.ull.es\/portal\/agenda\/evento\/analysis-in-tenerife\/","url":"https:\/\/www.ull.es\/portal\/agenda\/evento\/analysis-in-tenerife\/","name":"Analysis in Tenerife - ULL - Agenda","isPartOf":{"@id":"https:\/\/www.ull.es\/portal\/agenda\/#website"},"datePublished":"2023-11-28T10:44:19+00:00","dateModified":"2023-12-13T08:29:34+00:00","breadcrumb":{"@id":"https:\/\/www.ull.es\/portal\/agenda\/evento\/analysis-in-tenerife\/#breadcrumb"},"inLanguage":"es","potentialAction":[{"@type":"ReadAction","target":["https:\/\/www.ull.es\/portal\/agenda\/evento\/analysis-in-tenerife\/"]}]},{"@type":"BreadcrumbList","@id":"https:\/\/www.ull.es\/portal\/agenda\/evento\/analysis-in-tenerife\/#breadcrumb","itemListElement":[{"@type":"ListItem","position":1,"name":"Portada","item":"https:\/\/www.ull.es\/portal\/agenda\/"},{"@type":"ListItem","position":2,"name":"Analysis in Tenerife"}]},{"@type":"WebSite","@id":"https:\/\/www.ull.es\/portal\/agenda\/#website","url":"https:\/\/www.ull.es\/portal\/agenda\/","name":"ULL - Agenda","description":"","potentialAction":[{"@type":"SearchAction","target":{"@type":"EntryPoint","urlTemplate":"https:\/\/www.ull.es\/portal\/agenda\/?s={search_term_string}"},"query-input":"required name=search_term_string"}],"inLanguage":"es"}]}},"_links":{"self":[{"href":"https:\/\/www.ull.es\/portal\/agenda\/wp-json\/wp\/v2\/tribe_events\/33380"}],"collection":[{"href":"https:\/\/www.ull.es\/portal\/agenda\/wp-json\/wp\/v2\/tribe_events"}],"about":[{"href":"https:\/\/www.ull.es\/portal\/agenda\/wp-json\/wp\/v2\/types\/tribe_events"}],"author":[{"embeddable":true,"href":"https:\/\/www.ull.es\/portal\/agenda\/wp-json\/wp\/v2\/users\/65"}],"replies":[{"embeddable":true,"href":"https:\/\/www.ull.es\/portal\/agenda\/wp-json\/wp\/v2\/comments?post=33380"}],"version-history":[{"count":2,"href":"https:\/\/www.ull.es\/portal\/agenda\/wp-json\/wp\/v2\/tribe_events\/33380\/revisions"}],"predecessor-version":[{"id":33576,"href":"https:\/\/www.ull.es\/portal\/agenda\/wp-json\/wp\/v2\/tribe_events\/33380\/revisions\/33576"}],"wp:featuredmedia":[{"embeddable":true,"href":"https:\/\/www.ull.es\/portal\/agenda\/wp-json\/wp\/v2\/media\/33575"}],"wp:attachment":[{"href":"https:\/\/www.ull.es\/portal\/agenda\/wp-json\/wp\/v2\/media?parent=33380"}],"wp:term":[{"taxonomy":"post_tag","embeddable":true,"href":"https:\/\/www.ull.es\/portal\/agenda\/wp-json\/wp\/v2\/tags?post=33380"},{"taxonomy":"tribe_events_cat","embeddable":true,"href":"https:\/\/www.ull.es\/portal\/agenda\/wp-json\/wp\/v2\/tribe_events_cat?post=33380"}],"curies":[{"name":"wp","href":"https:\/\/api.w.org\/{rel}","templated":true}]}}

<p>Esta es la primera de una serie de conferencias internacionales que tendrán lugar en el seno de la Universidad de La Laguna. Organizadas por investigadores del Departamento de Análisis Matemático y el Instituto de Matemáticas y Aplicaciones de la Universidad de La Laguna, estas citas científicas reunirán a especialistas de un campo particular cada año. En esta ocasión, el tema es «Análisis Complejo y Teoría de Operadores».</p>
<p><strong>Programa</strong></p>
<p><strong>Jueves, 14 de diciembre</strong><br />
09:45 h. Apertura<br />
10:00 h. Oliver Roth (U. Würzburg)<br />
11:00 h. Pausa para café<br />
11:30 h. Alejandro Mas (U. València)<br />
12:30 h. Catherine Bénéteau (U. South Florida)<br />
13:30 h. Comida<br />
15:30 h. Jorge Betancor (U. La Laguna)<br />
16:30 h. Bartosz Malman (Mälardalen U.)</p>
<p><strong>Viernes, 15 de diciembre</strong><br />
10:00 h. Antonio Bonilla (U. La Laguna)<br />
11:00 h. Pausa para café<br />
11:30 h. Dima Khavinson (U. South Florida)<br />
12:30 h. Actividad social</p>
<p>Inscripción: El registro es gratuito pero es necesario enviar un correo electrónico a la dirección <a href="mailto:dsecofor@ull.edu.es" target="_blank" rel="noopener">dsecofor@ull.es</a> incluyendo el nombre y afiliación.</p>
<p>Para más información, pulse este <a href="https://analysisintenerife.wordpress.com/" target="_blank" rel="noopener" target="_blank" rel="noopener">enlace. </a></p>

<p>Esta es la primera de una serie de conferencias internacionales que tendrán lugar en el seno de la Universidad de La Laguna. Organizadas por investigadores del Departamento de Análisis Matemático y el Instituto de Matemáticas y Aplicaciones de la Universidad de La Laguna, estas citas científicas reunirán a especialistas de un campo particular cada año&#8230;.</p>

<!-- This site is optimized with the Yoast SEO plugin v21.3 - https://yoast.com/wordpress/plugins/seo/ -->
<title>Analysis in Tenerife - ULL - Agenda</title>
<meta name="robots" content="index, follow, max-snippet:-1, max-image-preview:large, max-video-preview:-1" />
<link rel="canonical" href="https://www.ull.es/portal/agenda/evento/analysis-in-tenerife/" />
<meta property="og:locale" content="es_ES" />
<meta property="og:type" content="article" />
<meta property="og:title" content="Analysis in Tenerife - ULL - Agenda" />
<meta property="og:description" content="Esta es la primera de una serie de conferencias internacionales que tendrán lugar en el seno de la Universidad de La Laguna. Organizadas por investigadores del Departamento de Análisis Matemático y el Instituto de Matemáticas y Aplicaciones de la Universidad de La Laguna, estas citas científicas reunirán a especialistas de un campo particular cada año...." />
<meta property="og:url" content="https://www.ull.es/portal/agenda/evento/analysis-in-tenerife/" />
<meta property="og:site_name" content="ULL - Agenda" />
<meta property="article:modified_time" content="2023-12-13T08:29:34+00:00" />
<meta property="og:image" content="https://www.ull.es/portal/agenda/wp-content/uploads/sites/12/2023/11/Analisis-in-Tenerife_Banner-eventos.png" />
	<meta property="og:image:width" content="750" />
	<meta property="og:image:height" content="370" />
	<meta property="og:image:type" content="image/png" />
<meta name="twitter:card" content="summary_large_image" />
<meta name="twitter:label1" content="Tiempo de lectura" />
	<meta name="twitter:data1" content="1 minuto" />
<script type="application/ld+json" class="yoast-schema-graph">{"@context":"https://schema.org","@graph":[{"@type":"WebPage","@id":"https://www.ull.es/portal/agenda/evento/analysis-in-tenerife/","url":"https://www.ull.es/portal/agenda/evento/analysis-in-tenerife/","name":"Analysis in Tenerife - ULL - Agenda","isPartOf":{"@id":"https://www.ull.es/portal/agenda/#website"},"datePublished":"2023-11-28T10:44:19+00:00","dateModified":"2023-12-13T08:29:34+00:00","breadcrumb":{"@id":"https://www.ull.es/portal/agenda/evento/analysis-in-tenerife/#breadcrumb"},"inLanguage":"es","potentialAction":[{"@type":"ReadAction","target":["https://www.ull.es/portal/agenda/evento/analysis-in-tenerife/"]}]},{"@type":"BreadcrumbList","@id":"https://www.ull.es/portal/agenda/evento/analysis-in-tenerife/#breadcrumb","itemListElement":[{"@type":"ListItem","position":1,"name":"Portada","item":"https://www.ull.es/portal/agenda/"},{"@type":"ListItem","position":2,"name":"Analysis in Tenerife"}]},{"@type":"WebSite","@id":"https://www.ull.es/portal/agenda/#website","url":"https://www.ull.es/portal/agenda/","name":"ULL - Agenda","description":"","potentialAction":[{"@type":"SearchAction","target":{"@type":"EntryPoint","urlTemplate":"https://www.ull.es/portal/agenda/?s={search_term_string}"},"query-input":"required name=search_term_string"}],"inLanguage":"es"}]}</script>
<!-- / Yoast SEO plugin. -->

Esta es la primera de una serie de conferencias internacionales que tendrán lugar en el seno de la Universidad de La Laguna. Organizadas por investigadores del Departamento de Análisis Matemático y el Instituto de Matemáticas y Aplicaciones de la Universidad de La Laguna, estas citas científicas reunirán a especialistas de un campo particular cada año....
