{"id":33508,"date":"2023-12-01T13:25:32","date_gmt":"2023-12-01T13:25:32","guid":{"rendered":"https:\/\/www.ull.es\/portal\/agenda\/?post_type=tribe_events&#038;p=33508"},"modified":"2023-12-14T08:27:23","modified_gmt":"2023-12-14T08:27:23","slug":"desprovisto-de-la-compania-uparte-oye-toca-ver","status":"publish","type":"tribe_events","link":"https:\/\/www.ull.es\/portal\/agenda\/evento\/desprovisto-de-la-compania-uparte-oye-toca-ver\/","title":{"rendered":"&#8216;Desprovisto&#8217; de la Compa\u00f1\u00eda Uparte. Oye Toca Ver"},"content":{"rendered":"<p>Desprovistos de todo salvo de nosotros mismos, la eterna b\u00fasqueda por librarnos de las apariencias, los prejuicios y los roles, mostr\u00e1ndonos desnudos y vulnerables al mundo, donde siempre encontraremos al otro en momentos de duda o peligro. DESproVISTO es una apuesta por la plasticidad, lo flexible y el cambio, d\u00e1ndonos cuenta que no todo tiene por qu\u00e9 ser siempre de la misma forma.<\/p>\n<p>DESproVISTO es el tercer trabajo de la compa\u00f1\u00eda UpArte, una obra que mantiene la esencia de sus anteriores trabajos, que destacan por un alto nivel t\u00e9cnico acrob\u00e1tico, unos int\u00e9rpretes sin personajes y un leitmotiv que mueve la obra, pero el cual no es prioritario conocer para disfrutar del espect\u00e1culo. Una b\u00fasqueda de equilibrio entre el riesgo, el ritmo, lo est\u00e9tico y el humor. Esta nueva obra intenta mantener la esencia de los anteriores trabajos de la compa\u00f1\u00eda y, al mismo tiempo, pretende sumergirse en un nuevo camino, dando un paso de lo r\u00edgido a lo flexible, concepto base de la obra que se puede apreciar en los elementos utilizados en escena (tejidos) y en la propuesta corporal, incorporando la danza contempor\u00e1nea al trabajo de la compa\u00f1\u00eda.<\/p>\n<p>DESproVISTO es una obra de circo contempor\u00e1neo para todos los p\u00fablicos, que quiere llegar al espectador en fondo y forma, donde los artistas se alejar\u00e1n de una masa despersonalizada, transform\u00e1ndose en un grupo de individuos, donde acrobacias, torres humanas.<\/p>\n<p><a href=\"https:\/\/www.tomaticket.es\/es-es\/entradas-desprovisto-tenerife\" target=\"_blank\" rel=\"noopener\" target=\"_blank\" rel=\"noopener\">Entrada<\/a>: 9\u20ac<\/p>\n","protected":false},"excerpt":{"rendered":"<p>Desprovistos de todo salvo de nosotros mismos, la eterna b\u00fasqueda por librarnos de las apariencias, los prejuicios y los roles, mostr\u00e1ndonos desnudos y vulnerables al mundo, donde siempre encontraremos al otro en momentos de duda o peligro. DESproVISTO es una apuesta por la plasticidad, lo flexible y el cambio, d\u00e1ndonos cuenta que no todo tiene&#8230;<\/p>\n","protected":false},"author":65,"featured_media":33509,"comment_status":"closed","ping_status":"closed","template":"","tags":[],"tribe_events_cat":[3987,4,343,4691,191],"acf":[],"yoast_head":"<!-- This site is optimized with the Yoast SEO plugin v21.3 - https:\/\/yoast.com\/wordpress\/plugins\/seo\/ -->\n<title>&#039;Desprovisto&#039; de la Compa\u00f1\u00eda Uparte. Oye Toca Ver - ULL - Agenda<\/title>\n<meta name=\"robots\" content=\"index, follow, max-snippet:-1, max-image-preview:large, max-video-preview:-1\" \/>\n<link rel=\"canonical\" href=\"https:\/\/www.ull.es\/portal\/agenda\/evento\/desprovisto-de-la-compania-uparte-oye-toca-ver\/\" \/>\n<meta property=\"og:locale\" content=\"es_ES\" \/>\n<meta property=\"og:type\" content=\"article\" \/>\n<meta property=\"og:title\" content=\"&#039;Desprovisto&#039; de la Compa\u00f1\u00eda Uparte. Oye Toca Ver - ULL - Agenda\" \/>\n<meta property=\"og:description\" content=\"Desprovistos de todo salvo de nosotros mismos, la eterna b\u00fasqueda por librarnos de las apariencias, los prejuicios y los roles, mostr\u00e1ndonos desnudos y vulnerables al mundo, donde siempre encontraremos al otro en momentos de duda o peligro. DESproVISTO es una apuesta por la plasticidad, lo flexible y el cambio, d\u00e1ndonos cuenta que no todo tiene...\" \/>\n<meta property=\"og:url\" content=\"https:\/\/www.ull.es\/portal\/agenda\/evento\/desprovisto-de-la-compania-uparte-oye-toca-ver\/\" \/>\n<meta property=\"og:site_name\" content=\"ULL - Agenda\" \/>\n<meta property=\"article:modified_time\" content=\"2023-12-14T08:27:23+00:00\" \/>\n<meta property=\"og:image\" content=\"https:\/\/www.ull.es\/portal\/agenda\/wp-content\/uploads\/sites\/12\/2023\/12\/af-desprovisto-oye-toca-ver-700x350-px.jpg\" \/>\n\t<meta property=\"og:image:width\" content=\"1600\" \/>\n\t<meta property=\"og:image:height\" content=\"800\" \/>\n\t<meta property=\"og:image:type\" content=\"image\/jpeg\" \/>\n<meta name=\"twitter:card\" content=\"summary_large_image\" \/>\n<meta name=\"twitter:label1\" content=\"Tiempo de lectura\" \/>\n\t<meta name=\"twitter:data1\" content=\"2 minutos\" \/>\n<script type=\"application\/ld+json\" class=\"yoast-schema-graph\">{\"@context\":\"https:\/\/schema.org\",\"@graph\":[{\"@type\":\"WebPage\",\"@id\":\"https:\/\/www.ull.es\/portal\/agenda\/evento\/desprovisto-de-la-compania-uparte-oye-toca-ver\/\",\"url\":\"https:\/\/www.ull.es\/portal\/agenda\/evento\/desprovisto-de-la-compania-uparte-oye-toca-ver\/\",\"name\":\"'Desprovisto' de la Compa\u00f1\u00eda Uparte. Oye Toca Ver - ULL - Agenda\",\"isPartOf\":{\"@id\":\"https:\/\/www.ull.es\/portal\/agenda\/#website\"},\"datePublished\":\"2023-12-01T13:25:32+00:00\",\"dateModified\":\"2023-12-14T08:27:23+00:00\",\"breadcrumb\":{\"@id\":\"https:\/\/www.ull.es\/portal\/agenda\/evento\/desprovisto-de-la-compania-uparte-oye-toca-ver\/#breadcrumb\"},\"inLanguage\":\"es\",\"potentialAction\":[{\"@type\":\"ReadAction\",\"target\":[\"https:\/\/www.ull.es\/portal\/agenda\/evento\/desprovisto-de-la-compania-uparte-oye-toca-ver\/\"]}]},{\"@type\":\"BreadcrumbList\",\"@id\":\"https:\/\/www.ull.es\/portal\/agenda\/evento\/desprovisto-de-la-compania-uparte-oye-toca-ver\/#breadcrumb\",\"itemListElement\":[{\"@type\":\"ListItem\",\"position\":1,\"name\":\"Portada\",\"item\":\"https:\/\/www.ull.es\/portal\/agenda\/\"},{\"@type\":\"ListItem\",\"position\":2,\"name\":\"&#8216;Desprovisto&#8217; de la Compa\u00f1\u00eda Uparte. Oye Toca Ver\"}]},{\"@type\":\"WebSite\",\"@id\":\"https:\/\/www.ull.es\/portal\/agenda\/#website\",\"url\":\"https:\/\/www.ull.es\/portal\/agenda\/\",\"name\":\"ULL - Agenda\",\"description\":\"\",\"potentialAction\":[{\"@type\":\"SearchAction\",\"target\":{\"@type\":\"EntryPoint\",\"urlTemplate\":\"https:\/\/www.ull.es\/portal\/agenda\/?s={search_term_string}\"},\"query-input\":\"required name=search_term_string\"}],\"inLanguage\":\"es\"}]}<\/script>\n<!-- \/ Yoast SEO plugin. -->","yoast_head_json":{"title":"'Desprovisto' de la Compa\u00f1\u00eda Uparte. Oye Toca Ver - ULL - Agenda","robots":{"index":"index","follow":"follow","max-snippet":"max-snippet:-1","max-image-preview":"max-image-preview:large","max-video-preview":"max-video-preview:-1"},"canonical":"https:\/\/www.ull.es\/portal\/agenda\/evento\/desprovisto-de-la-compania-uparte-oye-toca-ver\/","og_locale":"es_ES","og_type":"article","og_title":"'Desprovisto' de la Compa\u00f1\u00eda Uparte. Oye Toca Ver - ULL - Agenda","og_description":"Desprovistos de todo salvo de nosotros mismos, la eterna b\u00fasqueda por librarnos de las apariencias, los prejuicios y los roles, mostr\u00e1ndonos desnudos y vulnerables al mundo, donde siempre encontraremos al otro en momentos de duda o peligro. DESproVISTO es una apuesta por la plasticidad, lo flexible y el cambio, d\u00e1ndonos cuenta que no todo tiene...","og_url":"https:\/\/www.ull.es\/portal\/agenda\/evento\/desprovisto-de-la-compania-uparte-oye-toca-ver\/","og_site_name":"ULL - Agenda","article_modified_time":"2023-12-14T08:27:23+00:00","og_image":[{"width":1600,"height":800,"url":"https:\/\/www.ull.es\/portal\/agenda\/wp-content\/uploads\/sites\/12\/2023\/12\/af-desprovisto-oye-toca-ver-700x350-px.jpg","type":"image\/jpeg"}],"twitter_card":"summary_large_image","twitter_misc":{"Tiempo de lectura":"2 minutos"},"schema":{"@context":"https:\/\/schema.org","@graph":[{"@type":"WebPage","@id":"https:\/\/www.ull.es\/portal\/agenda\/evento\/desprovisto-de-la-compania-uparte-oye-toca-ver\/","url":"https:\/\/www.ull.es\/portal\/agenda\/evento\/desprovisto-de-la-compania-uparte-oye-toca-ver\/","name":"'Desprovisto' de la Compa\u00f1\u00eda Uparte. Oye Toca Ver - ULL - Agenda","isPartOf":{"@id":"https:\/\/www.ull.es\/portal\/agenda\/#website"},"datePublished":"2023-12-01T13:25:32+00:00","dateModified":"2023-12-14T08:27:23+00:00","breadcrumb":{"@id":"https:\/\/www.ull.es\/portal\/agenda\/evento\/desprovisto-de-la-compania-uparte-oye-toca-ver\/#breadcrumb"},"inLanguage":"es","potentialAction":[{"@type":"ReadAction","target":["https:\/\/www.ull.es\/portal\/agenda\/evento\/desprovisto-de-la-compania-uparte-oye-toca-ver\/"]}]},{"@type":"BreadcrumbList","@id":"https:\/\/www.ull.es\/portal\/agenda\/evento\/desprovisto-de-la-compania-uparte-oye-toca-ver\/#breadcrumb","itemListElement":[{"@type":"ListItem","position":1,"name":"Portada","item":"https:\/\/www.ull.es\/portal\/agenda\/"},{"@type":"ListItem","position":2,"name":"&#8216;Desprovisto&#8217; de la Compa\u00f1\u00eda Uparte. Oye Toca Ver"}]},{"@type":"WebSite","@id":"https:\/\/www.ull.es\/portal\/agenda\/#website","url":"https:\/\/www.ull.es\/portal\/agenda\/","name":"ULL - Agenda","description":"","potentialAction":[{"@type":"SearchAction","target":{"@type":"EntryPoint","urlTemplate":"https:\/\/www.ull.es\/portal\/agenda\/?s={search_term_string}"},"query-input":"required name=search_term_string"}],"inLanguage":"es"}]}},"_links":{"self":[{"href":"https:\/\/www.ull.es\/portal\/agenda\/wp-json\/wp\/v2\/tribe_events\/33508"}],"collection":[{"href":"https:\/\/www.ull.es\/portal\/agenda\/wp-json\/wp\/v2\/tribe_events"}],"about":[{"href":"https:\/\/www.ull.es\/portal\/agenda\/wp-json\/wp\/v2\/types\/tribe_events"}],"author":[{"embeddable":true,"href":"https:\/\/www.ull.es\/portal\/agenda\/wp-json\/wp\/v2\/users\/65"}],"replies":[{"embeddable":true,"href":"https:\/\/www.ull.es\/portal\/agenda\/wp-json\/wp\/v2\/comments?post=33508"}],"version-history":[{"count":2,"href":"https:\/\/www.ull.es\/portal\/agenda\/wp-json\/wp\/v2\/tribe_events\/33508\/revisions"}],"predecessor-version":[{"id":33672,"href":"https:\/\/www.ull.es\/portal\/agenda\/wp-json\/wp\/v2\/tribe_events\/33508\/revisions\/33672"}],"wp:featuredmedia":[{"embeddable":true,"href":"https:\/\/www.ull.es\/portal\/agenda\/wp-json\/wp\/v2\/media\/33509"}],"wp:attachment":[{"href":"https:\/\/www.ull.es\/portal\/agenda\/wp-json\/wp\/v2\/media?parent=33508"}],"wp:term":[{"taxonomy":"post_tag","embeddable":true,"href":"https:\/\/www.ull.es\/portal\/agenda\/wp-json\/wp\/v2\/tags?post=33508"},{"taxonomy":"tribe_events_cat","embeddable":true,"href":"https:\/\/www.ull.es\/portal\/agenda\/wp-json\/wp\/v2\/tribe_events_cat?post=33508"}],"curies":[{"name":"wp","href":"https:\/\/api.w.org\/{rel}","templated":true}]}}

&#8216;Desprovisto&#8217; de la Compañía Uparte. Oye Toca Ver

<p>Desprovistos de todo salvo de nosotros mismos, la eterna búsqueda por librarnos de las apariencias, los prejuicios y los roles, mostrándonos desnudos y vulnerables al mundo, donde siempre encontraremos al otro en momentos de duda o peligro. DESproVISTO es una apuesta por la plasticidad, lo flexible y el cambio, dándonos cuenta que no todo tiene por qué ser siempre de la misma forma.</p>
<p>DESproVISTO es el tercer trabajo de la compañía UpArte, una obra que mantiene la esencia de sus anteriores trabajos, que destacan por un alto nivel técnico acrobático, unos intérpretes sin personajes y un leitmotiv que mueve la obra, pero el cual no es prioritario conocer para disfrutar del espectáculo. Una búsqueda de equilibrio entre el riesgo, el ritmo, lo estético y el humor. Esta nueva obra intenta mantener la esencia de los anteriores trabajos de la compañía y, al mismo tiempo, pretende sumergirse en un nuevo camino, dando un paso de lo rígido a lo flexible, concepto base de la obra que se puede apreciar en los elementos utilizados en escena (tejidos) y en la propuesta corporal, incorporando la danza contemporánea al trabajo de la compañía.</p>
<p>DESproVISTO es una obra de circo contemporáneo para todos los públicos, que quiere llegar al espectador en fondo y forma, donde los artistas se alejarán de una masa despersonalizada, transformándose en un grupo de individuos, donde acrobacias, torres humanas.</p>
<p><a href="https://www.tomaticket.es/es-es/entradas-desprovisto-tenerife" target="_blank" rel="noopener" target="_blank" rel="noopener">Entrada</a>: 9€</p>

<p>Desprovistos de todo salvo de nosotros mismos, la eterna búsqueda por librarnos de las apariencias, los prejuicios y los roles, mostrándonos desnudos y vulnerables al mundo, donde siempre encontraremos al otro en momentos de duda o peligro. DESproVISTO es una apuesta por la plasticidad, lo flexible y el cambio, dándonos cuenta que no todo tiene&#8230;</p>

<!-- This site is optimized with the Yoast SEO plugin v21.3 - https://yoast.com/wordpress/plugins/seo/ -->
<title>&#039;Desprovisto&#039; de la Compañía Uparte. Oye Toca Ver - ULL - Agenda</title>
<meta name="robots" content="index, follow, max-snippet:-1, max-image-preview:large, max-video-preview:-1" />
<link rel="canonical" href="https://www.ull.es/portal/agenda/evento/desprovisto-de-la-compania-uparte-oye-toca-ver/" />
<meta property="og:locale" content="es_ES" />
<meta property="og:type" content="article" />
<meta property="og:title" content="&#039;Desprovisto&#039; de la Compañía Uparte. Oye Toca Ver - ULL - Agenda" />
<meta property="og:description" content="Desprovistos de todo salvo de nosotros mismos, la eterna búsqueda por librarnos de las apariencias, los prejuicios y los roles, mostrándonos desnudos y vulnerables al mundo, donde siempre encontraremos al otro en momentos de duda o peligro. DESproVISTO es una apuesta por la plasticidad, lo flexible y el cambio, dándonos cuenta que no todo tiene..." />
<meta property="og:url" content="https://www.ull.es/portal/agenda/evento/desprovisto-de-la-compania-uparte-oye-toca-ver/" />
<meta property="og:site_name" content="ULL - Agenda" />
<meta property="article:modified_time" content="2023-12-14T08:27:23+00:00" />
<meta property="og:image" content="https://www.ull.es/portal/agenda/wp-content/uploads/sites/12/2023/12/af-desprovisto-oye-toca-ver-700x350-px.jpg" />
	<meta property="og:image:width" content="1600" />
	<meta property="og:image:height" content="800" />
	<meta property="og:image:type" content="image/jpeg" />
<meta name="twitter:card" content="summary_large_image" />
<meta name="twitter:label1" content="Tiempo de lectura" />
	<meta name="twitter:data1" content="2 minutos" />
<script type="application/ld+json" class="yoast-schema-graph">{"@context":"https://schema.org","@graph":[{"@type":"WebPage","@id":"https://www.ull.es/portal/agenda/evento/desprovisto-de-la-compania-uparte-oye-toca-ver/","url":"https://www.ull.es/portal/agenda/evento/desprovisto-de-la-compania-uparte-oye-toca-ver/","name":"'Desprovisto' de la Compañía Uparte. Oye Toca Ver - ULL - Agenda","isPartOf":{"@id":"https://www.ull.es/portal/agenda/#website"},"datePublished":"2023-12-01T13:25:32+00:00","dateModified":"2023-12-14T08:27:23+00:00","breadcrumb":{"@id":"https://www.ull.es/portal/agenda/evento/desprovisto-de-la-compania-uparte-oye-toca-ver/#breadcrumb"},"inLanguage":"es","potentialAction":[{"@type":"ReadAction","target":["https://www.ull.es/portal/agenda/evento/desprovisto-de-la-compania-uparte-oye-toca-ver/"]}]},{"@type":"BreadcrumbList","@id":"https://www.ull.es/portal/agenda/evento/desprovisto-de-la-compania-uparte-oye-toca-ver/#breadcrumb","itemListElement":[{"@type":"ListItem","position":1,"name":"Portada","item":"https://www.ull.es/portal/agenda/"},{"@type":"ListItem","position":2,"name":"&#8216;Desprovisto&#8217; de la Compañía Uparte. Oye Toca Ver"}]},{"@type":"WebSite","@id":"https://www.ull.es/portal/agenda/#website","url":"https://www.ull.es/portal/agenda/","name":"ULL - Agenda","description":"","potentialAction":[{"@type":"SearchAction","target":{"@type":"EntryPoint","urlTemplate":"https://www.ull.es/portal/agenda/?s={search_term_string}"},"query-input":"required name=search_term_string"}],"inLanguage":"es"}]}</script>
<!-- / Yoast SEO plugin. -->

'Desprovisto' de la Compañía Uparte. Oye Toca Ver - ULL - Agenda

Desprovistos de todo salvo de nosotros mismos, la eterna búsqueda por librarnos de las apariencias, los prejuicios y los roles, mostrándonos desnudos y vulnerables al mundo, donde siempre encontraremos al otro en momentos de duda o peligro. DESproVISTO es una apuesta por la plasticidad, lo flexible y el cambio, dándonos cuenta que no todo tiene...
