{"id":33557,"date":"2023-12-05T09:55:48","date_gmt":"2023-12-05T09:55:48","guid":{"rendered":"https:\/\/www.ull.es\/portal\/agenda\/?post_type=tribe_events&#038;p=33557"},"modified":"2023-12-05T09:55:48","modified_gmt":"2023-12-05T09:55:48","slug":"charla-poner-la-vih-da-en-el-centro","status":"publish","type":"tribe_events","link":"https:\/\/www.ull.es\/portal\/agenda\/evento\/charla-poner-la-vih-da-en-el-centro\/","title":{"rendered":"Charla: Poner la VIH-da en el centro"},"content":{"rendered":"<p>En el marco del 1 de diciembre, D\u00eda Mundial de respuesta frente al VIH\/Sida, se realiza el 11 de diciembre, una actividad con el objetivo de romper estereotipos, prejuicios y estigmas asociados al VIH. Es por ello, que se realizar\u00e1 una charla-coloquio con dos ponentes y una persona moderadora. Como ponentes: Bel\u00e9n Lamuedra, mujer con VIH y activista por los derechos de las personas con VIH, as\u00ed como Anthony D\u00edaz, m\u00e9dico y sex\u00f3logo especializado en las necesidades sexol\u00f3gicas de las personas con VIH en Canarias. Como moderador, Abi\u00e1n Mesa, asesor t\u00e9cnico del Cabildo de Tenerife, farmac\u00e9utico, divulgador sanitario e integrador social.<\/p>\n<p>Actividad impulsada por el Cabildo Insular de Tenerife, \u00e1rea de educaci\u00f3n para la prevenci\u00f3n y direcci\u00f3n insular de igualdad y diversidad, de la mano de la Asociaci\u00f3n LGBTI* Diversas Canarias y el Aula Cultural de Diversidad LGBTIQ+ de la Universidad de La Laguna.<\/p>\n","protected":false},"excerpt":{"rendered":"<p>En el marco del 1 de diciembre, D\u00eda Mundial de respuesta frente al VIH\/Sida, se realiza el 11 de diciembre, una actividad con el objetivo de romper estereotipos, prejuicios y estigmas asociados al VIH. Es por ello, que se realizar\u00e1 una charla-coloquio con dos ponentes y una persona moderadora. Como ponentes: Bel\u00e9n Lamuedra, mujer con&#8230;<\/p>\n","protected":false},"author":65,"featured_media":33558,"comment_status":"closed","ping_status":"closed","template":"","tags":[],"tribe_events_cat":[344,3987,4,186,191],"acf":[],"yoast_head":"<!-- This site is optimized with the Yoast SEO plugin v21.3 - https:\/\/yoast.com\/wordpress\/plugins\/seo\/ -->\n<title>Charla: Poner la VIH-da en el centro - ULL - Agenda<\/title>\n<meta name=\"robots\" content=\"index, follow, max-snippet:-1, max-image-preview:large, max-video-preview:-1\" \/>\n<link rel=\"canonical\" href=\"https:\/\/www.ull.es\/portal\/agenda\/evento\/charla-poner-la-vih-da-en-el-centro\/\" \/>\n<meta property=\"og:locale\" content=\"es_ES\" \/>\n<meta property=\"og:type\" content=\"article\" \/>\n<meta property=\"og:title\" content=\"Charla: Poner la VIH-da en el centro - ULL - Agenda\" \/>\n<meta property=\"og:description\" content=\"En el marco del 1 de diciembre, D\u00eda Mundial de respuesta frente al VIH\/Sida, se realiza el 11 de diciembre, una actividad con el objetivo de romper estereotipos, prejuicios y estigmas asociados al VIH. Es por ello, que se realizar\u00e1 una charla-coloquio con dos ponentes y una persona moderadora. Como ponentes: Bel\u00e9n Lamuedra, mujer con...\" \/>\n<meta property=\"og:url\" content=\"https:\/\/www.ull.es\/portal\/agenda\/evento\/charla-poner-la-vih-da-en-el-centro\/\" \/>\n<meta property=\"og:site_name\" content=\"ULL - Agenda\" \/>\n<meta property=\"og:image\" content=\"https:\/\/www.ull.es\/portal\/agenda\/wp-content\/uploads\/sites\/12\/2023\/12\/Charla-Coloquio-Pantalla_edited.jpg\" \/>\n\t<meta property=\"og:image:width\" content=\"1600\" \/>\n\t<meta property=\"og:image:height\" content=\"900\" \/>\n\t<meta property=\"og:image:type\" content=\"image\/jpeg\" \/>\n<meta name=\"twitter:card\" content=\"summary_large_image\" \/>\n<meta name=\"twitter:label1\" content=\"Tiempo de lectura\" \/>\n\t<meta name=\"twitter:data1\" content=\"1 minuto\" \/>\n<script type=\"application\/ld+json\" class=\"yoast-schema-graph\">{\"@context\":\"https:\/\/schema.org\",\"@graph\":[{\"@type\":\"WebPage\",\"@id\":\"https:\/\/www.ull.es\/portal\/agenda\/evento\/charla-poner-la-vih-da-en-el-centro\/\",\"url\":\"https:\/\/www.ull.es\/portal\/agenda\/evento\/charla-poner-la-vih-da-en-el-centro\/\",\"name\":\"Charla: Poner la VIH-da en el centro - ULL - Agenda\",\"isPartOf\":{\"@id\":\"https:\/\/www.ull.es\/portal\/agenda\/#website\"},\"datePublished\":\"2023-12-05T09:55:48+00:00\",\"dateModified\":\"2023-12-05T09:55:48+00:00\",\"breadcrumb\":{\"@id\":\"https:\/\/www.ull.es\/portal\/agenda\/evento\/charla-poner-la-vih-da-en-el-centro\/#breadcrumb\"},\"inLanguage\":\"es\",\"potentialAction\":[{\"@type\":\"ReadAction\",\"target\":[\"https:\/\/www.ull.es\/portal\/agenda\/evento\/charla-poner-la-vih-da-en-el-centro\/\"]}]},{\"@type\":\"BreadcrumbList\",\"@id\":\"https:\/\/www.ull.es\/portal\/agenda\/evento\/charla-poner-la-vih-da-en-el-centro\/#breadcrumb\",\"itemListElement\":[{\"@type\":\"ListItem\",\"position\":1,\"name\":\"Portada\",\"item\":\"https:\/\/www.ull.es\/portal\/agenda\/\"},{\"@type\":\"ListItem\",\"position\":2,\"name\":\"Charla: Poner la VIH-da en el centro\"}]},{\"@type\":\"WebSite\",\"@id\":\"https:\/\/www.ull.es\/portal\/agenda\/#website\",\"url\":\"https:\/\/www.ull.es\/portal\/agenda\/\",\"name\":\"ULL - Agenda\",\"description\":\"\",\"potentialAction\":[{\"@type\":\"SearchAction\",\"target\":{\"@type\":\"EntryPoint\",\"urlTemplate\":\"https:\/\/www.ull.es\/portal\/agenda\/?s={search_term_string}\"},\"query-input\":\"required name=search_term_string\"}],\"inLanguage\":\"es\"}]}<\/script>\n<!-- \/ Yoast SEO plugin. -->","yoast_head_json":{"title":"Charla: Poner la VIH-da en el centro - ULL - Agenda","robots":{"index":"index","follow":"follow","max-snippet":"max-snippet:-1","max-image-preview":"max-image-preview:large","max-video-preview":"max-video-preview:-1"},"canonical":"https:\/\/www.ull.es\/portal\/agenda\/evento\/charla-poner-la-vih-da-en-el-centro\/","og_locale":"es_ES","og_type":"article","og_title":"Charla: Poner la VIH-da en el centro - ULL - Agenda","og_description":"En el marco del 1 de diciembre, D\u00eda Mundial de respuesta frente al VIH\/Sida, se realiza el 11 de diciembre, una actividad con el objetivo de romper estereotipos, prejuicios y estigmas asociados al VIH. Es por ello, que se realizar\u00e1 una charla-coloquio con dos ponentes y una persona moderadora. Como ponentes: Bel\u00e9n Lamuedra, mujer con...","og_url":"https:\/\/www.ull.es\/portal\/agenda\/evento\/charla-poner-la-vih-da-en-el-centro\/","og_site_name":"ULL - Agenda","og_image":[{"width":1600,"height":900,"url":"https:\/\/www.ull.es\/portal\/agenda\/wp-content\/uploads\/sites\/12\/2023\/12\/Charla-Coloquio-Pantalla_edited.jpg","type":"image\/jpeg"}],"twitter_card":"summary_large_image","twitter_misc":{"Tiempo de lectura":"1 minuto"},"schema":{"@context":"https:\/\/schema.org","@graph":[{"@type":"WebPage","@id":"https:\/\/www.ull.es\/portal\/agenda\/evento\/charla-poner-la-vih-da-en-el-centro\/","url":"https:\/\/www.ull.es\/portal\/agenda\/evento\/charla-poner-la-vih-da-en-el-centro\/","name":"Charla: Poner la VIH-da en el centro - ULL - Agenda","isPartOf":{"@id":"https:\/\/www.ull.es\/portal\/agenda\/#website"},"datePublished":"2023-12-05T09:55:48+00:00","dateModified":"2023-12-05T09:55:48+00:00","breadcrumb":{"@id":"https:\/\/www.ull.es\/portal\/agenda\/evento\/charla-poner-la-vih-da-en-el-centro\/#breadcrumb"},"inLanguage":"es","potentialAction":[{"@type":"ReadAction","target":["https:\/\/www.ull.es\/portal\/agenda\/evento\/charla-poner-la-vih-da-en-el-centro\/"]}]},{"@type":"BreadcrumbList","@id":"https:\/\/www.ull.es\/portal\/agenda\/evento\/charla-poner-la-vih-da-en-el-centro\/#breadcrumb","itemListElement":[{"@type":"ListItem","position":1,"name":"Portada","item":"https:\/\/www.ull.es\/portal\/agenda\/"},{"@type":"ListItem","position":2,"name":"Charla: Poner la VIH-da en el centro"}]},{"@type":"WebSite","@id":"https:\/\/www.ull.es\/portal\/agenda\/#website","url":"https:\/\/www.ull.es\/portal\/agenda\/","name":"ULL - Agenda","description":"","potentialAction":[{"@type":"SearchAction","target":{"@type":"EntryPoint","urlTemplate":"https:\/\/www.ull.es\/portal\/agenda\/?s={search_term_string}"},"query-input":"required name=search_term_string"}],"inLanguage":"es"}]}},"_links":{"self":[{"href":"https:\/\/www.ull.es\/portal\/agenda\/wp-json\/wp\/v2\/tribe_events\/33557"}],"collection":[{"href":"https:\/\/www.ull.es\/portal\/agenda\/wp-json\/wp\/v2\/tribe_events"}],"about":[{"href":"https:\/\/www.ull.es\/portal\/agenda\/wp-json\/wp\/v2\/types\/tribe_events"}],"author":[{"embeddable":true,"href":"https:\/\/www.ull.es\/portal\/agenda\/wp-json\/wp\/v2\/users\/65"}],"replies":[{"embeddable":true,"href":"https:\/\/www.ull.es\/portal\/agenda\/wp-json\/wp\/v2\/comments?post=33557"}],"version-history":[{"count":1,"href":"https:\/\/www.ull.es\/portal\/agenda\/wp-json\/wp\/v2\/tribe_events\/33557\/revisions"}],"predecessor-version":[{"id":33559,"href":"https:\/\/www.ull.es\/portal\/agenda\/wp-json\/wp\/v2\/tribe_events\/33557\/revisions\/33559"}],"wp:featuredmedia":[{"embeddable":true,"href":"https:\/\/www.ull.es\/portal\/agenda\/wp-json\/wp\/v2\/media\/33558"}],"wp:attachment":[{"href":"https:\/\/www.ull.es\/portal\/agenda\/wp-json\/wp\/v2\/media?parent=33557"}],"wp:term":[{"taxonomy":"post_tag","embeddable":true,"href":"https:\/\/www.ull.es\/portal\/agenda\/wp-json\/wp\/v2\/tags?post=33557"},{"taxonomy":"tribe_events_cat","embeddable":true,"href":"https:\/\/www.ull.es\/portal\/agenda\/wp-json\/wp\/v2\/tribe_events_cat?post=33557"}],"curies":[{"name":"wp","href":"https:\/\/api.w.org\/{rel}","templated":true}]}}

<p>En el marco del 1 de diciembre, Día Mundial de respuesta frente al VIH/Sida, se realiza el 11 de diciembre, una actividad con el objetivo de romper estereotipos, prejuicios y estigmas asociados al VIH. Es por ello, que se realizará una charla-coloquio con dos ponentes y una persona moderadora. Como ponentes: Belén Lamuedra, mujer con VIH y activista por los derechos de las personas con VIH, así como Anthony Díaz, médico y sexólogo especializado en las necesidades sexológicas de las personas con VIH en Canarias. Como moderador, Abián Mesa, asesor técnico del Cabildo de Tenerife, farmacéutico, divulgador sanitario e integrador social.</p>
<p>Actividad impulsada por el Cabildo Insular de Tenerife, área de educación para la prevención y dirección insular de igualdad y diversidad, de la mano de la Asociación LGBTI* Diversas Canarias y el Aula Cultural de Diversidad LGBTIQ+ de la Universidad de La Laguna.</p>

<p>En el marco del 1 de diciembre, Día Mundial de respuesta frente al VIH/Sida, se realiza el 11 de diciembre, una actividad con el objetivo de romper estereotipos, prejuicios y estigmas asociados al VIH. Es por ello, que se realizará una charla-coloquio con dos ponentes y una persona moderadora. Como ponentes: Belén Lamuedra, mujer con&#8230;</p>

<!-- This site is optimized with the Yoast SEO plugin v21.3 - https://yoast.com/wordpress/plugins/seo/ -->
<title>Charla: Poner la VIH-da en el centro - ULL - Agenda</title>
<meta name="robots" content="index, follow, max-snippet:-1, max-image-preview:large, max-video-preview:-1" />
<link rel="canonical" href="https://www.ull.es/portal/agenda/evento/charla-poner-la-vih-da-en-el-centro/" />
<meta property="og:locale" content="es_ES" />
<meta property="og:type" content="article" />
<meta property="og:title" content="Charla: Poner la VIH-da en el centro - ULL - Agenda" />
<meta property="og:description" content="En el marco del 1 de diciembre, Día Mundial de respuesta frente al VIH/Sida, se realiza el 11 de diciembre, una actividad con el objetivo de romper estereotipos, prejuicios y estigmas asociados al VIH. Es por ello, que se realizará una charla-coloquio con dos ponentes y una persona moderadora. Como ponentes: Belén Lamuedra, mujer con..." />
<meta property="og:url" content="https://www.ull.es/portal/agenda/evento/charla-poner-la-vih-da-en-el-centro/" />
<meta property="og:site_name" content="ULL - Agenda" />
<meta property="og:image" content="https://www.ull.es/portal/agenda/wp-content/uploads/sites/12/2023/12/Charla-Coloquio-Pantalla_edited.jpg" />
	<meta property="og:image:width" content="1600" />
	<meta property="og:image:height" content="900" />
	<meta property="og:image:type" content="image/jpeg" />
<meta name="twitter:card" content="summary_large_image" />
<meta name="twitter:label1" content="Tiempo de lectura" />
	<meta name="twitter:data1" content="1 minuto" />
<script type="application/ld+json" class="yoast-schema-graph">{"@context":"https://schema.org","@graph":[{"@type":"WebPage","@id":"https://www.ull.es/portal/agenda/evento/charla-poner-la-vih-da-en-el-centro/","url":"https://www.ull.es/portal/agenda/evento/charla-poner-la-vih-da-en-el-centro/","name":"Charla: Poner la VIH-da en el centro - ULL - Agenda","isPartOf":{"@id":"https://www.ull.es/portal/agenda/#website"},"datePublished":"2023-12-05T09:55:48+00:00","dateModified":"2023-12-05T09:55:48+00:00","breadcrumb":{"@id":"https://www.ull.es/portal/agenda/evento/charla-poner-la-vih-da-en-el-centro/#breadcrumb"},"inLanguage":"es","potentialAction":[{"@type":"ReadAction","target":["https://www.ull.es/portal/agenda/evento/charla-poner-la-vih-da-en-el-centro/"]}]},{"@type":"BreadcrumbList","@id":"https://www.ull.es/portal/agenda/evento/charla-poner-la-vih-da-en-el-centro/#breadcrumb","itemListElement":[{"@type":"ListItem","position":1,"name":"Portada","item":"https://www.ull.es/portal/agenda/"},{"@type":"ListItem","position":2,"name":"Charla: Poner la VIH-da en el centro"}]},{"@type":"WebSite","@id":"https://www.ull.es/portal/agenda/#website","url":"https://www.ull.es/portal/agenda/","name":"ULL - Agenda","description":"","potentialAction":[{"@type":"SearchAction","target":{"@type":"EntryPoint","urlTemplate":"https://www.ull.es/portal/agenda/?s={search_term_string}"},"query-input":"required name=search_term_string"}],"inLanguage":"es"}]}</script>
<!-- / Yoast SEO plugin. -->

En el marco del 1 de diciembre, Día Mundial de respuesta frente al VIH/Sida, se realiza el 11 de diciembre, una actividad con el objetivo de romper estereotipos, prejuicios y estigmas asociados al VIH. Es por ello, que se realizará una charla-coloquio con dos ponentes y una persona moderadora. Como ponentes: Belén Lamuedra, mujer con...
