{"id":33577,"date":"2023-12-07T08:41:24","date_gmt":"2023-12-07T08:41:24","guid":{"rendered":"https:\/\/www.ull.es\/portal\/agenda\/?post_type=tribe_events&#038;p=33577"},"modified":"2023-12-11T09:39:49","modified_gmt":"2023-12-11T09:39:49","slug":"acto-75-aniversario-de-la-declaracion-universal-de-los-derechos-humanos","status":"publish","type":"tribe_events","link":"https:\/\/www.ull.es\/portal\/agenda\/evento\/acto-75-aniversario-de-la-declaracion-universal-de-los-derechos-humanos\/","title":{"rendered":"Acto 75 Aniversario de la Declaraci\u00f3n Universal de los Derechos Humanos"},"content":{"rendered":"<p>La Facultad de Derecho de la Universidad de La Laguna organiza el lunes d\u00eda 11 de diciembre, a las 12:00 horas, en la Sala Tom\u00e1s y Valiente, un acto con motivo del 75 aniversario de la Declaraci\u00f3n Universal de los Derechos Humanos, aprobada por la Asamblea General de las Naciones Unidas el 10 de diciembre de 1948.<\/p>\n<p>En el acto, diferentes integrantes de la comunidad universitaria proceder\u00e1n a una lectura de la Declaraci\u00f3n Universal, a la par que se proyectar\u00e1 un v\u00eddeo con intervenci\u00f3n de Mar\u00eda Emilia Casas Baamonde, Catedr\u00e1tica de Derecho del Trabajo y de la Seguridad Social y primera mujer que presidi\u00f3 el Tribunal Constitucional (2004-2011).<\/p>\n","protected":false},"excerpt":{"rendered":"<p>La Facultad de Derecho de la Universidad de La Laguna organiza el lunes d\u00eda 11 de diciembre, a las 12:00 horas, en la Sala Tom\u00e1s y Valiente, un acto con motivo del 75 aniversario de la Declaraci\u00f3n Universal de los Derechos Humanos, aprobada por la Asamblea General de las Naciones Unidas el 10 de diciembre&#8230;<\/p>\n","protected":false},"author":65,"featured_media":33584,"comment_status":"closed","ping_status":"closed","template":"","tags":[],"tribe_events_cat":[365,4,865,191],"acf":[],"yoast_head":"<!-- This site is optimized with the Yoast SEO plugin v21.3 - https:\/\/yoast.com\/wordpress\/plugins\/seo\/ -->\n<title>Acto 75 Aniversario de la Declaraci\u00f3n Universal de los Derechos Humanos - ULL - Agenda<\/title>\n<meta name=\"robots\" content=\"index, follow, max-snippet:-1, max-image-preview:large, max-video-preview:-1\" \/>\n<link rel=\"canonical\" href=\"https:\/\/www.ull.es\/portal\/agenda\/evento\/acto-75-aniversario-de-la-declaracion-universal-de-los-derechos-humanos\/\" \/>\n<meta property=\"og:locale\" content=\"es_ES\" \/>\n<meta property=\"og:type\" content=\"article\" \/>\n<meta property=\"og:title\" content=\"Acto 75 Aniversario de la Declaraci\u00f3n Universal de los Derechos Humanos - ULL - Agenda\" \/>\n<meta property=\"og:description\" content=\"La Facultad de Derecho de la Universidad de La Laguna organiza el lunes d\u00eda 11 de diciembre, a las 12:00 horas, en la Sala Tom\u00e1s y Valiente, un acto con motivo del 75 aniversario de la Declaraci\u00f3n Universal de los Derechos Humanos, aprobada por la Asamblea General de las Naciones Unidas el 10 de diciembre...\" \/>\n<meta property=\"og:url\" content=\"https:\/\/www.ull.es\/portal\/agenda\/evento\/acto-75-aniversario-de-la-declaracion-universal-de-los-derechos-humanos\/\" \/>\n<meta property=\"og:site_name\" content=\"ULL - Agenda\" \/>\n<meta property=\"article:modified_time\" content=\"2023-12-11T09:39:49+00:00\" \/>\n<meta property=\"og:image\" content=\"https:\/\/www.ull.es\/portal\/agenda\/wp-content\/uploads\/sites\/12\/2023\/12\/Acto-75-Aniversario-de-la-Declaracion-Universal_Banner-eventos.png\" \/>\n\t<meta property=\"og:image:width\" content=\"750\" \/>\n\t<meta property=\"og:image:height\" content=\"370\" \/>\n\t<meta property=\"og:image:type\" content=\"image\/png\" \/>\n<meta name=\"twitter:card\" content=\"summary_large_image\" \/>\n<meta name=\"twitter:label1\" content=\"Tiempo de lectura\" \/>\n\t<meta name=\"twitter:data1\" content=\"1 minuto\" \/>\n<script type=\"application\/ld+json\" class=\"yoast-schema-graph\">{\"@context\":\"https:\/\/schema.org\",\"@graph\":[{\"@type\":\"WebPage\",\"@id\":\"https:\/\/www.ull.es\/portal\/agenda\/evento\/acto-75-aniversario-de-la-declaracion-universal-de-los-derechos-humanos\/\",\"url\":\"https:\/\/www.ull.es\/portal\/agenda\/evento\/acto-75-aniversario-de-la-declaracion-universal-de-los-derechos-humanos\/\",\"name\":\"Acto 75 Aniversario de la Declaraci\u00f3n Universal de los Derechos Humanos - ULL - Agenda\",\"isPartOf\":{\"@id\":\"https:\/\/www.ull.es\/portal\/agenda\/#website\"},\"datePublished\":\"2023-12-07T08:41:24+00:00\",\"dateModified\":\"2023-12-11T09:39:49+00:00\",\"breadcrumb\":{\"@id\":\"https:\/\/www.ull.es\/portal\/agenda\/evento\/acto-75-aniversario-de-la-declaracion-universal-de-los-derechos-humanos\/#breadcrumb\"},\"inLanguage\":\"es\",\"potentialAction\":[{\"@type\":\"ReadAction\",\"target\":[\"https:\/\/www.ull.es\/portal\/agenda\/evento\/acto-75-aniversario-de-la-declaracion-universal-de-los-derechos-humanos\/\"]}]},{\"@type\":\"BreadcrumbList\",\"@id\":\"https:\/\/www.ull.es\/portal\/agenda\/evento\/acto-75-aniversario-de-la-declaracion-universal-de-los-derechos-humanos\/#breadcrumb\",\"itemListElement\":[{\"@type\":\"ListItem\",\"position\":1,\"name\":\"Portada\",\"item\":\"https:\/\/www.ull.es\/portal\/agenda\/\"},{\"@type\":\"ListItem\",\"position\":2,\"name\":\"Acto 75 Aniversario de la Declaraci\u00f3n Universal de los Derechos Humanos\"}]},{\"@type\":\"WebSite\",\"@id\":\"https:\/\/www.ull.es\/portal\/agenda\/#website\",\"url\":\"https:\/\/www.ull.es\/portal\/agenda\/\",\"name\":\"ULL - Agenda\",\"description\":\"\",\"potentialAction\":[{\"@type\":\"SearchAction\",\"target\":{\"@type\":\"EntryPoint\",\"urlTemplate\":\"https:\/\/www.ull.es\/portal\/agenda\/?s={search_term_string}\"},\"query-input\":\"required name=search_term_string\"}],\"inLanguage\":\"es\"}]}<\/script>\n<!-- \/ Yoast SEO plugin. -->","yoast_head_json":{"title":"Acto 75 Aniversario de la Declaraci\u00f3n Universal de los Derechos Humanos - ULL - Agenda","robots":{"index":"index","follow":"follow","max-snippet":"max-snippet:-1","max-image-preview":"max-image-preview:large","max-video-preview":"max-video-preview:-1"},"canonical":"https:\/\/www.ull.es\/portal\/agenda\/evento\/acto-75-aniversario-de-la-declaracion-universal-de-los-derechos-humanos\/","og_locale":"es_ES","og_type":"article","og_title":"Acto 75 Aniversario de la Declaraci\u00f3n Universal de los Derechos Humanos - ULL - Agenda","og_description":"La Facultad de Derecho de la Universidad de La Laguna organiza el lunes d\u00eda 11 de diciembre, a las 12:00 horas, en la Sala Tom\u00e1s y Valiente, un acto con motivo del 75 aniversario de la Declaraci\u00f3n Universal de los Derechos Humanos, aprobada por la Asamblea General de las Naciones Unidas el 10 de diciembre...","og_url":"https:\/\/www.ull.es\/portal\/agenda\/evento\/acto-75-aniversario-de-la-declaracion-universal-de-los-derechos-humanos\/","og_site_name":"ULL - Agenda","article_modified_time":"2023-12-11T09:39:49+00:00","og_image":[{"width":750,"height":370,"url":"https:\/\/www.ull.es\/portal\/agenda\/wp-content\/uploads\/sites\/12\/2023\/12\/Acto-75-Aniversario-de-la-Declaracion-Universal_Banner-eventos.png","type":"image\/png"}],"twitter_card":"summary_large_image","twitter_misc":{"Tiempo de lectura":"1 minuto"},"schema":{"@context":"https:\/\/schema.org","@graph":[{"@type":"WebPage","@id":"https:\/\/www.ull.es\/portal\/agenda\/evento\/acto-75-aniversario-de-la-declaracion-universal-de-los-derechos-humanos\/","url":"https:\/\/www.ull.es\/portal\/agenda\/evento\/acto-75-aniversario-de-la-declaracion-universal-de-los-derechos-humanos\/","name":"Acto 75 Aniversario de la Declaraci\u00f3n Universal de los Derechos Humanos - ULL - Agenda","isPartOf":{"@id":"https:\/\/www.ull.es\/portal\/agenda\/#website"},"datePublished":"2023-12-07T08:41:24+00:00","dateModified":"2023-12-11T09:39:49+00:00","breadcrumb":{"@id":"https:\/\/www.ull.es\/portal\/agenda\/evento\/acto-75-aniversario-de-la-declaracion-universal-de-los-derechos-humanos\/#breadcrumb"},"inLanguage":"es","potentialAction":[{"@type":"ReadAction","target":["https:\/\/www.ull.es\/portal\/agenda\/evento\/acto-75-aniversario-de-la-declaracion-universal-de-los-derechos-humanos\/"]}]},{"@type":"BreadcrumbList","@id":"https:\/\/www.ull.es\/portal\/agenda\/evento\/acto-75-aniversario-de-la-declaracion-universal-de-los-derechos-humanos\/#breadcrumb","itemListElement":[{"@type":"ListItem","position":1,"name":"Portada","item":"https:\/\/www.ull.es\/portal\/agenda\/"},{"@type":"ListItem","position":2,"name":"Acto 75 Aniversario de la Declaraci\u00f3n Universal de los Derechos Humanos"}]},{"@type":"WebSite","@id":"https:\/\/www.ull.es\/portal\/agenda\/#website","url":"https:\/\/www.ull.es\/portal\/agenda\/","name":"ULL - Agenda","description":"","potentialAction":[{"@type":"SearchAction","target":{"@type":"EntryPoint","urlTemplate":"https:\/\/www.ull.es\/portal\/agenda\/?s={search_term_string}"},"query-input":"required name=search_term_string"}],"inLanguage":"es"}]}},"_links":{"self":[{"href":"https:\/\/www.ull.es\/portal\/agenda\/wp-json\/wp\/v2\/tribe_events\/33577"}],"collection":[{"href":"https:\/\/www.ull.es\/portal\/agenda\/wp-json\/wp\/v2\/tribe_events"}],"about":[{"href":"https:\/\/www.ull.es\/portal\/agenda\/wp-json\/wp\/v2\/types\/tribe_events"}],"author":[{"embeddable":true,"href":"https:\/\/www.ull.es\/portal\/agenda\/wp-json\/wp\/v2\/users\/65"}],"replies":[{"embeddable":true,"href":"https:\/\/www.ull.es\/portal\/agenda\/wp-json\/wp\/v2\/comments?post=33577"}],"version-history":[{"count":2,"href":"https:\/\/www.ull.es\/portal\/agenda\/wp-json\/wp\/v2\/tribe_events\/33577\/revisions"}],"predecessor-version":[{"id":33591,"href":"https:\/\/www.ull.es\/portal\/agenda\/wp-json\/wp\/v2\/tribe_events\/33577\/revisions\/33591"}],"wp:featuredmedia":[{"embeddable":true,"href":"https:\/\/www.ull.es\/portal\/agenda\/wp-json\/wp\/v2\/media\/33584"}],"wp:attachment":[{"href":"https:\/\/www.ull.es\/portal\/agenda\/wp-json\/wp\/v2\/media?parent=33577"}],"wp:term":[{"taxonomy":"post_tag","embeddable":true,"href":"https:\/\/www.ull.es\/portal\/agenda\/wp-json\/wp\/v2\/tags?post=33577"},{"taxonomy":"tribe_events_cat","embeddable":true,"href":"https:\/\/www.ull.es\/portal\/agenda\/wp-json\/wp\/v2\/tribe_events_cat?post=33577"}],"curies":[{"name":"wp","href":"https:\/\/api.w.org\/{rel}","templated":true}]}}

Acto 75 Aniversario de la Declaración Universal de los Derechos Humanos

<p>La Facultad de Derecho de la Universidad de La Laguna organiza el lunes día 11 de diciembre, a las 12:00 horas, en la Sala Tomás y Valiente, un acto con motivo del 75 aniversario de la Declaración Universal de los Derechos Humanos, aprobada por la Asamblea General de las Naciones Unidas el 10 de diciembre de 1948.</p>
<p>En el acto, diferentes integrantes de la comunidad universitaria procederán a una lectura de la Declaración Universal, a la par que se proyectará un vídeo con intervención de María Emilia Casas Baamonde, Catedrática de Derecho del Trabajo y de la Seguridad Social y primera mujer que presidió el Tribunal Constitucional (2004-2011).</p>

<p>La Facultad de Derecho de la Universidad de La Laguna organiza el lunes día 11 de diciembre, a las 12:00 horas, en la Sala Tomás y Valiente, un acto con motivo del 75 aniversario de la Declaración Universal de los Derechos Humanos, aprobada por la Asamblea General de las Naciones Unidas el 10 de diciembre&#8230;</p>

<!-- This site is optimized with the Yoast SEO plugin v21.3 - https://yoast.com/wordpress/plugins/seo/ -->
<title>Acto 75 Aniversario de la Declaración Universal de los Derechos Humanos - ULL - Agenda</title>
<meta name="robots" content="index, follow, max-snippet:-1, max-image-preview:large, max-video-preview:-1" />
<link rel="canonical" href="https://www.ull.es/portal/agenda/evento/acto-75-aniversario-de-la-declaracion-universal-de-los-derechos-humanos/" />
<meta property="og:locale" content="es_ES" />
<meta property="og:type" content="article" />
<meta property="og:title" content="Acto 75 Aniversario de la Declaración Universal de los Derechos Humanos - ULL - Agenda" />
<meta property="og:description" content="La Facultad de Derecho de la Universidad de La Laguna organiza el lunes día 11 de diciembre, a las 12:00 horas, en la Sala Tomás y Valiente, un acto con motivo del 75 aniversario de la Declaración Universal de los Derechos Humanos, aprobada por la Asamblea General de las Naciones Unidas el 10 de diciembre..." />
<meta property="og:url" content="https://www.ull.es/portal/agenda/evento/acto-75-aniversario-de-la-declaracion-universal-de-los-derechos-humanos/" />
<meta property="og:site_name" content="ULL - Agenda" />
<meta property="article:modified_time" content="2023-12-11T09:39:49+00:00" />
<meta property="og:image" content="https://www.ull.es/portal/agenda/wp-content/uploads/sites/12/2023/12/Acto-75-Aniversario-de-la-Declaracion-Universal_Banner-eventos.png" />
	<meta property="og:image:width" content="750" />
	<meta property="og:image:height" content="370" />
	<meta property="og:image:type" content="image/png" />
<meta name="twitter:card" content="summary_large_image" />
<meta name="twitter:label1" content="Tiempo de lectura" />
	<meta name="twitter:data1" content="1 minuto" />
<script type="application/ld+json" class="yoast-schema-graph">{"@context":"https://schema.org","@graph":[{"@type":"WebPage","@id":"https://www.ull.es/portal/agenda/evento/acto-75-aniversario-de-la-declaracion-universal-de-los-derechos-humanos/","url":"https://www.ull.es/portal/agenda/evento/acto-75-aniversario-de-la-declaracion-universal-de-los-derechos-humanos/","name":"Acto 75 Aniversario de la Declaración Universal de los Derechos Humanos - ULL - Agenda","isPartOf":{"@id":"https://www.ull.es/portal/agenda/#website"},"datePublished":"2023-12-07T08:41:24+00:00","dateModified":"2023-12-11T09:39:49+00:00","breadcrumb":{"@id":"https://www.ull.es/portal/agenda/evento/acto-75-aniversario-de-la-declaracion-universal-de-los-derechos-humanos/#breadcrumb"},"inLanguage":"es","potentialAction":[{"@type":"ReadAction","target":["https://www.ull.es/portal/agenda/evento/acto-75-aniversario-de-la-declaracion-universal-de-los-derechos-humanos/"]}]},{"@type":"BreadcrumbList","@id":"https://www.ull.es/portal/agenda/evento/acto-75-aniversario-de-la-declaracion-universal-de-los-derechos-humanos/#breadcrumb","itemListElement":[{"@type":"ListItem","position":1,"name":"Portada","item":"https://www.ull.es/portal/agenda/"},{"@type":"ListItem","position":2,"name":"Acto 75 Aniversario de la Declaración Universal de los Derechos Humanos"}]},{"@type":"WebSite","@id":"https://www.ull.es/portal/agenda/#website","url":"https://www.ull.es/portal/agenda/","name":"ULL - Agenda","description":"","potentialAction":[{"@type":"SearchAction","target":{"@type":"EntryPoint","urlTemplate":"https://www.ull.es/portal/agenda/?s={search_term_string}"},"query-input":"required name=search_term_string"}],"inLanguage":"es"}]}</script>
<!-- / Yoast SEO plugin. -->

Acto 75 Aniversario de la Declaración Universal de los Derechos Humanos - ULL - Agenda

La Facultad de Derecho de la Universidad de La Laguna organiza el lunes día 11 de diciembre, a las 12:00 horas, en la Sala Tomás y Valiente, un acto con motivo del 75 aniversario de la Declaración Universal de los Derechos Humanos, aprobada por la Asamblea General de las Naciones Unidas el 10 de diciembre...
