{"id":33653,"date":"2023-12-12T13:07:08","date_gmt":"2023-12-12T13:07:08","guid":{"rendered":"https:\/\/www.ull.es\/portal\/agenda\/?post_type=tribe_events&#038;p=33653"},"modified":"2023-12-15T13:23:12","modified_gmt":"2023-12-15T13:23:12","slug":"orillas-del-lejano-amar-de-cali-fernandez-judith-mendoza-marta-rosa-y-juan-carlos-martin","status":"publish","type":"tribe_events","link":"https:\/\/www.ull.es\/portal\/agenda\/evento\/orillas-del-lejano-amar-de-cali-fernandez-judith-mendoza-marta-rosa-y-juan-carlos-martin\/","title":{"rendered":"&#8216;Orillas del lejano Amar&#8217; de Cali Fern\u00e1ndez, Judit Mendoza, Marta Rosa y Juan Carlos Mart\u00edn"},"content":{"rendered":"<p>Poes\u00eda, m\u00fasica y danza se entrelazan en esta propuesta multidisciplinar donde el amor, en sus diferentes vertientes, es el hilo conductor.<\/p>\n<p>La palabra es desvelada a trav\u00e9s de una selecci\u00f3n de poetas, principalmente mujeres, que van desde el siglo de oro hasta nuestros d\u00edas, relacionando la poes\u00eda espa\u00f1ola con la latinoamericana con autoras como Mar\u00eda de Zayas, Alfonsina Stormi, Gioconda Belli o Elvira Sastre.<\/p>\n<p>Las canciones provienen del cancionero latinoamericano y canario (de autores como Otilio Gal\u00edndez, Violeta Parra, Jos\u00e9 Dames\u2026) a las que suman temas y arreglos contempor\u00e1neos de Juan Carlos Mart\u00edn.<\/p>\n<p>La danza aparece intermitentemente, coloreando momentos puntuales para generar un espacio vivo en un espect\u00e1culo sin soluci\u00f3n de continuidad.<\/p>\n<p><a href=\"http:\/\/www.tomaticket.es\/recintos\/paraninfo-ull\" target=\"_blank\" rel=\"noopener\" target=\"_blank\" rel=\"noopener\">Entradas<\/a>: 12\u20ac<\/p>\n","protected":false},"excerpt":{"rendered":"<p>Poes\u00eda, m\u00fasica y danza se entrelazan en esta propuesta multidisciplinar donde el amor, en sus diferentes vertientes, es el hilo conductor. La palabra es desvelada a trav\u00e9s de una selecci\u00f3n de poetas, principalmente mujeres, que van desde el siglo de oro hasta nuestros d\u00edas, relacionando la poes\u00eda espa\u00f1ola con la latinoamericana con autoras como Mar\u00eda&#8230;<\/p>\n","protected":false},"author":65,"featured_media":33654,"comment_status":"closed","ping_status":"closed","template":"","tags":[],"tribe_events_cat":[3987,4,343,4691,191],"acf":[],"yoast_head":"<!-- This site is optimized with the Yoast SEO plugin v21.3 - https:\/\/yoast.com\/wordpress\/plugins\/seo\/ -->\n<title>&#039;Orillas del lejano Amar&#039; de Cali Fern\u00e1ndez, Judit Mendoza, Marta Rosa y Juan Carlos Mart\u00edn - ULL - Agenda<\/title>\n<meta name=\"robots\" content=\"index, follow, max-snippet:-1, max-image-preview:large, max-video-preview:-1\" \/>\n<link rel=\"canonical\" href=\"https:\/\/www.ull.es\/portal\/agenda\/evento\/orillas-del-lejano-amar-de-cali-fernandez-judith-mendoza-marta-rosa-y-juan-carlos-martin\/\" \/>\n<meta property=\"og:locale\" content=\"es_ES\" \/>\n<meta property=\"og:type\" content=\"article\" \/>\n<meta property=\"og:title\" content=\"&#039;Orillas del lejano Amar&#039; de Cali Fern\u00e1ndez, Judit Mendoza, Marta Rosa y Juan Carlos Mart\u00edn - ULL - Agenda\" \/>\n<meta property=\"og:description\" content=\"Poes\u00eda, m\u00fasica y danza se entrelazan en esta propuesta multidisciplinar donde el amor, en sus diferentes vertientes, es el hilo conductor. La palabra es desvelada a trav\u00e9s de una selecci\u00f3n de poetas, principalmente mujeres, que van desde el siglo de oro hasta nuestros d\u00edas, relacionando la poes\u00eda espa\u00f1ola con la latinoamericana con autoras como Mar\u00eda...\" \/>\n<meta property=\"og:url\" content=\"https:\/\/www.ull.es\/portal\/agenda\/evento\/orillas-del-lejano-amar-de-cali-fernandez-judith-mendoza-marta-rosa-y-juan-carlos-martin\/\" \/>\n<meta property=\"og:site_name\" content=\"ULL - Agenda\" \/>\n<meta property=\"article:modified_time\" content=\"2023-12-15T13:23:12+00:00\" \/>\n<meta property=\"og:image\" content=\"https:\/\/www.ull.es\/portal\/agenda\/wp-content\/uploads\/sites\/12\/2023\/12\/af-orillas-del-lejano-amar-700x350px.jpg\" \/>\n\t<meta property=\"og:image:width\" content=\"1080\" \/>\n\t<meta property=\"og:image:height\" content=\"540\" \/>\n\t<meta property=\"og:image:type\" content=\"image\/jpeg\" \/>\n<meta name=\"twitter:card\" content=\"summary_large_image\" \/>\n<meta name=\"twitter:label1\" content=\"Tiempo de lectura\" \/>\n\t<meta name=\"twitter:data1\" content=\"1 minuto\" \/>\n<script type=\"application\/ld+json\" class=\"yoast-schema-graph\">{\"@context\":\"https:\/\/schema.org\",\"@graph\":[{\"@type\":\"WebPage\",\"@id\":\"https:\/\/www.ull.es\/portal\/agenda\/evento\/orillas-del-lejano-amar-de-cali-fernandez-judith-mendoza-marta-rosa-y-juan-carlos-martin\/\",\"url\":\"https:\/\/www.ull.es\/portal\/agenda\/evento\/orillas-del-lejano-amar-de-cali-fernandez-judith-mendoza-marta-rosa-y-juan-carlos-martin\/\",\"name\":\"'Orillas del lejano Amar' de Cali Fern\u00e1ndez, Judit Mendoza, Marta Rosa y Juan Carlos Mart\u00edn - ULL - Agenda\",\"isPartOf\":{\"@id\":\"https:\/\/www.ull.es\/portal\/agenda\/#website\"},\"datePublished\":\"2023-12-12T13:07:08+00:00\",\"dateModified\":\"2023-12-15T13:23:12+00:00\",\"breadcrumb\":{\"@id\":\"https:\/\/www.ull.es\/portal\/agenda\/evento\/orillas-del-lejano-amar-de-cali-fernandez-judith-mendoza-marta-rosa-y-juan-carlos-martin\/#breadcrumb\"},\"inLanguage\":\"es\",\"potentialAction\":[{\"@type\":\"ReadAction\",\"target\":[\"https:\/\/www.ull.es\/portal\/agenda\/evento\/orillas-del-lejano-amar-de-cali-fernandez-judith-mendoza-marta-rosa-y-juan-carlos-martin\/\"]}]},{\"@type\":\"BreadcrumbList\",\"@id\":\"https:\/\/www.ull.es\/portal\/agenda\/evento\/orillas-del-lejano-amar-de-cali-fernandez-judith-mendoza-marta-rosa-y-juan-carlos-martin\/#breadcrumb\",\"itemListElement\":[{\"@type\":\"ListItem\",\"position\":1,\"name\":\"Portada\",\"item\":\"https:\/\/www.ull.es\/portal\/agenda\/\"},{\"@type\":\"ListItem\",\"position\":2,\"name\":\"&#8216;Orillas del lejano Amar&#8217; de Cali Fern\u00e1ndez, Judit Mendoza, Marta Rosa y Juan Carlos Mart\u00edn\"}]},{\"@type\":\"WebSite\",\"@id\":\"https:\/\/www.ull.es\/portal\/agenda\/#website\",\"url\":\"https:\/\/www.ull.es\/portal\/agenda\/\",\"name\":\"ULL - Agenda\",\"description\":\"\",\"potentialAction\":[{\"@type\":\"SearchAction\",\"target\":{\"@type\":\"EntryPoint\",\"urlTemplate\":\"https:\/\/www.ull.es\/portal\/agenda\/?s={search_term_string}\"},\"query-input\":\"required name=search_term_string\"}],\"inLanguage\":\"es\"}]}<\/script>\n<!-- \/ Yoast SEO plugin. -->","yoast_head_json":{"title":"'Orillas del lejano Amar' de Cali Fern\u00e1ndez, Judit Mendoza, Marta Rosa y Juan Carlos Mart\u00edn - ULL - Agenda","robots":{"index":"index","follow":"follow","max-snippet":"max-snippet:-1","max-image-preview":"max-image-preview:large","max-video-preview":"max-video-preview:-1"},"canonical":"https:\/\/www.ull.es\/portal\/agenda\/evento\/orillas-del-lejano-amar-de-cali-fernandez-judith-mendoza-marta-rosa-y-juan-carlos-martin\/","og_locale":"es_ES","og_type":"article","og_title":"'Orillas del lejano Amar' de Cali Fern\u00e1ndez, Judit Mendoza, Marta Rosa y Juan Carlos Mart\u00edn - ULL - Agenda","og_description":"Poes\u00eda, m\u00fasica y danza se entrelazan en esta propuesta multidisciplinar donde el amor, en sus diferentes vertientes, es el hilo conductor. La palabra es desvelada a trav\u00e9s de una selecci\u00f3n de poetas, principalmente mujeres, que van desde el siglo de oro hasta nuestros d\u00edas, relacionando la poes\u00eda espa\u00f1ola con la latinoamericana con autoras como Mar\u00eda...","og_url":"https:\/\/www.ull.es\/portal\/agenda\/evento\/orillas-del-lejano-amar-de-cali-fernandez-judith-mendoza-marta-rosa-y-juan-carlos-martin\/","og_site_name":"ULL - Agenda","article_modified_time":"2023-12-15T13:23:12+00:00","og_image":[{"width":1080,"height":540,"url":"https:\/\/www.ull.es\/portal\/agenda\/wp-content\/uploads\/sites\/12\/2023\/12\/af-orillas-del-lejano-amar-700x350px.jpg","type":"image\/jpeg"}],"twitter_card":"summary_large_image","twitter_misc":{"Tiempo de lectura":"1 minuto"},"schema":{"@context":"https:\/\/schema.org","@graph":[{"@type":"WebPage","@id":"https:\/\/www.ull.es\/portal\/agenda\/evento\/orillas-del-lejano-amar-de-cali-fernandez-judith-mendoza-marta-rosa-y-juan-carlos-martin\/","url":"https:\/\/www.ull.es\/portal\/agenda\/evento\/orillas-del-lejano-amar-de-cali-fernandez-judith-mendoza-marta-rosa-y-juan-carlos-martin\/","name":"'Orillas del lejano Amar' de Cali Fern\u00e1ndez, Judit Mendoza, Marta Rosa y Juan Carlos Mart\u00edn - ULL - Agenda","isPartOf":{"@id":"https:\/\/www.ull.es\/portal\/agenda\/#website"},"datePublished":"2023-12-12T13:07:08+00:00","dateModified":"2023-12-15T13:23:12+00:00","breadcrumb":{"@id":"https:\/\/www.ull.es\/portal\/agenda\/evento\/orillas-del-lejano-amar-de-cali-fernandez-judith-mendoza-marta-rosa-y-juan-carlos-martin\/#breadcrumb"},"inLanguage":"es","potentialAction":[{"@type":"ReadAction","target":["https:\/\/www.ull.es\/portal\/agenda\/evento\/orillas-del-lejano-amar-de-cali-fernandez-judith-mendoza-marta-rosa-y-juan-carlos-martin\/"]}]},{"@type":"BreadcrumbList","@id":"https:\/\/www.ull.es\/portal\/agenda\/evento\/orillas-del-lejano-amar-de-cali-fernandez-judith-mendoza-marta-rosa-y-juan-carlos-martin\/#breadcrumb","itemListElement":[{"@type":"ListItem","position":1,"name":"Portada","item":"https:\/\/www.ull.es\/portal\/agenda\/"},{"@type":"ListItem","position":2,"name":"&#8216;Orillas del lejano Amar&#8217; de Cali Fern\u00e1ndez, Judit Mendoza, Marta Rosa y Juan Carlos Mart\u00edn"}]},{"@type":"WebSite","@id":"https:\/\/www.ull.es\/portal\/agenda\/#website","url":"https:\/\/www.ull.es\/portal\/agenda\/","name":"ULL - Agenda","description":"","potentialAction":[{"@type":"SearchAction","target":{"@type":"EntryPoint","urlTemplate":"https:\/\/www.ull.es\/portal\/agenda\/?s={search_term_string}"},"query-input":"required name=search_term_string"}],"inLanguage":"es"}]}},"_links":{"self":[{"href":"https:\/\/www.ull.es\/portal\/agenda\/wp-json\/wp\/v2\/tribe_events\/33653"}],"collection":[{"href":"https:\/\/www.ull.es\/portal\/agenda\/wp-json\/wp\/v2\/tribe_events"}],"about":[{"href":"https:\/\/www.ull.es\/portal\/agenda\/wp-json\/wp\/v2\/types\/tribe_events"}],"author":[{"embeddable":true,"href":"https:\/\/www.ull.es\/portal\/agenda\/wp-json\/wp\/v2\/users\/65"}],"replies":[{"embeddable":true,"href":"https:\/\/www.ull.es\/portal\/agenda\/wp-json\/wp\/v2\/comments?post=33653"}],"version-history":[{"count":2,"href":"https:\/\/www.ull.es\/portal\/agenda\/wp-json\/wp\/v2\/tribe_events\/33653\/revisions"}],"predecessor-version":[{"id":33695,"href":"https:\/\/www.ull.es\/portal\/agenda\/wp-json\/wp\/v2\/tribe_events\/33653\/revisions\/33695"}],"wp:featuredmedia":[{"embeddable":true,"href":"https:\/\/www.ull.es\/portal\/agenda\/wp-json\/wp\/v2\/media\/33654"}],"wp:attachment":[{"href":"https:\/\/www.ull.es\/portal\/agenda\/wp-json\/wp\/v2\/media?parent=33653"}],"wp:term":[{"taxonomy":"post_tag","embeddable":true,"href":"https:\/\/www.ull.es\/portal\/agenda\/wp-json\/wp\/v2\/tags?post=33653"},{"taxonomy":"tribe_events_cat","embeddable":true,"href":"https:\/\/www.ull.es\/portal\/agenda\/wp-json\/wp\/v2\/tribe_events_cat?post=33653"}],"curies":[{"name":"wp","href":"https:\/\/api.w.org\/{rel}","templated":true}]}}

&#8216;Orillas del lejano Amar&#8217; de Cali Fernández, Judit Mendoza, Marta Rosa y Juan Carlos Martín

<p>Poesía, música y danza se entrelazan en esta propuesta multidisciplinar donde el amor, en sus diferentes vertientes, es el hilo conductor.</p>
<p>La palabra es desvelada a través de una selección de poetas, principalmente mujeres, que van desde el siglo de oro hasta nuestros días, relacionando la poesía española con la latinoamericana con autoras como María de Zayas, Alfonsina Stormi, Gioconda Belli o Elvira Sastre.</p>
<p>Las canciones provienen del cancionero latinoamericano y canario (de autores como Otilio Galíndez, Violeta Parra, José Dames…) a las que suman temas y arreglos contemporáneos de Juan Carlos Martín.</p>
<p>La danza aparece intermitentemente, coloreando momentos puntuales para generar un espacio vivo en un espectáculo sin solución de continuidad.</p>
<p><a href="http://www.tomaticket.es/recintos/paraninfo-ull" target="_blank" rel="noopener" target="_blank" rel="noopener">Entradas</a>: 12€</p>

<p>Poesía, música y danza se entrelazan en esta propuesta multidisciplinar donde el amor, en sus diferentes vertientes, es el hilo conductor. La palabra es desvelada a través de una selección de poetas, principalmente mujeres, que van desde el siglo de oro hasta nuestros días, relacionando la poesía española con la latinoamericana con autoras como María&#8230;</p>

<!-- This site is optimized with the Yoast SEO plugin v21.3 - https://yoast.com/wordpress/plugins/seo/ -->
<title>&#039;Orillas del lejano Amar&#039; de Cali Fernández, Judit Mendoza, Marta Rosa y Juan Carlos Martín - ULL - Agenda</title>
<meta name="robots" content="index, follow, max-snippet:-1, max-image-preview:large, max-video-preview:-1" />
<link rel="canonical" href="https://www.ull.es/portal/agenda/evento/orillas-del-lejano-amar-de-cali-fernandez-judith-mendoza-marta-rosa-y-juan-carlos-martin/" />
<meta property="og:locale" content="es_ES" />
<meta property="og:type" content="article" />
<meta property="og:title" content="&#039;Orillas del lejano Amar&#039; de Cali Fernández, Judit Mendoza, Marta Rosa y Juan Carlos Martín - ULL - Agenda" />
<meta property="og:description" content="Poesía, música y danza se entrelazan en esta propuesta multidisciplinar donde el amor, en sus diferentes vertientes, es el hilo conductor. La palabra es desvelada a través de una selección de poetas, principalmente mujeres, que van desde el siglo de oro hasta nuestros días, relacionando la poesía española con la latinoamericana con autoras como María..." />
<meta property="og:url" content="https://www.ull.es/portal/agenda/evento/orillas-del-lejano-amar-de-cali-fernandez-judith-mendoza-marta-rosa-y-juan-carlos-martin/" />
<meta property="og:site_name" content="ULL - Agenda" />
<meta property="article:modified_time" content="2023-12-15T13:23:12+00:00" />
<meta property="og:image" content="https://www.ull.es/portal/agenda/wp-content/uploads/sites/12/2023/12/af-orillas-del-lejano-amar-700x350px.jpg" />
	<meta property="og:image:width" content="1080" />
	<meta property="og:image:height" content="540" />
	<meta property="og:image:type" content="image/jpeg" />
<meta name="twitter:card" content="summary_large_image" />
<meta name="twitter:label1" content="Tiempo de lectura" />
	<meta name="twitter:data1" content="1 minuto" />
<script type="application/ld+json" class="yoast-schema-graph">{"@context":"https://schema.org","@graph":[{"@type":"WebPage","@id":"https://www.ull.es/portal/agenda/evento/orillas-del-lejano-amar-de-cali-fernandez-judith-mendoza-marta-rosa-y-juan-carlos-martin/","url":"https://www.ull.es/portal/agenda/evento/orillas-del-lejano-amar-de-cali-fernandez-judith-mendoza-marta-rosa-y-juan-carlos-martin/","name":"'Orillas del lejano Amar' de Cali Fernández, Judit Mendoza, Marta Rosa y Juan Carlos Martín - ULL - Agenda","isPartOf":{"@id":"https://www.ull.es/portal/agenda/#website"},"datePublished":"2023-12-12T13:07:08+00:00","dateModified":"2023-12-15T13:23:12+00:00","breadcrumb":{"@id":"https://www.ull.es/portal/agenda/evento/orillas-del-lejano-amar-de-cali-fernandez-judith-mendoza-marta-rosa-y-juan-carlos-martin/#breadcrumb"},"inLanguage":"es","potentialAction":[{"@type":"ReadAction","target":["https://www.ull.es/portal/agenda/evento/orillas-del-lejano-amar-de-cali-fernandez-judith-mendoza-marta-rosa-y-juan-carlos-martin/"]}]},{"@type":"BreadcrumbList","@id":"https://www.ull.es/portal/agenda/evento/orillas-del-lejano-amar-de-cali-fernandez-judith-mendoza-marta-rosa-y-juan-carlos-martin/#breadcrumb","itemListElement":[{"@type":"ListItem","position":1,"name":"Portada","item":"https://www.ull.es/portal/agenda/"},{"@type":"ListItem","position":2,"name":"&#8216;Orillas del lejano Amar&#8217; de Cali Fernández, Judit Mendoza, Marta Rosa y Juan Carlos Martín"}]},{"@type":"WebSite","@id":"https://www.ull.es/portal/agenda/#website","url":"https://www.ull.es/portal/agenda/","name":"ULL - Agenda","description":"","potentialAction":[{"@type":"SearchAction","target":{"@type":"EntryPoint","urlTemplate":"https://www.ull.es/portal/agenda/?s={search_term_string}"},"query-input":"required name=search_term_string"}],"inLanguage":"es"}]}</script>
<!-- / Yoast SEO plugin. -->

'Orillas del lejano Amar' de Cali Fernández, Judit Mendoza, Marta Rosa y Juan Carlos Martín - ULL - Agenda

Poesía, música y danza se entrelazan en esta propuesta multidisciplinar donde el amor, en sus diferentes vertientes, es el hilo conductor. La palabra es desvelada a través de una selección de poetas, principalmente mujeres, que van desde el siglo de oro hasta nuestros días, relacionando la poesía española con la latinoamericana con autoras como María...
