{"id":33676,"date":"2023-12-14T08:49:02","date_gmt":"2023-12-14T08:49:02","guid":{"rendered":"https:\/\/www.ull.es\/portal\/agenda\/?post_type=tribe_events&#038;p=33676"},"modified":"2023-12-18T14:48:54","modified_gmt":"2023-12-18T14:48:54","slug":"coloquios-iune-neuroestimulacion-asociativa-basada-en-redes-para-investigar-la-percepcion-y-la-accion","status":"publish","type":"tribe_events","link":"https:\/\/www.ull.es\/portal\/agenda\/evento\/coloquios-iune-neuroestimulacion-asociativa-basada-en-redes-para-investigar-la-percepcion-y-la-accion\/","title":{"rendered":"Coloquios IUNE: Neuroestimulaci\u00f3n Asociativa Basada en Redes para Investigar la Percepci\u00f3n y la Acci\u00f3n"},"content":{"rendered":"<p>La Estimulaci\u00f3n Asociativa Pareada Cortico-cortical (ccPAS) es una t\u00e9cnica avanzada de estimulaci\u00f3n magn\u00e9tica transcraneal en dos sitios que utiliza el principio de Hebbian para inducir cambios en las conexiones cerebrales, modificando la fuerza de las interacciones entre los nodos de las redes cerebrales. En esta charla, el ponente abordar\u00e1 la creciente investigaci\u00f3n sobre ccPAS y sus efectos en las din\u00e1micas de las redes que subyacen a la percepci\u00f3n y la acci\u00f3n. Los estudios han revelado separaciones funcionales entre las v\u00edas cortico-corticales en los sistemas visual y motor, donde circuitos jer\u00e1rquicamente organizados dan forma a diferentes aspectos del procesamiento visual y el control motor. Este campo en evoluci\u00f3n proporciona valiosas perspectivas sobre la plasticidad y din\u00e1mica de las redes cerebrales que subyacen a aspectos fundamentales de la cognici\u00f3n. Explorar las redes cortico-corticales mediante ccPAS mejora nuestra comprensi\u00f3n de las funciones cerebrales y abre posibles v\u00edas para intervenciones terap\u00e9uticas y estrategias de neurorehabilitaci\u00f3n.<\/p>\n<p><a href=\"https:\/\/drive.google.com\/file\/d\/1CR4714mnz20IKgJM5HVUQpZabPnGMEx7\/view?usp=sharing\" target=\"_blank\" rel=\"noopener\" target=\"_blank\" rel=\"noopener\">Resumen<\/a><\/p>\n","protected":false},"excerpt":{"rendered":"<p>La Estimulaci\u00f3n Asociativa Pareada Cortico-cortical (ccPAS) es una t\u00e9cnica avanzada de estimulaci\u00f3n magn\u00e9tica transcraneal en dos sitios que utiliza el principio de Hebbian para inducir cambios en las conexiones cerebrales, modificando la fuerza de las interacciones entre los nodos de las redes cerebrales. En esta charla, el ponente abordar\u00e1 la creciente investigaci\u00f3n sobre ccPAS y&#8230;<\/p>\n","protected":false},"author":65,"featured_media":33699,"comment_status":"closed","ping_status":"closed","template":"","tags":[],"tribe_events_cat":[4,1831,1835,191],"acf":[],"yoast_head":"<!-- This site is optimized with the Yoast SEO plugin v21.3 - https:\/\/yoast.com\/wordpress\/plugins\/seo\/ -->\n<title>Coloquios IUNE: Neuroestimulaci\u00f3n Asociativa Basada en Redes para Investigar la Percepci\u00f3n y la Acci\u00f3n - ULL - Agenda<\/title>\n<meta name=\"robots\" content=\"index, follow, max-snippet:-1, max-image-preview:large, max-video-preview:-1\" \/>\n<link rel=\"canonical\" href=\"https:\/\/www.ull.es\/portal\/agenda\/evento\/coloquios-iune-neuroestimulacion-asociativa-basada-en-redes-para-investigar-la-percepcion-y-la-accion\/\" \/>\n<meta property=\"og:locale\" content=\"es_ES\" \/>\n<meta property=\"og:type\" content=\"article\" \/>\n<meta property=\"og:title\" content=\"Coloquios IUNE: Neuroestimulaci\u00f3n Asociativa Basada en Redes para Investigar la Percepci\u00f3n y la Acci\u00f3n - ULL - Agenda\" \/>\n<meta property=\"og:description\" content=\"La Estimulaci\u00f3n Asociativa Pareada Cortico-cortical (ccPAS) es una t\u00e9cnica avanzada de estimulaci\u00f3n magn\u00e9tica transcraneal en dos sitios que utiliza el principio de Hebbian para inducir cambios en las conexiones cerebrales, modificando la fuerza de las interacciones entre los nodos de las redes cerebrales. En esta charla, el ponente abordar\u00e1 la creciente investigaci\u00f3n sobre ccPAS y...\" \/>\n<meta property=\"og:url\" content=\"https:\/\/www.ull.es\/portal\/agenda\/evento\/coloquios-iune-neuroestimulacion-asociativa-basada-en-redes-para-investigar-la-percepcion-y-la-accion\/\" \/>\n<meta property=\"og:site_name\" content=\"ULL - Agenda\" \/>\n<meta property=\"article:modified_time\" content=\"2023-12-18T14:48:54+00:00\" \/>\n<meta property=\"og:image\" content=\"https:\/\/www.ull.es\/portal\/agenda\/wp-content\/uploads\/sites\/12\/2023\/12\/Coloquios-IUNENeuroestimulacion-Asociativa-Basada-en-Redes-para-Investigar-la-Percepcion-y-la-Accion_Banner-eventos.png\" \/>\n\t<meta property=\"og:image:width\" content=\"750\" \/>\n\t<meta property=\"og:image:height\" content=\"370\" \/>\n\t<meta property=\"og:image:type\" content=\"image\/png\" \/>\n<meta name=\"twitter:card\" content=\"summary_large_image\" \/>\n<meta name=\"twitter:label1\" content=\"Tiempo de lectura\" \/>\n\t<meta name=\"twitter:data1\" content=\"1 minuto\" \/>\n<script type=\"application\/ld+json\" class=\"yoast-schema-graph\">{\"@context\":\"https:\/\/schema.org\",\"@graph\":[{\"@type\":\"WebPage\",\"@id\":\"https:\/\/www.ull.es\/portal\/agenda\/evento\/coloquios-iune-neuroestimulacion-asociativa-basada-en-redes-para-investigar-la-percepcion-y-la-accion\/\",\"url\":\"https:\/\/www.ull.es\/portal\/agenda\/evento\/coloquios-iune-neuroestimulacion-asociativa-basada-en-redes-para-investigar-la-percepcion-y-la-accion\/\",\"name\":\"Coloquios IUNE: Neuroestimulaci\u00f3n Asociativa Basada en Redes para Investigar la Percepci\u00f3n y la Acci\u00f3n - ULL - Agenda\",\"isPartOf\":{\"@id\":\"https:\/\/www.ull.es\/portal\/agenda\/#website\"},\"datePublished\":\"2023-12-14T08:49:02+00:00\",\"dateModified\":\"2023-12-18T14:48:54+00:00\",\"breadcrumb\":{\"@id\":\"https:\/\/www.ull.es\/portal\/agenda\/evento\/coloquios-iune-neuroestimulacion-asociativa-basada-en-redes-para-investigar-la-percepcion-y-la-accion\/#breadcrumb\"},\"inLanguage\":\"es\",\"potentialAction\":[{\"@type\":\"ReadAction\",\"target\":[\"https:\/\/www.ull.es\/portal\/agenda\/evento\/coloquios-iune-neuroestimulacion-asociativa-basada-en-redes-para-investigar-la-percepcion-y-la-accion\/\"]}]},{\"@type\":\"BreadcrumbList\",\"@id\":\"https:\/\/www.ull.es\/portal\/agenda\/evento\/coloquios-iune-neuroestimulacion-asociativa-basada-en-redes-para-investigar-la-percepcion-y-la-accion\/#breadcrumb\",\"itemListElement\":[{\"@type\":\"ListItem\",\"position\":1,\"name\":\"Portada\",\"item\":\"https:\/\/www.ull.es\/portal\/agenda\/\"},{\"@type\":\"ListItem\",\"position\":2,\"name\":\"Coloquios IUNE: Neuroestimulaci\u00f3n Asociativa Basada en Redes para Investigar la Percepci\u00f3n y la Acci\u00f3n\"}]},{\"@type\":\"WebSite\",\"@id\":\"https:\/\/www.ull.es\/portal\/agenda\/#website\",\"url\":\"https:\/\/www.ull.es\/portal\/agenda\/\",\"name\":\"ULL - Agenda\",\"description\":\"\",\"potentialAction\":[{\"@type\":\"SearchAction\",\"target\":{\"@type\":\"EntryPoint\",\"urlTemplate\":\"https:\/\/www.ull.es\/portal\/agenda\/?s={search_term_string}\"},\"query-input\":\"required name=search_term_string\"}],\"inLanguage\":\"es\"}]}<\/script>\n<!-- \/ Yoast SEO plugin. -->","yoast_head_json":{"title":"Coloquios IUNE: Neuroestimulaci\u00f3n Asociativa Basada en Redes para Investigar la Percepci\u00f3n y la Acci\u00f3n - ULL - Agenda","robots":{"index":"index","follow":"follow","max-snippet":"max-snippet:-1","max-image-preview":"max-image-preview:large","max-video-preview":"max-video-preview:-1"},"canonical":"https:\/\/www.ull.es\/portal\/agenda\/evento\/coloquios-iune-neuroestimulacion-asociativa-basada-en-redes-para-investigar-la-percepcion-y-la-accion\/","og_locale":"es_ES","og_type":"article","og_title":"Coloquios IUNE: Neuroestimulaci\u00f3n Asociativa Basada en Redes para Investigar la Percepci\u00f3n y la Acci\u00f3n - ULL - Agenda","og_description":"La Estimulaci\u00f3n Asociativa Pareada Cortico-cortical (ccPAS) es una t\u00e9cnica avanzada de estimulaci\u00f3n magn\u00e9tica transcraneal en dos sitios que utiliza el principio de Hebbian para inducir cambios en las conexiones cerebrales, modificando la fuerza de las interacciones entre los nodos de las redes cerebrales. En esta charla, el ponente abordar\u00e1 la creciente investigaci\u00f3n sobre ccPAS y...","og_url":"https:\/\/www.ull.es\/portal\/agenda\/evento\/coloquios-iune-neuroestimulacion-asociativa-basada-en-redes-para-investigar-la-percepcion-y-la-accion\/","og_site_name":"ULL - Agenda","article_modified_time":"2023-12-18T14:48:54+00:00","og_image":[{"width":750,"height":370,"url":"https:\/\/www.ull.es\/portal\/agenda\/wp-content\/uploads\/sites\/12\/2023\/12\/Coloquios-IUNENeuroestimulacion-Asociativa-Basada-en-Redes-para-Investigar-la-Percepcion-y-la-Accion_Banner-eventos.png","type":"image\/png"}],"twitter_card":"summary_large_image","twitter_misc":{"Tiempo de lectura":"1 minuto"},"schema":{"@context":"https:\/\/schema.org","@graph":[{"@type":"WebPage","@id":"https:\/\/www.ull.es\/portal\/agenda\/evento\/coloquios-iune-neuroestimulacion-asociativa-basada-en-redes-para-investigar-la-percepcion-y-la-accion\/","url":"https:\/\/www.ull.es\/portal\/agenda\/evento\/coloquios-iune-neuroestimulacion-asociativa-basada-en-redes-para-investigar-la-percepcion-y-la-accion\/","name":"Coloquios IUNE: Neuroestimulaci\u00f3n Asociativa Basada en Redes para Investigar la Percepci\u00f3n y la Acci\u00f3n - ULL - Agenda","isPartOf":{"@id":"https:\/\/www.ull.es\/portal\/agenda\/#website"},"datePublished":"2023-12-14T08:49:02+00:00","dateModified":"2023-12-18T14:48:54+00:00","breadcrumb":{"@id":"https:\/\/www.ull.es\/portal\/agenda\/evento\/coloquios-iune-neuroestimulacion-asociativa-basada-en-redes-para-investigar-la-percepcion-y-la-accion\/#breadcrumb"},"inLanguage":"es","potentialAction":[{"@type":"ReadAction","target":["https:\/\/www.ull.es\/portal\/agenda\/evento\/coloquios-iune-neuroestimulacion-asociativa-basada-en-redes-para-investigar-la-percepcion-y-la-accion\/"]}]},{"@type":"BreadcrumbList","@id":"https:\/\/www.ull.es\/portal\/agenda\/evento\/coloquios-iune-neuroestimulacion-asociativa-basada-en-redes-para-investigar-la-percepcion-y-la-accion\/#breadcrumb","itemListElement":[{"@type":"ListItem","position":1,"name":"Portada","item":"https:\/\/www.ull.es\/portal\/agenda\/"},{"@type":"ListItem","position":2,"name":"Coloquios IUNE: Neuroestimulaci\u00f3n Asociativa Basada en Redes para Investigar la Percepci\u00f3n y la Acci\u00f3n"}]},{"@type":"WebSite","@id":"https:\/\/www.ull.es\/portal\/agenda\/#website","url":"https:\/\/www.ull.es\/portal\/agenda\/","name":"ULL - Agenda","description":"","potentialAction":[{"@type":"SearchAction","target":{"@type":"EntryPoint","urlTemplate":"https:\/\/www.ull.es\/portal\/agenda\/?s={search_term_string}"},"query-input":"required name=search_term_string"}],"inLanguage":"es"}]}},"_links":{"self":[{"href":"https:\/\/www.ull.es\/portal\/agenda\/wp-json\/wp\/v2\/tribe_events\/33676"}],"collection":[{"href":"https:\/\/www.ull.es\/portal\/agenda\/wp-json\/wp\/v2\/tribe_events"}],"about":[{"href":"https:\/\/www.ull.es\/portal\/agenda\/wp-json\/wp\/v2\/types\/tribe_events"}],"author":[{"embeddable":true,"href":"https:\/\/www.ull.es\/portal\/agenda\/wp-json\/wp\/v2\/users\/65"}],"replies":[{"embeddable":true,"href":"https:\/\/www.ull.es\/portal\/agenda\/wp-json\/wp\/v2\/comments?post=33676"}],"version-history":[{"count":1,"href":"https:\/\/www.ull.es\/portal\/agenda\/wp-json\/wp\/v2\/tribe_events\/33676\/revisions"}],"predecessor-version":[{"id":33677,"href":"https:\/\/www.ull.es\/portal\/agenda\/wp-json\/wp\/v2\/tribe_events\/33676\/revisions\/33677"}],"wp:featuredmedia":[{"embeddable":true,"href":"https:\/\/www.ull.es\/portal\/agenda\/wp-json\/wp\/v2\/media\/33699"}],"wp:attachment":[{"href":"https:\/\/www.ull.es\/portal\/agenda\/wp-json\/wp\/v2\/media?parent=33676"}],"wp:term":[{"taxonomy":"post_tag","embeddable":true,"href":"https:\/\/www.ull.es\/portal\/agenda\/wp-json\/wp\/v2\/tags?post=33676"},{"taxonomy":"tribe_events_cat","embeddable":true,"href":"https:\/\/www.ull.es\/portal\/agenda\/wp-json\/wp\/v2\/tribe_events_cat?post=33676"}],"curies":[{"name":"wp","href":"https:\/\/api.w.org\/{rel}","templated":true}]}}

Coloquios IUNE: Neuroestimulación Asociativa Basada en Redes para Investigar la Percepción y la Acción

<p>La Estimulación Asociativa Pareada Cortico-cortical (ccPAS) es una técnica avanzada de estimulación magnética transcraneal en dos sitios que utiliza el principio de Hebbian para inducir cambios en las conexiones cerebrales, modificando la fuerza de las interacciones entre los nodos de las redes cerebrales. En esta charla, el ponente abordará la creciente investigación sobre ccPAS y sus efectos en las dinámicas de las redes que subyacen a la percepción y la acción. Los estudios han revelado separaciones funcionales entre las vías cortico-corticales en los sistemas visual y motor, donde circuitos jerárquicamente organizados dan forma a diferentes aspectos del procesamiento visual y el control motor. Este campo en evolución proporciona valiosas perspectivas sobre la plasticidad y dinámica de las redes cerebrales que subyacen a aspectos fundamentales de la cognición. Explorar las redes cortico-corticales mediante ccPAS mejora nuestra comprensión de las funciones cerebrales y abre posibles vías para intervenciones terapéuticas y estrategias de neurorehabilitación.</p>
<p><a href="https://drive.google.com/file/d/1CR4714mnz20IKgJM5HVUQpZabPnGMEx7/view?usp=sharing" target="_blank" rel="noopener" target="_blank" rel="noopener">Resumen</a></p>

<p>La Estimulación Asociativa Pareada Cortico-cortical (ccPAS) es una técnica avanzada de estimulación magnética transcraneal en dos sitios que utiliza el principio de Hebbian para inducir cambios en las conexiones cerebrales, modificando la fuerza de las interacciones entre los nodos de las redes cerebrales. En esta charla, el ponente abordará la creciente investigación sobre ccPAS y&#8230;</p>

<!-- This site is optimized with the Yoast SEO plugin v21.3 - https://yoast.com/wordpress/plugins/seo/ -->
<title>Coloquios IUNE: Neuroestimulación Asociativa Basada en Redes para Investigar la Percepción y la Acción - ULL - Agenda</title>
<meta name="robots" content="index, follow, max-snippet:-1, max-image-preview:large, max-video-preview:-1" />
<link rel="canonical" href="https://www.ull.es/portal/agenda/evento/coloquios-iune-neuroestimulacion-asociativa-basada-en-redes-para-investigar-la-percepcion-y-la-accion/" />
<meta property="og:locale" content="es_ES" />
<meta property="og:type" content="article" />
<meta property="og:title" content="Coloquios IUNE: Neuroestimulación Asociativa Basada en Redes para Investigar la Percepción y la Acción - ULL - Agenda" />
<meta property="og:description" content="La Estimulación Asociativa Pareada Cortico-cortical (ccPAS) es una técnica avanzada de estimulación magnética transcraneal en dos sitios que utiliza el principio de Hebbian para inducir cambios en las conexiones cerebrales, modificando la fuerza de las interacciones entre los nodos de las redes cerebrales. En esta charla, el ponente abordará la creciente investigación sobre ccPAS y..." />
<meta property="og:url" content="https://www.ull.es/portal/agenda/evento/coloquios-iune-neuroestimulacion-asociativa-basada-en-redes-para-investigar-la-percepcion-y-la-accion/" />
<meta property="og:site_name" content="ULL - Agenda" />
<meta property="article:modified_time" content="2023-12-18T14:48:54+00:00" />
<meta property="og:image" content="https://www.ull.es/portal/agenda/wp-content/uploads/sites/12/2023/12/Coloquios-IUNENeuroestimulacion-Asociativa-Basada-en-Redes-para-Investigar-la-Percepcion-y-la-Accion_Banner-eventos.png" />
	<meta property="og:image:width" content="750" />
	<meta property="og:image:height" content="370" />
	<meta property="og:image:type" content="image/png" />
<meta name="twitter:card" content="summary_large_image" />
<meta name="twitter:label1" content="Tiempo de lectura" />
	<meta name="twitter:data1" content="1 minuto" />
<script type="application/ld+json" class="yoast-schema-graph">{"@context":"https://schema.org","@graph":[{"@type":"WebPage","@id":"https://www.ull.es/portal/agenda/evento/coloquios-iune-neuroestimulacion-asociativa-basada-en-redes-para-investigar-la-percepcion-y-la-accion/","url":"https://www.ull.es/portal/agenda/evento/coloquios-iune-neuroestimulacion-asociativa-basada-en-redes-para-investigar-la-percepcion-y-la-accion/","name":"Coloquios IUNE: Neuroestimulación Asociativa Basada en Redes para Investigar la Percepción y la Acción - ULL - Agenda","isPartOf":{"@id":"https://www.ull.es/portal/agenda/#website"},"datePublished":"2023-12-14T08:49:02+00:00","dateModified":"2023-12-18T14:48:54+00:00","breadcrumb":{"@id":"https://www.ull.es/portal/agenda/evento/coloquios-iune-neuroestimulacion-asociativa-basada-en-redes-para-investigar-la-percepcion-y-la-accion/#breadcrumb"},"inLanguage":"es","potentialAction":[{"@type":"ReadAction","target":["https://www.ull.es/portal/agenda/evento/coloquios-iune-neuroestimulacion-asociativa-basada-en-redes-para-investigar-la-percepcion-y-la-accion/"]}]},{"@type":"BreadcrumbList","@id":"https://www.ull.es/portal/agenda/evento/coloquios-iune-neuroestimulacion-asociativa-basada-en-redes-para-investigar-la-percepcion-y-la-accion/#breadcrumb","itemListElement":[{"@type":"ListItem","position":1,"name":"Portada","item":"https://www.ull.es/portal/agenda/"},{"@type":"ListItem","position":2,"name":"Coloquios IUNE: Neuroestimulación Asociativa Basada en Redes para Investigar la Percepción y la Acción"}]},{"@type":"WebSite","@id":"https://www.ull.es/portal/agenda/#website","url":"https://www.ull.es/portal/agenda/","name":"ULL - Agenda","description":"","potentialAction":[{"@type":"SearchAction","target":{"@type":"EntryPoint","urlTemplate":"https://www.ull.es/portal/agenda/?s={search_term_string}"},"query-input":"required name=search_term_string"}],"inLanguage":"es"}]}</script>
<!-- / Yoast SEO plugin. -->

Coloquios IUNE: Neuroestimulación Asociativa Basada en Redes para Investigar la Percepción y la Acción - ULL - Agenda

La Estimulación Asociativa Pareada Cortico-cortical (ccPAS) es una técnica avanzada de estimulación magnética transcraneal en dos sitios que utiliza el principio de Hebbian para inducir cambios en las conexiones cerebrales, modificando la fuerza de las interacciones entre los nodos de las redes cerebrales. En esta charla, el ponente abordará la creciente investigación sobre ccPAS y...
