{"id":33678,"date":"2023-12-14T11:22:55","date_gmt":"2023-12-14T11:22:55","guid":{"rendered":"https:\/\/www.ull.es\/portal\/agenda\/?post_type=tribe_events&#038;p=33678"},"modified":"2023-12-14T11:22:55","modified_gmt":"2023-12-14T11:22:55","slug":"programa-back-to-university","status":"publish","type":"tribe_events","link":"https:\/\/www.ull.es\/portal\/agenda\/evento\/programa-back-to-university\/","title":{"rendered":"Programa: Back to University"},"content":{"rendered":"<p><span style=\"font-weight: 400;\">El Departamento de Derecho Constitucional, Ciencia Pol\u00edtica y Filosof\u00eda del Derecho y el Centro de Documentaci\u00f3n Europea de la Universidad de La Laguna organizan el\u00a0 martes 19 de diciembre una actividad encuadrada dentro del programa \u00abBack to University\u00bb. Este programa es una iniciativa europea que brinda al personal de la Uni\u00f3n la oportunidad de visitar su antigua universidad para dialogar con los estudiantes sobre la Uni\u00f3n Europea, debatir con ellos, a t\u00edtulo personal, sobre diversos temas relacionados con la Uni\u00f3n Europea y compartir su experiencia personal en sus instituciones. Adem\u00e1s, es una oportunidad para mostrar al alumnado universitario una posible salida profesional de cara a trabajar en las instituciones europeas y los posibles caminos a seguir para desarrollar una carrera profesional en la Uni\u00f3n Europea.<\/span><\/p>\n<p><span style=\"font-weight: 400;\">Para ello, contaremos con la presencia de D\u00f1a. Elisa Alonso Perera, graduada en Derecho por la Universidad de La Laguna, la cual pertenece actualmente a la Direcci\u00f3n de Auditor\u00eda para la Cohesi\u00f3n de la Comisi\u00f3n Europea. En su intervenci\u00f3n nos comentar\u00e1 su experiencia personal en las instituciones europeas ilustrando aspectos relacionados a sus labores profesionales, adem\u00e1s de dar una visi\u00f3n general sobre el funcionamiento de las instituciones y de las pol\u00edticas de la UE, as\u00ed como otros temas de actualidad.<\/span><\/p>\n<p><span style=\"font-weight: 400;\">Esta charla ser\u00e1 impartida a los alumnos del grupo 3 de la asignatura de Derecho Constitucional III del Grado en Derecho, de 11.30 a 13.30h en el Aula Tom\u00e1s y Valiente de la Facultad de Derecho, estando abierto a cualquier otra persona interesada seg\u00fan aforo del aula.<\/span><\/p>\n<p><span style=\"font-weight: 400;\">Para m\u00e1s informaci\u00f3n contactar al correo <\/span><a href=\"mailto:cdeurop@ull.edu.es\" target=\"_blank\" rel=\"noopener\"><span style=\"font-weight: 400;\">cdeurop@ull.edu.es<\/span><\/a><span style=\"font-weight: 400;\">\u00a0<\/span><\/p>\n","protected":false},"excerpt":{"rendered":"<p>El Departamento de Derecho Constitucional, Ciencia Pol\u00edtica y Filosof\u00eda del Derecho y el Centro de Documentaci\u00f3n Europea de la Universidad de La Laguna organizan el\u00a0 martes 19 de diciembre una actividad encuadrada dentro del programa \u00abBack to University\u00bb. Este programa es una iniciativa europea que brinda al personal de la Uni\u00f3n la oportunidad de visitar&#8230;<\/p>\n","protected":false},"author":65,"featured_media":33679,"comment_status":"closed","ping_status":"closed","template":"","tags":[],"tribe_events_cat":[841,365,4,865,186,191],"acf":[],"yoast_head":"<!-- This site is optimized with the Yoast SEO plugin v21.3 - https:\/\/yoast.com\/wordpress\/plugins\/seo\/ -->\n<title>Programa: Back to University - ULL - Agenda<\/title>\n<meta name=\"robots\" content=\"index, follow, max-snippet:-1, max-image-preview:large, max-video-preview:-1\" \/>\n<link rel=\"canonical\" href=\"https:\/\/www.ull.es\/portal\/agenda\/evento\/programa-back-to-university\/\" \/>\n<meta property=\"og:locale\" content=\"es_ES\" \/>\n<meta property=\"og:type\" content=\"article\" \/>\n<meta property=\"og:title\" content=\"Programa: Back to University - ULL - Agenda\" \/>\n<meta property=\"og:description\" content=\"El Departamento de Derecho Constitucional, Ciencia Pol\u00edtica y Filosof\u00eda del Derecho y el Centro de Documentaci\u00f3n Europea de la Universidad de La Laguna organizan el\u00a0 martes 19 de diciembre una actividad encuadrada dentro del programa \u00abBack to University\u00bb. Este programa es una iniciativa europea que brinda al personal de la Uni\u00f3n la oportunidad de visitar...\" \/>\n<meta property=\"og:url\" content=\"https:\/\/www.ull.es\/portal\/agenda\/evento\/programa-back-to-university\/\" \/>\n<meta property=\"og:site_name\" content=\"ULL - Agenda\" \/>\n<meta property=\"og:image\" content=\"https:\/\/www.ull.es\/portal\/agenda\/wp-content\/uploads\/sites\/12\/2023\/12\/BackToUniversity-diciembre-Banner.png\" \/>\n\t<meta property=\"og:image:width\" content=\"1600\" \/>\n\t<meta property=\"og:image:height\" content=\"900\" \/>\n\t<meta property=\"og:image:type\" content=\"image\/png\" \/>\n<meta name=\"twitter:card\" content=\"summary_large_image\" \/>\n<meta name=\"twitter:label1\" content=\"Tiempo de lectura\" \/>\n\t<meta name=\"twitter:data1\" content=\"2 minutos\" \/>\n<script type=\"application\/ld+json\" class=\"yoast-schema-graph\">{\"@context\":\"https:\/\/schema.org\",\"@graph\":[{\"@type\":\"WebPage\",\"@id\":\"https:\/\/www.ull.es\/portal\/agenda\/evento\/programa-back-to-university\/\",\"url\":\"https:\/\/www.ull.es\/portal\/agenda\/evento\/programa-back-to-university\/\",\"name\":\"Programa: Back to University - ULL - Agenda\",\"isPartOf\":{\"@id\":\"https:\/\/www.ull.es\/portal\/agenda\/#website\"},\"datePublished\":\"2023-12-14T11:22:55+00:00\",\"dateModified\":\"2023-12-14T11:22:55+00:00\",\"breadcrumb\":{\"@id\":\"https:\/\/www.ull.es\/portal\/agenda\/evento\/programa-back-to-university\/#breadcrumb\"},\"inLanguage\":\"es\",\"potentialAction\":[{\"@type\":\"ReadAction\",\"target\":[\"https:\/\/www.ull.es\/portal\/agenda\/evento\/programa-back-to-university\/\"]}]},{\"@type\":\"BreadcrumbList\",\"@id\":\"https:\/\/www.ull.es\/portal\/agenda\/evento\/programa-back-to-university\/#breadcrumb\",\"itemListElement\":[{\"@type\":\"ListItem\",\"position\":1,\"name\":\"Portada\",\"item\":\"https:\/\/www.ull.es\/portal\/agenda\/\"},{\"@type\":\"ListItem\",\"position\":2,\"name\":\"Programa: Back to University\"}]},{\"@type\":\"WebSite\",\"@id\":\"https:\/\/www.ull.es\/portal\/agenda\/#website\",\"url\":\"https:\/\/www.ull.es\/portal\/agenda\/\",\"name\":\"ULL - Agenda\",\"description\":\"\",\"potentialAction\":[{\"@type\":\"SearchAction\",\"target\":{\"@type\":\"EntryPoint\",\"urlTemplate\":\"https:\/\/www.ull.es\/portal\/agenda\/?s={search_term_string}\"},\"query-input\":\"required name=search_term_string\"}],\"inLanguage\":\"es\"}]}<\/script>\n<!-- \/ Yoast SEO plugin. -->","yoast_head_json":{"title":"Programa: Back to University - ULL - Agenda","robots":{"index":"index","follow":"follow","max-snippet":"max-snippet:-1","max-image-preview":"max-image-preview:large","max-video-preview":"max-video-preview:-1"},"canonical":"https:\/\/www.ull.es\/portal\/agenda\/evento\/programa-back-to-university\/","og_locale":"es_ES","og_type":"article","og_title":"Programa: Back to University - ULL - Agenda","og_description":"El Departamento de Derecho Constitucional, Ciencia Pol\u00edtica y Filosof\u00eda del Derecho y el Centro de Documentaci\u00f3n Europea de la Universidad de La Laguna organizan el\u00a0 martes 19 de diciembre una actividad encuadrada dentro del programa \u00abBack to University\u00bb. Este programa es una iniciativa europea que brinda al personal de la Uni\u00f3n la oportunidad de visitar...","og_url":"https:\/\/www.ull.es\/portal\/agenda\/evento\/programa-back-to-university\/","og_site_name":"ULL - Agenda","og_image":[{"width":1600,"height":900,"url":"https:\/\/www.ull.es\/portal\/agenda\/wp-content\/uploads\/sites\/12\/2023\/12\/BackToUniversity-diciembre-Banner.png","type":"image\/png"}],"twitter_card":"summary_large_image","twitter_misc":{"Tiempo de lectura":"2 minutos"},"schema":{"@context":"https:\/\/schema.org","@graph":[{"@type":"WebPage","@id":"https:\/\/www.ull.es\/portal\/agenda\/evento\/programa-back-to-university\/","url":"https:\/\/www.ull.es\/portal\/agenda\/evento\/programa-back-to-university\/","name":"Programa: Back to University - ULL - Agenda","isPartOf":{"@id":"https:\/\/www.ull.es\/portal\/agenda\/#website"},"datePublished":"2023-12-14T11:22:55+00:00","dateModified":"2023-12-14T11:22:55+00:00","breadcrumb":{"@id":"https:\/\/www.ull.es\/portal\/agenda\/evento\/programa-back-to-university\/#breadcrumb"},"inLanguage":"es","potentialAction":[{"@type":"ReadAction","target":["https:\/\/www.ull.es\/portal\/agenda\/evento\/programa-back-to-university\/"]}]},{"@type":"BreadcrumbList","@id":"https:\/\/www.ull.es\/portal\/agenda\/evento\/programa-back-to-university\/#breadcrumb","itemListElement":[{"@type":"ListItem","position":1,"name":"Portada","item":"https:\/\/www.ull.es\/portal\/agenda\/"},{"@type":"ListItem","position":2,"name":"Programa: Back to University"}]},{"@type":"WebSite","@id":"https:\/\/www.ull.es\/portal\/agenda\/#website","url":"https:\/\/www.ull.es\/portal\/agenda\/","name":"ULL - Agenda","description":"","potentialAction":[{"@type":"SearchAction","target":{"@type":"EntryPoint","urlTemplate":"https:\/\/www.ull.es\/portal\/agenda\/?s={search_term_string}"},"query-input":"required name=search_term_string"}],"inLanguage":"es"}]}},"_links":{"self":[{"href":"https:\/\/www.ull.es\/portal\/agenda\/wp-json\/wp\/v2\/tribe_events\/33678"}],"collection":[{"href":"https:\/\/www.ull.es\/portal\/agenda\/wp-json\/wp\/v2\/tribe_events"}],"about":[{"href":"https:\/\/www.ull.es\/portal\/agenda\/wp-json\/wp\/v2\/types\/tribe_events"}],"author":[{"embeddable":true,"href":"https:\/\/www.ull.es\/portal\/agenda\/wp-json\/wp\/v2\/users\/65"}],"replies":[{"embeddable":true,"href":"https:\/\/www.ull.es\/portal\/agenda\/wp-json\/wp\/v2\/comments?post=33678"}],"version-history":[{"count":1,"href":"https:\/\/www.ull.es\/portal\/agenda\/wp-json\/wp\/v2\/tribe_events\/33678\/revisions"}],"predecessor-version":[{"id":33680,"href":"https:\/\/www.ull.es\/portal\/agenda\/wp-json\/wp\/v2\/tribe_events\/33678\/revisions\/33680"}],"wp:featuredmedia":[{"embeddable":true,"href":"https:\/\/www.ull.es\/portal\/agenda\/wp-json\/wp\/v2\/media\/33679"}],"wp:attachment":[{"href":"https:\/\/www.ull.es\/portal\/agenda\/wp-json\/wp\/v2\/media?parent=33678"}],"wp:term":[{"taxonomy":"post_tag","embeddable":true,"href":"https:\/\/www.ull.es\/portal\/agenda\/wp-json\/wp\/v2\/tags?post=33678"},{"taxonomy":"tribe_events_cat","embeddable":true,"href":"https:\/\/www.ull.es\/portal\/agenda\/wp-json\/wp\/v2\/tribe_events_cat?post=33678"}],"curies":[{"name":"wp","href":"https:\/\/api.w.org\/{rel}","templated":true}]}}

<p><span style="font-weight: 400;">El Departamento de Derecho Constitucional, Ciencia Política y Filosofía del Derecho y el Centro de Documentación Europea de la Universidad de La Laguna organizan el  martes 19 de diciembre una actividad encuadrada dentro del programa «Back to University». Este programa es una iniciativa europea que brinda al personal de la Unión la oportunidad de visitar su antigua universidad para dialogar con los estudiantes sobre la Unión Europea, debatir con ellos, a título personal, sobre diversos temas relacionados con la Unión Europea y compartir su experiencia personal en sus instituciones. Además, es una oportunidad para mostrar al alumnado universitario una posible salida profesional de cara a trabajar en las instituciones europeas y los posibles caminos a seguir para desarrollar una carrera profesional en la Unión Europea.</span></p>
<p><span style="font-weight: 400;">Para ello, contaremos con la presencia de Dña. Elisa Alonso Perera, graduada en Derecho por la Universidad de La Laguna, la cual pertenece actualmente a la Dirección de Auditoría para la Cohesión de la Comisión Europea. En su intervención nos comentará su experiencia personal en las instituciones europeas ilustrando aspectos relacionados a sus labores profesionales, además de dar una visión general sobre el funcionamiento de las instituciones y de las políticas de la UE, así como otros temas de actualidad.</span></p>
<p><span style="font-weight: 400;">Esta charla será impartida a los alumnos del grupo 3 de la asignatura de Derecho Constitucional III del Grado en Derecho, de 11.30 a 13.30h en el Aula Tomás y Valiente de la Facultad de Derecho, estando abierto a cualquier otra persona interesada según aforo del aula.</span></p>
<p><span style="font-weight: 400;">Para más información contactar al correo </span><a href="mailto:cdeurop@ull.edu.es" target="_blank" rel="noopener"><span style="font-weight: 400;">cdeurop@ull.edu.es</span></a><span style="font-weight: 400;"> </span></p>

<p>El Departamento de Derecho Constitucional, Ciencia Política y Filosofía del Derecho y el Centro de Documentación Europea de la Universidad de La Laguna organizan el  martes 19 de diciembre una actividad encuadrada dentro del programa «Back to University». Este programa es una iniciativa europea que brinda al personal de la Unión la oportunidad de visitar&#8230;</p>

<!-- This site is optimized with the Yoast SEO plugin v21.3 - https://yoast.com/wordpress/plugins/seo/ -->
<title>Programa: Back to University - ULL - Agenda</title>
<meta name="robots" content="index, follow, max-snippet:-1, max-image-preview:large, max-video-preview:-1" />
<link rel="canonical" href="https://www.ull.es/portal/agenda/evento/programa-back-to-university/" />
<meta property="og:locale" content="es_ES" />
<meta property="og:type" content="article" />
<meta property="og:title" content="Programa: Back to University - ULL - Agenda" />
<meta property="og:description" content="El Departamento de Derecho Constitucional, Ciencia Política y Filosofía del Derecho y el Centro de Documentación Europea de la Universidad de La Laguna organizan el  martes 19 de diciembre una actividad encuadrada dentro del programa «Back to University». Este programa es una iniciativa europea que brinda al personal de la Unión la oportunidad de visitar..." />
<meta property="og:url" content="https://www.ull.es/portal/agenda/evento/programa-back-to-university/" />
<meta property="og:site_name" content="ULL - Agenda" />
<meta property="og:image" content="https://www.ull.es/portal/agenda/wp-content/uploads/sites/12/2023/12/BackToUniversity-diciembre-Banner.png" />
	<meta property="og:image:width" content="1600" />
	<meta property="og:image:height" content="900" />
	<meta property="og:image:type" content="image/png" />
<meta name="twitter:card" content="summary_large_image" />
<meta name="twitter:label1" content="Tiempo de lectura" />
	<meta name="twitter:data1" content="2 minutos" />
<script type="application/ld+json" class="yoast-schema-graph">{"@context":"https://schema.org","@graph":[{"@type":"WebPage","@id":"https://www.ull.es/portal/agenda/evento/programa-back-to-university/","url":"https://www.ull.es/portal/agenda/evento/programa-back-to-university/","name":"Programa: Back to University - ULL - Agenda","isPartOf":{"@id":"https://www.ull.es/portal/agenda/#website"},"datePublished":"2023-12-14T11:22:55+00:00","dateModified":"2023-12-14T11:22:55+00:00","breadcrumb":{"@id":"https://www.ull.es/portal/agenda/evento/programa-back-to-university/#breadcrumb"},"inLanguage":"es","potentialAction":[{"@type":"ReadAction","target":["https://www.ull.es/portal/agenda/evento/programa-back-to-university/"]}]},{"@type":"BreadcrumbList","@id":"https://www.ull.es/portal/agenda/evento/programa-back-to-university/#breadcrumb","itemListElement":[{"@type":"ListItem","position":1,"name":"Portada","item":"https://www.ull.es/portal/agenda/"},{"@type":"ListItem","position":2,"name":"Programa: Back to University"}]},{"@type":"WebSite","@id":"https://www.ull.es/portal/agenda/#website","url":"https://www.ull.es/portal/agenda/","name":"ULL - Agenda","description":"","potentialAction":[{"@type":"SearchAction","target":{"@type":"EntryPoint","urlTemplate":"https://www.ull.es/portal/agenda/?s={search_term_string}"},"query-input":"required name=search_term_string"}],"inLanguage":"es"}]}</script>
<!-- / Yoast SEO plugin. -->

El Departamento de Derecho Constitucional, Ciencia Política y Filosofía del Derecho y el Centro de Documentación Europea de la Universidad de La Laguna organizan el  martes 19 de diciembre una actividad encuadrada dentro del programa «Back to University». Este programa es una iniciativa europea que brinda al personal de la Unión la oportunidad de visitar...
