{"id":33923,"date":"2024-01-26T11:17:59","date_gmt":"2024-01-26T11:17:59","guid":{"rendered":"https:\/\/www.ull.es\/portal\/agenda\/?post_type=tribe_events&#038;p=33923"},"modified":"2024-01-26T12:54:27","modified_gmt":"2024-01-26T12:54:27","slug":"presentacion-del-proyecto-ensenar-para-emprender","status":"publish","type":"tribe_events","link":"https:\/\/www.ull.es\/portal\/agenda\/evento\/presentacion-del-proyecto-ensenar-para-emprender\/","title":{"rendered":"Presentaci\u00f3n del Proyecto Ense\u00f1ar para Emprender"},"content":{"rendered":"<p>El Sal\u00f3n de Grados de la Facultad de Econom\u00eda, Empresa y Turismo acoge la presentaci\u00f3n del proyecto educativo Ense\u00f1ar para Emprender el mi\u00e9rcoles 31 de enero a las 11:00 horas. Este proyecto\u00a0tiene la finalidad de fomentar actitudes y habilidades para el emprendimiento desde edades tempranas a toda la poblaci\u00f3n educativa desde los niveles de infantil, primaria, secundaria, bachillerato, aulas enclave y FP b\u00e1sica de centros educativos p\u00fablicos y concertados, de la provincia de Santa Cruz de Tenerife.<\/p>\n<p>Este prop\u00f3sito se lleva a cabo a trav\u00e9s de un programa formativo donde se estimulan las capacidades personales, profesionales y sociales del alumnado, simulando la creaci\u00f3n de cooperativas en las que producen y exponen sus propios productos o servicios en un contexto real, donando parte de los beneficios que se obtienen a una entidad u organizaci\u00f3n sin \u00e1nimo de lucro.<\/p>\n","protected":false},"excerpt":{"rendered":"<p>El Sal\u00f3n de Grados de la Facultad de Econom\u00eda, Empresa y Turismo acoge la presentaci\u00f3n del proyecto educativo Ense\u00f1ar para Emprender el mi\u00e9rcoles 31 de enero a las 11:00 horas. Este proyecto\u00a0tiene la finalidad de fomentar actitudes y habilidades para el emprendimiento desde edades tempranas a toda la poblaci\u00f3n educativa desde los niveles de infantil,&#8230;<\/p>\n","protected":false},"author":65,"featured_media":33947,"comment_status":"closed","ping_status":"closed","template":"","tags":[],"tribe_events_cat":[4,937,2739,191],"acf":[],"yoast_head":"<!-- This site is optimized with the Yoast SEO plugin v21.3 - https:\/\/yoast.com\/wordpress\/plugins\/seo\/ -->\n<title>Presentaci\u00f3n del Proyecto Ense\u00f1ar para Emprender - ULL - Agenda<\/title>\n<meta name=\"robots\" content=\"index, follow, max-snippet:-1, max-image-preview:large, max-video-preview:-1\" \/>\n<link rel=\"canonical\" href=\"https:\/\/www.ull.es\/portal\/agenda\/evento\/presentacion-del-proyecto-ensenar-para-emprender\/\" \/>\n<meta property=\"og:locale\" content=\"es_ES\" \/>\n<meta property=\"og:type\" content=\"article\" \/>\n<meta property=\"og:title\" content=\"Presentaci\u00f3n del Proyecto Ense\u00f1ar para Emprender - ULL - Agenda\" \/>\n<meta property=\"og:description\" content=\"El Sal\u00f3n de Grados de la Facultad de Econom\u00eda, Empresa y Turismo acoge la presentaci\u00f3n del proyecto educativo Ense\u00f1ar para Emprender el mi\u00e9rcoles 31 de enero a las 11:00 horas. Este proyecto\u00a0tiene la finalidad de fomentar actitudes y habilidades para el emprendimiento desde edades tempranas a toda la poblaci\u00f3n educativa desde los niveles de infantil,...\" \/>\n<meta property=\"og:url\" content=\"https:\/\/www.ull.es\/portal\/agenda\/evento\/presentacion-del-proyecto-ensenar-para-emprender\/\" \/>\n<meta property=\"og:site_name\" content=\"ULL - Agenda\" \/>\n<meta property=\"article:modified_time\" content=\"2024-01-26T12:54:27+00:00\" \/>\n<meta property=\"og:image\" content=\"https:\/\/www.ull.es\/portal\/agenda\/wp-content\/uploads\/sites\/12\/2024\/01\/IMG_5433.jpeg\" \/>\n\t<meta property=\"og:image:width\" content=\"750\" \/>\n\t<meta property=\"og:image:height\" content=\"370\" \/>\n\t<meta property=\"og:image:type\" content=\"image\/jpeg\" \/>\n<meta name=\"twitter:card\" content=\"summary_large_image\" \/>\n<meta name=\"twitter:label1\" content=\"Tiempo de lectura\" \/>\n\t<meta name=\"twitter:data1\" content=\"1 minuto\" \/>\n<script type=\"application\/ld+json\" class=\"yoast-schema-graph\">{\"@context\":\"https:\/\/schema.org\",\"@graph\":[{\"@type\":\"WebPage\",\"@id\":\"https:\/\/www.ull.es\/portal\/agenda\/evento\/presentacion-del-proyecto-ensenar-para-emprender\/\",\"url\":\"https:\/\/www.ull.es\/portal\/agenda\/evento\/presentacion-del-proyecto-ensenar-para-emprender\/\",\"name\":\"Presentaci\u00f3n del Proyecto Ense\u00f1ar para Emprender - ULL - Agenda\",\"isPartOf\":{\"@id\":\"https:\/\/www.ull.es\/portal\/agenda\/#website\"},\"datePublished\":\"2024-01-26T11:17:59+00:00\",\"dateModified\":\"2024-01-26T12:54:27+00:00\",\"breadcrumb\":{\"@id\":\"https:\/\/www.ull.es\/portal\/agenda\/evento\/presentacion-del-proyecto-ensenar-para-emprender\/#breadcrumb\"},\"inLanguage\":\"es\",\"potentialAction\":[{\"@type\":\"ReadAction\",\"target\":[\"https:\/\/www.ull.es\/portal\/agenda\/evento\/presentacion-del-proyecto-ensenar-para-emprender\/\"]}]},{\"@type\":\"BreadcrumbList\",\"@id\":\"https:\/\/www.ull.es\/portal\/agenda\/evento\/presentacion-del-proyecto-ensenar-para-emprender\/#breadcrumb\",\"itemListElement\":[{\"@type\":\"ListItem\",\"position\":1,\"name\":\"Portada\",\"item\":\"https:\/\/www.ull.es\/portal\/agenda\/\"},{\"@type\":\"ListItem\",\"position\":2,\"name\":\"Presentaci\u00f3n del Proyecto Ense\u00f1ar para Emprender\"}]},{\"@type\":\"WebSite\",\"@id\":\"https:\/\/www.ull.es\/portal\/agenda\/#website\",\"url\":\"https:\/\/www.ull.es\/portal\/agenda\/\",\"name\":\"ULL - Agenda\",\"description\":\"\",\"potentialAction\":[{\"@type\":\"SearchAction\",\"target\":{\"@type\":\"EntryPoint\",\"urlTemplate\":\"https:\/\/www.ull.es\/portal\/agenda\/?s={search_term_string}\"},\"query-input\":\"required name=search_term_string\"}],\"inLanguage\":\"es\"}]}<\/script>\n<!-- \/ Yoast SEO plugin. -->","yoast_head_json":{"title":"Presentaci\u00f3n del Proyecto Ense\u00f1ar para Emprender - ULL - Agenda","robots":{"index":"index","follow":"follow","max-snippet":"max-snippet:-1","max-image-preview":"max-image-preview:large","max-video-preview":"max-video-preview:-1"},"canonical":"https:\/\/www.ull.es\/portal\/agenda\/evento\/presentacion-del-proyecto-ensenar-para-emprender\/","og_locale":"es_ES","og_type":"article","og_title":"Presentaci\u00f3n del Proyecto Ense\u00f1ar para Emprender - ULL - Agenda","og_description":"El Sal\u00f3n de Grados de la Facultad de Econom\u00eda, Empresa y Turismo acoge la presentaci\u00f3n del proyecto educativo Ense\u00f1ar para Emprender el mi\u00e9rcoles 31 de enero a las 11:00 horas. Este proyecto\u00a0tiene la finalidad de fomentar actitudes y habilidades para el emprendimiento desde edades tempranas a toda la poblaci\u00f3n educativa desde los niveles de infantil,...","og_url":"https:\/\/www.ull.es\/portal\/agenda\/evento\/presentacion-del-proyecto-ensenar-para-emprender\/","og_site_name":"ULL - Agenda","article_modified_time":"2024-01-26T12:54:27+00:00","og_image":[{"width":750,"height":370,"url":"https:\/\/www.ull.es\/portal\/agenda\/wp-content\/uploads\/sites\/12\/2024\/01\/IMG_5433.jpeg","type":"image\/jpeg"}],"twitter_card":"summary_large_image","twitter_misc":{"Tiempo de lectura":"1 minuto"},"schema":{"@context":"https:\/\/schema.org","@graph":[{"@type":"WebPage","@id":"https:\/\/www.ull.es\/portal\/agenda\/evento\/presentacion-del-proyecto-ensenar-para-emprender\/","url":"https:\/\/www.ull.es\/portal\/agenda\/evento\/presentacion-del-proyecto-ensenar-para-emprender\/","name":"Presentaci\u00f3n del Proyecto Ense\u00f1ar para Emprender - ULL - Agenda","isPartOf":{"@id":"https:\/\/www.ull.es\/portal\/agenda\/#website"},"datePublished":"2024-01-26T11:17:59+00:00","dateModified":"2024-01-26T12:54:27+00:00","breadcrumb":{"@id":"https:\/\/www.ull.es\/portal\/agenda\/evento\/presentacion-del-proyecto-ensenar-para-emprender\/#breadcrumb"},"inLanguage":"es","potentialAction":[{"@type":"ReadAction","target":["https:\/\/www.ull.es\/portal\/agenda\/evento\/presentacion-del-proyecto-ensenar-para-emprender\/"]}]},{"@type":"BreadcrumbList","@id":"https:\/\/www.ull.es\/portal\/agenda\/evento\/presentacion-del-proyecto-ensenar-para-emprender\/#breadcrumb","itemListElement":[{"@type":"ListItem","position":1,"name":"Portada","item":"https:\/\/www.ull.es\/portal\/agenda\/"},{"@type":"ListItem","position":2,"name":"Presentaci\u00f3n del Proyecto Ense\u00f1ar para Emprender"}]},{"@type":"WebSite","@id":"https:\/\/www.ull.es\/portal\/agenda\/#website","url":"https:\/\/www.ull.es\/portal\/agenda\/","name":"ULL - Agenda","description":"","potentialAction":[{"@type":"SearchAction","target":{"@type":"EntryPoint","urlTemplate":"https:\/\/www.ull.es\/portal\/agenda\/?s={search_term_string}"},"query-input":"required name=search_term_string"}],"inLanguage":"es"}]}},"_links":{"self":[{"href":"https:\/\/www.ull.es\/portal\/agenda\/wp-json\/wp\/v2\/tribe_events\/33923"}],"collection":[{"href":"https:\/\/www.ull.es\/portal\/agenda\/wp-json\/wp\/v2\/tribe_events"}],"about":[{"href":"https:\/\/www.ull.es\/portal\/agenda\/wp-json\/wp\/v2\/types\/tribe_events"}],"author":[{"embeddable":true,"href":"https:\/\/www.ull.es\/portal\/agenda\/wp-json\/wp\/v2\/users\/65"}],"replies":[{"embeddable":true,"href":"https:\/\/www.ull.es\/portal\/agenda\/wp-json\/wp\/v2\/comments?post=33923"}],"version-history":[{"count":1,"href":"https:\/\/www.ull.es\/portal\/agenda\/wp-json\/wp\/v2\/tribe_events\/33923\/revisions"}],"predecessor-version":[{"id":33928,"href":"https:\/\/www.ull.es\/portal\/agenda\/wp-json\/wp\/v2\/tribe_events\/33923\/revisions\/33928"}],"wp:featuredmedia":[{"embeddable":true,"href":"https:\/\/www.ull.es\/portal\/agenda\/wp-json\/wp\/v2\/media\/33947"}],"wp:attachment":[{"href":"https:\/\/www.ull.es\/portal\/agenda\/wp-json\/wp\/v2\/media?parent=33923"}],"wp:term":[{"taxonomy":"post_tag","embeddable":true,"href":"https:\/\/www.ull.es\/portal\/agenda\/wp-json\/wp\/v2\/tags?post=33923"},{"taxonomy":"tribe_events_cat","embeddable":true,"href":"https:\/\/www.ull.es\/portal\/agenda\/wp-json\/wp\/v2\/tribe_events_cat?post=33923"}],"curies":[{"name":"wp","href":"https:\/\/api.w.org\/{rel}","templated":true}]}}

Presentación del Proyecto Enseñar para Emprender

<p>El Salón de Grados de la Facultad de Economía, Empresa y Turismo acoge la presentación del proyecto educativo Enseñar para Emprender el miércoles 31 de enero a las 11:00 horas. Este proyecto tiene la finalidad de fomentar actitudes y habilidades para el emprendimiento desde edades tempranas a toda la población educativa desde los niveles de infantil, primaria, secundaria, bachillerato, aulas enclave y FP básica de centros educativos públicos y concertados, de la provincia de Santa Cruz de Tenerife.</p>
<p>Este propósito se lleva a cabo a través de un programa formativo donde se estimulan las capacidades personales, profesionales y sociales del alumnado, simulando la creación de cooperativas en las que producen y exponen sus propios productos o servicios en un contexto real, donando parte de los beneficios que se obtienen a una entidad u organización sin ánimo de lucro.</p>

<p>El Salón de Grados de la Facultad de Economía, Empresa y Turismo acoge la presentación del proyecto educativo Enseñar para Emprender el miércoles 31 de enero a las 11:00 horas. Este proyecto tiene la finalidad de fomentar actitudes y habilidades para el emprendimiento desde edades tempranas a toda la población educativa desde los niveles de infantil,&#8230;</p>

<!-- This site is optimized with the Yoast SEO plugin v21.3 - https://yoast.com/wordpress/plugins/seo/ -->
<title>Presentación del Proyecto Enseñar para Emprender - ULL - Agenda</title>
<meta name="robots" content="index, follow, max-snippet:-1, max-image-preview:large, max-video-preview:-1" />
<link rel="canonical" href="https://www.ull.es/portal/agenda/evento/presentacion-del-proyecto-ensenar-para-emprender/" />
<meta property="og:locale" content="es_ES" />
<meta property="og:type" content="article" />
<meta property="og:title" content="Presentación del Proyecto Enseñar para Emprender - ULL - Agenda" />
<meta property="og:description" content="El Salón de Grados de la Facultad de Economía, Empresa y Turismo acoge la presentación del proyecto educativo Enseñar para Emprender el miércoles 31 de enero a las 11:00 horas. Este proyecto tiene la finalidad de fomentar actitudes y habilidades para el emprendimiento desde edades tempranas a toda la población educativa desde los niveles de infantil,..." />
<meta property="og:url" content="https://www.ull.es/portal/agenda/evento/presentacion-del-proyecto-ensenar-para-emprender/" />
<meta property="og:site_name" content="ULL - Agenda" />
<meta property="article:modified_time" content="2024-01-26T12:54:27+00:00" />
<meta property="og:image" content="https://www.ull.es/portal/agenda/wp-content/uploads/sites/12/2024/01/IMG_5433.jpeg" />
	<meta property="og:image:width" content="750" />
	<meta property="og:image:height" content="370" />
	<meta property="og:image:type" content="image/jpeg" />
<meta name="twitter:card" content="summary_large_image" />
<meta name="twitter:label1" content="Tiempo de lectura" />
	<meta name="twitter:data1" content="1 minuto" />
<script type="application/ld+json" class="yoast-schema-graph">{"@context":"https://schema.org","@graph":[{"@type":"WebPage","@id":"https://www.ull.es/portal/agenda/evento/presentacion-del-proyecto-ensenar-para-emprender/","url":"https://www.ull.es/portal/agenda/evento/presentacion-del-proyecto-ensenar-para-emprender/","name":"Presentación del Proyecto Enseñar para Emprender - ULL - Agenda","isPartOf":{"@id":"https://www.ull.es/portal/agenda/#website"},"datePublished":"2024-01-26T11:17:59+00:00","dateModified":"2024-01-26T12:54:27+00:00","breadcrumb":{"@id":"https://www.ull.es/portal/agenda/evento/presentacion-del-proyecto-ensenar-para-emprender/#breadcrumb"},"inLanguage":"es","potentialAction":[{"@type":"ReadAction","target":["https://www.ull.es/portal/agenda/evento/presentacion-del-proyecto-ensenar-para-emprender/"]}]},{"@type":"BreadcrumbList","@id":"https://www.ull.es/portal/agenda/evento/presentacion-del-proyecto-ensenar-para-emprender/#breadcrumb","itemListElement":[{"@type":"ListItem","position":1,"name":"Portada","item":"https://www.ull.es/portal/agenda/"},{"@type":"ListItem","position":2,"name":"Presentación del Proyecto Enseñar para Emprender"}]},{"@type":"WebSite","@id":"https://www.ull.es/portal/agenda/#website","url":"https://www.ull.es/portal/agenda/","name":"ULL - Agenda","description":"","potentialAction":[{"@type":"SearchAction","target":{"@type":"EntryPoint","urlTemplate":"https://www.ull.es/portal/agenda/?s={search_term_string}"},"query-input":"required name=search_term_string"}],"inLanguage":"es"}]}</script>
<!-- / Yoast SEO plugin. -->

Presentación del Proyecto Enseñar para Emprender - ULL - Agenda

El Salón de Grados de la Facultad de Economía, Empresa y Turismo acoge la presentación del proyecto educativo Enseñar para Emprender el miércoles 31 de enero a las 11:00 horas. Este proyecto tiene la finalidad de fomentar actitudes y habilidades para el emprendimiento desde edades tempranas a toda la población educativa desde los niveles de infantil,...
