{"id":34128,"date":"2024-02-14T13:33:32","date_gmt":"2024-02-14T13:33:32","guid":{"rendered":"https:\/\/www.ull.es\/portal\/agenda\/?post_type=tribe_events&#038;p=34128"},"modified":"2024-02-14T13:33:32","modified_gmt":"2024-02-14T13:33:32","slug":"ii-seminario-sobre-propiedad-intelectual-y-radiodifusion","status":"publish","type":"tribe_events","link":"https:\/\/www.ull.es\/portal\/agenda\/evento\/ii-seminario-sobre-propiedad-intelectual-y-radiodifusion\/","title":{"rendered":"II Seminario sobre Propiedad Intelectual y Radiodifusi\u00f3n"},"content":{"rendered":"<p>El Aula Cultural \u00abRadio Campus\u00bb con la colaboraci\u00f3n de la Asociaci\u00f3n de Radios Universitarias de Espa\u00f1a (ARU) organizan esta actividad que se celebrar\u00e1 en modalidad online el 15 de marzo de 2024 de 10:30 a 12:30 horas.<\/p>\n<p>El seminario se presenta como una actividad divulgadora e introductoria al Derecho de la propiedad intelectual, orient\u00e1ndose espec\u00edficamente hacia las actividades de radiodifusi\u00f3n en el \u00e1mbito universitario. En consecuencia, sus objetivos son los de iniciar a la audiencia en los fundamentos de la regulaci\u00f3n protectora de las obras del intelecto humano y abordar su aplicaci\u00f3n en el \u00e1mbito radiof\u00f3nico.<\/p>\n<p>Dirigido a los miembros de las emisoras universitarias de ARU y a cualquier persona interesada en el objeto del seminario.<\/p>\n<p>Direcci\u00f3n acad\u00e9mica:<\/p>\n<ul>\n<li>Luis Javier Capote P\u00e9rez. Profesor Contratado Doctor Tipo I de Derecho Civil de la Universidad de La Laguna.<\/li>\n<li>Eva M\u00aa. Gonz\u00e1lez Lorenzo. Doctora en Ciencias de la Comunicaci\u00f3n, Directora-Gerente de la Asociaci\u00f3n Cultural de Relaciones Internacionales \u201cHacer para el desarrollo\u201d.<\/li>\n<\/ul>\n<p><a href=\"https:\/\/sede.fg.ull.es\/es\/curso\/detalle?code=a24020051&amp;name=ii-seminario-sobre-propiedad-intelectual-y-radiodifusion&amp;query=%3Fcode%3DA24020051\" target=\"_blank\" rel=\"noopener\" target=\"_blank\" rel=\"noopener\"><strong><u>Asistencia gratuita previa inscripci\u00f3n aqu\u00ed.<\/u><\/strong><\/a><\/p>\n<p>CERTIFICADO DE ASISTENCIA: La Universidad de La Laguna, a trav\u00e9s del Vicerrectorado de Cultura y Extensi\u00f3n Universitaria, emitir\u00e1 un certificado de asistencia a todas aquellas personas que participen, previa inscripci\u00f3n en la actividad.<\/p>\n<p><strong>Contacto: 922 319 616 \/ 922 319 626 \u2013\u00a0<\/strong><a href=\"mailto:extuni@ull.edu.es\" target=\"_blank\" rel=\"noopener\" target=\"_blank\" rel=\"noopener\"><strong>extuni@ull.es<\/strong><\/a><\/p>\n","protected":false},"excerpt":{"rendered":"<p>El Aula Cultural \u00abRadio Campus\u00bb con la colaboraci\u00f3n de la Asociaci\u00f3n de Radios Universitarias de Espa\u00f1a (ARU) organizan esta actividad que se celebrar\u00e1 en modalidad online el 15 de marzo de 2024 de 10:30 a 12:30 horas. El seminario se presenta como una actividad divulgadora e introductoria al Derecho de la propiedad intelectual, orient\u00e1ndose espec\u00edficamente&#8230;<\/p>\n","protected":false},"author":43,"featured_media":34130,"comment_status":"closed","ping_status":"closed","template":"","tags":[4259,977,3812,3751],"tribe_events_cat":[472,471,4,186],"acf":[],"yoast_head":"<!-- This site is optimized with the Yoast SEO plugin v21.3 - https:\/\/yoast.com\/wordpress\/plugins\/seo\/ -->\n<title>II Seminario sobre Propiedad Intelectual y Radiodifusi\u00f3n - ULL - Agenda<\/title>\n<meta name=\"robots\" content=\"index, follow, max-snippet:-1, max-image-preview:large, max-video-preview:-1\" \/>\n<link rel=\"canonical\" href=\"https:\/\/www.ull.es\/portal\/agenda\/evento\/ii-seminario-sobre-propiedad-intelectual-y-radiodifusion\/\" \/>\n<meta property=\"og:locale\" content=\"es_ES\" \/>\n<meta property=\"og:type\" content=\"article\" \/>\n<meta property=\"og:title\" content=\"II Seminario sobre Propiedad Intelectual y Radiodifusi\u00f3n - ULL - Agenda\" \/>\n<meta property=\"og:description\" content=\"El Aula Cultural \u00abRadio Campus\u00bb con la colaboraci\u00f3n de la Asociaci\u00f3n de Radios Universitarias de Espa\u00f1a (ARU) organizan esta actividad que se celebrar\u00e1 en modalidad online el 15 de marzo de 2024 de 10:30 a 12:30 horas. El seminario se presenta como una actividad divulgadora e introductoria al Derecho de la propiedad intelectual, orient\u00e1ndose espec\u00edficamente...\" \/>\n<meta property=\"og:url\" content=\"https:\/\/www.ull.es\/portal\/agenda\/evento\/ii-seminario-sobre-propiedad-intelectual-y-radiodifusion\/\" \/>\n<meta property=\"og:site_name\" content=\"ULL - Agenda\" \/>\n<meta property=\"og:image\" content=\"https:\/\/www.ull.es\/portal\/agenda\/wp-content\/uploads\/sites\/12\/2024\/02\/Radio.png\" \/>\n\t<meta property=\"og:image:width\" content=\"700\" \/>\n\t<meta property=\"og:image:height\" content=\"350\" \/>\n\t<meta property=\"og:image:type\" content=\"image\/png\" \/>\n<meta name=\"twitter:card\" content=\"summary_large_image\" \/>\n<meta name=\"twitter:label1\" content=\"Tiempo de lectura\" \/>\n\t<meta name=\"twitter:data1\" content=\"1 minuto\" \/>\n<script type=\"application\/ld+json\" class=\"yoast-schema-graph\">{\"@context\":\"https:\/\/schema.org\",\"@graph\":[{\"@type\":\"WebPage\",\"@id\":\"https:\/\/www.ull.es\/portal\/agenda\/evento\/ii-seminario-sobre-propiedad-intelectual-y-radiodifusion\/\",\"url\":\"https:\/\/www.ull.es\/portal\/agenda\/evento\/ii-seminario-sobre-propiedad-intelectual-y-radiodifusion\/\",\"name\":\"II Seminario sobre Propiedad Intelectual y Radiodifusi\u00f3n - ULL - Agenda\",\"isPartOf\":{\"@id\":\"https:\/\/www.ull.es\/portal\/agenda\/#website\"},\"datePublished\":\"2024-02-14T13:33:32+00:00\",\"dateModified\":\"2024-02-14T13:33:32+00:00\",\"breadcrumb\":{\"@id\":\"https:\/\/www.ull.es\/portal\/agenda\/evento\/ii-seminario-sobre-propiedad-intelectual-y-radiodifusion\/#breadcrumb\"},\"inLanguage\":\"es\",\"potentialAction\":[{\"@type\":\"ReadAction\",\"target\":[\"https:\/\/www.ull.es\/portal\/agenda\/evento\/ii-seminario-sobre-propiedad-intelectual-y-radiodifusion\/\"]}]},{\"@type\":\"BreadcrumbList\",\"@id\":\"https:\/\/www.ull.es\/portal\/agenda\/evento\/ii-seminario-sobre-propiedad-intelectual-y-radiodifusion\/#breadcrumb\",\"itemListElement\":[{\"@type\":\"ListItem\",\"position\":1,\"name\":\"Portada\",\"item\":\"https:\/\/www.ull.es\/portal\/agenda\/\"},{\"@type\":\"ListItem\",\"position\":2,\"name\":\"II Seminario sobre Propiedad Intelectual y Radiodifusi\u00f3n\"}]},{\"@type\":\"WebSite\",\"@id\":\"https:\/\/www.ull.es\/portal\/agenda\/#website\",\"url\":\"https:\/\/www.ull.es\/portal\/agenda\/\",\"name\":\"ULL - Agenda\",\"description\":\"\",\"potentialAction\":[{\"@type\":\"SearchAction\",\"target\":{\"@type\":\"EntryPoint\",\"urlTemplate\":\"https:\/\/www.ull.es\/portal\/agenda\/?s={search_term_string}\"},\"query-input\":\"required name=search_term_string\"}],\"inLanguage\":\"es\"}]}<\/script>\n<!-- \/ Yoast SEO plugin. -->","yoast_head_json":{"title":"II Seminario sobre Propiedad Intelectual y Radiodifusi\u00f3n - ULL - Agenda","robots":{"index":"index","follow":"follow","max-snippet":"max-snippet:-1","max-image-preview":"max-image-preview:large","max-video-preview":"max-video-preview:-1"},"canonical":"https:\/\/www.ull.es\/portal\/agenda\/evento\/ii-seminario-sobre-propiedad-intelectual-y-radiodifusion\/","og_locale":"es_ES","og_type":"article","og_title":"II Seminario sobre Propiedad Intelectual y Radiodifusi\u00f3n - ULL - Agenda","og_description":"El Aula Cultural \u00abRadio Campus\u00bb con la colaboraci\u00f3n de la Asociaci\u00f3n de Radios Universitarias de Espa\u00f1a (ARU) organizan esta actividad que se celebrar\u00e1 en modalidad online el 15 de marzo de 2024 de 10:30 a 12:30 horas. El seminario se presenta como una actividad divulgadora e introductoria al Derecho de la propiedad intelectual, orient\u00e1ndose espec\u00edficamente...","og_url":"https:\/\/www.ull.es\/portal\/agenda\/evento\/ii-seminario-sobre-propiedad-intelectual-y-radiodifusion\/","og_site_name":"ULL - Agenda","og_image":[{"width":700,"height":350,"url":"https:\/\/www.ull.es\/portal\/agenda\/wp-content\/uploads\/sites\/12\/2024\/02\/Radio.png","type":"image\/png"}],"twitter_card":"summary_large_image","twitter_misc":{"Tiempo de lectura":"1 minuto"},"schema":{"@context":"https:\/\/schema.org","@graph":[{"@type":"WebPage","@id":"https:\/\/www.ull.es\/portal\/agenda\/evento\/ii-seminario-sobre-propiedad-intelectual-y-radiodifusion\/","url":"https:\/\/www.ull.es\/portal\/agenda\/evento\/ii-seminario-sobre-propiedad-intelectual-y-radiodifusion\/","name":"II Seminario sobre Propiedad Intelectual y Radiodifusi\u00f3n - ULL - Agenda","isPartOf":{"@id":"https:\/\/www.ull.es\/portal\/agenda\/#website"},"datePublished":"2024-02-14T13:33:32+00:00","dateModified":"2024-02-14T13:33:32+00:00","breadcrumb":{"@id":"https:\/\/www.ull.es\/portal\/agenda\/evento\/ii-seminario-sobre-propiedad-intelectual-y-radiodifusion\/#breadcrumb"},"inLanguage":"es","potentialAction":[{"@type":"ReadAction","target":["https:\/\/www.ull.es\/portal\/agenda\/evento\/ii-seminario-sobre-propiedad-intelectual-y-radiodifusion\/"]}]},{"@type":"BreadcrumbList","@id":"https:\/\/www.ull.es\/portal\/agenda\/evento\/ii-seminario-sobre-propiedad-intelectual-y-radiodifusion\/#breadcrumb","itemListElement":[{"@type":"ListItem","position":1,"name":"Portada","item":"https:\/\/www.ull.es\/portal\/agenda\/"},{"@type":"ListItem","position":2,"name":"II Seminario sobre Propiedad Intelectual y Radiodifusi\u00f3n"}]},{"@type":"WebSite","@id":"https:\/\/www.ull.es\/portal\/agenda\/#website","url":"https:\/\/www.ull.es\/portal\/agenda\/","name":"ULL - Agenda","description":"","potentialAction":[{"@type":"SearchAction","target":{"@type":"EntryPoint","urlTemplate":"https:\/\/www.ull.es\/portal\/agenda\/?s={search_term_string}"},"query-input":"required name=search_term_string"}],"inLanguage":"es"}]}},"_links":{"self":[{"href":"https:\/\/www.ull.es\/portal\/agenda\/wp-json\/wp\/v2\/tribe_events\/34128"}],"collection":[{"href":"https:\/\/www.ull.es\/portal\/agenda\/wp-json\/wp\/v2\/tribe_events"}],"about":[{"href":"https:\/\/www.ull.es\/portal\/agenda\/wp-json\/wp\/v2\/types\/tribe_events"}],"author":[{"embeddable":true,"href":"https:\/\/www.ull.es\/portal\/agenda\/wp-json\/wp\/v2\/users\/43"}],"replies":[{"embeddable":true,"href":"https:\/\/www.ull.es\/portal\/agenda\/wp-json\/wp\/v2\/comments?post=34128"}],"version-history":[{"count":2,"href":"https:\/\/www.ull.es\/portal\/agenda\/wp-json\/wp\/v2\/tribe_events\/34128\/revisions"}],"predecessor-version":[{"id":34131,"href":"https:\/\/www.ull.es\/portal\/agenda\/wp-json\/wp\/v2\/tribe_events\/34128\/revisions\/34131"}],"wp:featuredmedia":[{"embeddable":true,"href":"https:\/\/www.ull.es\/portal\/agenda\/wp-json\/wp\/v2\/media\/34130"}],"wp:attachment":[{"href":"https:\/\/www.ull.es\/portal\/agenda\/wp-json\/wp\/v2\/media?parent=34128"}],"wp:term":[{"taxonomy":"post_tag","embeddable":true,"href":"https:\/\/www.ull.es\/portal\/agenda\/wp-json\/wp\/v2\/tags?post=34128"},{"taxonomy":"tribe_events_cat","embeddable":true,"href":"https:\/\/www.ull.es\/portal\/agenda\/wp-json\/wp\/v2\/tribe_events_cat?post=34128"}],"curies":[{"name":"wp","href":"https:\/\/api.w.org\/{rel}","templated":true}]}}

II Seminario sobre Propiedad Intelectual y Radiodifusión

<p>El Aula Cultural «Radio Campus» con la colaboración de la Asociación de Radios Universitarias de España (ARU) organizan esta actividad que se celebrará en modalidad online el 15 de marzo de 2024 de 10:30 a 12:30 horas.</p>
<p>El seminario se presenta como una actividad divulgadora e introductoria al Derecho de la propiedad intelectual, orientándose específicamente hacia las actividades de radiodifusión en el ámbito universitario. En consecuencia, sus objetivos son los de iniciar a la audiencia en los fundamentos de la regulación protectora de las obras del intelecto humano y abordar su aplicación en el ámbito radiofónico.</p>
<p>Dirigido a los miembros de las emisoras universitarias de ARU y a cualquier persona interesada en el objeto del seminario.</p>
<p>Dirección académica:</p>
<ul>
<li>Luis Javier Capote Pérez. Profesor Contratado Doctor Tipo I de Derecho Civil de la Universidad de La Laguna.</li>
<li>Eva Mª. González Lorenzo. Doctora en Ciencias de la Comunicación, Directora-Gerente de la Asociación Cultural de Relaciones Internacionales “Hacer para el desarrollo”.</li>
</ul>
<p><a href="https://sede.fg.ull.es/es/curso/detalle?code=a24020051&amp;name=ii-seminario-sobre-propiedad-intelectual-y-radiodifusion&amp;query=%3Fcode%3DA24020051" target="_blank" rel="noopener" target="_blank" rel="noopener"><strong><u>Asistencia gratuita previa inscripción aquí.</u></strong></a></p>
<p>CERTIFICADO DE ASISTENCIA: La Universidad de La Laguna, a través del Vicerrectorado de Cultura y Extensión Universitaria, emitirá un certificado de asistencia a todas aquellas personas que participen, previa inscripción en la actividad.</p>
<p><strong>Contacto: 922 319 616 / 922 319 626 – </strong><a href="mailto:extuni@ull.edu.es" target="_blank" rel="noopener" target="_blank" rel="noopener"><strong>extuni@ull.es</strong></a></p>

<p>El Aula Cultural «Radio Campus» con la colaboración de la Asociación de Radios Universitarias de España (ARU) organizan esta actividad que se celebrará en modalidad online el 15 de marzo de 2024 de 10:30 a 12:30 horas. El seminario se presenta como una actividad divulgadora e introductoria al Derecho de la propiedad intelectual, orientándose específicamente&#8230;</p>

<!-- This site is optimized with the Yoast SEO plugin v21.3 - https://yoast.com/wordpress/plugins/seo/ -->
<title>II Seminario sobre Propiedad Intelectual y Radiodifusión - ULL - Agenda</title>
<meta name="robots" content="index, follow, max-snippet:-1, max-image-preview:large, max-video-preview:-1" />
<link rel="canonical" href="https://www.ull.es/portal/agenda/evento/ii-seminario-sobre-propiedad-intelectual-y-radiodifusion/" />
<meta property="og:locale" content="es_ES" />
<meta property="og:type" content="article" />
<meta property="og:title" content="II Seminario sobre Propiedad Intelectual y Radiodifusión - ULL - Agenda" />
<meta property="og:description" content="El Aula Cultural «Radio Campus» con la colaboración de la Asociación de Radios Universitarias de España (ARU) organizan esta actividad que se celebrará en modalidad online el 15 de marzo de 2024 de 10:30 a 12:30 horas. El seminario se presenta como una actividad divulgadora e introductoria al Derecho de la propiedad intelectual, orientándose específicamente..." />
<meta property="og:url" content="https://www.ull.es/portal/agenda/evento/ii-seminario-sobre-propiedad-intelectual-y-radiodifusion/" />
<meta property="og:site_name" content="ULL - Agenda" />
<meta property="og:image" content="https://www.ull.es/portal/agenda/wp-content/uploads/sites/12/2024/02/Radio.png" />
	<meta property="og:image:width" content="700" />
	<meta property="og:image:height" content="350" />
	<meta property="og:image:type" content="image/png" />
<meta name="twitter:card" content="summary_large_image" />
<meta name="twitter:label1" content="Tiempo de lectura" />
	<meta name="twitter:data1" content="1 minuto" />
<script type="application/ld+json" class="yoast-schema-graph">{"@context":"https://schema.org","@graph":[{"@type":"WebPage","@id":"https://www.ull.es/portal/agenda/evento/ii-seminario-sobre-propiedad-intelectual-y-radiodifusion/","url":"https://www.ull.es/portal/agenda/evento/ii-seminario-sobre-propiedad-intelectual-y-radiodifusion/","name":"II Seminario sobre Propiedad Intelectual y Radiodifusión - ULL - Agenda","isPartOf":{"@id":"https://www.ull.es/portal/agenda/#website"},"datePublished":"2024-02-14T13:33:32+00:00","dateModified":"2024-02-14T13:33:32+00:00","breadcrumb":{"@id":"https://www.ull.es/portal/agenda/evento/ii-seminario-sobre-propiedad-intelectual-y-radiodifusion/#breadcrumb"},"inLanguage":"es","potentialAction":[{"@type":"ReadAction","target":["https://www.ull.es/portal/agenda/evento/ii-seminario-sobre-propiedad-intelectual-y-radiodifusion/"]}]},{"@type":"BreadcrumbList","@id":"https://www.ull.es/portal/agenda/evento/ii-seminario-sobre-propiedad-intelectual-y-radiodifusion/#breadcrumb","itemListElement":[{"@type":"ListItem","position":1,"name":"Portada","item":"https://www.ull.es/portal/agenda/"},{"@type":"ListItem","position":2,"name":"II Seminario sobre Propiedad Intelectual y Radiodifusión"}]},{"@type":"WebSite","@id":"https://www.ull.es/portal/agenda/#website","url":"https://www.ull.es/portal/agenda/","name":"ULL - Agenda","description":"","potentialAction":[{"@type":"SearchAction","target":{"@type":"EntryPoint","urlTemplate":"https://www.ull.es/portal/agenda/?s={search_term_string}"},"query-input":"required name=search_term_string"}],"inLanguage":"es"}]}</script>
<!-- / Yoast SEO plugin. -->

II Seminario sobre Propiedad Intelectual y Radiodifusión - ULL - Agenda

El Aula Cultural «Radio Campus» con la colaboración de la Asociación de Radios Universitarias de España (ARU) organizan esta actividad que se celebrará en modalidad online el 15 de marzo de 2024 de 10:30 a 12:30 horas. El seminario se presenta como una actividad divulgadora e introductoria al Derecho de la propiedad intelectual, orientándose específicamente...
