{"id":34250,"date":"2024-02-21T09:10:46","date_gmt":"2024-02-21T09:10:46","guid":{"rendered":"https:\/\/www.ull.es\/portal\/agenda\/?post_type=tribe_events&#038;p=34250"},"modified":"2024-03-14T13:25:54","modified_gmt":"2024-03-14T13:25:54","slug":"un-fisquito-de-matematicas-la-cinta-de-mobius-puede-tener-dos-caras","status":"publish","type":"tribe_events","link":"https:\/\/www.ull.es\/portal\/agenda\/evento\/un-fisquito-de-matematicas-la-cinta-de-mobius-puede-tener-dos-caras\/","title":{"rendered":"Un Fisquito de Matem\u00e1ticas: La cinta de M\u00f6bius puede tener dos caras"},"content":{"rendered":"<p>El\u00a0 jueves 14 de marzo comienza la 14\u00ba temporada de un nuevo fisquito matem\u00e1tico en el Aula Magna Blas Cabrera del Edificio de F\u00edsica y Matem\u00e1ticas de la Universidad de La Laguna.<\/p>\n<p>Para aquellos que no conozcan esta actividad se trata de una minicharla que no dura m\u00e1s de 10 minutos en donde se cuenta de una manera divulgativa alguna cuesti\u00f3n relacionada con las matem\u00e1ticas. El acto es abierto a todo el p\u00fablico (no necesariamente universitario).<\/p>\n<p>Fisquitero: Jaime Madrid (Lemnismath)<br \/>\nT\u00edtulo: La cinta de M\u00f6bius puede tener dos caras<br \/>\nHora: 10:45<br \/>\nD\u00eda: jueves 14 de marzo de 2024<br \/>\nLugar: Aula Magna Blas Cabrera Felipe, Edificio de Matem\u00e1ticas y F\u00edsica de la ULL<\/p>\n<p><a href=\"https:\/\/youtu.be\/a-RiHtMEkw0\" target=\"_blank\" rel=\"noopener\" target=\"_blank\" rel=\"noopener\">Video promocional<\/a><\/p>\n<p>Si quieres ver alguno de los fisquitos de las anteriores temporada puedes verlos en este\u00a0<a href=\"https:\/\/www.ull.es\/portal\/cienciaull\/ediciones-anteriores-de-un-fisquito-de-matematicas\/\" target=\"_blank\" rel=\"noopener\" target=\"_blank\" rel=\"noopener\">enlace<\/a>.<\/p>\n","protected":false},"excerpt":{"rendered":"<p>El\u00a0 jueves 14 de marzo comienza la 14\u00ba temporada de un nuevo fisquito matem\u00e1tico en el Aula Magna Blas Cabrera del Edificio de F\u00edsica y Matem\u00e1ticas de la Universidad de La Laguna. Para aquellos que no conozcan esta actividad se trata de una minicharla que no dura m\u00e1s de 10 minutos en donde se cuenta&#8230;<\/p>\n","protected":false},"author":65,"featured_media":34251,"comment_status":"closed","ping_status":"closed","template":"","tags":[],"tribe_events_cat":[347,4,972,4399,559,4655,186],"acf":[],"yoast_head":"<!-- This site is optimized with the Yoast SEO plugin v21.3 - https:\/\/yoast.com\/wordpress\/plugins\/seo\/ -->\n<title>Un Fisquito de Matem\u00e1ticas: La cinta de M\u00f6bius puede tener dos caras - ULL - Agenda<\/title>\n<meta name=\"robots\" content=\"index, follow, max-snippet:-1, max-image-preview:large, max-video-preview:-1\" \/>\n<link rel=\"canonical\" href=\"https:\/\/www.ull.es\/portal\/agenda\/evento\/un-fisquito-de-matematicas-la-cinta-de-mobius-puede-tener-dos-caras\/\" \/>\n<meta property=\"og:locale\" content=\"es_ES\" \/>\n<meta property=\"og:type\" content=\"article\" \/>\n<meta property=\"og:title\" content=\"Un Fisquito de Matem\u00e1ticas: La cinta de M\u00f6bius puede tener dos caras - ULL - Agenda\" \/>\n<meta property=\"og:description\" content=\"El\u00a0 jueves 14 de marzo comienza la 14\u00ba temporada de un nuevo fisquito matem\u00e1tico en el Aula Magna Blas Cabrera del Edificio de F\u00edsica y Matem\u00e1ticas de la Universidad de La Laguna. Para aquellos que no conozcan esta actividad se trata de una minicharla que no dura m\u00e1s de 10 minutos en donde se cuenta...\" \/>\n<meta property=\"og:url\" content=\"https:\/\/www.ull.es\/portal\/agenda\/evento\/un-fisquito-de-matematicas-la-cinta-de-mobius-puede-tener-dos-caras\/\" \/>\n<meta property=\"og:site_name\" content=\"ULL - Agenda\" \/>\n<meta property=\"article:modified_time\" content=\"2024-03-14T13:25:54+00:00\" \/>\n<meta property=\"og:image\" content=\"https:\/\/www.ull.es\/portal\/agenda\/wp-content\/uploads\/sites\/12\/2024\/02\/FisquitoJaimeMadrid-Post-700-x-350-px-Edith-PADRON-FERNANDEZ.png\" \/>\n\t<meta property=\"og:image:width\" content=\"700\" \/>\n\t<meta property=\"og:image:height\" content=\"350\" \/>\n\t<meta property=\"og:image:type\" content=\"image\/png\" \/>\n<meta name=\"twitter:card\" content=\"summary_large_image\" \/>\n<meta name=\"twitter:label1\" content=\"Tiempo de lectura\" \/>\n\t<meta name=\"twitter:data1\" content=\"1 minuto\" \/>\n<script type=\"application\/ld+json\" class=\"yoast-schema-graph\">{\"@context\":\"https:\/\/schema.org\",\"@graph\":[{\"@type\":\"WebPage\",\"@id\":\"https:\/\/www.ull.es\/portal\/agenda\/evento\/un-fisquito-de-matematicas-la-cinta-de-mobius-puede-tener-dos-caras\/\",\"url\":\"https:\/\/www.ull.es\/portal\/agenda\/evento\/un-fisquito-de-matematicas-la-cinta-de-mobius-puede-tener-dos-caras\/\",\"name\":\"Un Fisquito de Matem\u00e1ticas: La cinta de M\u00f6bius puede tener dos caras - ULL - Agenda\",\"isPartOf\":{\"@id\":\"https:\/\/www.ull.es\/portal\/agenda\/#website\"},\"datePublished\":\"2024-02-21T09:10:46+00:00\",\"dateModified\":\"2024-03-14T13:25:54+00:00\",\"breadcrumb\":{\"@id\":\"https:\/\/www.ull.es\/portal\/agenda\/evento\/un-fisquito-de-matematicas-la-cinta-de-mobius-puede-tener-dos-caras\/#breadcrumb\"},\"inLanguage\":\"es\",\"potentialAction\":[{\"@type\":\"ReadAction\",\"target\":[\"https:\/\/www.ull.es\/portal\/agenda\/evento\/un-fisquito-de-matematicas-la-cinta-de-mobius-puede-tener-dos-caras\/\"]}]},{\"@type\":\"BreadcrumbList\",\"@id\":\"https:\/\/www.ull.es\/portal\/agenda\/evento\/un-fisquito-de-matematicas-la-cinta-de-mobius-puede-tener-dos-caras\/#breadcrumb\",\"itemListElement\":[{\"@type\":\"ListItem\",\"position\":1,\"name\":\"Portada\",\"item\":\"https:\/\/www.ull.es\/portal\/agenda\/\"},{\"@type\":\"ListItem\",\"position\":2,\"name\":\"Un Fisquito de Matem\u00e1ticas: La cinta de M\u00f6bius puede tener dos caras\"}]},{\"@type\":\"WebSite\",\"@id\":\"https:\/\/www.ull.es\/portal\/agenda\/#website\",\"url\":\"https:\/\/www.ull.es\/portal\/agenda\/\",\"name\":\"ULL - Agenda\",\"description\":\"\",\"potentialAction\":[{\"@type\":\"SearchAction\",\"target\":{\"@type\":\"EntryPoint\",\"urlTemplate\":\"https:\/\/www.ull.es\/portal\/agenda\/?s={search_term_string}\"},\"query-input\":\"required name=search_term_string\"}],\"inLanguage\":\"es\"}]}<\/script>\n<!-- \/ Yoast SEO plugin. -->","yoast_head_json":{"title":"Un Fisquito de Matem\u00e1ticas: La cinta de M\u00f6bius puede tener dos caras - ULL - Agenda","robots":{"index":"index","follow":"follow","max-snippet":"max-snippet:-1","max-image-preview":"max-image-preview:large","max-video-preview":"max-video-preview:-1"},"canonical":"https:\/\/www.ull.es\/portal\/agenda\/evento\/un-fisquito-de-matematicas-la-cinta-de-mobius-puede-tener-dos-caras\/","og_locale":"es_ES","og_type":"article","og_title":"Un Fisquito de Matem\u00e1ticas: La cinta de M\u00f6bius puede tener dos caras - ULL - Agenda","og_description":"El\u00a0 jueves 14 de marzo comienza la 14\u00ba temporada de un nuevo fisquito matem\u00e1tico en el Aula Magna Blas Cabrera del Edificio de F\u00edsica y Matem\u00e1ticas de la Universidad de La Laguna. Para aquellos que no conozcan esta actividad se trata de una minicharla que no dura m\u00e1s de 10 minutos en donde se cuenta...","og_url":"https:\/\/www.ull.es\/portal\/agenda\/evento\/un-fisquito-de-matematicas-la-cinta-de-mobius-puede-tener-dos-caras\/","og_site_name":"ULL - Agenda","article_modified_time":"2024-03-14T13:25:54+00:00","og_image":[{"width":700,"height":350,"url":"https:\/\/www.ull.es\/portal\/agenda\/wp-content\/uploads\/sites\/12\/2024\/02\/FisquitoJaimeMadrid-Post-700-x-350-px-Edith-PADRON-FERNANDEZ.png","type":"image\/png"}],"twitter_card":"summary_large_image","twitter_misc":{"Tiempo de lectura":"1 minuto"},"schema":{"@context":"https:\/\/schema.org","@graph":[{"@type":"WebPage","@id":"https:\/\/www.ull.es\/portal\/agenda\/evento\/un-fisquito-de-matematicas-la-cinta-de-mobius-puede-tener-dos-caras\/","url":"https:\/\/www.ull.es\/portal\/agenda\/evento\/un-fisquito-de-matematicas-la-cinta-de-mobius-puede-tener-dos-caras\/","name":"Un Fisquito de Matem\u00e1ticas: La cinta de M\u00f6bius puede tener dos caras - ULL - Agenda","isPartOf":{"@id":"https:\/\/www.ull.es\/portal\/agenda\/#website"},"datePublished":"2024-02-21T09:10:46+00:00","dateModified":"2024-03-14T13:25:54+00:00","breadcrumb":{"@id":"https:\/\/www.ull.es\/portal\/agenda\/evento\/un-fisquito-de-matematicas-la-cinta-de-mobius-puede-tener-dos-caras\/#breadcrumb"},"inLanguage":"es","potentialAction":[{"@type":"ReadAction","target":["https:\/\/www.ull.es\/portal\/agenda\/evento\/un-fisquito-de-matematicas-la-cinta-de-mobius-puede-tener-dos-caras\/"]}]},{"@type":"BreadcrumbList","@id":"https:\/\/www.ull.es\/portal\/agenda\/evento\/un-fisquito-de-matematicas-la-cinta-de-mobius-puede-tener-dos-caras\/#breadcrumb","itemListElement":[{"@type":"ListItem","position":1,"name":"Portada","item":"https:\/\/www.ull.es\/portal\/agenda\/"},{"@type":"ListItem","position":2,"name":"Un Fisquito de Matem\u00e1ticas: La cinta de M\u00f6bius puede tener dos caras"}]},{"@type":"WebSite","@id":"https:\/\/www.ull.es\/portal\/agenda\/#website","url":"https:\/\/www.ull.es\/portal\/agenda\/","name":"ULL - Agenda","description":"","potentialAction":[{"@type":"SearchAction","target":{"@type":"EntryPoint","urlTemplate":"https:\/\/www.ull.es\/portal\/agenda\/?s={search_term_string}"},"query-input":"required name=search_term_string"}],"inLanguage":"es"}]}},"_links":{"self":[{"href":"https:\/\/www.ull.es\/portal\/agenda\/wp-json\/wp\/v2\/tribe_events\/34250"}],"collection":[{"href":"https:\/\/www.ull.es\/portal\/agenda\/wp-json\/wp\/v2\/tribe_events"}],"about":[{"href":"https:\/\/www.ull.es\/portal\/agenda\/wp-json\/wp\/v2\/types\/tribe_events"}],"author":[{"embeddable":true,"href":"https:\/\/www.ull.es\/portal\/agenda\/wp-json\/wp\/v2\/users\/65"}],"replies":[{"embeddable":true,"href":"https:\/\/www.ull.es\/portal\/agenda\/wp-json\/wp\/v2\/comments?post=34250"}],"version-history":[{"count":1,"href":"https:\/\/www.ull.es\/portal\/agenda\/wp-json\/wp\/v2\/tribe_events\/34250\/revisions"}],"predecessor-version":[{"id":34252,"href":"https:\/\/www.ull.es\/portal\/agenda\/wp-json\/wp\/v2\/tribe_events\/34250\/revisions\/34252"}],"wp:featuredmedia":[{"embeddable":true,"href":"https:\/\/www.ull.es\/portal\/agenda\/wp-json\/wp\/v2\/media\/34251"}],"wp:attachment":[{"href":"https:\/\/www.ull.es\/portal\/agenda\/wp-json\/wp\/v2\/media?parent=34250"}],"wp:term":[{"taxonomy":"post_tag","embeddable":true,"href":"https:\/\/www.ull.es\/portal\/agenda\/wp-json\/wp\/v2\/tags?post=34250"},{"taxonomy":"tribe_events_cat","embeddable":true,"href":"https:\/\/www.ull.es\/portal\/agenda\/wp-json\/wp\/v2\/tribe_events_cat?post=34250"}],"curies":[{"name":"wp","href":"https:\/\/api.w.org\/{rel}","templated":true}]}}

Un Fisquito de Matemáticas: La cinta de Möbius puede tener dos caras

<p>El  jueves 14 de marzo comienza la 14º temporada de un nuevo fisquito matemático en el Aula Magna Blas Cabrera del Edificio de Física y Matemáticas de la Universidad de La Laguna.</p>
<p>Para aquellos que no conozcan esta actividad se trata de una minicharla que no dura más de 10 minutos en donde se cuenta de una manera divulgativa alguna cuestión relacionada con las matemáticas. El acto es abierto a todo el público (no necesariamente universitario).</p>
<p>Fisquitero: Jaime Madrid (Lemnismath)<br />
Título: La cinta de Möbius puede tener dos caras<br />
Hora: 10:45<br />
Día: jueves 14 de marzo de 2024<br />
Lugar: Aula Magna Blas Cabrera Felipe, Edificio de Matemáticas y Física de la ULL</p>
<p><a href="https://youtu.be/a-RiHtMEkw0" target="_blank" rel="noopener" target="_blank" rel="noopener">Video promocional</a></p>
<p>Si quieres ver alguno de los fisquitos de las anteriores temporada puedes verlos en este <a href="https://www.ull.es/portal/cienciaull/ediciones-anteriores-de-un-fisquito-de-matematicas/" target="_blank" rel="noopener" target="_blank" rel="noopener">enlace</a>.</p>

<p>El  jueves 14 de marzo comienza la 14º temporada de un nuevo fisquito matemático en el Aula Magna Blas Cabrera del Edificio de Física y Matemáticas de la Universidad de La Laguna. Para aquellos que no conozcan esta actividad se trata de una minicharla que no dura más de 10 minutos en donde se cuenta&#8230;</p>

<!-- This site is optimized with the Yoast SEO plugin v21.3 - https://yoast.com/wordpress/plugins/seo/ -->
<title>Un Fisquito de Matemáticas: La cinta de Möbius puede tener dos caras - ULL - Agenda</title>
<meta name="robots" content="index, follow, max-snippet:-1, max-image-preview:large, max-video-preview:-1" />
<link rel="canonical" href="https://www.ull.es/portal/agenda/evento/un-fisquito-de-matematicas-la-cinta-de-mobius-puede-tener-dos-caras/" />
<meta property="og:locale" content="es_ES" />
<meta property="og:type" content="article" />
<meta property="og:title" content="Un Fisquito de Matemáticas: La cinta de Möbius puede tener dos caras - ULL - Agenda" />
<meta property="og:description" content="El  jueves 14 de marzo comienza la 14º temporada de un nuevo fisquito matemático en el Aula Magna Blas Cabrera del Edificio de Física y Matemáticas de la Universidad de La Laguna. Para aquellos que no conozcan esta actividad se trata de una minicharla que no dura más de 10 minutos en donde se cuenta..." />
<meta property="og:url" content="https://www.ull.es/portal/agenda/evento/un-fisquito-de-matematicas-la-cinta-de-mobius-puede-tener-dos-caras/" />
<meta property="og:site_name" content="ULL - Agenda" />
<meta property="article:modified_time" content="2024-03-14T13:25:54+00:00" />
<meta property="og:image" content="https://www.ull.es/portal/agenda/wp-content/uploads/sites/12/2024/02/FisquitoJaimeMadrid-Post-700-x-350-px-Edith-PADRON-FERNANDEZ.png" />
	<meta property="og:image:width" content="700" />
	<meta property="og:image:height" content="350" />
	<meta property="og:image:type" content="image/png" />
<meta name="twitter:card" content="summary_large_image" />
<meta name="twitter:label1" content="Tiempo de lectura" />
	<meta name="twitter:data1" content="1 minuto" />
<script type="application/ld+json" class="yoast-schema-graph">{"@context":"https://schema.org","@graph":[{"@type":"WebPage","@id":"https://www.ull.es/portal/agenda/evento/un-fisquito-de-matematicas-la-cinta-de-mobius-puede-tener-dos-caras/","url":"https://www.ull.es/portal/agenda/evento/un-fisquito-de-matematicas-la-cinta-de-mobius-puede-tener-dos-caras/","name":"Un Fisquito de Matemáticas: La cinta de Möbius puede tener dos caras - ULL - Agenda","isPartOf":{"@id":"https://www.ull.es/portal/agenda/#website"},"datePublished":"2024-02-21T09:10:46+00:00","dateModified":"2024-03-14T13:25:54+00:00","breadcrumb":{"@id":"https://www.ull.es/portal/agenda/evento/un-fisquito-de-matematicas-la-cinta-de-mobius-puede-tener-dos-caras/#breadcrumb"},"inLanguage":"es","potentialAction":[{"@type":"ReadAction","target":["https://www.ull.es/portal/agenda/evento/un-fisquito-de-matematicas-la-cinta-de-mobius-puede-tener-dos-caras/"]}]},{"@type":"BreadcrumbList","@id":"https://www.ull.es/portal/agenda/evento/un-fisquito-de-matematicas-la-cinta-de-mobius-puede-tener-dos-caras/#breadcrumb","itemListElement":[{"@type":"ListItem","position":1,"name":"Portada","item":"https://www.ull.es/portal/agenda/"},{"@type":"ListItem","position":2,"name":"Un Fisquito de Matemáticas: La cinta de Möbius puede tener dos caras"}]},{"@type":"WebSite","@id":"https://www.ull.es/portal/agenda/#website","url":"https://www.ull.es/portal/agenda/","name":"ULL - Agenda","description":"","potentialAction":[{"@type":"SearchAction","target":{"@type":"EntryPoint","urlTemplate":"https://www.ull.es/portal/agenda/?s={search_term_string}"},"query-input":"required name=search_term_string"}],"inLanguage":"es"}]}</script>
<!-- / Yoast SEO plugin. -->

Un Fisquito de Matemáticas: La cinta de Möbius puede tener dos caras - ULL - Agenda

El  jueves 14 de marzo comienza la 14º temporada de un nuevo fisquito matemático en el Aula Magna Blas Cabrera del Edificio de Física y Matemáticas de la Universidad de La Laguna. Para aquellos que no conozcan esta actividad se trata de una minicharla que no dura más de 10 minutos en donde se cuenta...
