{"id":34254,"date":"2024-02-21T13:32:33","date_gmt":"2024-02-21T13:32:33","guid":{"rendered":"https:\/\/www.ull.es\/portal\/agenda\/?post_type=tribe_events&#038;p=34254"},"modified":"2024-02-22T13:31:45","modified_gmt":"2024-02-22T13:31:45","slug":"seminario-cientifico-la-perspectiva-de-genero-en-la-salud-laboral-una-proteccion-de-la-salud-efectiva-e-inclusiva","status":"publish","type":"tribe_events","link":"https:\/\/www.ull.es\/portal\/agenda\/evento\/seminario-cientifico-la-perspectiva-de-genero-en-la-salud-laboral-una-proteccion-de-la-salud-efectiva-e-inclusiva\/","title":{"rendered":"Seminario Cient\u00edfico \u00abLa perspectiva de g\u00e9nero en la salud laboral: una protecci\u00f3n de la salud efectiva e inclusiva\u00bb"},"content":{"rendered":"<p>Este Seminario se desarrolla en el marco del Proyecto de Investigaci\u00f3n de la ULL \u00abLa redimensi\u00f3n de la salud laboral con perspectiva de g\u00e9nero (2023-2024)\u00bb y est\u00e1 patrocinado por el XI Programa de Mecenazgo Alumni ULL 2024 y la C\u00e1tedra CEOE-Tenerife Empresa y Relaciones Laborales de la Universidad de La Laguna.<\/p>\n<p>El Seminario se desarrollar\u00e1 en r\u00e9gimen abierto y pueden participar profesorado universitario, investigadores e investigadoras en el \u00e1mbito de la salud laboral y en el m\u00e1s amplio y transversal de la igualdad de g\u00e9nero, alumnado y profesionales externos vinculados a este campo del conocimiento.<\/p>\n<p>Direcci\u00f3n acad\u00e9mica:<\/p>\n<ul>\n<li>Sarai Rodr\u00edguez Gonz\u00e1lez. Profesora Contratada Doctora, Departamento de Derecho P\u00fablico y Privado Especial y Derecho de la Empresa de la Universidad de La Laguna.<\/li>\n<li>Julio Antonio Brito Santana. Profesor Titular de Universidad, Departamento de Ingenier\u00eda Inform\u00e1tica y de Sistemas de la Universidad de La Laguna.<\/li>\n<\/ul>\n<p>Coordina: Inmaculada Sandra Fumero Dios. rofesora Contratada Doctora, Departamento de Derecho P\u00fablico y Privado Especial y Derecho de la Empresa de la Universidad de La Laguna.<\/p>\n<p>CERTIFICADO DE ASISTENCIA: La Universidad de La Laguna, a trav\u00e9s del Vicerrectorado de Cultura y Extensi\u00f3n Universitaria, emitir\u00e1 un certificado de asistencia a todas aquellas personas que participen, previa inscripci\u00f3n en la actividad.<\/p>\n<p><strong>Asistencia gratuita previa inscripci\u00f3n.<a href=\"https:\/\/sede.fg.ull.es\/es\/curso\/detalle?code=a24020091&amp;name=seminario-cientifico-la-perspectiva-de-genero-en-la-salud-laboral-una-proteccion-de-la-salud-efectiva-e-inclusiva&amp;query=%3Fcode%3DA24020091\" target=\"_blank\" rel=\"noopener\" target=\"_blank\" rel=\"noopener\"> Consulta el programa e inscr\u00edbete aqu\u00ed.<\/a><\/strong><\/p>\n<p><a href=\"https:\/\/drive.google.com\/file\/d\/1s-mx0yG--6njXeSfil29s4VpyLY0pvMf\/view?usp=sharing\" target=\"_blank\" rel=\"noopener\" target=\"_blank\" rel=\"noopener\">Descargar programa<\/a><\/p>\n<p><strong>Contacto: 922 319 616 \/ 922 319 626 \u2013\u00a0<\/strong><a href=\"mailto:extuni@ull.edu.es\" target=\"_blank\" rel=\"noopener\" target=\"_blank\" rel=\"noopener\"><strong>extuni@ull.es<\/strong><\/a><\/p>\n","protected":false},"excerpt":{"rendered":"<p>Este Seminario se desarrolla en el marco del Proyecto de Investigaci\u00f3n de la ULL \u00abLa redimensi\u00f3n de la salud laboral con perspectiva de g\u00e9nero (2023-2024)\u00bb y est\u00e1 patrocinado por el XI Programa de Mecenazgo Alumni ULL 2024 y la C\u00e1tedra CEOE-Tenerife Empresa y Relaciones Laborales de la Universidad de La Laguna. El Seminario se desarrollar\u00e1&#8230;<\/p>\n","protected":false},"author":43,"featured_media":34255,"comment_status":"closed","ping_status":"closed","template":"","tags":[4259,342,3465,977,3812,3751],"tribe_events_cat":[472,3501,3165,366,4,186],"acf":[],"yoast_head":"<!-- This site is optimized with the Yoast SEO plugin v21.3 - https:\/\/yoast.com\/wordpress\/plugins\/seo\/ -->\n<title>Seminario Cient\u00edfico &quot;La perspectiva de g\u00e9nero en la salud laboral: una protecci\u00f3n de la salud efectiva e inclusiva&quot; - ULL - Agenda<\/title>\n<meta name=\"robots\" content=\"index, follow, max-snippet:-1, max-image-preview:large, max-video-preview:-1\" \/>\n<link rel=\"canonical\" href=\"https:\/\/www.ull.es\/portal\/agenda\/evento\/seminario-cientifico-la-perspectiva-de-genero-en-la-salud-laboral-una-proteccion-de-la-salud-efectiva-e-inclusiva\/\" \/>\n<meta property=\"og:locale\" content=\"es_ES\" \/>\n<meta property=\"og:type\" content=\"article\" \/>\n<meta property=\"og:title\" content=\"Seminario Cient\u00edfico &quot;La perspectiva de g\u00e9nero en la salud laboral: una protecci\u00f3n de la salud efectiva e inclusiva&quot; - ULL - Agenda\" \/>\n<meta property=\"og:description\" content=\"Este Seminario se desarrolla en el marco del Proyecto de Investigaci\u00f3n de la ULL \u00abLa redimensi\u00f3n de la salud laboral con perspectiva de g\u00e9nero (2023-2024)\u00bb y est\u00e1 patrocinado por el XI Programa de Mecenazgo Alumni ULL 2024 y la C\u00e1tedra CEOE-Tenerife Empresa y Relaciones Laborales de la Universidad de La Laguna. El Seminario se desarrollar\u00e1...\" \/>\n<meta property=\"og:url\" content=\"https:\/\/www.ull.es\/portal\/agenda\/evento\/seminario-cientifico-la-perspectiva-de-genero-en-la-salud-laboral-una-proteccion-de-la-salud-efectiva-e-inclusiva\/\" \/>\n<meta property=\"og:site_name\" content=\"ULL - Agenda\" \/>\n<meta property=\"article:modified_time\" content=\"2024-02-22T13:31:45+00:00\" \/>\n<meta property=\"og:image\" content=\"https:\/\/www.ull.es\/portal\/agenda\/wp-content\/uploads\/sites\/12\/2024\/02\/Bannersaludgenero.png\" \/>\n\t<meta property=\"og:image:width\" content=\"700\" \/>\n\t<meta property=\"og:image:height\" content=\"350\" \/>\n\t<meta property=\"og:image:type\" content=\"image\/png\" \/>\n<meta name=\"twitter:card\" content=\"summary_large_image\" \/>\n<meta name=\"twitter:label1\" content=\"Tiempo de lectura\" \/>\n\t<meta name=\"twitter:data1\" content=\"2 minutos\" \/>\n<script type=\"application\/ld+json\" class=\"yoast-schema-graph\">{\"@context\":\"https:\/\/schema.org\",\"@graph\":[{\"@type\":\"WebPage\",\"@id\":\"https:\/\/www.ull.es\/portal\/agenda\/evento\/seminario-cientifico-la-perspectiva-de-genero-en-la-salud-laboral-una-proteccion-de-la-salud-efectiva-e-inclusiva\/\",\"url\":\"https:\/\/www.ull.es\/portal\/agenda\/evento\/seminario-cientifico-la-perspectiva-de-genero-en-la-salud-laboral-una-proteccion-de-la-salud-efectiva-e-inclusiva\/\",\"name\":\"Seminario Cient\u00edfico \\\"La perspectiva de g\u00e9nero en la salud laboral: una protecci\u00f3n de la salud efectiva e inclusiva\\\" - ULL - Agenda\",\"isPartOf\":{\"@id\":\"https:\/\/www.ull.es\/portal\/agenda\/#website\"},\"datePublished\":\"2024-02-21T13:32:33+00:00\",\"dateModified\":\"2024-02-22T13:31:45+00:00\",\"breadcrumb\":{\"@id\":\"https:\/\/www.ull.es\/portal\/agenda\/evento\/seminario-cientifico-la-perspectiva-de-genero-en-la-salud-laboral-una-proteccion-de-la-salud-efectiva-e-inclusiva\/#breadcrumb\"},\"inLanguage\":\"es\",\"potentialAction\":[{\"@type\":\"ReadAction\",\"target\":[\"https:\/\/www.ull.es\/portal\/agenda\/evento\/seminario-cientifico-la-perspectiva-de-genero-en-la-salud-laboral-una-proteccion-de-la-salud-efectiva-e-inclusiva\/\"]}]},{\"@type\":\"BreadcrumbList\",\"@id\":\"https:\/\/www.ull.es\/portal\/agenda\/evento\/seminario-cientifico-la-perspectiva-de-genero-en-la-salud-laboral-una-proteccion-de-la-salud-efectiva-e-inclusiva\/#breadcrumb\",\"itemListElement\":[{\"@type\":\"ListItem\",\"position\":1,\"name\":\"Portada\",\"item\":\"https:\/\/www.ull.es\/portal\/agenda\/\"},{\"@type\":\"ListItem\",\"position\":2,\"name\":\"Seminario Cient\u00edfico \u00abLa perspectiva de g\u00e9nero en la salud laboral: una protecci\u00f3n de la salud efectiva e inclusiva\u00bb\"}]},{\"@type\":\"WebSite\",\"@id\":\"https:\/\/www.ull.es\/portal\/agenda\/#website\",\"url\":\"https:\/\/www.ull.es\/portal\/agenda\/\",\"name\":\"ULL - Agenda\",\"description\":\"\",\"potentialAction\":[{\"@type\":\"SearchAction\",\"target\":{\"@type\":\"EntryPoint\",\"urlTemplate\":\"https:\/\/www.ull.es\/portal\/agenda\/?s={search_term_string}\"},\"query-input\":\"required name=search_term_string\"}],\"inLanguage\":\"es\"}]}<\/script>\n<!-- \/ Yoast SEO plugin. -->","yoast_head_json":{"title":"Seminario Cient\u00edfico \"La perspectiva de g\u00e9nero en la salud laboral: una protecci\u00f3n de la salud efectiva e inclusiva\" - ULL - Agenda","robots":{"index":"index","follow":"follow","max-snippet":"max-snippet:-1","max-image-preview":"max-image-preview:large","max-video-preview":"max-video-preview:-1"},"canonical":"https:\/\/www.ull.es\/portal\/agenda\/evento\/seminario-cientifico-la-perspectiva-de-genero-en-la-salud-laboral-una-proteccion-de-la-salud-efectiva-e-inclusiva\/","og_locale":"es_ES","og_type":"article","og_title":"Seminario Cient\u00edfico \"La perspectiva de g\u00e9nero en la salud laboral: una protecci\u00f3n de la salud efectiva e inclusiva\" - ULL - Agenda","og_description":"Este Seminario se desarrolla en el marco del Proyecto de Investigaci\u00f3n de la ULL \u00abLa redimensi\u00f3n de la salud laboral con perspectiva de g\u00e9nero (2023-2024)\u00bb y est\u00e1 patrocinado por el XI Programa de Mecenazgo Alumni ULL 2024 y la C\u00e1tedra CEOE-Tenerife Empresa y Relaciones Laborales de la Universidad de La Laguna. El Seminario se desarrollar\u00e1...","og_url":"https:\/\/www.ull.es\/portal\/agenda\/evento\/seminario-cientifico-la-perspectiva-de-genero-en-la-salud-laboral-una-proteccion-de-la-salud-efectiva-e-inclusiva\/","og_site_name":"ULL - Agenda","article_modified_time":"2024-02-22T13:31:45+00:00","og_image":[{"width":700,"height":350,"url":"https:\/\/www.ull.es\/portal\/agenda\/wp-content\/uploads\/sites\/12\/2024\/02\/Bannersaludgenero.png","type":"image\/png"}],"twitter_card":"summary_large_image","twitter_misc":{"Tiempo de lectura":"2 minutos"},"schema":{"@context":"https:\/\/schema.org","@graph":[{"@type":"WebPage","@id":"https:\/\/www.ull.es\/portal\/agenda\/evento\/seminario-cientifico-la-perspectiva-de-genero-en-la-salud-laboral-una-proteccion-de-la-salud-efectiva-e-inclusiva\/","url":"https:\/\/www.ull.es\/portal\/agenda\/evento\/seminario-cientifico-la-perspectiva-de-genero-en-la-salud-laboral-una-proteccion-de-la-salud-efectiva-e-inclusiva\/","name":"Seminario Cient\u00edfico \"La perspectiva de g\u00e9nero en la salud laboral: una protecci\u00f3n de la salud efectiva e inclusiva\" - ULL - Agenda","isPartOf":{"@id":"https:\/\/www.ull.es\/portal\/agenda\/#website"},"datePublished":"2024-02-21T13:32:33+00:00","dateModified":"2024-02-22T13:31:45+00:00","breadcrumb":{"@id":"https:\/\/www.ull.es\/portal\/agenda\/evento\/seminario-cientifico-la-perspectiva-de-genero-en-la-salud-laboral-una-proteccion-de-la-salud-efectiva-e-inclusiva\/#breadcrumb"},"inLanguage":"es","potentialAction":[{"@type":"ReadAction","target":["https:\/\/www.ull.es\/portal\/agenda\/evento\/seminario-cientifico-la-perspectiva-de-genero-en-la-salud-laboral-una-proteccion-de-la-salud-efectiva-e-inclusiva\/"]}]},{"@type":"BreadcrumbList","@id":"https:\/\/www.ull.es\/portal\/agenda\/evento\/seminario-cientifico-la-perspectiva-de-genero-en-la-salud-laboral-una-proteccion-de-la-salud-efectiva-e-inclusiva\/#breadcrumb","itemListElement":[{"@type":"ListItem","position":1,"name":"Portada","item":"https:\/\/www.ull.es\/portal\/agenda\/"},{"@type":"ListItem","position":2,"name":"Seminario Cient\u00edfico \u00abLa perspectiva de g\u00e9nero en la salud laboral: una protecci\u00f3n de la salud efectiva e inclusiva\u00bb"}]},{"@type":"WebSite","@id":"https:\/\/www.ull.es\/portal\/agenda\/#website","url":"https:\/\/www.ull.es\/portal\/agenda\/","name":"ULL - Agenda","description":"","potentialAction":[{"@type":"SearchAction","target":{"@type":"EntryPoint","urlTemplate":"https:\/\/www.ull.es\/portal\/agenda\/?s={search_term_string}"},"query-input":"required name=search_term_string"}],"inLanguage":"es"}]}},"_links":{"self":[{"href":"https:\/\/www.ull.es\/portal\/agenda\/wp-json\/wp\/v2\/tribe_events\/34254"}],"collection":[{"href":"https:\/\/www.ull.es\/portal\/agenda\/wp-json\/wp\/v2\/tribe_events"}],"about":[{"href":"https:\/\/www.ull.es\/portal\/agenda\/wp-json\/wp\/v2\/types\/tribe_events"}],"author":[{"embeddable":true,"href":"https:\/\/www.ull.es\/portal\/agenda\/wp-json\/wp\/v2\/users\/43"}],"replies":[{"embeddable":true,"href":"https:\/\/www.ull.es\/portal\/agenda\/wp-json\/wp\/v2\/comments?post=34254"}],"version-history":[{"count":6,"href":"https:\/\/www.ull.es\/portal\/agenda\/wp-json\/wp\/v2\/tribe_events\/34254\/revisions"}],"predecessor-version":[{"id":34275,"href":"https:\/\/www.ull.es\/portal\/agenda\/wp-json\/wp\/v2\/tribe_events\/34254\/revisions\/34275"}],"wp:featuredmedia":[{"embeddable":true,"href":"https:\/\/www.ull.es\/portal\/agenda\/wp-json\/wp\/v2\/media\/34255"}],"wp:attachment":[{"href":"https:\/\/www.ull.es\/portal\/agenda\/wp-json\/wp\/v2\/media?parent=34254"}],"wp:term":[{"taxonomy":"post_tag","embeddable":true,"href":"https:\/\/www.ull.es\/portal\/agenda\/wp-json\/wp\/v2\/tags?post=34254"},{"taxonomy":"tribe_events_cat","embeddable":true,"href":"https:\/\/www.ull.es\/portal\/agenda\/wp-json\/wp\/v2\/tribe_events_cat?post=34254"}],"curies":[{"name":"wp","href":"https:\/\/api.w.org\/{rel}","templated":true}]}}

Seminario Científico «La perspectiva de género en la salud laboral: una protección de la salud efectiva e inclusiva»

<p>Este Seminario se desarrolla en el marco del Proyecto de Investigación de la ULL «La redimensión de la salud laboral con perspectiva de género (2023-2024)» y está patrocinado por el XI Programa de Mecenazgo Alumni ULL 2024 y la Cátedra CEOE-Tenerife Empresa y Relaciones Laborales de la Universidad de La Laguna.</p>
<p>El Seminario se desarrollará en régimen abierto y pueden participar profesorado universitario, investigadores e investigadoras en el ámbito de la salud laboral y en el más amplio y transversal de la igualdad de género, alumnado y profesionales externos vinculados a este campo del conocimiento.</p>
<p>Dirección académica:</p>
<ul>
<li>Sarai Rodríguez González. Profesora Contratada Doctora, Departamento de Derecho Público y Privado Especial y Derecho de la Empresa de la Universidad de La Laguna.</li>
<li>Julio Antonio Brito Santana. Profesor Titular de Universidad, Departamento de Ingeniería Informática y de Sistemas de la Universidad de La Laguna.</li>
</ul>
<p>Coordina: Inmaculada Sandra Fumero Dios. rofesora Contratada Doctora, Departamento de Derecho Público y Privado Especial y Derecho de la Empresa de la Universidad de La Laguna.</p>
<p>CERTIFICADO DE ASISTENCIA: La Universidad de La Laguna, a través del Vicerrectorado de Cultura y Extensión Universitaria, emitirá un certificado de asistencia a todas aquellas personas que participen, previa inscripción en la actividad.</p>
<p><strong>Asistencia gratuita previa inscripción.<a href="https://sede.fg.ull.es/es/curso/detalle?code=a24020091&amp;name=seminario-cientifico-la-perspectiva-de-genero-en-la-salud-laboral-una-proteccion-de-la-salud-efectiva-e-inclusiva&amp;query=%3Fcode%3DA24020091" target="_blank" rel="noopener" target="_blank" rel="noopener"> Consulta el programa e inscríbete aquí.</a></strong></p>
<p><a href="https://drive.google.com/file/d/1s-mx0yG--6njXeSfil29s4VpyLY0pvMf/view?usp=sharing" target="_blank" rel="noopener" target="_blank" rel="noopener">Descargar programa</a></p>
<p><strong>Contacto: 922 319 616 / 922 319 626 – </strong><a href="mailto:extuni@ull.edu.es" target="_blank" rel="noopener" target="_blank" rel="noopener"><strong>extuni@ull.es</strong></a></p>

<p>Este Seminario se desarrolla en el marco del Proyecto de Investigación de la ULL «La redimensión de la salud laboral con perspectiva de género (2023-2024)» y está patrocinado por el XI Programa de Mecenazgo Alumni ULL 2024 y la Cátedra CEOE-Tenerife Empresa y Relaciones Laborales de la Universidad de La Laguna. El Seminario se desarrollará&#8230;</p>

<!-- This site is optimized with the Yoast SEO plugin v21.3 - https://yoast.com/wordpress/plugins/seo/ -->
<title>Seminario Científico &quot;La perspectiva de género en la salud laboral: una protección de la salud efectiva e inclusiva&quot; - ULL - Agenda</title>
<meta name="robots" content="index, follow, max-snippet:-1, max-image-preview:large, max-video-preview:-1" />
<link rel="canonical" href="https://www.ull.es/portal/agenda/evento/seminario-cientifico-la-perspectiva-de-genero-en-la-salud-laboral-una-proteccion-de-la-salud-efectiva-e-inclusiva/" />
<meta property="og:locale" content="es_ES" />
<meta property="og:type" content="article" />
<meta property="og:title" content="Seminario Científico &quot;La perspectiva de género en la salud laboral: una protección de la salud efectiva e inclusiva&quot; - ULL - Agenda" />
<meta property="og:description" content="Este Seminario se desarrolla en el marco del Proyecto de Investigación de la ULL «La redimensión de la salud laboral con perspectiva de género (2023-2024)» y está patrocinado por el XI Programa de Mecenazgo Alumni ULL 2024 y la Cátedra CEOE-Tenerife Empresa y Relaciones Laborales de la Universidad de La Laguna. El Seminario se desarrollará..." />
<meta property="og:url" content="https://www.ull.es/portal/agenda/evento/seminario-cientifico-la-perspectiva-de-genero-en-la-salud-laboral-una-proteccion-de-la-salud-efectiva-e-inclusiva/" />
<meta property="og:site_name" content="ULL - Agenda" />
<meta property="article:modified_time" content="2024-02-22T13:31:45+00:00" />
<meta property="og:image" content="https://www.ull.es/portal/agenda/wp-content/uploads/sites/12/2024/02/Bannersaludgenero.png" />
	<meta property="og:image:width" content="700" />
	<meta property="og:image:height" content="350" />
	<meta property="og:image:type" content="image/png" />
<meta name="twitter:card" content="summary_large_image" />
<meta name="twitter:label1" content="Tiempo de lectura" />
	<meta name="twitter:data1" content="2 minutos" />
<script type="application/ld+json" class="yoast-schema-graph">{"@context":"https://schema.org","@graph":[{"@type":"WebPage","@id":"https://www.ull.es/portal/agenda/evento/seminario-cientifico-la-perspectiva-de-genero-en-la-salud-laboral-una-proteccion-de-la-salud-efectiva-e-inclusiva/","url":"https://www.ull.es/portal/agenda/evento/seminario-cientifico-la-perspectiva-de-genero-en-la-salud-laboral-una-proteccion-de-la-salud-efectiva-e-inclusiva/","name":"Seminario Científico \"La perspectiva de género en la salud laboral: una protección de la salud efectiva e inclusiva\" - ULL - Agenda","isPartOf":{"@id":"https://www.ull.es/portal/agenda/#website"},"datePublished":"2024-02-21T13:32:33+00:00","dateModified":"2024-02-22T13:31:45+00:00","breadcrumb":{"@id":"https://www.ull.es/portal/agenda/evento/seminario-cientifico-la-perspectiva-de-genero-en-la-salud-laboral-una-proteccion-de-la-salud-efectiva-e-inclusiva/#breadcrumb"},"inLanguage":"es","potentialAction":[{"@type":"ReadAction","target":["https://www.ull.es/portal/agenda/evento/seminario-cientifico-la-perspectiva-de-genero-en-la-salud-laboral-una-proteccion-de-la-salud-efectiva-e-inclusiva/"]}]},{"@type":"BreadcrumbList","@id":"https://www.ull.es/portal/agenda/evento/seminario-cientifico-la-perspectiva-de-genero-en-la-salud-laboral-una-proteccion-de-la-salud-efectiva-e-inclusiva/#breadcrumb","itemListElement":[{"@type":"ListItem","position":1,"name":"Portada","item":"https://www.ull.es/portal/agenda/"},{"@type":"ListItem","position":2,"name":"Seminario Científico «La perspectiva de género en la salud laboral: una protección de la salud efectiva e inclusiva»"}]},{"@type":"WebSite","@id":"https://www.ull.es/portal/agenda/#website","url":"https://www.ull.es/portal/agenda/","name":"ULL - Agenda","description":"","potentialAction":[{"@type":"SearchAction","target":{"@type":"EntryPoint","urlTemplate":"https://www.ull.es/portal/agenda/?s={search_term_string}"},"query-input":"required name=search_term_string"}],"inLanguage":"es"}]}</script>
<!-- / Yoast SEO plugin. -->

Seminario Científico "La perspectiva de género en la salud laboral: una protección de la salud efectiva e inclusiva" - ULL - Agenda

Este Seminario se desarrolla en el marco del Proyecto de Investigación de la ULL «La redimensión de la salud laboral con perspectiva de género (2023-2024)» y está patrocinado por el XI Programa de Mecenazgo Alumni ULL 2024 y la Cátedra CEOE-Tenerife Empresa y Relaciones Laborales de la Universidad de La Laguna. El Seminario se desarrollará...
