{"id":34462,"date":"2024-02-28T11:40:07","date_gmt":"2024-02-28T11:40:07","guid":{"rendered":"https:\/\/www.ull.es\/portal\/agenda\/?post_type=tribe_events&#038;p=34462"},"modified":"2024-02-29T08:09:30","modified_gmt":"2024-02-29T08:09:30","slug":"ciclo-de-charlas-experiencia-empresa-vocacion-empresarial-en-los-jovenes-3","status":"publish","type":"tribe_events","link":"https:\/\/www.ull.es\/portal\/agenda\/evento\/ciclo-de-charlas-experiencia-empresa-vocacion-empresarial-en-los-jovenes-3\/","title":{"rendered":"Ciclo de Charlas Experiencia Empresa \u201cVocaci\u00f3n empresarial en los j\u00f3venes\u201d"},"content":{"rendered":"<p>La C\u00e1tedra CEOE-Tenerife Empresa y Relaciones Laborales de la Universidad de La Laguna organiza, en el marco del Ciclo de Charlas Experiencia Empresa \u201cVocaci\u00f3n empresarial en los j\u00f3venes\u201d, esta sesi\u00f3n que se celebrar\u00e1 en la Facultad de Econom\u00eda, Empresa y Turismo el 8 de marzo de 2024, en horario de 11:30 a 13:30 horas.<\/p>\n<p>Con esta charla, a cargo de Jes\u00fas del Amo Lamborena, Director financiero en Dormitorum, se pretende generar la vocaci\u00f3n empresarial en los j\u00f3venes.<\/p>\n<p>Dirigida especialmente a toda la comunidad universitaria.<\/p>\n<p>Direcci\u00f3n acad\u00e9mica: Julio Antonio Brito Santana. Profesor Titular de Universidad, Departamento de Ingenier\u00eda Inform\u00e1tica y de Sistemas de la Universidad de La Laguna.<\/p>\n<p>CERTIFICADO DE ASISTENCIA: La Universidad de La Laguna, a trav\u00e9s del Vicerrectorado de Cultura y Extensi\u00f3n Universitaria, emitir\u00e1 un certificado de asistencia a todas aquellas personas que participen, previa inscripci\u00f3n en la actividad.<\/p>\n<p><a href=\"https:\/\/sede.fg.ull.es\/es\/curso\/detalle?code=a24020099&amp;name=ciclo-de-charlas-experiencia-empresa-vocacion-empresarial-en-los-jovenes&amp;query=%3Fcode%3DA24020099\" target=\"_blank\" rel=\"noopener\" target=\"_blank\" rel=\"noopener\"><strong>M\u00e1s informaci\u00f3n e inscripci\u00f3n gratuita\u00a0aqu\u00ed.<\/strong><\/a><\/p>\n<p><strong>Contacto: 922 319 616 \/ 922 319 626 \u2013\u00a0<\/strong><a href=\"mailto:extuni@ull.edu.es\" target=\"_blank\" rel=\"noopener\" target=\"_blank\" rel=\"noopener\"><strong>extuni@ull.es<\/strong><\/a><\/p>\n","protected":false},"excerpt":{"rendered":"<p>La C\u00e1tedra CEOE-Tenerife Empresa y Relaciones Laborales de la Universidad de La Laguna organiza, en el marco del Ciclo de Charlas Experiencia Empresa \u201cVocaci\u00f3n empresarial en los j\u00f3venes\u201d, esta sesi\u00f3n que se celebrar\u00e1 en la Facultad de Econom\u00eda, Empresa y Turismo el 8 de marzo de 2024, en horario de 11:30 a 13:30 horas. Con&#8230;<\/p>\n","protected":false},"author":43,"featured_media":34495,"comment_status":"closed","ping_status":"closed","template":"","tags":[4259,3465,977,3812,3751],"tribe_events_cat":[472,3501,3165,4,186],"acf":[],"yoast_head":"<!-- This site is optimized with the Yoast SEO plugin v21.3 - https:\/\/yoast.com\/wordpress\/plugins\/seo\/ -->\n<title>Ciclo de Charlas Experiencia Empresa \u201cVocaci\u00f3n empresarial en los j\u00f3venes\u201d - ULL - Agenda<\/title>\n<meta name=\"robots\" content=\"index, follow, max-snippet:-1, max-image-preview:large, max-video-preview:-1\" \/>\n<link rel=\"canonical\" href=\"https:\/\/www.ull.es\/portal\/agenda\/evento\/ciclo-de-charlas-experiencia-empresa-vocacion-empresarial-en-los-jovenes-3\/\" \/>\n<meta property=\"og:locale\" content=\"es_ES\" \/>\n<meta property=\"og:type\" content=\"article\" \/>\n<meta property=\"og:title\" content=\"Ciclo de Charlas Experiencia Empresa \u201cVocaci\u00f3n empresarial en los j\u00f3venes\u201d - ULL - Agenda\" \/>\n<meta property=\"og:description\" content=\"La C\u00e1tedra CEOE-Tenerife Empresa y Relaciones Laborales de la Universidad de La Laguna organiza, en el marco del Ciclo de Charlas Experiencia Empresa \u201cVocaci\u00f3n empresarial en los j\u00f3venes\u201d, esta sesi\u00f3n que se celebrar\u00e1 en la Facultad de Econom\u00eda, Empresa y Turismo el 8 de marzo de 2024, en horario de 11:30 a 13:30 horas. Con...\" \/>\n<meta property=\"og:url\" content=\"https:\/\/www.ull.es\/portal\/agenda\/evento\/ciclo-de-charlas-experiencia-empresa-vocacion-empresarial-en-los-jovenes-3\/\" \/>\n<meta property=\"og:site_name\" content=\"ULL - Agenda\" \/>\n<meta property=\"article:modified_time\" content=\"2024-02-29T08:09:30+00:00\" \/>\n<meta property=\"og:image\" content=\"https:\/\/www.ull.es\/portal\/agenda\/wp-content\/uploads\/sites\/12\/2024\/02\/Catedras-Institucionales.png\" \/>\n\t<meta property=\"og:image:width\" content=\"700\" \/>\n\t<meta property=\"og:image:height\" content=\"350\" \/>\n\t<meta property=\"og:image:type\" content=\"image\/png\" \/>\n<meta name=\"twitter:card\" content=\"summary_large_image\" \/>\n<meta name=\"twitter:label1\" content=\"Tiempo de lectura\" \/>\n\t<meta name=\"twitter:data1\" content=\"1 minuto\" \/>\n<script type=\"application\/ld+json\" class=\"yoast-schema-graph\">{\"@context\":\"https:\/\/schema.org\",\"@graph\":[{\"@type\":\"WebPage\",\"@id\":\"https:\/\/www.ull.es\/portal\/agenda\/evento\/ciclo-de-charlas-experiencia-empresa-vocacion-empresarial-en-los-jovenes-3\/\",\"url\":\"https:\/\/www.ull.es\/portal\/agenda\/evento\/ciclo-de-charlas-experiencia-empresa-vocacion-empresarial-en-los-jovenes-3\/\",\"name\":\"Ciclo de Charlas Experiencia Empresa \u201cVocaci\u00f3n empresarial en los j\u00f3venes\u201d - ULL - Agenda\",\"isPartOf\":{\"@id\":\"https:\/\/www.ull.es\/portal\/agenda\/#website\"},\"datePublished\":\"2024-02-28T11:40:07+00:00\",\"dateModified\":\"2024-02-29T08:09:30+00:00\",\"breadcrumb\":{\"@id\":\"https:\/\/www.ull.es\/portal\/agenda\/evento\/ciclo-de-charlas-experiencia-empresa-vocacion-empresarial-en-los-jovenes-3\/#breadcrumb\"},\"inLanguage\":\"es\",\"potentialAction\":[{\"@type\":\"ReadAction\",\"target\":[\"https:\/\/www.ull.es\/portal\/agenda\/evento\/ciclo-de-charlas-experiencia-empresa-vocacion-empresarial-en-los-jovenes-3\/\"]}]},{\"@type\":\"BreadcrumbList\",\"@id\":\"https:\/\/www.ull.es\/portal\/agenda\/evento\/ciclo-de-charlas-experiencia-empresa-vocacion-empresarial-en-los-jovenes-3\/#breadcrumb\",\"itemListElement\":[{\"@type\":\"ListItem\",\"position\":1,\"name\":\"Portada\",\"item\":\"https:\/\/www.ull.es\/portal\/agenda\/\"},{\"@type\":\"ListItem\",\"position\":2,\"name\":\"Ciclo de Charlas Experiencia Empresa \u201cVocaci\u00f3n empresarial en los j\u00f3venes\u201d\"}]},{\"@type\":\"WebSite\",\"@id\":\"https:\/\/www.ull.es\/portal\/agenda\/#website\",\"url\":\"https:\/\/www.ull.es\/portal\/agenda\/\",\"name\":\"ULL - Agenda\",\"description\":\"\",\"potentialAction\":[{\"@type\":\"SearchAction\",\"target\":{\"@type\":\"EntryPoint\",\"urlTemplate\":\"https:\/\/www.ull.es\/portal\/agenda\/?s={search_term_string}\"},\"query-input\":\"required name=search_term_string\"}],\"inLanguage\":\"es\"}]}<\/script>\n<!-- \/ Yoast SEO plugin. -->","yoast_head_json":{"title":"Ciclo de Charlas Experiencia Empresa \u201cVocaci\u00f3n empresarial en los j\u00f3venes\u201d - ULL - Agenda","robots":{"index":"index","follow":"follow","max-snippet":"max-snippet:-1","max-image-preview":"max-image-preview:large","max-video-preview":"max-video-preview:-1"},"canonical":"https:\/\/www.ull.es\/portal\/agenda\/evento\/ciclo-de-charlas-experiencia-empresa-vocacion-empresarial-en-los-jovenes-3\/","og_locale":"es_ES","og_type":"article","og_title":"Ciclo de Charlas Experiencia Empresa \u201cVocaci\u00f3n empresarial en los j\u00f3venes\u201d - ULL - Agenda","og_description":"La C\u00e1tedra CEOE-Tenerife Empresa y Relaciones Laborales de la Universidad de La Laguna organiza, en el marco del Ciclo de Charlas Experiencia Empresa \u201cVocaci\u00f3n empresarial en los j\u00f3venes\u201d, esta sesi\u00f3n que se celebrar\u00e1 en la Facultad de Econom\u00eda, Empresa y Turismo el 8 de marzo de 2024, en horario de 11:30 a 13:30 horas. Con...","og_url":"https:\/\/www.ull.es\/portal\/agenda\/evento\/ciclo-de-charlas-experiencia-empresa-vocacion-empresarial-en-los-jovenes-3\/","og_site_name":"ULL - Agenda","article_modified_time":"2024-02-29T08:09:30+00:00","og_image":[{"width":700,"height":350,"url":"https:\/\/www.ull.es\/portal\/agenda\/wp-content\/uploads\/sites\/12\/2024\/02\/Catedras-Institucionales.png","type":"image\/png"}],"twitter_card":"summary_large_image","twitter_misc":{"Tiempo de lectura":"1 minuto"},"schema":{"@context":"https:\/\/schema.org","@graph":[{"@type":"WebPage","@id":"https:\/\/www.ull.es\/portal\/agenda\/evento\/ciclo-de-charlas-experiencia-empresa-vocacion-empresarial-en-los-jovenes-3\/","url":"https:\/\/www.ull.es\/portal\/agenda\/evento\/ciclo-de-charlas-experiencia-empresa-vocacion-empresarial-en-los-jovenes-3\/","name":"Ciclo de Charlas Experiencia Empresa \u201cVocaci\u00f3n empresarial en los j\u00f3venes\u201d - ULL - Agenda","isPartOf":{"@id":"https:\/\/www.ull.es\/portal\/agenda\/#website"},"datePublished":"2024-02-28T11:40:07+00:00","dateModified":"2024-02-29T08:09:30+00:00","breadcrumb":{"@id":"https:\/\/www.ull.es\/portal\/agenda\/evento\/ciclo-de-charlas-experiencia-empresa-vocacion-empresarial-en-los-jovenes-3\/#breadcrumb"},"inLanguage":"es","potentialAction":[{"@type":"ReadAction","target":["https:\/\/www.ull.es\/portal\/agenda\/evento\/ciclo-de-charlas-experiencia-empresa-vocacion-empresarial-en-los-jovenes-3\/"]}]},{"@type":"BreadcrumbList","@id":"https:\/\/www.ull.es\/portal\/agenda\/evento\/ciclo-de-charlas-experiencia-empresa-vocacion-empresarial-en-los-jovenes-3\/#breadcrumb","itemListElement":[{"@type":"ListItem","position":1,"name":"Portada","item":"https:\/\/www.ull.es\/portal\/agenda\/"},{"@type":"ListItem","position":2,"name":"Ciclo de Charlas Experiencia Empresa \u201cVocaci\u00f3n empresarial en los j\u00f3venes\u201d"}]},{"@type":"WebSite","@id":"https:\/\/www.ull.es\/portal\/agenda\/#website","url":"https:\/\/www.ull.es\/portal\/agenda\/","name":"ULL - Agenda","description":"","potentialAction":[{"@type":"SearchAction","target":{"@type":"EntryPoint","urlTemplate":"https:\/\/www.ull.es\/portal\/agenda\/?s={search_term_string}"},"query-input":"required name=search_term_string"}],"inLanguage":"es"}]}},"_links":{"self":[{"href":"https:\/\/www.ull.es\/portal\/agenda\/wp-json\/wp\/v2\/tribe_events\/34462"}],"collection":[{"href":"https:\/\/www.ull.es\/portal\/agenda\/wp-json\/wp\/v2\/tribe_events"}],"about":[{"href":"https:\/\/www.ull.es\/portal\/agenda\/wp-json\/wp\/v2\/types\/tribe_events"}],"author":[{"embeddable":true,"href":"https:\/\/www.ull.es\/portal\/agenda\/wp-json\/wp\/v2\/users\/43"}],"replies":[{"embeddable":true,"href":"https:\/\/www.ull.es\/portal\/agenda\/wp-json\/wp\/v2\/comments?post=34462"}],"version-history":[{"count":6,"href":"https:\/\/www.ull.es\/portal\/agenda\/wp-json\/wp\/v2\/tribe_events\/34462\/revisions"}],"predecessor-version":[{"id":34469,"href":"https:\/\/www.ull.es\/portal\/agenda\/wp-json\/wp\/v2\/tribe_events\/34462\/revisions\/34469"}],"wp:featuredmedia":[{"embeddable":true,"href":"https:\/\/www.ull.es\/portal\/agenda\/wp-json\/wp\/v2\/media\/34495"}],"wp:attachment":[{"href":"https:\/\/www.ull.es\/portal\/agenda\/wp-json\/wp\/v2\/media?parent=34462"}],"wp:term":[{"taxonomy":"post_tag","embeddable":true,"href":"https:\/\/www.ull.es\/portal\/agenda\/wp-json\/wp\/v2\/tags?post=34462"},{"taxonomy":"tribe_events_cat","embeddable":true,"href":"https:\/\/www.ull.es\/portal\/agenda\/wp-json\/wp\/v2\/tribe_events_cat?post=34462"}],"curies":[{"name":"wp","href":"https:\/\/api.w.org\/{rel}","templated":true}]}}

Ciclo de Charlas Experiencia Empresa “Vocación empresarial en los jóvenes”

<p>La Cátedra CEOE-Tenerife Empresa y Relaciones Laborales de la Universidad de La Laguna organiza, en el marco del Ciclo de Charlas Experiencia Empresa “Vocación empresarial en los jóvenes”, esta sesión que se celebrará en la Facultad de Economía, Empresa y Turismo el 8 de marzo de 2024, en horario de 11:30 a 13:30 horas.</p>
<p>Con esta charla, a cargo de Jesús del Amo Lamborena, Director financiero en Dormitorum, se pretende generar la vocación empresarial en los jóvenes.</p>
<p>Dirigida especialmente a toda la comunidad universitaria.</p>
<p>Dirección académica: Julio Antonio Brito Santana. Profesor Titular de Universidad, Departamento de Ingeniería Informática y de Sistemas de la Universidad de La Laguna.</p>
<p>CERTIFICADO DE ASISTENCIA: La Universidad de La Laguna, a través del Vicerrectorado de Cultura y Extensión Universitaria, emitirá un certificado de asistencia a todas aquellas personas que participen, previa inscripción en la actividad.</p>
<p><a href="https://sede.fg.ull.es/es/curso/detalle?code=a24020099&amp;name=ciclo-de-charlas-experiencia-empresa-vocacion-empresarial-en-los-jovenes&amp;query=%3Fcode%3DA24020099" target="_blank" rel="noopener" target="_blank" rel="noopener"><strong>Más información e inscripción gratuita aquí.</strong></a></p>
<p><strong>Contacto: 922 319 616 / 922 319 626 – </strong><a href="mailto:extuni@ull.edu.es" target="_blank" rel="noopener" target="_blank" rel="noopener"><strong>extuni@ull.es</strong></a></p>

<p>La Cátedra CEOE-Tenerife Empresa y Relaciones Laborales de la Universidad de La Laguna organiza, en el marco del Ciclo de Charlas Experiencia Empresa “Vocación empresarial en los jóvenes”, esta sesión que se celebrará en la Facultad de Economía, Empresa y Turismo el 8 de marzo de 2024, en horario de 11:30 a 13:30 horas. Con&#8230;</p>

<!-- This site is optimized with the Yoast SEO plugin v21.3 - https://yoast.com/wordpress/plugins/seo/ -->
<title>Ciclo de Charlas Experiencia Empresa “Vocación empresarial en los jóvenes” - ULL - Agenda</title>
<meta name="robots" content="index, follow, max-snippet:-1, max-image-preview:large, max-video-preview:-1" />
<link rel="canonical" href="https://www.ull.es/portal/agenda/evento/ciclo-de-charlas-experiencia-empresa-vocacion-empresarial-en-los-jovenes-3/" />
<meta property="og:locale" content="es_ES" />
<meta property="og:type" content="article" />
<meta property="og:title" content="Ciclo de Charlas Experiencia Empresa “Vocación empresarial en los jóvenes” - ULL - Agenda" />
<meta property="og:description" content="La Cátedra CEOE-Tenerife Empresa y Relaciones Laborales de la Universidad de La Laguna organiza, en el marco del Ciclo de Charlas Experiencia Empresa “Vocación empresarial en los jóvenes”, esta sesión que se celebrará en la Facultad de Economía, Empresa y Turismo el 8 de marzo de 2024, en horario de 11:30 a 13:30 horas. Con..." />
<meta property="og:url" content="https://www.ull.es/portal/agenda/evento/ciclo-de-charlas-experiencia-empresa-vocacion-empresarial-en-los-jovenes-3/" />
<meta property="og:site_name" content="ULL - Agenda" />
<meta property="article:modified_time" content="2024-02-29T08:09:30+00:00" />
<meta property="og:image" content="https://www.ull.es/portal/agenda/wp-content/uploads/sites/12/2024/02/Catedras-Institucionales.png" />
	<meta property="og:image:width" content="700" />
	<meta property="og:image:height" content="350" />
	<meta property="og:image:type" content="image/png" />
<meta name="twitter:card" content="summary_large_image" />
<meta name="twitter:label1" content="Tiempo de lectura" />
	<meta name="twitter:data1" content="1 minuto" />
<script type="application/ld+json" class="yoast-schema-graph">{"@context":"https://schema.org","@graph":[{"@type":"WebPage","@id":"https://www.ull.es/portal/agenda/evento/ciclo-de-charlas-experiencia-empresa-vocacion-empresarial-en-los-jovenes-3/","url":"https://www.ull.es/portal/agenda/evento/ciclo-de-charlas-experiencia-empresa-vocacion-empresarial-en-los-jovenes-3/","name":"Ciclo de Charlas Experiencia Empresa “Vocación empresarial en los jóvenes” - ULL - Agenda","isPartOf":{"@id":"https://www.ull.es/portal/agenda/#website"},"datePublished":"2024-02-28T11:40:07+00:00","dateModified":"2024-02-29T08:09:30+00:00","breadcrumb":{"@id":"https://www.ull.es/portal/agenda/evento/ciclo-de-charlas-experiencia-empresa-vocacion-empresarial-en-los-jovenes-3/#breadcrumb"},"inLanguage":"es","potentialAction":[{"@type":"ReadAction","target":["https://www.ull.es/portal/agenda/evento/ciclo-de-charlas-experiencia-empresa-vocacion-empresarial-en-los-jovenes-3/"]}]},{"@type":"BreadcrumbList","@id":"https://www.ull.es/portal/agenda/evento/ciclo-de-charlas-experiencia-empresa-vocacion-empresarial-en-los-jovenes-3/#breadcrumb","itemListElement":[{"@type":"ListItem","position":1,"name":"Portada","item":"https://www.ull.es/portal/agenda/"},{"@type":"ListItem","position":2,"name":"Ciclo de Charlas Experiencia Empresa “Vocación empresarial en los jóvenes”"}]},{"@type":"WebSite","@id":"https://www.ull.es/portal/agenda/#website","url":"https://www.ull.es/portal/agenda/","name":"ULL - Agenda","description":"","potentialAction":[{"@type":"SearchAction","target":{"@type":"EntryPoint","urlTemplate":"https://www.ull.es/portal/agenda/?s={search_term_string}"},"query-input":"required name=search_term_string"}],"inLanguage":"es"}]}</script>
<!-- / Yoast SEO plugin. -->

Ciclo de Charlas Experiencia Empresa “Vocación empresarial en los jóvenes” - ULL - Agenda

La Cátedra CEOE-Tenerife Empresa y Relaciones Laborales de la Universidad de La Laguna organiza, en el marco del Ciclo de Charlas Experiencia Empresa “Vocación empresarial en los jóvenes”, esta sesión que se celebrará en la Facultad de Economía, Empresa y Turismo el 8 de marzo de 2024, en horario de 11:30 a 13:30 horas. Con...
