{"id":34471,"date":"2024-02-28T12:22:40","date_gmt":"2024-02-28T12:22:40","guid":{"rendered":"https:\/\/www.ull.es\/portal\/agenda\/?post_type=tribe_events&#038;p=34471"},"modified":"2024-07-22T10:10:03","modified_gmt":"2024-07-22T10:10:03","slug":"uso-de-drones-utilidades-aplicaciones-y-normativa-curso-de-iniciacion-4","status":"publish","type":"tribe_events","link":"https:\/\/www.ull.es\/portal\/agenda\/evento\/uso-de-drones-utilidades-aplicaciones-y-normativa-curso-de-iniciacion-4\/","title":{"rendered":"Uso de drones: utilidades, aplicaciones y normativa (curso de iniciaci\u00f3n)"},"content":{"rendered":"<p>El Rosario acoge el curso\u00a0<em>\u00abUso de drones: utilidades, aplicaciones y normativa (curso de iniciaci\u00f3n)<\/em><em>\u00bb<\/em>, organizado conjuntamente por el Vicerrectorado de Cultura y Extensi\u00f3n Universitaria y el Ayuntamiento de El Rosario, dentro de la programaci\u00f3n de los Cursos de Extensi\u00f3n Universitaria en el \u00e1mbito municipal\u00a0<a href=\"https:\/\/www.ull.es\/cultura\/cursos-extension-universitaria\/cursos-de-ayuntamientos\/\" target=\"_blank\" rel=\"noopener\" target=\"_blank\" rel=\"noopener\">\u201cAyuntamientos 2024\u201d<\/a>, que se celebrar\u00e1 los d\u00edas 3, 4 y 5 de septiembre de 2024.<\/p>\n<p>Objetivos:<\/p>\n<ul>\n<li>Adquisici\u00f3n de conocimientos b\u00e1sicos sobre el uso de los drones y su aplicabilidad.<\/li>\n<li>Adquisici\u00f3n de conocimientos sobre la instrumentaci\u00f3n necesaria para el montaje y\/o puesta en funcionamiento, aspectos de control y vuelo.<\/li>\n<li>Adquisici\u00f3n de conocimientos sobre la normativa referente al uso de los drones.<\/li>\n<li>Adquisici\u00f3n de experiencia preliminar en el manejo de un dron de peque\u00f1o tama\u00f1o, identificando sus partes principales y las posibles aplicaciones del dispositivo en funci\u00f3n del equipamiento del mismo.<\/li>\n<\/ul>\n<p>Metodolog\u00eda docente: La parte te\u00f3rica del curso se impartir\u00e1 mediante clases interactivas, con la exposici\u00f3n de la teor\u00eda b\u00e1sica y aspectos normativos mediante presentaciones, con interactuaci\u00f3n plena del alumnado con el profesor. Esta parte te\u00f3rica se intercalar\u00e1 continuamente con la parte pr\u00e1ctica que se explica a continuaci\u00f3n. La parte pr\u00e1ctica del curso mostrar\u00e1, con drones reales los aspectos relativos a la instrumentaci\u00f3n, la comunicaci\u00f3n con el dispositivo, los sistemas de alimentaci\u00f3n y el manejo b\u00e1sico de drones. El alumnado tendr\u00e1 la posibilidad de manejar un dron de peque\u00f1o tama\u00f1o en las clases pr\u00e1cticas.<\/p>\n<p>Dirigido al p\u00fablico en general, con intereses de adquisici\u00f3n de conocimientos b\u00e1sicos sobre los drones, sus distintas aplicaciones -especialmente en Canarias-, la instrumentaci\u00f3n requerida y la normativa vigente para el vuelo de los mismos.<\/p>\n<p>Direcci\u00f3n acad\u00e9mica: Santiago Torres \u00c1lvarez. Profesor contratado Doctor. Departamento de Ingenier\u00eda Inform\u00e1tica y de Sistemas de la Universidad de La Laguna.<\/p>\n<p>Docentes: Jos\u00e9 Andr\u00e9s Correa Cordob\u00e9s y Miguel Pereyra Chico. Miembros de la Asociaci\u00f3n\u00a0ACUDRON.<\/p>\n<p><strong>CERTIFICADO DE ASISTENCIA, APTITUD Y RECONOCIMIENTO POR CR\u00c9DITO ECTS<\/strong><\/p>\n<p>La Universidad de La Laguna, a trav\u00e9s del Vicerrectorado de Cultura y Extensi\u00f3n Universitaria, emitir\u00e1 un certificado de asistencia a todas aquellas personas que asistan a un m\u00ednimo del 80% de las horas lectivas presenciales. Asimismo, aquellas personas que superen el trabajo aut\u00f3nomo del alumnado, recibir\u00e1n un certificado de asistencia y aprovechamiento, reconocible a su vez por un cr\u00e9dito ECTS.<\/p>\n<p><a href=\"https:\/\/sede.fg.ull.es\/es\/curso\/detalle?code=a24020087&amp;name=uso-de-drones-utilidades-aplicaciones-y-normativa-curso-de-iniciacion&amp;query=%3Fcode%3DA24020087\" target=\"_blank\" rel=\"noopener\" target=\"_blank\" rel=\"noopener\"><strong><u>Consulta el programa e inscr\u00edbete aqu\u00ed.<\/u><\/strong><\/a><\/p>\n<p><span style=\"color: #ff0000\"><strong>\u00a1PLAZAS AGOTADAS!<\/strong><\/span><\/p>\n<p><strong>Contacto: 922 319 616 \/ 922 319 626 \u2013\u00a0<\/strong><a href=\"mailto:extuni@ull.edu.es\" target=\"_blank\" rel=\"noopener\" target=\"_blank\" rel=\"noopener\"><strong>extuni@ull.es<\/strong><\/a><\/p>\n","protected":false},"excerpt":{"rendered":"<p>El Rosario acoge el curso\u00a0\u00abUso de drones: utilidades, aplicaciones y normativa (curso de iniciaci\u00f3n)\u00bb, organizado conjuntamente por el Vicerrectorado de Cultura y Extensi\u00f3n Universitaria y el Ayuntamiento de El Rosario, dentro de la programaci\u00f3n de los Cursos de Extensi\u00f3n Universitaria en el \u00e1mbito municipal\u00a0\u201cAyuntamientos 2024\u201d, que se celebrar\u00e1 los d\u00edas 3, 4 y 5 de&#8230;<\/p>\n","protected":false},"author":43,"featured_media":34522,"comment_status":"closed","ping_status":"closed","template":"","tags":[4259,4519,977,3812,4852,3751],"tribe_events_cat":[472,469,4,186],"acf":[],"yoast_head":"<!-- This site is optimized with the Yoast SEO plugin v21.3 - https:\/\/yoast.com\/wordpress\/plugins\/seo\/ -->\n<title>Uso de drones: utilidades, aplicaciones y normativa (curso de iniciaci\u00f3n) - ULL - Agenda<\/title>\n<meta name=\"robots\" content=\"index, follow, max-snippet:-1, max-image-preview:large, max-video-preview:-1\" \/>\n<link rel=\"canonical\" href=\"https:\/\/www.ull.es\/portal\/agenda\/evento\/uso-de-drones-utilidades-aplicaciones-y-normativa-curso-de-iniciacion-4\/\" \/>\n<meta property=\"og:locale\" content=\"es_ES\" \/>\n<meta property=\"og:type\" content=\"article\" \/>\n<meta property=\"og:title\" content=\"Uso de drones: utilidades, aplicaciones y normativa (curso de iniciaci\u00f3n) - ULL - Agenda\" \/>\n<meta property=\"og:description\" content=\"El Rosario acoge el curso\u00a0\u00abUso de drones: utilidades, aplicaciones y normativa (curso de iniciaci\u00f3n)\u00bb, organizado conjuntamente por el Vicerrectorado de Cultura y Extensi\u00f3n Universitaria y el Ayuntamiento de El Rosario, dentro de la programaci\u00f3n de los Cursos de Extensi\u00f3n Universitaria en el \u00e1mbito municipal\u00a0\u201cAyuntamientos 2024\u201d, que se celebrar\u00e1 los d\u00edas 3, 4 y 5 de...\" \/>\n<meta property=\"og:url\" content=\"https:\/\/www.ull.es\/portal\/agenda\/evento\/uso-de-drones-utilidades-aplicaciones-y-normativa-curso-de-iniciacion-4\/\" \/>\n<meta property=\"og:site_name\" content=\"ULL - Agenda\" \/>\n<meta property=\"article:modified_time\" content=\"2024-07-22T10:10:03+00:00\" \/>\n<meta property=\"og:image\" content=\"https:\/\/www.ull.es\/portal\/agenda\/wp-content\/uploads\/sites\/12\/2024\/02\/21.png\" \/>\n\t<meta property=\"og:image:width\" content=\"750\" \/>\n\t<meta property=\"og:image:height\" content=\"350\" \/>\n\t<meta property=\"og:image:type\" content=\"image\/png\" \/>\n<meta name=\"twitter:card\" content=\"summary_large_image\" \/>\n<meta name=\"twitter:label1\" content=\"Tiempo de lectura\" \/>\n\t<meta name=\"twitter:data1\" content=\"2 minutos\" \/>\n<script type=\"application\/ld+json\" class=\"yoast-schema-graph\">{\"@context\":\"https:\/\/schema.org\",\"@graph\":[{\"@type\":\"WebPage\",\"@id\":\"https:\/\/www.ull.es\/portal\/agenda\/evento\/uso-de-drones-utilidades-aplicaciones-y-normativa-curso-de-iniciacion-4\/\",\"url\":\"https:\/\/www.ull.es\/portal\/agenda\/evento\/uso-de-drones-utilidades-aplicaciones-y-normativa-curso-de-iniciacion-4\/\",\"name\":\"Uso de drones: utilidades, aplicaciones y normativa (curso de iniciaci\u00f3n) - ULL - Agenda\",\"isPartOf\":{\"@id\":\"https:\/\/www.ull.es\/portal\/agenda\/#website\"},\"datePublished\":\"2024-02-28T12:22:40+00:00\",\"dateModified\":\"2024-07-22T10:10:03+00:00\",\"breadcrumb\":{\"@id\":\"https:\/\/www.ull.es\/portal\/agenda\/evento\/uso-de-drones-utilidades-aplicaciones-y-normativa-curso-de-iniciacion-4\/#breadcrumb\"},\"inLanguage\":\"es\",\"potentialAction\":[{\"@type\":\"ReadAction\",\"target\":[\"https:\/\/www.ull.es\/portal\/agenda\/evento\/uso-de-drones-utilidades-aplicaciones-y-normativa-curso-de-iniciacion-4\/\"]}]},{\"@type\":\"BreadcrumbList\",\"@id\":\"https:\/\/www.ull.es\/portal\/agenda\/evento\/uso-de-drones-utilidades-aplicaciones-y-normativa-curso-de-iniciacion-4\/#breadcrumb\",\"itemListElement\":[{\"@type\":\"ListItem\",\"position\":1,\"name\":\"Portada\",\"item\":\"https:\/\/www.ull.es\/portal\/agenda\/\"},{\"@type\":\"ListItem\",\"position\":2,\"name\":\"Uso de drones: utilidades, aplicaciones y normativa (curso de iniciaci\u00f3n)\"}]},{\"@type\":\"WebSite\",\"@id\":\"https:\/\/www.ull.es\/portal\/agenda\/#website\",\"url\":\"https:\/\/www.ull.es\/portal\/agenda\/\",\"name\":\"ULL - Agenda\",\"description\":\"\",\"potentialAction\":[{\"@type\":\"SearchAction\",\"target\":{\"@type\":\"EntryPoint\",\"urlTemplate\":\"https:\/\/www.ull.es\/portal\/agenda\/?s={search_term_string}\"},\"query-input\":\"required name=search_term_string\"}],\"inLanguage\":\"es\"}]}<\/script>\n<!-- \/ Yoast SEO plugin. -->","yoast_head_json":{"title":"Uso de drones: utilidades, aplicaciones y normativa (curso de iniciaci\u00f3n) - ULL - Agenda","robots":{"index":"index","follow":"follow","max-snippet":"max-snippet:-1","max-image-preview":"max-image-preview:large","max-video-preview":"max-video-preview:-1"},"canonical":"https:\/\/www.ull.es\/portal\/agenda\/evento\/uso-de-drones-utilidades-aplicaciones-y-normativa-curso-de-iniciacion-4\/","og_locale":"es_ES","og_type":"article","og_title":"Uso de drones: utilidades, aplicaciones y normativa (curso de iniciaci\u00f3n) - ULL - Agenda","og_description":"El Rosario acoge el curso\u00a0\u00abUso de drones: utilidades, aplicaciones y normativa (curso de iniciaci\u00f3n)\u00bb, organizado conjuntamente por el Vicerrectorado de Cultura y Extensi\u00f3n Universitaria y el Ayuntamiento de El Rosario, dentro de la programaci\u00f3n de los Cursos de Extensi\u00f3n Universitaria en el \u00e1mbito municipal\u00a0\u201cAyuntamientos 2024\u201d, que se celebrar\u00e1 los d\u00edas 3, 4 y 5 de...","og_url":"https:\/\/www.ull.es\/portal\/agenda\/evento\/uso-de-drones-utilidades-aplicaciones-y-normativa-curso-de-iniciacion-4\/","og_site_name":"ULL - Agenda","article_modified_time":"2024-07-22T10:10:03+00:00","og_image":[{"width":750,"height":350,"url":"https:\/\/www.ull.es\/portal\/agenda\/wp-content\/uploads\/sites\/12\/2024\/02\/21.png","type":"image\/png"}],"twitter_card":"summary_large_image","twitter_misc":{"Tiempo de lectura":"2 minutos"},"schema":{"@context":"https:\/\/schema.org","@graph":[{"@type":"WebPage","@id":"https:\/\/www.ull.es\/portal\/agenda\/evento\/uso-de-drones-utilidades-aplicaciones-y-normativa-curso-de-iniciacion-4\/","url":"https:\/\/www.ull.es\/portal\/agenda\/evento\/uso-de-drones-utilidades-aplicaciones-y-normativa-curso-de-iniciacion-4\/","name":"Uso de drones: utilidades, aplicaciones y normativa (curso de iniciaci\u00f3n) - ULL - Agenda","isPartOf":{"@id":"https:\/\/www.ull.es\/portal\/agenda\/#website"},"datePublished":"2024-02-28T12:22:40+00:00","dateModified":"2024-07-22T10:10:03+00:00","breadcrumb":{"@id":"https:\/\/www.ull.es\/portal\/agenda\/evento\/uso-de-drones-utilidades-aplicaciones-y-normativa-curso-de-iniciacion-4\/#breadcrumb"},"inLanguage":"es","potentialAction":[{"@type":"ReadAction","target":["https:\/\/www.ull.es\/portal\/agenda\/evento\/uso-de-drones-utilidades-aplicaciones-y-normativa-curso-de-iniciacion-4\/"]}]},{"@type":"BreadcrumbList","@id":"https:\/\/www.ull.es\/portal\/agenda\/evento\/uso-de-drones-utilidades-aplicaciones-y-normativa-curso-de-iniciacion-4\/#breadcrumb","itemListElement":[{"@type":"ListItem","position":1,"name":"Portada","item":"https:\/\/www.ull.es\/portal\/agenda\/"},{"@type":"ListItem","position":2,"name":"Uso de drones: utilidades, aplicaciones y normativa (curso de iniciaci\u00f3n)"}]},{"@type":"WebSite","@id":"https:\/\/www.ull.es\/portal\/agenda\/#website","url":"https:\/\/www.ull.es\/portal\/agenda\/","name":"ULL - Agenda","description":"","potentialAction":[{"@type":"SearchAction","target":{"@type":"EntryPoint","urlTemplate":"https:\/\/www.ull.es\/portal\/agenda\/?s={search_term_string}"},"query-input":"required name=search_term_string"}],"inLanguage":"es"}]}},"_links":{"self":[{"href":"https:\/\/www.ull.es\/portal\/agenda\/wp-json\/wp\/v2\/tribe_events\/34471"}],"collection":[{"href":"https:\/\/www.ull.es\/portal\/agenda\/wp-json\/wp\/v2\/tribe_events"}],"about":[{"href":"https:\/\/www.ull.es\/portal\/agenda\/wp-json\/wp\/v2\/types\/tribe_events"}],"author":[{"embeddable":true,"href":"https:\/\/www.ull.es\/portal\/agenda\/wp-json\/wp\/v2\/users\/43"}],"replies":[{"embeddable":true,"href":"https:\/\/www.ull.es\/portal\/agenda\/wp-json\/wp\/v2\/comments?post=34471"}],"version-history":[{"count":4,"href":"https:\/\/www.ull.es\/portal\/agenda\/wp-json\/wp\/v2\/tribe_events\/34471\/revisions"}],"predecessor-version":[{"id":37066,"href":"https:\/\/www.ull.es\/portal\/agenda\/wp-json\/wp\/v2\/tribe_events\/34471\/revisions\/37066"}],"wp:featuredmedia":[{"embeddable":true,"href":"https:\/\/www.ull.es\/portal\/agenda\/wp-json\/wp\/v2\/media\/34522"}],"wp:attachment":[{"href":"https:\/\/www.ull.es\/portal\/agenda\/wp-json\/wp\/v2\/media?parent=34471"}],"wp:term":[{"taxonomy":"post_tag","embeddable":true,"href":"https:\/\/www.ull.es\/portal\/agenda\/wp-json\/wp\/v2\/tags?post=34471"},{"taxonomy":"tribe_events_cat","embeddable":true,"href":"https:\/\/www.ull.es\/portal\/agenda\/wp-json\/wp\/v2\/tribe_events_cat?post=34471"}],"curies":[{"name":"wp","href":"https:\/\/api.w.org\/{rel}","templated":true}]}}

Uso de drones: utilidades, aplicaciones y normativa (curso de iniciación)

<p>El Rosario acoge el curso <em>«Uso de drones: utilidades, aplicaciones y normativa (curso de iniciación)</em><em>»</em>, organizado conjuntamente por el Vicerrectorado de Cultura y Extensión Universitaria y el Ayuntamiento de El Rosario, dentro de la programación de los Cursos de Extensión Universitaria en el ámbito municipal <a href="https://www.ull.es/cultura/cursos-extension-universitaria/cursos-de-ayuntamientos/" target="_blank" rel="noopener" target="_blank" rel="noopener">“Ayuntamientos 2024”</a>, que se celebrará los días 3, 4 y 5 de septiembre de 2024.</p>
<p>Objetivos:</p>
<ul>
<li>Adquisición de conocimientos básicos sobre el uso de los drones y su aplicabilidad.</li>
<li>Adquisición de conocimientos sobre la instrumentación necesaria para el montaje y/o puesta en funcionamiento, aspectos de control y vuelo.</li>
<li>Adquisición de conocimientos sobre la normativa referente al uso de los drones.</li>
<li>Adquisición de experiencia preliminar en el manejo de un dron de pequeño tamaño, identificando sus partes principales y las posibles aplicaciones del dispositivo en función del equipamiento del mismo.</li>
</ul>
<p>Metodología docente: La parte teórica del curso se impartirá mediante clases interactivas, con la exposición de la teoría básica y aspectos normativos mediante presentaciones, con interactuación plena del alumnado con el profesor. Esta parte teórica se intercalará continuamente con la parte práctica que se explica a continuación. La parte práctica del curso mostrará, con drones reales los aspectos relativos a la instrumentación, la comunicación con el dispositivo, los sistemas de alimentación y el manejo básico de drones. El alumnado tendrá la posibilidad de manejar un dron de pequeño tamaño en las clases prácticas.</p>
<p>Dirigido al público en general, con intereses de adquisición de conocimientos básicos sobre los drones, sus distintas aplicaciones -especialmente en Canarias-, la instrumentación requerida y la normativa vigente para el vuelo de los mismos.</p>
<p>Dirección académica: Santiago Torres Álvarez. Profesor contratado Doctor. Departamento de Ingeniería Informática y de Sistemas de la Universidad de La Laguna.</p>
<p>Docentes: José Andrés Correa Cordobés y Miguel Pereyra Chico. Miembros de la Asociación ACUDRON.</p>
<p><strong>CERTIFICADO DE ASISTENCIA, APTITUD Y RECONOCIMIENTO POR CRÉDITO ECTS</strong></p>
<p>La Universidad de La Laguna, a través del Vicerrectorado de Cultura y Extensión Universitaria, emitirá un certificado de asistencia a todas aquellas personas que asistan a un mínimo del 80% de las horas lectivas presenciales. Asimismo, aquellas personas que superen el trabajo autónomo del alumnado, recibirán un certificado de asistencia y aprovechamiento, reconocible a su vez por un crédito ECTS.</p>
<p><a href="https://sede.fg.ull.es/es/curso/detalle?code=a24020087&amp;name=uso-de-drones-utilidades-aplicaciones-y-normativa-curso-de-iniciacion&amp;query=%3Fcode%3DA24020087" target="_blank" rel="noopener" target="_blank" rel="noopener"><strong><u>Consulta el programa e inscríbete aquí.</u></strong></a></p>
<p><span style="color: #ff0000"><strong>¡PLAZAS AGOTADAS!</strong></span></p>
<p><strong>Contacto: 922 319 616 / 922 319 626 – </strong><a href="mailto:extuni@ull.edu.es" target="_blank" rel="noopener" target="_blank" rel="noopener"><strong>extuni@ull.es</strong></a></p>

<p>El Rosario acoge el curso «Uso de drones: utilidades, aplicaciones y normativa (curso de iniciación)», organizado conjuntamente por el Vicerrectorado de Cultura y Extensión Universitaria y el Ayuntamiento de El Rosario, dentro de la programación de los Cursos de Extensión Universitaria en el ámbito municipal “Ayuntamientos 2024”, que se celebrará los días 3, 4 y 5 de&#8230;</p>

<!-- This site is optimized with the Yoast SEO plugin v21.3 - https://yoast.com/wordpress/plugins/seo/ -->
<title>Uso de drones: utilidades, aplicaciones y normativa (curso de iniciación) - ULL - Agenda</title>
<meta name="robots" content="index, follow, max-snippet:-1, max-image-preview:large, max-video-preview:-1" />
<link rel="canonical" href="https://www.ull.es/portal/agenda/evento/uso-de-drones-utilidades-aplicaciones-y-normativa-curso-de-iniciacion-4/" />
<meta property="og:locale" content="es_ES" />
<meta property="og:type" content="article" />
<meta property="og:title" content="Uso de drones: utilidades, aplicaciones y normativa (curso de iniciación) - ULL - Agenda" />
<meta property="og:description" content="El Rosario acoge el curso «Uso de drones: utilidades, aplicaciones y normativa (curso de iniciación)», organizado conjuntamente por el Vicerrectorado de Cultura y Extensión Universitaria y el Ayuntamiento de El Rosario, dentro de la programación de los Cursos de Extensión Universitaria en el ámbito municipal “Ayuntamientos 2024”, que se celebrará los días 3, 4 y 5 de..." />
<meta property="og:url" content="https://www.ull.es/portal/agenda/evento/uso-de-drones-utilidades-aplicaciones-y-normativa-curso-de-iniciacion-4/" />
<meta property="og:site_name" content="ULL - Agenda" />
<meta property="article:modified_time" content="2024-07-22T10:10:03+00:00" />
<meta property="og:image" content="https://www.ull.es/portal/agenda/wp-content/uploads/sites/12/2024/02/21.png" />
	<meta property="og:image:width" content="750" />
	<meta property="og:image:height" content="350" />
	<meta property="og:image:type" content="image/png" />
<meta name="twitter:card" content="summary_large_image" />
<meta name="twitter:label1" content="Tiempo de lectura" />
	<meta name="twitter:data1" content="2 minutos" />
<script type="application/ld+json" class="yoast-schema-graph">{"@context":"https://schema.org","@graph":[{"@type":"WebPage","@id":"https://www.ull.es/portal/agenda/evento/uso-de-drones-utilidades-aplicaciones-y-normativa-curso-de-iniciacion-4/","url":"https://www.ull.es/portal/agenda/evento/uso-de-drones-utilidades-aplicaciones-y-normativa-curso-de-iniciacion-4/","name":"Uso de drones: utilidades, aplicaciones y normativa (curso de iniciación) - ULL - Agenda","isPartOf":{"@id":"https://www.ull.es/portal/agenda/#website"},"datePublished":"2024-02-28T12:22:40+00:00","dateModified":"2024-07-22T10:10:03+00:00","breadcrumb":{"@id":"https://www.ull.es/portal/agenda/evento/uso-de-drones-utilidades-aplicaciones-y-normativa-curso-de-iniciacion-4/#breadcrumb"},"inLanguage":"es","potentialAction":[{"@type":"ReadAction","target":["https://www.ull.es/portal/agenda/evento/uso-de-drones-utilidades-aplicaciones-y-normativa-curso-de-iniciacion-4/"]}]},{"@type":"BreadcrumbList","@id":"https://www.ull.es/portal/agenda/evento/uso-de-drones-utilidades-aplicaciones-y-normativa-curso-de-iniciacion-4/#breadcrumb","itemListElement":[{"@type":"ListItem","position":1,"name":"Portada","item":"https://www.ull.es/portal/agenda/"},{"@type":"ListItem","position":2,"name":"Uso de drones: utilidades, aplicaciones y normativa (curso de iniciación)"}]},{"@type":"WebSite","@id":"https://www.ull.es/portal/agenda/#website","url":"https://www.ull.es/portal/agenda/","name":"ULL - Agenda","description":"","potentialAction":[{"@type":"SearchAction","target":{"@type":"EntryPoint","urlTemplate":"https://www.ull.es/portal/agenda/?s={search_term_string}"},"query-input":"required name=search_term_string"}],"inLanguage":"es"}]}</script>
<!-- / Yoast SEO plugin. -->

Uso de drones: utilidades, aplicaciones y normativa (curso de iniciación) - ULL - Agenda

El Rosario acoge el curso «Uso de drones: utilidades, aplicaciones y normativa (curso de iniciación)», organizado conjuntamente por el Vicerrectorado de Cultura y Extensión Universitaria y el Ayuntamiento de El Rosario, dentro de la programación de los Cursos de Extensión Universitaria en el ámbito municipal “Ayuntamientos 2024”, que se celebrará los días 3, 4 y 5 de...
