{"id":34697,"date":"2024-03-07T13:18:30","date_gmt":"2024-03-07T13:18:30","guid":{"rendered":"https:\/\/www.ull.es\/portal\/agenda\/?post_type=tribe_events&#038;p=34697"},"modified":"2024-03-07T13:18:30","modified_gmt":"2024-03-07T13:18:30","slug":"xiii-jornadas-sobre-derecho-de-la-union-europea","status":"publish","type":"tribe_events","link":"https:\/\/www.ull.es\/portal\/agenda\/evento\/xiii-jornadas-sobre-derecho-de-la-union-europea\/","title":{"rendered":"XIII Jornadas sobre Derecho de la Uni\u00f3n Europea"},"content":{"rendered":"<p><span style=\"font-weight: 400;\">El Centro de Documentaci\u00f3n Europea y la Facultad de Derecho de la Universidad de La Laguna organizan unas jornadas dedicadas al an\u00e1lisis y la reflexi\u00f3n sobre el derecho de la Uni\u00f3n Europea desde diferentes perspectivas. Para ello en esta nueva edici\u00f3n, contaremos con varios ponentes invitados pertenecientes a esta y otras universidades que nos ilustrar\u00e1n sobre temas de especial relevancia y actualidad concernientes a alg\u00fan problema del ordenamiento jur\u00eddico europeo. La ponencia invitada, mediante la cual comenzar\u00e1n las Jornadas a las 9.15h, versar\u00e1 sobre \u201c<\/span><i><span style=\"font-weight: 400;\">Iniciativas en el Derecho europeo para la protecci\u00f3n de los consumidores ante el blanqueo ecol\u00f3gico (greenwashing) y las alegaciones medioambientales enga\u00f1osas, <\/span><\/i><span style=\"font-weight: 400;\">a cargo del<\/span> <span style=\"font-weight: 400;\">Dr. Luis Hernando Cebri\u00e1, Profesor Titular de Derecho Mercantil de la Universidad de Valencia.<\/span><\/p>\n<p><span style=\"font-weight: 400;\">Las Jornadas se desarrollar\u00e1n el viernes 15 de marzo en dos sesiones, ma\u00f1ana y tarde, en el Aula Tom\u00e1s y Valiente de la Facultad de Derecho de la ULL, pudiendo asistir de forma presencial hasta completar aforo requiriendo de inscripci\u00f3n previa en caso de optar a certificado de asistencia.<\/span><\/p>\n<p><a href=\"https:\/\/nubefd.ull.es\/apps\/forms\/s\/TnfrEm5sAprX2JywsYjgLxRx\" target=\"_blank\" rel=\"noopener\" target=\"_blank\" rel=\"noopener\"><span style=\"font-weight: 400;\">Inscripci\u00f3n<\/span><\/a><\/p>\n<p><a href=\"https:\/\/drive.google.com\/file\/d\/177PoV54GbvMkOe_OTs9BmAlvaq2AV7N_\/view?usp=sharing\" target=\"_blank\" rel=\"noopener\" target=\"_blank\" rel=\"noopener\">Programa<\/a><\/p>\n<p><a href=\"https:\/\/drive.google.com\/file\/d\/1jyQcSPCLlji09f4ghA80H4jCLXkKGrHM\/view?usp=sharing\" target=\"_blank\" rel=\"noopener\" target=\"_blank\" rel=\"noopener\">Cartel<\/a><\/p>\n<p>&nbsp;<\/p>\n","protected":false},"excerpt":{"rendered":"<p>El Centro de Documentaci\u00f3n Europea y la Facultad de Derecho de la Universidad de La Laguna organizan unas jornadas dedicadas al an\u00e1lisis y la reflexi\u00f3n sobre el derecho de la Uni\u00f3n Europea desde diferentes perspectivas. Para ello en esta nueva edici\u00f3n, contaremos con varios ponentes invitados pertenecientes a esta y otras universidades que nos ilustrar\u00e1n&#8230;<\/p>\n","protected":false},"author":65,"featured_media":34698,"comment_status":"closed","ping_status":"closed","template":"","tags":[],"tribe_events_cat":[841,4,865,191],"acf":[],"yoast_head":"<!-- This site is optimized with the Yoast SEO plugin v21.3 - https:\/\/yoast.com\/wordpress\/plugins\/seo\/ -->\n<title>XIII Jornadas sobre Derecho de la Uni\u00f3n Europea - ULL - Agenda<\/title>\n<meta name=\"robots\" content=\"index, follow, max-snippet:-1, max-image-preview:large, max-video-preview:-1\" \/>\n<link rel=\"canonical\" href=\"https:\/\/www.ull.es\/portal\/agenda\/evento\/xiii-jornadas-sobre-derecho-de-la-union-europea\/\" \/>\n<meta property=\"og:locale\" content=\"es_ES\" \/>\n<meta property=\"og:type\" content=\"article\" \/>\n<meta property=\"og:title\" content=\"XIII Jornadas sobre Derecho de la Uni\u00f3n Europea - ULL - Agenda\" \/>\n<meta property=\"og:description\" content=\"El Centro de Documentaci\u00f3n Europea y la Facultad de Derecho de la Universidad de La Laguna organizan unas jornadas dedicadas al an\u00e1lisis y la reflexi\u00f3n sobre el derecho de la Uni\u00f3n Europea desde diferentes perspectivas. Para ello en esta nueva edici\u00f3n, contaremos con varios ponentes invitados pertenecientes a esta y otras universidades que nos ilustrar\u00e1n...\" \/>\n<meta property=\"og:url\" content=\"https:\/\/www.ull.es\/portal\/agenda\/evento\/xiii-jornadas-sobre-derecho-de-la-union-europea\/\" \/>\n<meta property=\"og:site_name\" content=\"ULL - Agenda\" \/>\n<meta property=\"og:image\" content=\"https:\/\/www.ull.es\/portal\/agenda\/wp-content\/uploads\/sites\/12\/2024\/03\/BANNER-XIII-JORNADAS-DUE.png\" \/>\n\t<meta property=\"og:image:width\" content=\"1920\" \/>\n\t<meta property=\"og:image:height\" content=\"1080\" \/>\n\t<meta property=\"og:image:type\" content=\"image\/png\" \/>\n<meta name=\"twitter:card\" content=\"summary_large_image\" \/>\n<meta name=\"twitter:label1\" content=\"Tiempo de lectura\" \/>\n\t<meta name=\"twitter:data1\" content=\"1 minuto\" \/>\n<script type=\"application\/ld+json\" class=\"yoast-schema-graph\">{\"@context\":\"https:\/\/schema.org\",\"@graph\":[{\"@type\":\"WebPage\",\"@id\":\"https:\/\/www.ull.es\/portal\/agenda\/evento\/xiii-jornadas-sobre-derecho-de-la-union-europea\/\",\"url\":\"https:\/\/www.ull.es\/portal\/agenda\/evento\/xiii-jornadas-sobre-derecho-de-la-union-europea\/\",\"name\":\"XIII Jornadas sobre Derecho de la Uni\u00f3n Europea - ULL - Agenda\",\"isPartOf\":{\"@id\":\"https:\/\/www.ull.es\/portal\/agenda\/#website\"},\"datePublished\":\"2024-03-07T13:18:30+00:00\",\"dateModified\":\"2024-03-07T13:18:30+00:00\",\"breadcrumb\":{\"@id\":\"https:\/\/www.ull.es\/portal\/agenda\/evento\/xiii-jornadas-sobre-derecho-de-la-union-europea\/#breadcrumb\"},\"inLanguage\":\"es\",\"potentialAction\":[{\"@type\":\"ReadAction\",\"target\":[\"https:\/\/www.ull.es\/portal\/agenda\/evento\/xiii-jornadas-sobre-derecho-de-la-union-europea\/\"]}]},{\"@type\":\"BreadcrumbList\",\"@id\":\"https:\/\/www.ull.es\/portal\/agenda\/evento\/xiii-jornadas-sobre-derecho-de-la-union-europea\/#breadcrumb\",\"itemListElement\":[{\"@type\":\"ListItem\",\"position\":1,\"name\":\"Portada\",\"item\":\"https:\/\/www.ull.es\/portal\/agenda\/\"},{\"@type\":\"ListItem\",\"position\":2,\"name\":\"XIII Jornadas sobre Derecho de la Uni\u00f3n Europea\"}]},{\"@type\":\"WebSite\",\"@id\":\"https:\/\/www.ull.es\/portal\/agenda\/#website\",\"url\":\"https:\/\/www.ull.es\/portal\/agenda\/\",\"name\":\"ULL - Agenda\",\"description\":\"\",\"potentialAction\":[{\"@type\":\"SearchAction\",\"target\":{\"@type\":\"EntryPoint\",\"urlTemplate\":\"https:\/\/www.ull.es\/portal\/agenda\/?s={search_term_string}\"},\"query-input\":\"required name=search_term_string\"}],\"inLanguage\":\"es\"}]}<\/script>\n<!-- \/ Yoast SEO plugin. -->","yoast_head_json":{"title":"XIII Jornadas sobre Derecho de la Uni\u00f3n Europea - ULL - Agenda","robots":{"index":"index","follow":"follow","max-snippet":"max-snippet:-1","max-image-preview":"max-image-preview:large","max-video-preview":"max-video-preview:-1"},"canonical":"https:\/\/www.ull.es\/portal\/agenda\/evento\/xiii-jornadas-sobre-derecho-de-la-union-europea\/","og_locale":"es_ES","og_type":"article","og_title":"XIII Jornadas sobre Derecho de la Uni\u00f3n Europea - ULL - Agenda","og_description":"El Centro de Documentaci\u00f3n Europea y la Facultad de Derecho de la Universidad de La Laguna organizan unas jornadas dedicadas al an\u00e1lisis y la reflexi\u00f3n sobre el derecho de la Uni\u00f3n Europea desde diferentes perspectivas. Para ello en esta nueva edici\u00f3n, contaremos con varios ponentes invitados pertenecientes a esta y otras universidades que nos ilustrar\u00e1n...","og_url":"https:\/\/www.ull.es\/portal\/agenda\/evento\/xiii-jornadas-sobre-derecho-de-la-union-europea\/","og_site_name":"ULL - Agenda","og_image":[{"width":1920,"height":1080,"url":"https:\/\/www.ull.es\/portal\/agenda\/wp-content\/uploads\/sites\/12\/2024\/03\/BANNER-XIII-JORNADAS-DUE.png","type":"image\/png"}],"twitter_card":"summary_large_image","twitter_misc":{"Tiempo de lectura":"1 minuto"},"schema":{"@context":"https:\/\/schema.org","@graph":[{"@type":"WebPage","@id":"https:\/\/www.ull.es\/portal\/agenda\/evento\/xiii-jornadas-sobre-derecho-de-la-union-europea\/","url":"https:\/\/www.ull.es\/portal\/agenda\/evento\/xiii-jornadas-sobre-derecho-de-la-union-europea\/","name":"XIII Jornadas sobre Derecho de la Uni\u00f3n Europea - ULL - Agenda","isPartOf":{"@id":"https:\/\/www.ull.es\/portal\/agenda\/#website"},"datePublished":"2024-03-07T13:18:30+00:00","dateModified":"2024-03-07T13:18:30+00:00","breadcrumb":{"@id":"https:\/\/www.ull.es\/portal\/agenda\/evento\/xiii-jornadas-sobre-derecho-de-la-union-europea\/#breadcrumb"},"inLanguage":"es","potentialAction":[{"@type":"ReadAction","target":["https:\/\/www.ull.es\/portal\/agenda\/evento\/xiii-jornadas-sobre-derecho-de-la-union-europea\/"]}]},{"@type":"BreadcrumbList","@id":"https:\/\/www.ull.es\/portal\/agenda\/evento\/xiii-jornadas-sobre-derecho-de-la-union-europea\/#breadcrumb","itemListElement":[{"@type":"ListItem","position":1,"name":"Portada","item":"https:\/\/www.ull.es\/portal\/agenda\/"},{"@type":"ListItem","position":2,"name":"XIII Jornadas sobre Derecho de la Uni\u00f3n Europea"}]},{"@type":"WebSite","@id":"https:\/\/www.ull.es\/portal\/agenda\/#website","url":"https:\/\/www.ull.es\/portal\/agenda\/","name":"ULL - Agenda","description":"","potentialAction":[{"@type":"SearchAction","target":{"@type":"EntryPoint","urlTemplate":"https:\/\/www.ull.es\/portal\/agenda\/?s={search_term_string}"},"query-input":"required name=search_term_string"}],"inLanguage":"es"}]}},"_links":{"self":[{"href":"https:\/\/www.ull.es\/portal\/agenda\/wp-json\/wp\/v2\/tribe_events\/34697"}],"collection":[{"href":"https:\/\/www.ull.es\/portal\/agenda\/wp-json\/wp\/v2\/tribe_events"}],"about":[{"href":"https:\/\/www.ull.es\/portal\/agenda\/wp-json\/wp\/v2\/types\/tribe_events"}],"author":[{"embeddable":true,"href":"https:\/\/www.ull.es\/portal\/agenda\/wp-json\/wp\/v2\/users\/65"}],"replies":[{"embeddable":true,"href":"https:\/\/www.ull.es\/portal\/agenda\/wp-json\/wp\/v2\/comments?post=34697"}],"version-history":[{"count":1,"href":"https:\/\/www.ull.es\/portal\/agenda\/wp-json\/wp\/v2\/tribe_events\/34697\/revisions"}],"predecessor-version":[{"id":34699,"href":"https:\/\/www.ull.es\/portal\/agenda\/wp-json\/wp\/v2\/tribe_events\/34697\/revisions\/34699"}],"wp:featuredmedia":[{"embeddable":true,"href":"https:\/\/www.ull.es\/portal\/agenda\/wp-json\/wp\/v2\/media\/34698"}],"wp:attachment":[{"href":"https:\/\/www.ull.es\/portal\/agenda\/wp-json\/wp\/v2\/media?parent=34697"}],"wp:term":[{"taxonomy":"post_tag","embeddable":true,"href":"https:\/\/www.ull.es\/portal\/agenda\/wp-json\/wp\/v2\/tags?post=34697"},{"taxonomy":"tribe_events_cat","embeddable":true,"href":"https:\/\/www.ull.es\/portal\/agenda\/wp-json\/wp\/v2\/tribe_events_cat?post=34697"}],"curies":[{"name":"wp","href":"https:\/\/api.w.org\/{rel}","templated":true}]}}

XIII Jornadas sobre Derecho de la Unión Europea

<p><span style="font-weight: 400;">El Centro de Documentación Europea y la Facultad de Derecho de la Universidad de La Laguna organizan unas jornadas dedicadas al análisis y la reflexión sobre el derecho de la Unión Europea desde diferentes perspectivas. Para ello en esta nueva edición, contaremos con varios ponentes invitados pertenecientes a esta y otras universidades que nos ilustrarán sobre temas de especial relevancia y actualidad concernientes a algún problema del ordenamiento jurídico europeo. La ponencia invitada, mediante la cual comenzarán las Jornadas a las 9.15h, versará sobre “</span><i><span style="font-weight: 400;">Iniciativas en el Derecho europeo para la protección de los consumidores ante el blanqueo ecológico (greenwashing) y las alegaciones medioambientales engañosas, </span></i><span style="font-weight: 400;">a cargo del</span> <span style="font-weight: 400;">Dr. Luis Hernando Cebriá, Profesor Titular de Derecho Mercantil de la Universidad de Valencia.</span></p>
<p><span style="font-weight: 400;">Las Jornadas se desarrollarán el viernes 15 de marzo en dos sesiones, mañana y tarde, en el Aula Tomás y Valiente de la Facultad de Derecho de la ULL, pudiendo asistir de forma presencial hasta completar aforo requiriendo de inscripción previa en caso de optar a certificado de asistencia.</span></p>
<p><a href="https://nubefd.ull.es/apps/forms/s/TnfrEm5sAprX2JywsYjgLxRx" target="_blank" rel="noopener" target="_blank" rel="noopener"><span style="font-weight: 400;">Inscripción</span></a></p>
<p><a href="https://drive.google.com/file/d/177PoV54GbvMkOe_OTs9BmAlvaq2AV7N_/view?usp=sharing" target="_blank" rel="noopener" target="_blank" rel="noopener">Programa</a></p>
<p><a href="https://drive.google.com/file/d/1jyQcSPCLlji09f4ghA80H4jCLXkKGrHM/view?usp=sharing" target="_blank" rel="noopener" target="_blank" rel="noopener">Cartel</a></p>
<p>&nbsp;</p>

<p>El Centro de Documentación Europea y la Facultad de Derecho de la Universidad de La Laguna organizan unas jornadas dedicadas al análisis y la reflexión sobre el derecho de la Unión Europea desde diferentes perspectivas. Para ello en esta nueva edición, contaremos con varios ponentes invitados pertenecientes a esta y otras universidades que nos ilustrarán&#8230;</p>

<!-- This site is optimized with the Yoast SEO plugin v21.3 - https://yoast.com/wordpress/plugins/seo/ -->
<title>XIII Jornadas sobre Derecho de la Unión Europea - ULL - Agenda</title>
<meta name="robots" content="index, follow, max-snippet:-1, max-image-preview:large, max-video-preview:-1" />
<link rel="canonical" href="https://www.ull.es/portal/agenda/evento/xiii-jornadas-sobre-derecho-de-la-union-europea/" />
<meta property="og:locale" content="es_ES" />
<meta property="og:type" content="article" />
<meta property="og:title" content="XIII Jornadas sobre Derecho de la Unión Europea - ULL - Agenda" />
<meta property="og:description" content="El Centro de Documentación Europea y la Facultad de Derecho de la Universidad de La Laguna organizan unas jornadas dedicadas al análisis y la reflexión sobre el derecho de la Unión Europea desde diferentes perspectivas. Para ello en esta nueva edición, contaremos con varios ponentes invitados pertenecientes a esta y otras universidades que nos ilustrarán..." />
<meta property="og:url" content="https://www.ull.es/portal/agenda/evento/xiii-jornadas-sobre-derecho-de-la-union-europea/" />
<meta property="og:site_name" content="ULL - Agenda" />
<meta property="og:image" content="https://www.ull.es/portal/agenda/wp-content/uploads/sites/12/2024/03/BANNER-XIII-JORNADAS-DUE.png" />
	<meta property="og:image:width" content="1920" />
	<meta property="og:image:height" content="1080" />
	<meta property="og:image:type" content="image/png" />
<meta name="twitter:card" content="summary_large_image" />
<meta name="twitter:label1" content="Tiempo de lectura" />
	<meta name="twitter:data1" content="1 minuto" />
<script type="application/ld+json" class="yoast-schema-graph">{"@context":"https://schema.org","@graph":[{"@type":"WebPage","@id":"https://www.ull.es/portal/agenda/evento/xiii-jornadas-sobre-derecho-de-la-union-europea/","url":"https://www.ull.es/portal/agenda/evento/xiii-jornadas-sobre-derecho-de-la-union-europea/","name":"XIII Jornadas sobre Derecho de la Unión Europea - ULL - Agenda","isPartOf":{"@id":"https://www.ull.es/portal/agenda/#website"},"datePublished":"2024-03-07T13:18:30+00:00","dateModified":"2024-03-07T13:18:30+00:00","breadcrumb":{"@id":"https://www.ull.es/portal/agenda/evento/xiii-jornadas-sobre-derecho-de-la-union-europea/#breadcrumb"},"inLanguage":"es","potentialAction":[{"@type":"ReadAction","target":["https://www.ull.es/portal/agenda/evento/xiii-jornadas-sobre-derecho-de-la-union-europea/"]}]},{"@type":"BreadcrumbList","@id":"https://www.ull.es/portal/agenda/evento/xiii-jornadas-sobre-derecho-de-la-union-europea/#breadcrumb","itemListElement":[{"@type":"ListItem","position":1,"name":"Portada","item":"https://www.ull.es/portal/agenda/"},{"@type":"ListItem","position":2,"name":"XIII Jornadas sobre Derecho de la Unión Europea"}]},{"@type":"WebSite","@id":"https://www.ull.es/portal/agenda/#website","url":"https://www.ull.es/portal/agenda/","name":"ULL - Agenda","description":"","potentialAction":[{"@type":"SearchAction","target":{"@type":"EntryPoint","urlTemplate":"https://www.ull.es/portal/agenda/?s={search_term_string}"},"query-input":"required name=search_term_string"}],"inLanguage":"es"}]}</script>
<!-- / Yoast SEO plugin. -->

XIII Jornadas sobre Derecho de la Unión Europea - ULL - Agenda

El Centro de Documentación Europea y la Facultad de Derecho de la Universidad de La Laguna organizan unas jornadas dedicadas al análisis y la reflexión sobre el derecho de la Unión Europea desde diferentes perspectivas. Para ello en esta nueva edición, contaremos con varios ponentes invitados pertenecientes a esta y otras universidades que nos ilustrarán...
