{"id":34776,"date":"2024-03-14T08:46:00","date_gmt":"2024-03-14T08:46:00","guid":{"rendered":"https:\/\/www.ull.es\/portal\/agenda\/?post_type=tribe_events&#038;p=34776"},"modified":"2024-04-10T13:19:21","modified_gmt":"2024-04-10T13:19:21","slug":"piensa-en-wilbur","status":"publish","type":"tribe_events","link":"https:\/\/www.ull.es\/portal\/agenda\/evento\/piensa-en-wilbur\/","title":{"rendered":"&#8216;Piensa en Wilbur&#8217;"},"content":{"rendered":"<p>\u2018Piensa en Wilbur\u2019 es un espect\u00e1culo plagado de acrobacias, humor, y riesgo, mucho riesgo: la \u00fanica manera en la que Wilbur sabe vivir. Con una t\u00e9cnica y un f\u00edsico fuera de lo com\u00fan, crear\u00e1 situaciones imposibles que dejar\u00e1n al p\u00fablico anonadado. Acompa\u00f1ado de sus amigos inseparables: Contractura, Tir\u00f3n y Desgarro nos demostrar\u00e1 que la acrobacia no es solo un deporte.<\/p>\n<p>Un espect\u00e1culo que impactar\u00e1 en el p\u00fablico (literalmente). V\u00edctor Ortiz (1981, Alicante), m\u00e1s conocido como Wilbur, es gimnasta, actor y artista de circo. Con tan solo cinco a\u00f1os se inici\u00f3 por casualidad en el mundo de la gimnasia art\u00edstica. Especialista en aparatos de suelo, salto y barra, fue perfeccionando su t\u00e9cnica hasta llegar a competir al lado de gimnastas como Gervasio Deferr o Oriol Combarros. A los 16 a\u00f1os, se qued\u00f3 a las puertas del CAR de Madrid, pero decidi\u00f3 seguir entrenando, llegando a proclamarse campe\u00f3n de Espa\u00f1a de acrosport. Entrenando en su Alicante natal, conoci\u00f3 al malabarista \u2018Piti\u2019 con el que empez\u00f3 a actuar.<\/p>\n<p>De hecho, su nombre art\u00edstico Wilbur surge 10 minutos antes de una actuaci\u00f3n en Elche, leyendo panfletos de publicidad. A partir de ese momento, decide que su vida va a ser el circo, llegando a formar parte del Cirque du Soleil como acr\u00f3bata. \u2018Piensa en Wilbur\u2019 es su primer espect\u00e1culo unipersonal. Un show que ha ido creciendo con el tiempo y que ha hecho disfrutar a miles de espectadores. De hecho, miles de ellos le siguen tambi\u00e9n en sus redes sociales, en las que acumula m\u00e1s de 900.000 seguidores -entre Instagram y TikTok.<\/p>\n<p><a href=\"http:\/\/www.tomaticket.es\/recintos\/paraninfo-ull\" target=\"_blank\" rel=\"noopener\" target=\"_blank\" rel=\"noopener\">Entradas<\/a>: 18 \u20ac<\/p>\n","protected":false},"excerpt":{"rendered":"<p>\u2018Piensa en Wilbur\u2019 es un espect\u00e1culo plagado de acrobacias, humor, y riesgo, mucho riesgo: la \u00fanica manera en la que Wilbur sabe vivir. Con una t\u00e9cnica y un f\u00edsico fuera de lo com\u00fan, crear\u00e1 situaciones imposibles que dejar\u00e1n al p\u00fablico anonadado. Acompa\u00f1ado de sus amigos inseparables: Contractura, Tir\u00f3n y Desgarro nos demostrar\u00e1 que la acrobacia&#8230;<\/p>\n","protected":false},"author":65,"featured_media":34777,"comment_status":"closed","ping_status":"closed","template":"","tags":[],"tribe_events_cat":[3987,4,343,191],"acf":[],"yoast_head":"<!-- This site is optimized with the Yoast SEO plugin v21.3 - https:\/\/yoast.com\/wordpress\/plugins\/seo\/ -->\n<title>&#039;Piensa en Wilbur&#039; - ULL - Agenda<\/title>\n<meta name=\"robots\" content=\"index, follow, max-snippet:-1, max-image-preview:large, max-video-preview:-1\" \/>\n<link rel=\"canonical\" href=\"https:\/\/www.ull.es\/portal\/agenda\/evento\/piensa-en-wilbur\/\" \/>\n<meta property=\"og:locale\" content=\"es_ES\" \/>\n<meta property=\"og:type\" content=\"article\" \/>\n<meta property=\"og:title\" content=\"&#039;Piensa en Wilbur&#039; - ULL - Agenda\" \/>\n<meta property=\"og:description\" content=\"\u2018Piensa en Wilbur\u2019 es un espect\u00e1culo plagado de acrobacias, humor, y riesgo, mucho riesgo: la \u00fanica manera en la que Wilbur sabe vivir. Con una t\u00e9cnica y un f\u00edsico fuera de lo com\u00fan, crear\u00e1 situaciones imposibles que dejar\u00e1n al p\u00fablico anonadado. Acompa\u00f1ado de sus amigos inseparables: Contractura, Tir\u00f3n y Desgarro nos demostrar\u00e1 que la acrobacia...\" \/>\n<meta property=\"og:url\" content=\"https:\/\/www.ull.es\/portal\/agenda\/evento\/piensa-en-wilbur\/\" \/>\n<meta property=\"og:site_name\" content=\"ULL - Agenda\" \/>\n<meta property=\"article:modified_time\" content=\"2024-04-10T13:19:21+00:00\" \/>\n<meta property=\"og:image\" content=\"https:\/\/www.ull.es\/portal\/agenda\/wp-content\/uploads\/sites\/12\/2024\/03\/350_700.jpg\" \/>\n\t<meta property=\"og:image:width\" content=\"700\" \/>\n\t<meta property=\"og:image:height\" content=\"350\" \/>\n\t<meta property=\"og:image:type\" content=\"image\/jpeg\" \/>\n<meta name=\"twitter:card\" content=\"summary_large_image\" \/>\n<meta name=\"twitter:label1\" content=\"Tiempo de lectura\" \/>\n\t<meta name=\"twitter:data1\" content=\"2 minutos\" \/>\n<script type=\"application\/ld+json\" class=\"yoast-schema-graph\">{\"@context\":\"https:\/\/schema.org\",\"@graph\":[{\"@type\":\"WebPage\",\"@id\":\"https:\/\/www.ull.es\/portal\/agenda\/evento\/piensa-en-wilbur\/\",\"url\":\"https:\/\/www.ull.es\/portal\/agenda\/evento\/piensa-en-wilbur\/\",\"name\":\"'Piensa en Wilbur' - ULL - Agenda\",\"isPartOf\":{\"@id\":\"https:\/\/www.ull.es\/portal\/agenda\/#website\"},\"datePublished\":\"2024-03-14T08:46:00+00:00\",\"dateModified\":\"2024-04-10T13:19:21+00:00\",\"breadcrumb\":{\"@id\":\"https:\/\/www.ull.es\/portal\/agenda\/evento\/piensa-en-wilbur\/#breadcrumb\"},\"inLanguage\":\"es\",\"potentialAction\":[{\"@type\":\"ReadAction\",\"target\":[\"https:\/\/www.ull.es\/portal\/agenda\/evento\/piensa-en-wilbur\/\"]}]},{\"@type\":\"BreadcrumbList\",\"@id\":\"https:\/\/www.ull.es\/portal\/agenda\/evento\/piensa-en-wilbur\/#breadcrumb\",\"itemListElement\":[{\"@type\":\"ListItem\",\"position\":1,\"name\":\"Portada\",\"item\":\"https:\/\/www.ull.es\/portal\/agenda\/\"},{\"@type\":\"ListItem\",\"position\":2,\"name\":\"&#8216;Piensa en Wilbur&#8217;\"}]},{\"@type\":\"WebSite\",\"@id\":\"https:\/\/www.ull.es\/portal\/agenda\/#website\",\"url\":\"https:\/\/www.ull.es\/portal\/agenda\/\",\"name\":\"ULL - Agenda\",\"description\":\"\",\"potentialAction\":[{\"@type\":\"SearchAction\",\"target\":{\"@type\":\"EntryPoint\",\"urlTemplate\":\"https:\/\/www.ull.es\/portal\/agenda\/?s={search_term_string}\"},\"query-input\":\"required name=search_term_string\"}],\"inLanguage\":\"es\"}]}<\/script>\n<!-- \/ Yoast SEO plugin. -->","yoast_head_json":{"title":"'Piensa en Wilbur' - ULL - Agenda","robots":{"index":"index","follow":"follow","max-snippet":"max-snippet:-1","max-image-preview":"max-image-preview:large","max-video-preview":"max-video-preview:-1"},"canonical":"https:\/\/www.ull.es\/portal\/agenda\/evento\/piensa-en-wilbur\/","og_locale":"es_ES","og_type":"article","og_title":"'Piensa en Wilbur' - ULL - Agenda","og_description":"\u2018Piensa en Wilbur\u2019 es un espect\u00e1culo plagado de acrobacias, humor, y riesgo, mucho riesgo: la \u00fanica manera en la que Wilbur sabe vivir. Con una t\u00e9cnica y un f\u00edsico fuera de lo com\u00fan, crear\u00e1 situaciones imposibles que dejar\u00e1n al p\u00fablico anonadado. Acompa\u00f1ado de sus amigos inseparables: Contractura, Tir\u00f3n y Desgarro nos demostrar\u00e1 que la acrobacia...","og_url":"https:\/\/www.ull.es\/portal\/agenda\/evento\/piensa-en-wilbur\/","og_site_name":"ULL - Agenda","article_modified_time":"2024-04-10T13:19:21+00:00","og_image":[{"width":700,"height":350,"url":"https:\/\/www.ull.es\/portal\/agenda\/wp-content\/uploads\/sites\/12\/2024\/03\/350_700.jpg","type":"image\/jpeg"}],"twitter_card":"summary_large_image","twitter_misc":{"Tiempo de lectura":"2 minutos"},"schema":{"@context":"https:\/\/schema.org","@graph":[{"@type":"WebPage","@id":"https:\/\/www.ull.es\/portal\/agenda\/evento\/piensa-en-wilbur\/","url":"https:\/\/www.ull.es\/portal\/agenda\/evento\/piensa-en-wilbur\/","name":"'Piensa en Wilbur' - ULL - Agenda","isPartOf":{"@id":"https:\/\/www.ull.es\/portal\/agenda\/#website"},"datePublished":"2024-03-14T08:46:00+00:00","dateModified":"2024-04-10T13:19:21+00:00","breadcrumb":{"@id":"https:\/\/www.ull.es\/portal\/agenda\/evento\/piensa-en-wilbur\/#breadcrumb"},"inLanguage":"es","potentialAction":[{"@type":"ReadAction","target":["https:\/\/www.ull.es\/portal\/agenda\/evento\/piensa-en-wilbur\/"]}]},{"@type":"BreadcrumbList","@id":"https:\/\/www.ull.es\/portal\/agenda\/evento\/piensa-en-wilbur\/#breadcrumb","itemListElement":[{"@type":"ListItem","position":1,"name":"Portada","item":"https:\/\/www.ull.es\/portal\/agenda\/"},{"@type":"ListItem","position":2,"name":"&#8216;Piensa en Wilbur&#8217;"}]},{"@type":"WebSite","@id":"https:\/\/www.ull.es\/portal\/agenda\/#website","url":"https:\/\/www.ull.es\/portal\/agenda\/","name":"ULL - Agenda","description":"","potentialAction":[{"@type":"SearchAction","target":{"@type":"EntryPoint","urlTemplate":"https:\/\/www.ull.es\/portal\/agenda\/?s={search_term_string}"},"query-input":"required name=search_term_string"}],"inLanguage":"es"}]}},"_links":{"self":[{"href":"https:\/\/www.ull.es\/portal\/agenda\/wp-json\/wp\/v2\/tribe_events\/34776"}],"collection":[{"href":"https:\/\/www.ull.es\/portal\/agenda\/wp-json\/wp\/v2\/tribe_events"}],"about":[{"href":"https:\/\/www.ull.es\/portal\/agenda\/wp-json\/wp\/v2\/types\/tribe_events"}],"author":[{"embeddable":true,"href":"https:\/\/www.ull.es\/portal\/agenda\/wp-json\/wp\/v2\/users\/65"}],"replies":[{"embeddable":true,"href":"https:\/\/www.ull.es\/portal\/agenda\/wp-json\/wp\/v2\/comments?post=34776"}],"version-history":[{"count":3,"href":"https:\/\/www.ull.es\/portal\/agenda\/wp-json\/wp\/v2\/tribe_events\/34776\/revisions"}],"predecessor-version":[{"id":35301,"href":"https:\/\/www.ull.es\/portal\/agenda\/wp-json\/wp\/v2\/tribe_events\/34776\/revisions\/35301"}],"wp:featuredmedia":[{"embeddable":true,"href":"https:\/\/www.ull.es\/portal\/agenda\/wp-json\/wp\/v2\/media\/34777"}],"wp:attachment":[{"href":"https:\/\/www.ull.es\/portal\/agenda\/wp-json\/wp\/v2\/media?parent=34776"}],"wp:term":[{"taxonomy":"post_tag","embeddable":true,"href":"https:\/\/www.ull.es\/portal\/agenda\/wp-json\/wp\/v2\/tags?post=34776"},{"taxonomy":"tribe_events_cat","embeddable":true,"href":"https:\/\/www.ull.es\/portal\/agenda\/wp-json\/wp\/v2\/tribe_events_cat?post=34776"}],"curies":[{"name":"wp","href":"https:\/\/api.w.org\/{rel}","templated":true}]}}

<p>‘Piensa en Wilbur’ es un espectáculo plagado de acrobacias, humor, y riesgo, mucho riesgo: la única manera en la que Wilbur sabe vivir. Con una técnica y un físico fuera de lo común, creará situaciones imposibles que dejarán al público anonadado. Acompañado de sus amigos inseparables: Contractura, Tirón y Desgarro nos demostrará que la acrobacia no es solo un deporte.</p>
<p>Un espectáculo que impactará en el público (literalmente). Víctor Ortiz (1981, Alicante), más conocido como Wilbur, es gimnasta, actor y artista de circo. Con tan solo cinco años se inició por casualidad en el mundo de la gimnasia artística. Especialista en aparatos de suelo, salto y barra, fue perfeccionando su técnica hasta llegar a competir al lado de gimnastas como Gervasio Deferr o Oriol Combarros. A los 16 años, se quedó a las puertas del CAR de Madrid, pero decidió seguir entrenando, llegando a proclamarse campeón de España de acrosport. Entrenando en su Alicante natal, conoció al malabarista ‘Piti’ con el que empezó a actuar.</p>
<p>De hecho, su nombre artístico Wilbur surge 10 minutos antes de una actuación en Elche, leyendo panfletos de publicidad. A partir de ese momento, decide que su vida va a ser el circo, llegando a formar parte del Cirque du Soleil como acróbata. ‘Piensa en Wilbur’ es su primer espectáculo unipersonal. Un show que ha ido creciendo con el tiempo y que ha hecho disfrutar a miles de espectadores. De hecho, miles de ellos le siguen también en sus redes sociales, en las que acumula más de 900.000 seguidores -entre Instagram y TikTok.</p>
<p><a href="http://www.tomaticket.es/recintos/paraninfo-ull" target="_blank" rel="noopener" target="_blank" rel="noopener">Entradas</a>: 18 €</p>

<p>‘Piensa en Wilbur’ es un espectáculo plagado de acrobacias, humor, y riesgo, mucho riesgo: la única manera en la que Wilbur sabe vivir. Con una técnica y un físico fuera de lo común, creará situaciones imposibles que dejarán al público anonadado. Acompañado de sus amigos inseparables: Contractura, Tirón y Desgarro nos demostrará que la acrobacia&#8230;</p>

<!-- This site is optimized with the Yoast SEO plugin v21.3 - https://yoast.com/wordpress/plugins/seo/ -->
<title>&#039;Piensa en Wilbur&#039; - ULL - Agenda</title>
<meta name="robots" content="index, follow, max-snippet:-1, max-image-preview:large, max-video-preview:-1" />
<link rel="canonical" href="https://www.ull.es/portal/agenda/evento/piensa-en-wilbur/" />
<meta property="og:locale" content="es_ES" />
<meta property="og:type" content="article" />
<meta property="og:title" content="&#039;Piensa en Wilbur&#039; - ULL - Agenda" />
<meta property="og:description" content="‘Piensa en Wilbur’ es un espectáculo plagado de acrobacias, humor, y riesgo, mucho riesgo: la única manera en la que Wilbur sabe vivir. Con una técnica y un físico fuera de lo común, creará situaciones imposibles que dejarán al público anonadado. Acompañado de sus amigos inseparables: Contractura, Tirón y Desgarro nos demostrará que la acrobacia..." />
<meta property="og:url" content="https://www.ull.es/portal/agenda/evento/piensa-en-wilbur/" />
<meta property="og:site_name" content="ULL - Agenda" />
<meta property="article:modified_time" content="2024-04-10T13:19:21+00:00" />
<meta property="og:image" content="https://www.ull.es/portal/agenda/wp-content/uploads/sites/12/2024/03/350_700.jpg" />
	<meta property="og:image:width" content="700" />
	<meta property="og:image:height" content="350" />
	<meta property="og:image:type" content="image/jpeg" />
<meta name="twitter:card" content="summary_large_image" />
<meta name="twitter:label1" content="Tiempo de lectura" />
	<meta name="twitter:data1" content="2 minutos" />
<script type="application/ld+json" class="yoast-schema-graph">{"@context":"https://schema.org","@graph":[{"@type":"WebPage","@id":"https://www.ull.es/portal/agenda/evento/piensa-en-wilbur/","url":"https://www.ull.es/portal/agenda/evento/piensa-en-wilbur/","name":"'Piensa en Wilbur' - ULL - Agenda","isPartOf":{"@id":"https://www.ull.es/portal/agenda/#website"},"datePublished":"2024-03-14T08:46:00+00:00","dateModified":"2024-04-10T13:19:21+00:00","breadcrumb":{"@id":"https://www.ull.es/portal/agenda/evento/piensa-en-wilbur/#breadcrumb"},"inLanguage":"es","potentialAction":[{"@type":"ReadAction","target":["https://www.ull.es/portal/agenda/evento/piensa-en-wilbur/"]}]},{"@type":"BreadcrumbList","@id":"https://www.ull.es/portal/agenda/evento/piensa-en-wilbur/#breadcrumb","itemListElement":[{"@type":"ListItem","position":1,"name":"Portada","item":"https://www.ull.es/portal/agenda/"},{"@type":"ListItem","position":2,"name":"&#8216;Piensa en Wilbur&#8217;"}]},{"@type":"WebSite","@id":"https://www.ull.es/portal/agenda/#website","url":"https://www.ull.es/portal/agenda/","name":"ULL - Agenda","description":"","potentialAction":[{"@type":"SearchAction","target":{"@type":"EntryPoint","urlTemplate":"https://www.ull.es/portal/agenda/?s={search_term_string}"},"query-input":"required name=search_term_string"}],"inLanguage":"es"}]}</script>
<!-- / Yoast SEO plugin. -->

‘Piensa en Wilbur’ es un espectáculo plagado de acrobacias, humor, y riesgo, mucho riesgo: la única manera en la que Wilbur sabe vivir. Con una técnica y un físico fuera de lo común, creará situaciones imposibles que dejarán al público anonadado. Acompañado de sus amigos inseparables: Contractura, Tirón y Desgarro nos demostrará que la acrobacia...
