{"id":34787,"date":"2024-03-14T09:44:14","date_gmt":"2024-03-14T09:44:14","guid":{"rendered":"https:\/\/www.ull.es\/portal\/agenda\/?post_type=tribe_events&#038;p=34787"},"modified":"2024-03-14T11:59:12","modified_gmt":"2024-03-14T11:59:12","slug":"seminario-de-literatura-hispanoamericana-en-la-frontera-del-boom-afirmaciones-nuevas-perspectivas-y-miradas","status":"publish","type":"tribe_events","link":"https:\/\/www.ull.es\/portal\/agenda\/evento\/seminario-de-literatura-hispanoamericana-en-la-frontera-del-boom-afirmaciones-nuevas-perspectivas-y-miradas\/","title":{"rendered":"Seminario de Literatura Hispanoamericana. En la frontera del Boom: afirmaciones, nuevas perspectivas y miradas"},"content":{"rendered":"<p>El Aula Cultural de Lengua y Literatura organiza este seminario que se celebrar\u00e1 en la la Secci\u00f3n de Filolog\u00eda de la Facultad de Humanidades los d\u00edas 11 y 12 de abril\u00a0 de 2024 en horario de ma\u00f1ana.<\/p>\n<p>Este seminario se propone establecer un necesario di\u00e1logo con el Boom como una etapa fundamental de las letras hispanoamericanas. Por supuesto, la propuesta pretende, desbordar los distintos tipos de <em>fronteras <\/em>del Boom que han sustentado esos a\u00f1os (imprecisos) de la nueva narrativa hispanoamericana. Sin s\u00edntesis, los objetivos son los siguientes:<\/p>\n<p>1. Insistir en las voces hispanoamericanas reconocidas del Boom.<br \/>\n2. Revisar otros textos y voces inscritas en ese contexto pero que no fueron suficientemente atendidas.<br \/>\n3. Proponer redes y din\u00e1micas desde otras perspectivas o autores posteriores.<\/p>\n<p>Dirigido especialmente al alumnado del Grado en Espa\u00f1ol: Lengua y Literatura, al alumnado de la Facultad de Filolog\u00eda, y en general al p\u00fablico interesado.<\/p>\n<p>Direcci\u00f3n acad\u00e9mica:<\/p>\n<ul>\n<li>Nieves Mar\u00eda Concepci\u00f3n Lorenzo. Profesora Titular de Universidad, Departamento de Filolog\u00eda Espa\u00f1ola de la Universidad de La Laguna.<\/li>\n<li>Katya V\u00e1zquez Schr\u00f6der. Contratada predoctoral en el Departamento de Filolog\u00eda Espa\u00f1ola de la Universidad de La Laguna.<\/li>\n<\/ul>\n<p>CERTIFICADO DE ASISTENCIA: La Universidad de La Laguna, a trav\u00e9s del Vicerrectorado de Cultura y Extensi\u00f3n Universitaria, emitir\u00e1 un certificado de asistencia a todas aquellas personas que participen, previa inscripci\u00f3n en la actividad.<\/p>\n<p><a href=\"https:\/\/sede.fg.ull.es\/es\/curso\/detalle?code=a24020135&amp;name=seminario-de-literatura-hispanoamericana-en-la-frontera-del-boom-afirmaciones-nuevas-perspectivas-y-miradas&amp;query=%3Fcode%3DA24020135\" target=\"_blank\" rel=\"noopener\" target=\"_blank\" rel=\"noopener\"><strong>M\u00e1s informaci\u00f3n e inscripci\u00f3n gratuita\u00a0aqu\u00ed.<\/strong><\/a><\/p>\n<p><strong>Contacto: 922 319 616 \/ 922 319 626 \u2013\u00a0<\/strong><a href=\"mailto:extuni@ull.edu.es\" target=\"_blank\" rel=\"noopener\" target=\"_blank\" rel=\"noopener\"><strong>extuni@ull.es<\/strong><\/a><\/p>\n","protected":false},"excerpt":{"rendered":"<p>El Aula Cultural de Lengua y Literatura organiza este seminario que se celebrar\u00e1 en la la Secci\u00f3n de Filolog\u00eda de la Facultad de Humanidades los d\u00edas 11 y 12 de abril\u00a0 de 2024 en horario de ma\u00f1ana. Este seminario se propone establecer un necesario di\u00e1logo con el Boom como una etapa fundamental de las letras&#8230;<\/p>\n","protected":false},"author":43,"featured_media":34798,"comment_status":"closed","ping_status":"closed","template":"","tags":[4259,977,3812,3751],"tribe_events_cat":[472,471,4,186],"acf":[],"yoast_head":"<!-- This site is optimized with the Yoast SEO plugin v21.3 - https:\/\/yoast.com\/wordpress\/plugins\/seo\/ -->\n<title>Seminario de Literatura Hispanoamericana. En la frontera del Boom: afirmaciones, nuevas perspectivas y miradas - ULL - Agenda<\/title>\n<meta name=\"robots\" content=\"index, follow, max-snippet:-1, max-image-preview:large, max-video-preview:-1\" \/>\n<link rel=\"canonical\" href=\"https:\/\/www.ull.es\/portal\/agenda\/evento\/seminario-de-literatura-hispanoamericana-en-la-frontera-del-boom-afirmaciones-nuevas-perspectivas-y-miradas\/\" \/>\n<meta property=\"og:locale\" content=\"es_ES\" \/>\n<meta property=\"og:type\" content=\"article\" \/>\n<meta property=\"og:title\" content=\"Seminario de Literatura Hispanoamericana. En la frontera del Boom: afirmaciones, nuevas perspectivas y miradas - ULL - Agenda\" \/>\n<meta property=\"og:description\" content=\"El Aula Cultural de Lengua y Literatura organiza este seminario que se celebrar\u00e1 en la la Secci\u00f3n de Filolog\u00eda de la Facultad de Humanidades los d\u00edas 11 y 12 de abril\u00a0 de 2024 en horario de ma\u00f1ana. Este seminario se propone establecer un necesario di\u00e1logo con el Boom como una etapa fundamental de las letras...\" \/>\n<meta property=\"og:url\" content=\"https:\/\/www.ull.es\/portal\/agenda\/evento\/seminario-de-literatura-hispanoamericana-en-la-frontera-del-boom-afirmaciones-nuevas-perspectivas-y-miradas\/\" \/>\n<meta property=\"og:site_name\" content=\"ULL - Agenda\" \/>\n<meta property=\"article:modified_time\" content=\"2024-03-14T11:59:12+00:00\" \/>\n<meta property=\"og:image\" content=\"https:\/\/www.ull.es\/portal\/agenda\/wp-content\/uploads\/sites\/12\/2024\/03\/Soledad.png\" \/>\n\t<meta property=\"og:image:width\" content=\"700\" \/>\n\t<meta property=\"og:image:height\" content=\"350\" \/>\n\t<meta property=\"og:image:type\" content=\"image\/png\" \/>\n<meta name=\"twitter:card\" content=\"summary_large_image\" \/>\n<meta name=\"twitter:label1\" content=\"Tiempo de lectura\" \/>\n\t<meta name=\"twitter:data1\" content=\"2 minutos\" \/>\n<script type=\"application\/ld+json\" class=\"yoast-schema-graph\">{\"@context\":\"https:\/\/schema.org\",\"@graph\":[{\"@type\":\"WebPage\",\"@id\":\"https:\/\/www.ull.es\/portal\/agenda\/evento\/seminario-de-literatura-hispanoamericana-en-la-frontera-del-boom-afirmaciones-nuevas-perspectivas-y-miradas\/\",\"url\":\"https:\/\/www.ull.es\/portal\/agenda\/evento\/seminario-de-literatura-hispanoamericana-en-la-frontera-del-boom-afirmaciones-nuevas-perspectivas-y-miradas\/\",\"name\":\"Seminario de Literatura Hispanoamericana. En la frontera del Boom: afirmaciones, nuevas perspectivas y miradas - ULL - Agenda\",\"isPartOf\":{\"@id\":\"https:\/\/www.ull.es\/portal\/agenda\/#website\"},\"datePublished\":\"2024-03-14T09:44:14+00:00\",\"dateModified\":\"2024-03-14T11:59:12+00:00\",\"breadcrumb\":{\"@id\":\"https:\/\/www.ull.es\/portal\/agenda\/evento\/seminario-de-literatura-hispanoamericana-en-la-frontera-del-boom-afirmaciones-nuevas-perspectivas-y-miradas\/#breadcrumb\"},\"inLanguage\":\"es\",\"potentialAction\":[{\"@type\":\"ReadAction\",\"target\":[\"https:\/\/www.ull.es\/portal\/agenda\/evento\/seminario-de-literatura-hispanoamericana-en-la-frontera-del-boom-afirmaciones-nuevas-perspectivas-y-miradas\/\"]}]},{\"@type\":\"BreadcrumbList\",\"@id\":\"https:\/\/www.ull.es\/portal\/agenda\/evento\/seminario-de-literatura-hispanoamericana-en-la-frontera-del-boom-afirmaciones-nuevas-perspectivas-y-miradas\/#breadcrumb\",\"itemListElement\":[{\"@type\":\"ListItem\",\"position\":1,\"name\":\"Portada\",\"item\":\"https:\/\/www.ull.es\/portal\/agenda\/\"},{\"@type\":\"ListItem\",\"position\":2,\"name\":\"Seminario de Literatura Hispanoamericana. En la frontera del Boom: afirmaciones, nuevas perspectivas y miradas\"}]},{\"@type\":\"WebSite\",\"@id\":\"https:\/\/www.ull.es\/portal\/agenda\/#website\",\"url\":\"https:\/\/www.ull.es\/portal\/agenda\/\",\"name\":\"ULL - Agenda\",\"description\":\"\",\"potentialAction\":[{\"@type\":\"SearchAction\",\"target\":{\"@type\":\"EntryPoint\",\"urlTemplate\":\"https:\/\/www.ull.es\/portal\/agenda\/?s={search_term_string}\"},\"query-input\":\"required name=search_term_string\"}],\"inLanguage\":\"es\"}]}<\/script>\n<!-- \/ Yoast SEO plugin. -->","yoast_head_json":{"title":"Seminario de Literatura Hispanoamericana. En la frontera del Boom: afirmaciones, nuevas perspectivas y miradas - ULL - Agenda","robots":{"index":"index","follow":"follow","max-snippet":"max-snippet:-1","max-image-preview":"max-image-preview:large","max-video-preview":"max-video-preview:-1"},"canonical":"https:\/\/www.ull.es\/portal\/agenda\/evento\/seminario-de-literatura-hispanoamericana-en-la-frontera-del-boom-afirmaciones-nuevas-perspectivas-y-miradas\/","og_locale":"es_ES","og_type":"article","og_title":"Seminario de Literatura Hispanoamericana. En la frontera del Boom: afirmaciones, nuevas perspectivas y miradas - ULL - Agenda","og_description":"El Aula Cultural de Lengua y Literatura organiza este seminario que se celebrar\u00e1 en la la Secci\u00f3n de Filolog\u00eda de la Facultad de Humanidades los d\u00edas 11 y 12 de abril\u00a0 de 2024 en horario de ma\u00f1ana. Este seminario se propone establecer un necesario di\u00e1logo con el Boom como una etapa fundamental de las letras...","og_url":"https:\/\/www.ull.es\/portal\/agenda\/evento\/seminario-de-literatura-hispanoamericana-en-la-frontera-del-boom-afirmaciones-nuevas-perspectivas-y-miradas\/","og_site_name":"ULL - Agenda","article_modified_time":"2024-03-14T11:59:12+00:00","og_image":[{"width":700,"height":350,"url":"https:\/\/www.ull.es\/portal\/agenda\/wp-content\/uploads\/sites\/12\/2024\/03\/Soledad.png","type":"image\/png"}],"twitter_card":"summary_large_image","twitter_misc":{"Tiempo de lectura":"2 minutos"},"schema":{"@context":"https:\/\/schema.org","@graph":[{"@type":"WebPage","@id":"https:\/\/www.ull.es\/portal\/agenda\/evento\/seminario-de-literatura-hispanoamericana-en-la-frontera-del-boom-afirmaciones-nuevas-perspectivas-y-miradas\/","url":"https:\/\/www.ull.es\/portal\/agenda\/evento\/seminario-de-literatura-hispanoamericana-en-la-frontera-del-boom-afirmaciones-nuevas-perspectivas-y-miradas\/","name":"Seminario de Literatura Hispanoamericana. En la frontera del Boom: afirmaciones, nuevas perspectivas y miradas - ULL - Agenda","isPartOf":{"@id":"https:\/\/www.ull.es\/portal\/agenda\/#website"},"datePublished":"2024-03-14T09:44:14+00:00","dateModified":"2024-03-14T11:59:12+00:00","breadcrumb":{"@id":"https:\/\/www.ull.es\/portal\/agenda\/evento\/seminario-de-literatura-hispanoamericana-en-la-frontera-del-boom-afirmaciones-nuevas-perspectivas-y-miradas\/#breadcrumb"},"inLanguage":"es","potentialAction":[{"@type":"ReadAction","target":["https:\/\/www.ull.es\/portal\/agenda\/evento\/seminario-de-literatura-hispanoamericana-en-la-frontera-del-boom-afirmaciones-nuevas-perspectivas-y-miradas\/"]}]},{"@type":"BreadcrumbList","@id":"https:\/\/www.ull.es\/portal\/agenda\/evento\/seminario-de-literatura-hispanoamericana-en-la-frontera-del-boom-afirmaciones-nuevas-perspectivas-y-miradas\/#breadcrumb","itemListElement":[{"@type":"ListItem","position":1,"name":"Portada","item":"https:\/\/www.ull.es\/portal\/agenda\/"},{"@type":"ListItem","position":2,"name":"Seminario de Literatura Hispanoamericana. En la frontera del Boom: afirmaciones, nuevas perspectivas y miradas"}]},{"@type":"WebSite","@id":"https:\/\/www.ull.es\/portal\/agenda\/#website","url":"https:\/\/www.ull.es\/portal\/agenda\/","name":"ULL - Agenda","description":"","potentialAction":[{"@type":"SearchAction","target":{"@type":"EntryPoint","urlTemplate":"https:\/\/www.ull.es\/portal\/agenda\/?s={search_term_string}"},"query-input":"required name=search_term_string"}],"inLanguage":"es"}]}},"_links":{"self":[{"href":"https:\/\/www.ull.es\/portal\/agenda\/wp-json\/wp\/v2\/tribe_events\/34787"}],"collection":[{"href":"https:\/\/www.ull.es\/portal\/agenda\/wp-json\/wp\/v2\/tribe_events"}],"about":[{"href":"https:\/\/www.ull.es\/portal\/agenda\/wp-json\/wp\/v2\/types\/tribe_events"}],"author":[{"embeddable":true,"href":"https:\/\/www.ull.es\/portal\/agenda\/wp-json\/wp\/v2\/users\/43"}],"replies":[{"embeddable":true,"href":"https:\/\/www.ull.es\/portal\/agenda\/wp-json\/wp\/v2\/comments?post=34787"}],"version-history":[{"count":7,"href":"https:\/\/www.ull.es\/portal\/agenda\/wp-json\/wp\/v2\/tribe_events\/34787\/revisions"}],"predecessor-version":[{"id":34803,"href":"https:\/\/www.ull.es\/portal\/agenda\/wp-json\/wp\/v2\/tribe_events\/34787\/revisions\/34803"}],"wp:featuredmedia":[{"embeddable":true,"href":"https:\/\/www.ull.es\/portal\/agenda\/wp-json\/wp\/v2\/media\/34798"}],"wp:attachment":[{"href":"https:\/\/www.ull.es\/portal\/agenda\/wp-json\/wp\/v2\/media?parent=34787"}],"wp:term":[{"taxonomy":"post_tag","embeddable":true,"href":"https:\/\/www.ull.es\/portal\/agenda\/wp-json\/wp\/v2\/tags?post=34787"},{"taxonomy":"tribe_events_cat","embeddable":true,"href":"https:\/\/www.ull.es\/portal\/agenda\/wp-json\/wp\/v2\/tribe_events_cat?post=34787"}],"curies":[{"name":"wp","href":"https:\/\/api.w.org\/{rel}","templated":true}]}}

<p>El Aula Cultural de Lengua y Literatura organiza este seminario que se celebrará en la la Sección de Filología de la Facultad de Humanidades los días 11 y 12 de abril  de 2024 en horario de mañana.</p>
<p>Este seminario se propone establecer un necesario diálogo con el Boom como una etapa fundamental de las letras hispanoamericanas. Por supuesto, la propuesta pretende, desbordar los distintos tipos de <em>fronteras </em>del Boom que han sustentado esos años (imprecisos) de la nueva narrativa hispanoamericana. Sin síntesis, los objetivos son los siguientes:</p>
<p>1. Insistir en las voces hispanoamericanas reconocidas del Boom.<br />
2. Revisar otros textos y voces inscritas en ese contexto pero que no fueron suficientemente atendidas.<br />
3. Proponer redes y dinámicas desde otras perspectivas o autores posteriores.</p>
<p>Dirigido especialmente al alumnado del Grado en Español: Lengua y Literatura, al alumnado de la Facultad de Filología, y en general al público interesado.</p>
<p>Dirección académica:</p>
<ul>
<li>Nieves María Concepción Lorenzo. Profesora Titular de Universidad, Departamento de Filología Española de la Universidad de La Laguna.</li>
<li>Katya Vázquez Schröder. Contratada predoctoral en el Departamento de Filología Española de la Universidad de La Laguna.</li>
</ul>
<p>CERTIFICADO DE ASISTENCIA: La Universidad de La Laguna, a través del Vicerrectorado de Cultura y Extensión Universitaria, emitirá un certificado de asistencia a todas aquellas personas que participen, previa inscripción en la actividad.</p>
<p><a href="https://sede.fg.ull.es/es/curso/detalle?code=a24020135&amp;name=seminario-de-literatura-hispanoamericana-en-la-frontera-del-boom-afirmaciones-nuevas-perspectivas-y-miradas&amp;query=%3Fcode%3DA24020135" target="_blank" rel="noopener" target="_blank" rel="noopener"><strong>Más información e inscripción gratuita aquí.</strong></a></p>
<p><strong>Contacto: 922 319 616 / 922 319 626 – </strong><a href="mailto:extuni@ull.edu.es" target="_blank" rel="noopener" target="_blank" rel="noopener"><strong>extuni@ull.es</strong></a></p>

<p>El Aula Cultural de Lengua y Literatura organiza este seminario que se celebrará en la la Sección de Filología de la Facultad de Humanidades los días 11 y 12 de abril  de 2024 en horario de mañana. Este seminario se propone establecer un necesario diálogo con el Boom como una etapa fundamental de las letras&#8230;</p>

<!-- This site is optimized with the Yoast SEO plugin v21.3 - https://yoast.com/wordpress/plugins/seo/ -->
<title>Seminario de Literatura Hispanoamericana. En la frontera del Boom: afirmaciones, nuevas perspectivas y miradas - ULL - Agenda</title>
<meta name="robots" content="index, follow, max-snippet:-1, max-image-preview:large, max-video-preview:-1" />
<link rel="canonical" href="https://www.ull.es/portal/agenda/evento/seminario-de-literatura-hispanoamericana-en-la-frontera-del-boom-afirmaciones-nuevas-perspectivas-y-miradas/" />
<meta property="og:locale" content="es_ES" />
<meta property="og:type" content="article" />
<meta property="og:title" content="Seminario de Literatura Hispanoamericana. En la frontera del Boom: afirmaciones, nuevas perspectivas y miradas - ULL - Agenda" />
<meta property="og:description" content="El Aula Cultural de Lengua y Literatura organiza este seminario que se celebrará en la la Sección de Filología de la Facultad de Humanidades los días 11 y 12 de abril  de 2024 en horario de mañana. Este seminario se propone establecer un necesario diálogo con el Boom como una etapa fundamental de las letras..." />
<meta property="og:url" content="https://www.ull.es/portal/agenda/evento/seminario-de-literatura-hispanoamericana-en-la-frontera-del-boom-afirmaciones-nuevas-perspectivas-y-miradas/" />
<meta property="og:site_name" content="ULL - Agenda" />
<meta property="article:modified_time" content="2024-03-14T11:59:12+00:00" />
<meta property="og:image" content="https://www.ull.es/portal/agenda/wp-content/uploads/sites/12/2024/03/Soledad.png" />
	<meta property="og:image:width" content="700" />
	<meta property="og:image:height" content="350" />
	<meta property="og:image:type" content="image/png" />
<meta name="twitter:card" content="summary_large_image" />
<meta name="twitter:label1" content="Tiempo de lectura" />
	<meta name="twitter:data1" content="2 minutos" />
<script type="application/ld+json" class="yoast-schema-graph">{"@context":"https://schema.org","@graph":[{"@type":"WebPage","@id":"https://www.ull.es/portal/agenda/evento/seminario-de-literatura-hispanoamericana-en-la-frontera-del-boom-afirmaciones-nuevas-perspectivas-y-miradas/","url":"https://www.ull.es/portal/agenda/evento/seminario-de-literatura-hispanoamericana-en-la-frontera-del-boom-afirmaciones-nuevas-perspectivas-y-miradas/","name":"Seminario de Literatura Hispanoamericana. En la frontera del Boom: afirmaciones, nuevas perspectivas y miradas - ULL - Agenda","isPartOf":{"@id":"https://www.ull.es/portal/agenda/#website"},"datePublished":"2024-03-14T09:44:14+00:00","dateModified":"2024-03-14T11:59:12+00:00","breadcrumb":{"@id":"https://www.ull.es/portal/agenda/evento/seminario-de-literatura-hispanoamericana-en-la-frontera-del-boom-afirmaciones-nuevas-perspectivas-y-miradas/#breadcrumb"},"inLanguage":"es","potentialAction":[{"@type":"ReadAction","target":["https://www.ull.es/portal/agenda/evento/seminario-de-literatura-hispanoamericana-en-la-frontera-del-boom-afirmaciones-nuevas-perspectivas-y-miradas/"]}]},{"@type":"BreadcrumbList","@id":"https://www.ull.es/portal/agenda/evento/seminario-de-literatura-hispanoamericana-en-la-frontera-del-boom-afirmaciones-nuevas-perspectivas-y-miradas/#breadcrumb","itemListElement":[{"@type":"ListItem","position":1,"name":"Portada","item":"https://www.ull.es/portal/agenda/"},{"@type":"ListItem","position":2,"name":"Seminario de Literatura Hispanoamericana. En la frontera del Boom: afirmaciones, nuevas perspectivas y miradas"}]},{"@type":"WebSite","@id":"https://www.ull.es/portal/agenda/#website","url":"https://www.ull.es/portal/agenda/","name":"ULL - Agenda","description":"","potentialAction":[{"@type":"SearchAction","target":{"@type":"EntryPoint","urlTemplate":"https://www.ull.es/portal/agenda/?s={search_term_string}"},"query-input":"required name=search_term_string"}],"inLanguage":"es"}]}</script>
<!-- / Yoast SEO plugin. -->

El Aula Cultural de Lengua y Literatura organiza este seminario que se celebrará en la la Sección de Filología de la Facultad de Humanidades los días 11 y 12 de abril  de 2024 en horario de mañana. Este seminario se propone establecer un necesario diálogo con el Boom como una etapa fundamental de las letras...
