{"id":35054,"date":"2024-04-01T07:42:46","date_gmt":"2024-04-01T07:42:46","guid":{"rendered":"https:\/\/www.ull.es\/portal\/agenda\/?post_type=tribe_events&#038;p=35054"},"modified":"2024-04-01T13:03:00","modified_gmt":"2024-04-01T13:03:00","slug":"curso-hablemos-de-hablar-taller-intensivo-de-oratoria-para-la-defensa-de-tfg-y-tfm","status":"publish","type":"tribe_events","link":"https:\/\/www.ull.es\/portal\/agenda\/evento\/curso-hablemos-de-hablar-taller-intensivo-de-oratoria-para-la-defensa-de-tfg-y-tfm\/","title":{"rendered":"Curso: \u00abHablemos de hablar. Taller intensivo de oratoria para la defensa de TFG y TFM\u00bb"},"content":{"rendered":"<p>El curso \u00abHablemos de hablar: Taller intensivo de oratoria para la defensa de TFG y TFM\u00bb tiene una duraci\u00f3n de cuatro horas y se enfoca en preparar a los participantes para presentar y defender sus trabajos de fin de grado o m\u00e1ster de manera efectiva.<\/p>\n<p>Comenzando con una introducci\u00f3n sobre la importancia de la defensa acad\u00e9mica, el taller aborda la estructura y contenido de la presentaci\u00f3n, consejos para una comunicaci\u00f3n efectiva y c\u00f3mo responder preguntas del tribunal.<\/p>\n<p>A trav\u00e9s de sesiones pr\u00e1cticas, se practican t\u00e9cnicas para manejar el nerviosismo, mejorar la dicci\u00f3n y simular preguntas y respuestas.<br \/>\nAdem\u00e1s, se ofrece un cierre que resume los puntos clave, proporciona recursos adicionales para la preparaci\u00f3n y sugiere consejos finales para enfrentar el proceso con confianza y profesionalidad.<\/p>\n<p>Finalmente, es importante destacar que este taller es gratuito y est\u00e1 abierto a toda la comunidad universitaria, no se requiri\u00e9ndose inscripci\u00f3n previa.<\/p>\n","protected":false},"excerpt":{"rendered":"<p>El curso \u00abHablemos de hablar: Taller intensivo de oratoria para la defensa de TFG y TFM\u00bb tiene una duraci\u00f3n de cuatro horas y se enfoca en preparar a los participantes para presentar y defender sus trabajos de fin de grado o m\u00e1ster de manera efectiva. Comenzando con una introducci\u00f3n sobre la importancia de la defensa&#8230;<\/p>\n","protected":false},"author":65,"featured_media":35099,"comment_status":"closed","ping_status":"closed","template":"","tags":[],"tribe_events_cat":[1090,567],"acf":[],"yoast_head":"<!-- This site is optimized with the Yoast SEO plugin v21.3 - https:\/\/yoast.com\/wordpress\/plugins\/seo\/ -->\n<title>Curso: &quot;Hablemos de hablar. Taller intensivo de oratoria para la defensa de TFG y TFM&quot; - ULL - Agenda<\/title>\n<meta name=\"robots\" content=\"index, follow, max-snippet:-1, max-image-preview:large, max-video-preview:-1\" \/>\n<link rel=\"canonical\" href=\"https:\/\/www.ull.es\/portal\/agenda\/evento\/curso-hablemos-de-hablar-taller-intensivo-de-oratoria-para-la-defensa-de-tfg-y-tfm\/\" \/>\n<meta property=\"og:locale\" content=\"es_ES\" \/>\n<meta property=\"og:type\" content=\"article\" \/>\n<meta property=\"og:title\" content=\"Curso: &quot;Hablemos de hablar. Taller intensivo de oratoria para la defensa de TFG y TFM&quot; - ULL - Agenda\" \/>\n<meta property=\"og:description\" content=\"El curso \u00abHablemos de hablar: Taller intensivo de oratoria para la defensa de TFG y TFM\u00bb tiene una duraci\u00f3n de cuatro horas y se enfoca en preparar a los participantes para presentar y defender sus trabajos de fin de grado o m\u00e1ster de manera efectiva. Comenzando con una introducci\u00f3n sobre la importancia de la defensa...\" \/>\n<meta property=\"og:url\" content=\"https:\/\/www.ull.es\/portal\/agenda\/evento\/curso-hablemos-de-hablar-taller-intensivo-de-oratoria-para-la-defensa-de-tfg-y-tfm\/\" \/>\n<meta property=\"og:site_name\" content=\"ULL - Agenda\" \/>\n<meta property=\"article:modified_time\" content=\"2024-04-01T13:03:00+00:00\" \/>\n<meta property=\"og:image\" content=\"https:\/\/www.ull.es\/portal\/agenda\/wp-content\/uploads\/sites\/12\/2024\/04\/Curso-Hablemos-de-hablar_Banner-eventos.png\" \/>\n\t<meta property=\"og:image:width\" content=\"750\" \/>\n\t<meta property=\"og:image:height\" content=\"370\" \/>\n\t<meta property=\"og:image:type\" content=\"image\/png\" \/>\n<meta name=\"twitter:card\" content=\"summary_large_image\" \/>\n<meta name=\"twitter:label1\" content=\"Tiempo de lectura\" \/>\n\t<meta name=\"twitter:data1\" content=\"1 minuto\" \/>\n<script type=\"application\/ld+json\" class=\"yoast-schema-graph\">{\"@context\":\"https:\/\/schema.org\",\"@graph\":[{\"@type\":\"WebPage\",\"@id\":\"https:\/\/www.ull.es\/portal\/agenda\/evento\/curso-hablemos-de-hablar-taller-intensivo-de-oratoria-para-la-defensa-de-tfg-y-tfm\/\",\"url\":\"https:\/\/www.ull.es\/portal\/agenda\/evento\/curso-hablemos-de-hablar-taller-intensivo-de-oratoria-para-la-defensa-de-tfg-y-tfm\/\",\"name\":\"Curso: \\\"Hablemos de hablar. Taller intensivo de oratoria para la defensa de TFG y TFM\\\" - ULL - Agenda\",\"isPartOf\":{\"@id\":\"https:\/\/www.ull.es\/portal\/agenda\/#website\"},\"datePublished\":\"2024-04-01T07:42:46+00:00\",\"dateModified\":\"2024-04-01T13:03:00+00:00\",\"breadcrumb\":{\"@id\":\"https:\/\/www.ull.es\/portal\/agenda\/evento\/curso-hablemos-de-hablar-taller-intensivo-de-oratoria-para-la-defensa-de-tfg-y-tfm\/#breadcrumb\"},\"inLanguage\":\"es\",\"potentialAction\":[{\"@type\":\"ReadAction\",\"target\":[\"https:\/\/www.ull.es\/portal\/agenda\/evento\/curso-hablemos-de-hablar-taller-intensivo-de-oratoria-para-la-defensa-de-tfg-y-tfm\/\"]}]},{\"@type\":\"BreadcrumbList\",\"@id\":\"https:\/\/www.ull.es\/portal\/agenda\/evento\/curso-hablemos-de-hablar-taller-intensivo-de-oratoria-para-la-defensa-de-tfg-y-tfm\/#breadcrumb\",\"itemListElement\":[{\"@type\":\"ListItem\",\"position\":1,\"name\":\"Portada\",\"item\":\"https:\/\/www.ull.es\/portal\/agenda\/\"},{\"@type\":\"ListItem\",\"position\":2,\"name\":\"Curso: \u00abHablemos de hablar. Taller intensivo de oratoria para la defensa de TFG y TFM\u00bb\"}]},{\"@type\":\"WebSite\",\"@id\":\"https:\/\/www.ull.es\/portal\/agenda\/#website\",\"url\":\"https:\/\/www.ull.es\/portal\/agenda\/\",\"name\":\"ULL - Agenda\",\"description\":\"\",\"potentialAction\":[{\"@type\":\"SearchAction\",\"target\":{\"@type\":\"EntryPoint\",\"urlTemplate\":\"https:\/\/www.ull.es\/portal\/agenda\/?s={search_term_string}\"},\"query-input\":\"required name=search_term_string\"}],\"inLanguage\":\"es\"}]}<\/script>\n<!-- \/ Yoast SEO plugin. -->","yoast_head_json":{"title":"Curso: \"Hablemos de hablar. Taller intensivo de oratoria para la defensa de TFG y TFM\" - ULL - Agenda","robots":{"index":"index","follow":"follow","max-snippet":"max-snippet:-1","max-image-preview":"max-image-preview:large","max-video-preview":"max-video-preview:-1"},"canonical":"https:\/\/www.ull.es\/portal\/agenda\/evento\/curso-hablemos-de-hablar-taller-intensivo-de-oratoria-para-la-defensa-de-tfg-y-tfm\/","og_locale":"es_ES","og_type":"article","og_title":"Curso: \"Hablemos de hablar. Taller intensivo de oratoria para la defensa de TFG y TFM\" - ULL - Agenda","og_description":"El curso \u00abHablemos de hablar: Taller intensivo de oratoria para la defensa de TFG y TFM\u00bb tiene una duraci\u00f3n de cuatro horas y se enfoca en preparar a los participantes para presentar y defender sus trabajos de fin de grado o m\u00e1ster de manera efectiva. Comenzando con una introducci\u00f3n sobre la importancia de la defensa...","og_url":"https:\/\/www.ull.es\/portal\/agenda\/evento\/curso-hablemos-de-hablar-taller-intensivo-de-oratoria-para-la-defensa-de-tfg-y-tfm\/","og_site_name":"ULL - Agenda","article_modified_time":"2024-04-01T13:03:00+00:00","og_image":[{"width":750,"height":370,"url":"https:\/\/www.ull.es\/portal\/agenda\/wp-content\/uploads\/sites\/12\/2024\/04\/Curso-Hablemos-de-hablar_Banner-eventos.png","type":"image\/png"}],"twitter_card":"summary_large_image","twitter_misc":{"Tiempo de lectura":"1 minuto"},"schema":{"@context":"https:\/\/schema.org","@graph":[{"@type":"WebPage","@id":"https:\/\/www.ull.es\/portal\/agenda\/evento\/curso-hablemos-de-hablar-taller-intensivo-de-oratoria-para-la-defensa-de-tfg-y-tfm\/","url":"https:\/\/www.ull.es\/portal\/agenda\/evento\/curso-hablemos-de-hablar-taller-intensivo-de-oratoria-para-la-defensa-de-tfg-y-tfm\/","name":"Curso: \"Hablemos de hablar. Taller intensivo de oratoria para la defensa de TFG y TFM\" - ULL - Agenda","isPartOf":{"@id":"https:\/\/www.ull.es\/portal\/agenda\/#website"},"datePublished":"2024-04-01T07:42:46+00:00","dateModified":"2024-04-01T13:03:00+00:00","breadcrumb":{"@id":"https:\/\/www.ull.es\/portal\/agenda\/evento\/curso-hablemos-de-hablar-taller-intensivo-de-oratoria-para-la-defensa-de-tfg-y-tfm\/#breadcrumb"},"inLanguage":"es","potentialAction":[{"@type":"ReadAction","target":["https:\/\/www.ull.es\/portal\/agenda\/evento\/curso-hablemos-de-hablar-taller-intensivo-de-oratoria-para-la-defensa-de-tfg-y-tfm\/"]}]},{"@type":"BreadcrumbList","@id":"https:\/\/www.ull.es\/portal\/agenda\/evento\/curso-hablemos-de-hablar-taller-intensivo-de-oratoria-para-la-defensa-de-tfg-y-tfm\/#breadcrumb","itemListElement":[{"@type":"ListItem","position":1,"name":"Portada","item":"https:\/\/www.ull.es\/portal\/agenda\/"},{"@type":"ListItem","position":2,"name":"Curso: \u00abHablemos de hablar. Taller intensivo de oratoria para la defensa de TFG y TFM\u00bb"}]},{"@type":"WebSite","@id":"https:\/\/www.ull.es\/portal\/agenda\/#website","url":"https:\/\/www.ull.es\/portal\/agenda\/","name":"ULL - Agenda","description":"","potentialAction":[{"@type":"SearchAction","target":{"@type":"EntryPoint","urlTemplate":"https:\/\/www.ull.es\/portal\/agenda\/?s={search_term_string}"},"query-input":"required name=search_term_string"}],"inLanguage":"es"}]}},"_links":{"self":[{"href":"https:\/\/www.ull.es\/portal\/agenda\/wp-json\/wp\/v2\/tribe_events\/35054"}],"collection":[{"href":"https:\/\/www.ull.es\/portal\/agenda\/wp-json\/wp\/v2\/tribe_events"}],"about":[{"href":"https:\/\/www.ull.es\/portal\/agenda\/wp-json\/wp\/v2\/types\/tribe_events"}],"author":[{"embeddable":true,"href":"https:\/\/www.ull.es\/portal\/agenda\/wp-json\/wp\/v2\/users\/65"}],"replies":[{"embeddable":true,"href":"https:\/\/www.ull.es\/portal\/agenda\/wp-json\/wp\/v2\/comments?post=35054"}],"version-history":[{"count":1,"href":"https:\/\/www.ull.es\/portal\/agenda\/wp-json\/wp\/v2\/tribe_events\/35054\/revisions"}],"predecessor-version":[{"id":35055,"href":"https:\/\/www.ull.es\/portal\/agenda\/wp-json\/wp\/v2\/tribe_events\/35054\/revisions\/35055"}],"wp:featuredmedia":[{"embeddable":true,"href":"https:\/\/www.ull.es\/portal\/agenda\/wp-json\/wp\/v2\/media\/35099"}],"wp:attachment":[{"href":"https:\/\/www.ull.es\/portal\/agenda\/wp-json\/wp\/v2\/media?parent=35054"}],"wp:term":[{"taxonomy":"post_tag","embeddable":true,"href":"https:\/\/www.ull.es\/portal\/agenda\/wp-json\/wp\/v2\/tags?post=35054"},{"taxonomy":"tribe_events_cat","embeddable":true,"href":"https:\/\/www.ull.es\/portal\/agenda\/wp-json\/wp\/v2\/tribe_events_cat?post=35054"}],"curies":[{"name":"wp","href":"https:\/\/api.w.org\/{rel}","templated":true}]}}

<p>El curso «Hablemos de hablar: Taller intensivo de oratoria para la defensa de TFG y TFM» tiene una duración de cuatro horas y se enfoca en preparar a los participantes para presentar y defender sus trabajos de fin de grado o máster de manera efectiva.</p>
<p>Comenzando con una introducción sobre la importancia de la defensa académica, el taller aborda la estructura y contenido de la presentación, consejos para una comunicación efectiva y cómo responder preguntas del tribunal.</p>
<p>A través de sesiones prácticas, se practican técnicas para manejar el nerviosismo, mejorar la dicción y simular preguntas y respuestas.<br />
Además, se ofrece un cierre que resume los puntos clave, proporciona recursos adicionales para la preparación y sugiere consejos finales para enfrentar el proceso con confianza y profesionalidad.</p>
<p>Finalmente, es importante destacar que este taller es gratuito y está abierto a toda la comunidad universitaria, no se requiriéndose inscripción previa.</p>

<p>El curso «Hablemos de hablar: Taller intensivo de oratoria para la defensa de TFG y TFM» tiene una duración de cuatro horas y se enfoca en preparar a los participantes para presentar y defender sus trabajos de fin de grado o máster de manera efectiva. Comenzando con una introducción sobre la importancia de la defensa&#8230;</p>

<!-- This site is optimized with the Yoast SEO plugin v21.3 - https://yoast.com/wordpress/plugins/seo/ -->
<title>Curso: &quot;Hablemos de hablar. Taller intensivo de oratoria para la defensa de TFG y TFM&quot; - ULL - Agenda</title>
<meta name="robots" content="index, follow, max-snippet:-1, max-image-preview:large, max-video-preview:-1" />
<link rel="canonical" href="https://www.ull.es/portal/agenda/evento/curso-hablemos-de-hablar-taller-intensivo-de-oratoria-para-la-defensa-de-tfg-y-tfm/" />
<meta property="og:locale" content="es_ES" />
<meta property="og:type" content="article" />
<meta property="og:title" content="Curso: &quot;Hablemos de hablar. Taller intensivo de oratoria para la defensa de TFG y TFM&quot; - ULL - Agenda" />
<meta property="og:description" content="El curso «Hablemos de hablar: Taller intensivo de oratoria para la defensa de TFG y TFM» tiene una duración de cuatro horas y se enfoca en preparar a los participantes para presentar y defender sus trabajos de fin de grado o máster de manera efectiva. Comenzando con una introducción sobre la importancia de la defensa..." />
<meta property="og:url" content="https://www.ull.es/portal/agenda/evento/curso-hablemos-de-hablar-taller-intensivo-de-oratoria-para-la-defensa-de-tfg-y-tfm/" />
<meta property="og:site_name" content="ULL - Agenda" />
<meta property="article:modified_time" content="2024-04-01T13:03:00+00:00" />
<meta property="og:image" content="https://www.ull.es/portal/agenda/wp-content/uploads/sites/12/2024/04/Curso-Hablemos-de-hablar_Banner-eventos.png" />
	<meta property="og:image:width" content="750" />
	<meta property="og:image:height" content="370" />
	<meta property="og:image:type" content="image/png" />
<meta name="twitter:card" content="summary_large_image" />
<meta name="twitter:label1" content="Tiempo de lectura" />
	<meta name="twitter:data1" content="1 minuto" />
<script type="application/ld+json" class="yoast-schema-graph">{"@context":"https://schema.org","@graph":[{"@type":"WebPage","@id":"https://www.ull.es/portal/agenda/evento/curso-hablemos-de-hablar-taller-intensivo-de-oratoria-para-la-defensa-de-tfg-y-tfm/","url":"https://www.ull.es/portal/agenda/evento/curso-hablemos-de-hablar-taller-intensivo-de-oratoria-para-la-defensa-de-tfg-y-tfm/","name":"Curso: \"Hablemos de hablar. Taller intensivo de oratoria para la defensa de TFG y TFM\" - ULL - Agenda","isPartOf":{"@id":"https://www.ull.es/portal/agenda/#website"},"datePublished":"2024-04-01T07:42:46+00:00","dateModified":"2024-04-01T13:03:00+00:00","breadcrumb":{"@id":"https://www.ull.es/portal/agenda/evento/curso-hablemos-de-hablar-taller-intensivo-de-oratoria-para-la-defensa-de-tfg-y-tfm/#breadcrumb"},"inLanguage":"es","potentialAction":[{"@type":"ReadAction","target":["https://www.ull.es/portal/agenda/evento/curso-hablemos-de-hablar-taller-intensivo-de-oratoria-para-la-defensa-de-tfg-y-tfm/"]}]},{"@type":"BreadcrumbList","@id":"https://www.ull.es/portal/agenda/evento/curso-hablemos-de-hablar-taller-intensivo-de-oratoria-para-la-defensa-de-tfg-y-tfm/#breadcrumb","itemListElement":[{"@type":"ListItem","position":1,"name":"Portada","item":"https://www.ull.es/portal/agenda/"},{"@type":"ListItem","position":2,"name":"Curso: «Hablemos de hablar. Taller intensivo de oratoria para la defensa de TFG y TFM»"}]},{"@type":"WebSite","@id":"https://www.ull.es/portal/agenda/#website","url":"https://www.ull.es/portal/agenda/","name":"ULL - Agenda","description":"","potentialAction":[{"@type":"SearchAction","target":{"@type":"EntryPoint","urlTemplate":"https://www.ull.es/portal/agenda/?s={search_term_string}"},"query-input":"required name=search_term_string"}],"inLanguage":"es"}]}</script>
<!-- / Yoast SEO plugin. -->

El curso «Hablemos de hablar: Taller intensivo de oratoria para la defensa de TFG y TFM» tiene una duración de cuatro horas y se enfoca en preparar a los participantes para presentar y defender sus trabajos de fin de grado o máster de manera efectiva. Comenzando con una introducción sobre la importancia de la defensa...
