{"id":35059,"date":"2024-04-01T07:58:35","date_gmt":"2024-04-01T07:58:35","guid":{"rendered":"https:\/\/www.ull.es\/portal\/agenda\/?post_type=tribe_events&#038;p=35059"},"modified":"2024-04-16T11:25:30","modified_gmt":"2024-04-16T11:25:30","slug":"semana-darc","status":"publish","type":"tribe_events","link":"https:\/\/www.ull.es\/portal\/agenda\/evento\/semana-darc\/","title":{"rendered":"Semana DARC"},"content":{"rendered":"<p>La Semana DARC, un evento cultural \u00fanico, est\u00e1 programada desde el 15 hasta el 26 abril de 2024 en la Universidad de La Laguna. Este proyecto nace con el prop\u00f3sito de ofrecer una plataforma integral para el desarrollo art\u00edstico y profesional de los estudiantes de arte y dise\u00f1o, as\u00ed como para fomentar el di\u00e1logo y la colaboraci\u00f3n entre los miembros de la comunidad universitaria y los profesionales del sector.<\/p>\n<p>A trav\u00e9s de un mercadillo de arte protagonizado por alumnos de la Universidad de La Laguna, charlas y talleres impartidos por destacados profesionales del sector y una exposici\u00f3n de arte, se crea un ambiente propicio para el intercambio de ideas, la colaboraci\u00f3n y el crecimiento personal y profesional de los participantes.<\/p>\n<p>La Semana DARC se concibe como un espacio inclusivo y din\u00e1mico donde los estudiantes pueden mostrar su talento, aprender de expertos y establecer conexiones valiosas que impulsen su crecimiento tanto personal como profesional. Buscamos fomentar la creatividad, la innovaci\u00f3n y la excelencia art\u00edstica, consolidando a la Universidad de La Laguna como un referente en el \u00e1mbito cultural y art\u00edstico.<\/p>\n","protected":false},"excerpt":{"rendered":"<p>La Semana DARC, un evento cultural \u00fanico, est\u00e1 programada desde el 15 hasta el 26 abril de 2024 en la Universidad de La Laguna. Este proyecto nace con el prop\u00f3sito de ofrecer una plataforma integral para el desarrollo art\u00edstico y profesional de los estudiantes de arte y dise\u00f1o, as\u00ed como para fomentar el di\u00e1logo y&#8230;<\/p>\n","protected":false},"author":65,"featured_media":35060,"comment_status":"closed","ping_status":"closed","template":"","tags":[],"tribe_events_cat":[4,789,3096],"acf":[],"yoast_head":"<!-- This site is optimized with the Yoast SEO plugin v21.3 - https:\/\/yoast.com\/wordpress\/plugins\/seo\/ -->\n<title>Semana DARC - ULL - Agenda<\/title>\n<meta name=\"robots\" content=\"index, follow, max-snippet:-1, max-image-preview:large, max-video-preview:-1\" \/>\n<link rel=\"canonical\" href=\"https:\/\/www.ull.es\/portal\/agenda\/evento\/semana-darc\/\" \/>\n<meta property=\"og:locale\" content=\"es_ES\" \/>\n<meta property=\"og:type\" content=\"article\" \/>\n<meta property=\"og:title\" content=\"Semana DARC - ULL - Agenda\" \/>\n<meta property=\"og:description\" content=\"La Semana DARC, un evento cultural \u00fanico, est\u00e1 programada desde el 15 hasta el 26 abril de 2024 en la Universidad de La Laguna. Este proyecto nace con el prop\u00f3sito de ofrecer una plataforma integral para el desarrollo art\u00edstico y profesional de los estudiantes de arte y dise\u00f1o, as\u00ed como para fomentar el di\u00e1logo y...\" \/>\n<meta property=\"og:url\" content=\"https:\/\/www.ull.es\/portal\/agenda\/evento\/semana-darc\/\" \/>\n<meta property=\"og:site_name\" content=\"ULL - Agenda\" \/>\n<meta property=\"article:modified_time\" content=\"2024-04-16T11:25:30+00:00\" \/>\n<meta property=\"og:image\" content=\"https:\/\/www.ull.es\/portal\/agenda\/wp-content\/uploads\/sites\/12\/2024\/04\/Post-1920x1080-final-04-RAFAEL-SANTOS-RUFINO-1_edited.jpg\" \/>\n\t<meta property=\"og:image:width\" content=\"1920\" \/>\n\t<meta property=\"og:image:height\" content=\"1080\" \/>\n\t<meta property=\"og:image:type\" content=\"image\/jpeg\" \/>\n<meta name=\"twitter:card\" content=\"summary_large_image\" \/>\n<meta name=\"twitter:label1\" content=\"Tiempo de lectura\" \/>\n\t<meta name=\"twitter:data1\" content=\"1 minuto\" \/>\n<script type=\"application\/ld+json\" class=\"yoast-schema-graph\">{\"@context\":\"https:\/\/schema.org\",\"@graph\":[{\"@type\":\"WebPage\",\"@id\":\"https:\/\/www.ull.es\/portal\/agenda\/evento\/semana-darc\/\",\"url\":\"https:\/\/www.ull.es\/portal\/agenda\/evento\/semana-darc\/\",\"name\":\"Semana DARC - ULL - Agenda\",\"isPartOf\":{\"@id\":\"https:\/\/www.ull.es\/portal\/agenda\/#website\"},\"datePublished\":\"2024-04-01T07:58:35+00:00\",\"dateModified\":\"2024-04-16T11:25:30+00:00\",\"breadcrumb\":{\"@id\":\"https:\/\/www.ull.es\/portal\/agenda\/evento\/semana-darc\/#breadcrumb\"},\"inLanguage\":\"es\",\"potentialAction\":[{\"@type\":\"ReadAction\",\"target\":[\"https:\/\/www.ull.es\/portal\/agenda\/evento\/semana-darc\/\"]}]},{\"@type\":\"BreadcrumbList\",\"@id\":\"https:\/\/www.ull.es\/portal\/agenda\/evento\/semana-darc\/#breadcrumb\",\"itemListElement\":[{\"@type\":\"ListItem\",\"position\":1,\"name\":\"Portada\",\"item\":\"https:\/\/www.ull.es\/portal\/agenda\/\"},{\"@type\":\"ListItem\",\"position\":2,\"name\":\"Semana DARC\"}]},{\"@type\":\"WebSite\",\"@id\":\"https:\/\/www.ull.es\/portal\/agenda\/#website\",\"url\":\"https:\/\/www.ull.es\/portal\/agenda\/\",\"name\":\"ULL - Agenda\",\"description\":\"\",\"potentialAction\":[{\"@type\":\"SearchAction\",\"target\":{\"@type\":\"EntryPoint\",\"urlTemplate\":\"https:\/\/www.ull.es\/portal\/agenda\/?s={search_term_string}\"},\"query-input\":\"required name=search_term_string\"}],\"inLanguage\":\"es\"}]}<\/script>\n<!-- \/ Yoast SEO plugin. -->","yoast_head_json":{"title":"Semana DARC - ULL - Agenda","robots":{"index":"index","follow":"follow","max-snippet":"max-snippet:-1","max-image-preview":"max-image-preview:large","max-video-preview":"max-video-preview:-1"},"canonical":"https:\/\/www.ull.es\/portal\/agenda\/evento\/semana-darc\/","og_locale":"es_ES","og_type":"article","og_title":"Semana DARC - ULL - Agenda","og_description":"La Semana DARC, un evento cultural \u00fanico, est\u00e1 programada desde el 15 hasta el 26 abril de 2024 en la Universidad de La Laguna. Este proyecto nace con el prop\u00f3sito de ofrecer una plataforma integral para el desarrollo art\u00edstico y profesional de los estudiantes de arte y dise\u00f1o, as\u00ed como para fomentar el di\u00e1logo y...","og_url":"https:\/\/www.ull.es\/portal\/agenda\/evento\/semana-darc\/","og_site_name":"ULL - Agenda","article_modified_time":"2024-04-16T11:25:30+00:00","og_image":[{"width":1920,"height":1080,"url":"https:\/\/www.ull.es\/portal\/agenda\/wp-content\/uploads\/sites\/12\/2024\/04\/Post-1920x1080-final-04-RAFAEL-SANTOS-RUFINO-1_edited.jpg","type":"image\/jpeg"}],"twitter_card":"summary_large_image","twitter_misc":{"Tiempo de lectura":"1 minuto"},"schema":{"@context":"https:\/\/schema.org","@graph":[{"@type":"WebPage","@id":"https:\/\/www.ull.es\/portal\/agenda\/evento\/semana-darc\/","url":"https:\/\/www.ull.es\/portal\/agenda\/evento\/semana-darc\/","name":"Semana DARC - ULL - Agenda","isPartOf":{"@id":"https:\/\/www.ull.es\/portal\/agenda\/#website"},"datePublished":"2024-04-01T07:58:35+00:00","dateModified":"2024-04-16T11:25:30+00:00","breadcrumb":{"@id":"https:\/\/www.ull.es\/portal\/agenda\/evento\/semana-darc\/#breadcrumb"},"inLanguage":"es","potentialAction":[{"@type":"ReadAction","target":["https:\/\/www.ull.es\/portal\/agenda\/evento\/semana-darc\/"]}]},{"@type":"BreadcrumbList","@id":"https:\/\/www.ull.es\/portal\/agenda\/evento\/semana-darc\/#breadcrumb","itemListElement":[{"@type":"ListItem","position":1,"name":"Portada","item":"https:\/\/www.ull.es\/portal\/agenda\/"},{"@type":"ListItem","position":2,"name":"Semana DARC"}]},{"@type":"WebSite","@id":"https:\/\/www.ull.es\/portal\/agenda\/#website","url":"https:\/\/www.ull.es\/portal\/agenda\/","name":"ULL - Agenda","description":"","potentialAction":[{"@type":"SearchAction","target":{"@type":"EntryPoint","urlTemplate":"https:\/\/www.ull.es\/portal\/agenda\/?s={search_term_string}"},"query-input":"required name=search_term_string"}],"inLanguage":"es"}]}},"_links":{"self":[{"href":"https:\/\/www.ull.es\/portal\/agenda\/wp-json\/wp\/v2\/tribe_events\/35059"}],"collection":[{"href":"https:\/\/www.ull.es\/portal\/agenda\/wp-json\/wp\/v2\/tribe_events"}],"about":[{"href":"https:\/\/www.ull.es\/portal\/agenda\/wp-json\/wp\/v2\/types\/tribe_events"}],"author":[{"embeddable":true,"href":"https:\/\/www.ull.es\/portal\/agenda\/wp-json\/wp\/v2\/users\/65"}],"replies":[{"embeddable":true,"href":"https:\/\/www.ull.es\/portal\/agenda\/wp-json\/wp\/v2\/comments?post=35059"}],"version-history":[{"count":1,"href":"https:\/\/www.ull.es\/portal\/agenda\/wp-json\/wp\/v2\/tribe_events\/35059\/revisions"}],"predecessor-version":[{"id":35061,"href":"https:\/\/www.ull.es\/portal\/agenda\/wp-json\/wp\/v2\/tribe_events\/35059\/revisions\/35061"}],"wp:featuredmedia":[{"embeddable":true,"href":"https:\/\/www.ull.es\/portal\/agenda\/wp-json\/wp\/v2\/media\/35060"}],"wp:attachment":[{"href":"https:\/\/www.ull.es\/portal\/agenda\/wp-json\/wp\/v2\/media?parent=35059"}],"wp:term":[{"taxonomy":"post_tag","embeddable":true,"href":"https:\/\/www.ull.es\/portal\/agenda\/wp-json\/wp\/v2\/tags?post=35059"},{"taxonomy":"tribe_events_cat","embeddable":true,"href":"https:\/\/www.ull.es\/portal\/agenda\/wp-json\/wp\/v2\/tribe_events_cat?post=35059"}],"curies":[{"name":"wp","href":"https:\/\/api.w.org\/{rel}","templated":true}]}}

<p>La Semana DARC, un evento cultural único, está programada desde el 15 hasta el 26 abril de 2024 en la Universidad de La Laguna. Este proyecto nace con el propósito de ofrecer una plataforma integral para el desarrollo artístico y profesional de los estudiantes de arte y diseño, así como para fomentar el diálogo y la colaboración entre los miembros de la comunidad universitaria y los profesionales del sector.</p>
<p>A través de un mercadillo de arte protagonizado por alumnos de la Universidad de La Laguna, charlas y talleres impartidos por destacados profesionales del sector y una exposición de arte, se crea un ambiente propicio para el intercambio de ideas, la colaboración y el crecimiento personal y profesional de los participantes.</p>
<p>La Semana DARC se concibe como un espacio inclusivo y dinámico donde los estudiantes pueden mostrar su talento, aprender de expertos y establecer conexiones valiosas que impulsen su crecimiento tanto personal como profesional. Buscamos fomentar la creatividad, la innovación y la excelencia artística, consolidando a la Universidad de La Laguna como un referente en el ámbito cultural y artístico.</p>

<p>La Semana DARC, un evento cultural único, está programada desde el 15 hasta el 26 abril de 2024 en la Universidad de La Laguna. Este proyecto nace con el propósito de ofrecer una plataforma integral para el desarrollo artístico y profesional de los estudiantes de arte y diseño, así como para fomentar el diálogo y&#8230;</p>

<!-- This site is optimized with the Yoast SEO plugin v21.3 - https://yoast.com/wordpress/plugins/seo/ -->
<title>Semana DARC - ULL - Agenda</title>
<meta name="robots" content="index, follow, max-snippet:-1, max-image-preview:large, max-video-preview:-1" />
<link rel="canonical" href="https://www.ull.es/portal/agenda/evento/semana-darc/" />
<meta property="og:locale" content="es_ES" />
<meta property="og:type" content="article" />
<meta property="og:title" content="Semana DARC - ULL - Agenda" />
<meta property="og:description" content="La Semana DARC, un evento cultural único, está programada desde el 15 hasta el 26 abril de 2024 en la Universidad de La Laguna. Este proyecto nace con el propósito de ofrecer una plataforma integral para el desarrollo artístico y profesional de los estudiantes de arte y diseño, así como para fomentar el diálogo y..." />
<meta property="og:url" content="https://www.ull.es/portal/agenda/evento/semana-darc/" />
<meta property="og:site_name" content="ULL - Agenda" />
<meta property="article:modified_time" content="2024-04-16T11:25:30+00:00" />
<meta property="og:image" content="https://www.ull.es/portal/agenda/wp-content/uploads/sites/12/2024/04/Post-1920x1080-final-04-RAFAEL-SANTOS-RUFINO-1_edited.jpg" />
	<meta property="og:image:width" content="1920" />
	<meta property="og:image:height" content="1080" />
	<meta property="og:image:type" content="image/jpeg" />
<meta name="twitter:card" content="summary_large_image" />
<meta name="twitter:label1" content="Tiempo de lectura" />
	<meta name="twitter:data1" content="1 minuto" />
<script type="application/ld+json" class="yoast-schema-graph">{"@context":"https://schema.org","@graph":[{"@type":"WebPage","@id":"https://www.ull.es/portal/agenda/evento/semana-darc/","url":"https://www.ull.es/portal/agenda/evento/semana-darc/","name":"Semana DARC - ULL - Agenda","isPartOf":{"@id":"https://www.ull.es/portal/agenda/#website"},"datePublished":"2024-04-01T07:58:35+00:00","dateModified":"2024-04-16T11:25:30+00:00","breadcrumb":{"@id":"https://www.ull.es/portal/agenda/evento/semana-darc/#breadcrumb"},"inLanguage":"es","potentialAction":[{"@type":"ReadAction","target":["https://www.ull.es/portal/agenda/evento/semana-darc/"]}]},{"@type":"BreadcrumbList","@id":"https://www.ull.es/portal/agenda/evento/semana-darc/#breadcrumb","itemListElement":[{"@type":"ListItem","position":1,"name":"Portada","item":"https://www.ull.es/portal/agenda/"},{"@type":"ListItem","position":2,"name":"Semana DARC"}]},{"@type":"WebSite","@id":"https://www.ull.es/portal/agenda/#website","url":"https://www.ull.es/portal/agenda/","name":"ULL - Agenda","description":"","potentialAction":[{"@type":"SearchAction","target":{"@type":"EntryPoint","urlTemplate":"https://www.ull.es/portal/agenda/?s={search_term_string}"},"query-input":"required name=search_term_string"}],"inLanguage":"es"}]}</script>
<!-- / Yoast SEO plugin. -->

La Semana DARC, un evento cultural único, está programada desde el 15 hasta el 26 abril de 2024 en la Universidad de La Laguna. Este proyecto nace con el propósito de ofrecer una plataforma integral para el desarrollo artístico y profesional de los estudiantes de arte y diseño, así como para fomentar el diálogo y...
