{"id":35104,"date":"2024-04-02T08:03:53","date_gmt":"2024-04-02T08:03:53","guid":{"rendered":"https:\/\/www.ull.es\/portal\/agenda\/?post_type=tribe_events&#038;p=35104"},"modified":"2024-04-02T10:59:09","modified_gmt":"2024-04-02T10:59:09","slug":"taller-de-mindfulness-2","status":"publish","type":"tribe_events","link":"https:\/\/www.ull.es\/portal\/agenda\/evento\/taller-de-mindfulness-2\/","title":{"rendered":"Taller de Mindfulness"},"content":{"rendered":"<p>\u00bfTe interesar\u00eda saber en qu\u00e9 consiste el mindfulness? \u00bfAprender ejercicios b\u00e1sicos para entrenar la atenci\u00f3n y experimentar sus beneficios?<\/p>\n<p>El pr\u00f3ximo s\u00e1bado 13 de abril de 2024, de 9:30 a 12:30h, en la sala polivalente 3 de las instalaciones del Servicio de Deportes de la ULL se realizar\u00e1 un Taller de Mindfulness, impartido por\u00a0Jaime Rojas Hern\u00e1ndez, doctor en F\u00edsica y psic\u00f3logo general sanitario e investigador.<\/p>\n<p>Llevar ropa deportiva c\u00f3moda y transpirable. Obligatorio el uso de calcetines (no se puede acceder al tatami con calzado).<\/p>\n<p>El precio para la Comunidad Universitaria:<\/p>\n<ul>\n<li>3\u20ac para alumnado<\/li>\n<li>4\u20ac para PAS y PDI<\/li>\n<li>5\u20ac para personas asociadas a ALUMNI-ULL.<\/li>\n<\/ul>\n<div>\n<div class=\"gmail_signature\" dir=\"ltr\" data-smartmail=\"gmail_signature\">\n<div dir=\"ltr\">\n<div dir=\"ltr\">\n<div dir=\"ltr\">\n<p>Inscripci\u00f3n y pago en este\u00a0<a href=\"https:\/\/www.ull.es\/servicios\/deportes\/app-deportes\/\" target=\"_blank\" rel=\"noopener\" data-saferedirecturl=\"https:\/\/www.google.com\/url?q=https:\/\/www.ull.es\/servicios\/deportes\/app-deportes\/&amp;source=gmail&amp;ust=1712129609579000&amp;usg=AOvVaw3yT788AwyiluA1yz-cQJZB\" target=\"_blank\" rel=\"noopener\">enlace<\/a>,\u00a0en el apartado \u201cInscripci\u00f3n en clases\u201d.<\/p>\n<p>Plazas limitadas<\/p>\n<\/div>\n<\/div>\n<\/div>\n<\/div>\n<\/div>\n","protected":false},"excerpt":{"rendered":"<p>\u00bfTe interesar\u00eda saber en qu\u00e9 consiste el mindfulness? \u00bfAprender ejercicios b\u00e1sicos para entrenar la atenci\u00f3n y experimentar sus beneficios? El pr\u00f3ximo s\u00e1bado 13 de abril de 2024, de 9:30 a 12:30h, en la sala polivalente 3 de las instalaciones del Servicio de Deportes de la ULL se realizar\u00e1 un Taller de Mindfulness, impartido por\u00a0Jaime Rojas&#8230;<\/p>\n","protected":false},"author":65,"featured_media":35119,"comment_status":"closed","ping_status":"closed","template":"","tags":[],"tribe_events_cat":[4,186,191,1626],"acf":[],"yoast_head":"<!-- This site is optimized with the Yoast SEO plugin v21.3 - https:\/\/yoast.com\/wordpress\/plugins\/seo\/ -->\n<title>Taller de Mindfulness - ULL - Agenda<\/title>\n<meta name=\"robots\" content=\"index, follow, max-snippet:-1, max-image-preview:large, max-video-preview:-1\" \/>\n<link rel=\"canonical\" href=\"https:\/\/www.ull.es\/portal\/agenda\/evento\/taller-de-mindfulness-2\/\" \/>\n<meta property=\"og:locale\" content=\"es_ES\" \/>\n<meta property=\"og:type\" content=\"article\" \/>\n<meta property=\"og:title\" content=\"Taller de Mindfulness - ULL - Agenda\" \/>\n<meta property=\"og:description\" content=\"\u00bfTe interesar\u00eda saber en qu\u00e9 consiste el mindfulness? \u00bfAprender ejercicios b\u00e1sicos para entrenar la atenci\u00f3n y experimentar sus beneficios? El pr\u00f3ximo s\u00e1bado 13 de abril de 2024, de 9:30 a 12:30h, en la sala polivalente 3 de las instalaciones del Servicio de Deportes de la ULL se realizar\u00e1 un Taller de Mindfulness, impartido por\u00a0Jaime Rojas...\" \/>\n<meta property=\"og:url\" content=\"https:\/\/www.ull.es\/portal\/agenda\/evento\/taller-de-mindfulness-2\/\" \/>\n<meta property=\"og:site_name\" content=\"ULL - Agenda\" \/>\n<meta property=\"article:modified_time\" content=\"2024-04-02T10:59:09+00:00\" \/>\n<meta property=\"og:image\" content=\"https:\/\/www.ull.es\/portal\/agenda\/wp-content\/uploads\/sites\/12\/2024\/04\/Taller-de-Mindfulness-_Banner-eventos.png\" \/>\n\t<meta property=\"og:image:width\" content=\"750\" \/>\n\t<meta property=\"og:image:height\" content=\"370\" \/>\n\t<meta property=\"og:image:type\" content=\"image\/png\" \/>\n<meta name=\"twitter:card\" content=\"summary_large_image\" \/>\n<meta name=\"twitter:label1\" content=\"Tiempo de lectura\" \/>\n\t<meta name=\"twitter:data1\" content=\"1 minuto\" \/>\n<script type=\"application\/ld+json\" class=\"yoast-schema-graph\">{\"@context\":\"https:\/\/schema.org\",\"@graph\":[{\"@type\":\"WebPage\",\"@id\":\"https:\/\/www.ull.es\/portal\/agenda\/evento\/taller-de-mindfulness-2\/\",\"url\":\"https:\/\/www.ull.es\/portal\/agenda\/evento\/taller-de-mindfulness-2\/\",\"name\":\"Taller de Mindfulness - ULL - Agenda\",\"isPartOf\":{\"@id\":\"https:\/\/www.ull.es\/portal\/agenda\/#website\"},\"datePublished\":\"2024-04-02T08:03:53+00:00\",\"dateModified\":\"2024-04-02T10:59:09+00:00\",\"breadcrumb\":{\"@id\":\"https:\/\/www.ull.es\/portal\/agenda\/evento\/taller-de-mindfulness-2\/#breadcrumb\"},\"inLanguage\":\"es\",\"potentialAction\":[{\"@type\":\"ReadAction\",\"target\":[\"https:\/\/www.ull.es\/portal\/agenda\/evento\/taller-de-mindfulness-2\/\"]}]},{\"@type\":\"BreadcrumbList\",\"@id\":\"https:\/\/www.ull.es\/portal\/agenda\/evento\/taller-de-mindfulness-2\/#breadcrumb\",\"itemListElement\":[{\"@type\":\"ListItem\",\"position\":1,\"name\":\"Portada\",\"item\":\"https:\/\/www.ull.es\/portal\/agenda\/\"},{\"@type\":\"ListItem\",\"position\":2,\"name\":\"Taller de Mindfulness\"}]},{\"@type\":\"WebSite\",\"@id\":\"https:\/\/www.ull.es\/portal\/agenda\/#website\",\"url\":\"https:\/\/www.ull.es\/portal\/agenda\/\",\"name\":\"ULL - Agenda\",\"description\":\"\",\"potentialAction\":[{\"@type\":\"SearchAction\",\"target\":{\"@type\":\"EntryPoint\",\"urlTemplate\":\"https:\/\/www.ull.es\/portal\/agenda\/?s={search_term_string}\"},\"query-input\":\"required name=search_term_string\"}],\"inLanguage\":\"es\"}]}<\/script>\n<!-- \/ Yoast SEO plugin. -->","yoast_head_json":{"title":"Taller de Mindfulness - ULL - Agenda","robots":{"index":"index","follow":"follow","max-snippet":"max-snippet:-1","max-image-preview":"max-image-preview:large","max-video-preview":"max-video-preview:-1"},"canonical":"https:\/\/www.ull.es\/portal\/agenda\/evento\/taller-de-mindfulness-2\/","og_locale":"es_ES","og_type":"article","og_title":"Taller de Mindfulness - ULL - Agenda","og_description":"\u00bfTe interesar\u00eda saber en qu\u00e9 consiste el mindfulness? \u00bfAprender ejercicios b\u00e1sicos para entrenar la atenci\u00f3n y experimentar sus beneficios? El pr\u00f3ximo s\u00e1bado 13 de abril de 2024, de 9:30 a 12:30h, en la sala polivalente 3 de las instalaciones del Servicio de Deportes de la ULL se realizar\u00e1 un Taller de Mindfulness, impartido por\u00a0Jaime Rojas...","og_url":"https:\/\/www.ull.es\/portal\/agenda\/evento\/taller-de-mindfulness-2\/","og_site_name":"ULL - Agenda","article_modified_time":"2024-04-02T10:59:09+00:00","og_image":[{"width":750,"height":370,"url":"https:\/\/www.ull.es\/portal\/agenda\/wp-content\/uploads\/sites\/12\/2024\/04\/Taller-de-Mindfulness-_Banner-eventos.png","type":"image\/png"}],"twitter_card":"summary_large_image","twitter_misc":{"Tiempo de lectura":"1 minuto"},"schema":{"@context":"https:\/\/schema.org","@graph":[{"@type":"WebPage","@id":"https:\/\/www.ull.es\/portal\/agenda\/evento\/taller-de-mindfulness-2\/","url":"https:\/\/www.ull.es\/portal\/agenda\/evento\/taller-de-mindfulness-2\/","name":"Taller de Mindfulness - ULL - Agenda","isPartOf":{"@id":"https:\/\/www.ull.es\/portal\/agenda\/#website"},"datePublished":"2024-04-02T08:03:53+00:00","dateModified":"2024-04-02T10:59:09+00:00","breadcrumb":{"@id":"https:\/\/www.ull.es\/portal\/agenda\/evento\/taller-de-mindfulness-2\/#breadcrumb"},"inLanguage":"es","potentialAction":[{"@type":"ReadAction","target":["https:\/\/www.ull.es\/portal\/agenda\/evento\/taller-de-mindfulness-2\/"]}]},{"@type":"BreadcrumbList","@id":"https:\/\/www.ull.es\/portal\/agenda\/evento\/taller-de-mindfulness-2\/#breadcrumb","itemListElement":[{"@type":"ListItem","position":1,"name":"Portada","item":"https:\/\/www.ull.es\/portal\/agenda\/"},{"@type":"ListItem","position":2,"name":"Taller de Mindfulness"}]},{"@type":"WebSite","@id":"https:\/\/www.ull.es\/portal\/agenda\/#website","url":"https:\/\/www.ull.es\/portal\/agenda\/","name":"ULL - Agenda","description":"","potentialAction":[{"@type":"SearchAction","target":{"@type":"EntryPoint","urlTemplate":"https:\/\/www.ull.es\/portal\/agenda\/?s={search_term_string}"},"query-input":"required name=search_term_string"}],"inLanguage":"es"}]}},"_links":{"self":[{"href":"https:\/\/www.ull.es\/portal\/agenda\/wp-json\/wp\/v2\/tribe_events\/35104"}],"collection":[{"href":"https:\/\/www.ull.es\/portal\/agenda\/wp-json\/wp\/v2\/tribe_events"}],"about":[{"href":"https:\/\/www.ull.es\/portal\/agenda\/wp-json\/wp\/v2\/types\/tribe_events"}],"author":[{"embeddable":true,"href":"https:\/\/www.ull.es\/portal\/agenda\/wp-json\/wp\/v2\/users\/65"}],"replies":[{"embeddable":true,"href":"https:\/\/www.ull.es\/portal\/agenda\/wp-json\/wp\/v2\/comments?post=35104"}],"version-history":[{"count":1,"href":"https:\/\/www.ull.es\/portal\/agenda\/wp-json\/wp\/v2\/tribe_events\/35104\/revisions"}],"predecessor-version":[{"id":35105,"href":"https:\/\/www.ull.es\/portal\/agenda\/wp-json\/wp\/v2\/tribe_events\/35104\/revisions\/35105"}],"wp:featuredmedia":[{"embeddable":true,"href":"https:\/\/www.ull.es\/portal\/agenda\/wp-json\/wp\/v2\/media\/35119"}],"wp:attachment":[{"href":"https:\/\/www.ull.es\/portal\/agenda\/wp-json\/wp\/v2\/media?parent=35104"}],"wp:term":[{"taxonomy":"post_tag","embeddable":true,"href":"https:\/\/www.ull.es\/portal\/agenda\/wp-json\/wp\/v2\/tags?post=35104"},{"taxonomy":"tribe_events_cat","embeddable":true,"href":"https:\/\/www.ull.es\/portal\/agenda\/wp-json\/wp\/v2\/tribe_events_cat?post=35104"}],"curies":[{"name":"wp","href":"https:\/\/api.w.org\/{rel}","templated":true}]}}

<p>¿Te interesaría saber en qué consiste el mindfulness? ¿Aprender ejercicios básicos para entrenar la atención y experimentar sus beneficios?</p>
<p>El próximo sábado 13 de abril de 2024, de 9:30 a 12:30h, en la sala polivalente 3 de las instalaciones del Servicio de Deportes de la ULL se realizará un Taller de Mindfulness, impartido por Jaime Rojas Hernández, doctor en Física y psicólogo general sanitario e investigador.</p>
<p>Llevar ropa deportiva cómoda y transpirable. Obligatorio el uso de calcetines (no se puede acceder al tatami con calzado).</p>
<p>El precio para la Comunidad Universitaria:</p>
<ul>
<li>3€ para alumnado</li>
<li>4€ para PAS y PDI</li>
<li>5€ para personas asociadas a ALUMNI-ULL.</li>
</ul>
<div>
<div class="gmail_signature" dir="ltr" data-smartmail="gmail_signature">
<div dir="ltr">
<div dir="ltr">
<div dir="ltr">
<p>Inscripción y pago en este <a href="https://www.ull.es/servicios/deportes/app-deportes/" target="_blank" rel="noopener" data-saferedirecturl="https://www.google.com/url?q=https://www.ull.es/servicios/deportes/app-deportes/&amp;source=gmail&amp;ust=1712129609579000&amp;usg=AOvVaw3yT788AwyiluA1yz-cQJZB" target="_blank" rel="noopener">enlace</a>, en el apartado “Inscripción en clases”.</p>
<p>Plazas limitadas</p>
</div>
</div>
</div>
</div>
</div>

<p>¿Te interesaría saber en qué consiste el mindfulness? ¿Aprender ejercicios básicos para entrenar la atención y experimentar sus beneficios? El próximo sábado 13 de abril de 2024, de 9:30 a 12:30h, en la sala polivalente 3 de las instalaciones del Servicio de Deportes de la ULL se realizará un Taller de Mindfulness, impartido por Jaime Rojas&#8230;</p>

<!-- This site is optimized with the Yoast SEO plugin v21.3 - https://yoast.com/wordpress/plugins/seo/ -->
<title>Taller de Mindfulness - ULL - Agenda</title>
<meta name="robots" content="index, follow, max-snippet:-1, max-image-preview:large, max-video-preview:-1" />
<link rel="canonical" href="https://www.ull.es/portal/agenda/evento/taller-de-mindfulness-2/" />
<meta property="og:locale" content="es_ES" />
<meta property="og:type" content="article" />
<meta property="og:title" content="Taller de Mindfulness - ULL - Agenda" />
<meta property="og:description" content="¿Te interesaría saber en qué consiste el mindfulness? ¿Aprender ejercicios básicos para entrenar la atención y experimentar sus beneficios? El próximo sábado 13 de abril de 2024, de 9:30 a 12:30h, en la sala polivalente 3 de las instalaciones del Servicio de Deportes de la ULL se realizará un Taller de Mindfulness, impartido por Jaime Rojas..." />
<meta property="og:url" content="https://www.ull.es/portal/agenda/evento/taller-de-mindfulness-2/" />
<meta property="og:site_name" content="ULL - Agenda" />
<meta property="article:modified_time" content="2024-04-02T10:59:09+00:00" />
<meta property="og:image" content="https://www.ull.es/portal/agenda/wp-content/uploads/sites/12/2024/04/Taller-de-Mindfulness-_Banner-eventos.png" />
	<meta property="og:image:width" content="750" />
	<meta property="og:image:height" content="370" />
	<meta property="og:image:type" content="image/png" />
<meta name="twitter:card" content="summary_large_image" />
<meta name="twitter:label1" content="Tiempo de lectura" />
	<meta name="twitter:data1" content="1 minuto" />
<script type="application/ld+json" class="yoast-schema-graph">{"@context":"https://schema.org","@graph":[{"@type":"WebPage","@id":"https://www.ull.es/portal/agenda/evento/taller-de-mindfulness-2/","url":"https://www.ull.es/portal/agenda/evento/taller-de-mindfulness-2/","name":"Taller de Mindfulness - ULL - Agenda","isPartOf":{"@id":"https://www.ull.es/portal/agenda/#website"},"datePublished":"2024-04-02T08:03:53+00:00","dateModified":"2024-04-02T10:59:09+00:00","breadcrumb":{"@id":"https://www.ull.es/portal/agenda/evento/taller-de-mindfulness-2/#breadcrumb"},"inLanguage":"es","potentialAction":[{"@type":"ReadAction","target":["https://www.ull.es/portal/agenda/evento/taller-de-mindfulness-2/"]}]},{"@type":"BreadcrumbList","@id":"https://www.ull.es/portal/agenda/evento/taller-de-mindfulness-2/#breadcrumb","itemListElement":[{"@type":"ListItem","position":1,"name":"Portada","item":"https://www.ull.es/portal/agenda/"},{"@type":"ListItem","position":2,"name":"Taller de Mindfulness"}]},{"@type":"WebSite","@id":"https://www.ull.es/portal/agenda/#website","url":"https://www.ull.es/portal/agenda/","name":"ULL - Agenda","description":"","potentialAction":[{"@type":"SearchAction","target":{"@type":"EntryPoint","urlTemplate":"https://www.ull.es/portal/agenda/?s={search_term_string}"},"query-input":"required name=search_term_string"}],"inLanguage":"es"}]}</script>
<!-- / Yoast SEO plugin. -->

¿Te interesaría saber en qué consiste el mindfulness? ¿Aprender ejercicios básicos para entrenar la atención y experimentar sus beneficios? El próximo sábado 13 de abril de 2024, de 9:30 a 12:30h, en la sala polivalente 3 de las instalaciones del Servicio de Deportes de la ULL se realizará un Taller de Mindfulness, impartido por Jaime Rojas...
