{"id":35174,"date":"2024-04-05T08:05:32","date_gmt":"2024-04-05T08:05:32","guid":{"rendered":"https:\/\/www.ull.es\/portal\/agenda\/?post_type=tribe_events&#038;p=35174"},"modified":"2024-04-09T10:43:26","modified_gmt":"2024-04-09T10:43:26","slug":"la-universidad-ante-el-genocidio","status":"publish","type":"tribe_events","link":"https:\/\/www.ull.es\/portal\/agenda\/evento\/la-universidad-ante-el-genocidio\/","title":{"rendered":"La Universidad ante el genocidio"},"content":{"rendered":"<p>El 10 de abril a las 11:00 horas en el Aula Tom\u00e1s y Valiente de la Facultad de Derecho tendr\u00e1 lugar la conferencia en l\u00ednea de la Sra. Francesca Albanese, Relatora especial de las Naciones Unidas para Palestina. \u00a0Su intervenci\u00f3n ser\u00e1 seguida por conexi\u00f3n simult\u00e1nea en actos p\u00fablicos celebrados en unas cuarenta universidades del Estado espa\u00f1ol.<\/p>\n<p>A continuaci\u00f3n y presencialmente, habr\u00e1 una mesa redonda conformada por miembros de nuestra Universidad, para analizar los dram\u00e1ticos acontecimientos que vienen sucediendo en la Franja de Gaza desde hace seis meses y, tambi\u00e9n, sobre el papel de las universidades ante la vulneraci\u00f3n del Derecho Internacional.<\/p>\n<p>Organizado por la Red Universitaria por Palestina (RUxP) de la que forma parte la Universidad de La Laguna, su objetivo es no s\u00f3lo denunciar esta situaci\u00f3n general, sino tambi\u00e9n reflexionar sobre la respuesta del mundo acad\u00e9mico ante la destrucci\u00f3n del sistema educativo y el asesinato de centenares de estudiantes y docentes palestinos.<\/p>\n<p><a href=\"https:\/\/drive.google.com\/file\/d\/1Sd5m3pNLj8TJJ1U2ocFUfIP6c0ZyVRUc\/view?usp=sharing\" target=\"_blank\" rel=\"noopener\" target=\"_blank\" rel=\"noopener\">Cartel<\/a><\/p>\n<p>&nbsp;<\/p>\n","protected":false},"excerpt":{"rendered":"<p>El 10 de abril a las 11:00 horas en el Aula Tom\u00e1s y Valiente de la Facultad de Derecho tendr\u00e1 lugar la conferencia en l\u00ednea de la Sra. Francesca Albanese, Relatora especial de las Naciones Unidas para Palestina. \u00a0Su intervenci\u00f3n ser\u00e1 seguida por conexi\u00f3n simult\u00e1nea en actos p\u00fablicos celebrados en unas cuarenta universidades del Estado&#8230;<\/p>\n","protected":false},"author":65,"featured_media":35246,"comment_status":"closed","ping_status":"closed","template":"","tags":[],"tribe_events_cat":[4,345,186,187,191],"acf":[],"yoast_head":"<!-- This site is optimized with the Yoast SEO plugin v21.3 - https:\/\/yoast.com\/wordpress\/plugins\/seo\/ -->\n<title>La Universidad ante el genocidio - ULL - Agenda<\/title>\n<meta name=\"robots\" content=\"index, follow, max-snippet:-1, max-image-preview:large, max-video-preview:-1\" \/>\n<link rel=\"canonical\" href=\"https:\/\/www.ull.es\/portal\/agenda\/evento\/la-universidad-ante-el-genocidio\/\" \/>\n<meta property=\"og:locale\" content=\"es_ES\" \/>\n<meta property=\"og:type\" content=\"article\" \/>\n<meta property=\"og:title\" content=\"La Universidad ante el genocidio - ULL - Agenda\" \/>\n<meta property=\"og:description\" content=\"El 10 de abril a las 11:00 horas en el Aula Tom\u00e1s y Valiente de la Facultad de Derecho tendr\u00e1 lugar la conferencia en l\u00ednea de la Sra. Francesca Albanese, Relatora especial de las Naciones Unidas para Palestina. \u00a0Su intervenci\u00f3n ser\u00e1 seguida por conexi\u00f3n simult\u00e1nea en actos p\u00fablicos celebrados en unas cuarenta universidades del Estado...\" \/>\n<meta property=\"og:url\" content=\"https:\/\/www.ull.es\/portal\/agenda\/evento\/la-universidad-ante-el-genocidio\/\" \/>\n<meta property=\"og:site_name\" content=\"ULL - Agenda\" \/>\n<meta property=\"article:modified_time\" content=\"2024-04-09T10:43:26+00:00\" \/>\n<meta property=\"og:image\" content=\"https:\/\/www.ull.es\/portal\/agenda\/wp-content\/uploads\/sites\/12\/2024\/04\/La-Universidad-ante-el-genocidio-Banner-eventos-1.png\" \/>\n\t<meta property=\"og:image:width\" content=\"750\" \/>\n\t<meta property=\"og:image:height\" content=\"370\" \/>\n\t<meta property=\"og:image:type\" content=\"image\/png\" \/>\n<meta name=\"twitter:card\" content=\"summary_large_image\" \/>\n<meta name=\"twitter:label1\" content=\"Tiempo de lectura\" \/>\n\t<meta name=\"twitter:data1\" content=\"1 minuto\" \/>\n<script type=\"application\/ld+json\" class=\"yoast-schema-graph\">{\"@context\":\"https:\/\/schema.org\",\"@graph\":[{\"@type\":\"WebPage\",\"@id\":\"https:\/\/www.ull.es\/portal\/agenda\/evento\/la-universidad-ante-el-genocidio\/\",\"url\":\"https:\/\/www.ull.es\/portal\/agenda\/evento\/la-universidad-ante-el-genocidio\/\",\"name\":\"La Universidad ante el genocidio - ULL - Agenda\",\"isPartOf\":{\"@id\":\"https:\/\/www.ull.es\/portal\/agenda\/#website\"},\"datePublished\":\"2024-04-05T08:05:32+00:00\",\"dateModified\":\"2024-04-09T10:43:26+00:00\",\"breadcrumb\":{\"@id\":\"https:\/\/www.ull.es\/portal\/agenda\/evento\/la-universidad-ante-el-genocidio\/#breadcrumb\"},\"inLanguage\":\"es\",\"potentialAction\":[{\"@type\":\"ReadAction\",\"target\":[\"https:\/\/www.ull.es\/portal\/agenda\/evento\/la-universidad-ante-el-genocidio\/\"]}]},{\"@type\":\"BreadcrumbList\",\"@id\":\"https:\/\/www.ull.es\/portal\/agenda\/evento\/la-universidad-ante-el-genocidio\/#breadcrumb\",\"itemListElement\":[{\"@type\":\"ListItem\",\"position\":1,\"name\":\"Portada\",\"item\":\"https:\/\/www.ull.es\/portal\/agenda\/\"},{\"@type\":\"ListItem\",\"position\":2,\"name\":\"La Universidad ante el genocidio\"}]},{\"@type\":\"WebSite\",\"@id\":\"https:\/\/www.ull.es\/portal\/agenda\/#website\",\"url\":\"https:\/\/www.ull.es\/portal\/agenda\/\",\"name\":\"ULL - Agenda\",\"description\":\"\",\"potentialAction\":[{\"@type\":\"SearchAction\",\"target\":{\"@type\":\"EntryPoint\",\"urlTemplate\":\"https:\/\/www.ull.es\/portal\/agenda\/?s={search_term_string}\"},\"query-input\":\"required name=search_term_string\"}],\"inLanguage\":\"es\"}]}<\/script>\n<!-- \/ Yoast SEO plugin. -->","yoast_head_json":{"title":"La Universidad ante el genocidio - ULL - Agenda","robots":{"index":"index","follow":"follow","max-snippet":"max-snippet:-1","max-image-preview":"max-image-preview:large","max-video-preview":"max-video-preview:-1"},"canonical":"https:\/\/www.ull.es\/portal\/agenda\/evento\/la-universidad-ante-el-genocidio\/","og_locale":"es_ES","og_type":"article","og_title":"La Universidad ante el genocidio - ULL - Agenda","og_description":"El 10 de abril a las 11:00 horas en el Aula Tom\u00e1s y Valiente de la Facultad de Derecho tendr\u00e1 lugar la conferencia en l\u00ednea de la Sra. Francesca Albanese, Relatora especial de las Naciones Unidas para Palestina. \u00a0Su intervenci\u00f3n ser\u00e1 seguida por conexi\u00f3n simult\u00e1nea en actos p\u00fablicos celebrados en unas cuarenta universidades del Estado...","og_url":"https:\/\/www.ull.es\/portal\/agenda\/evento\/la-universidad-ante-el-genocidio\/","og_site_name":"ULL - Agenda","article_modified_time":"2024-04-09T10:43:26+00:00","og_image":[{"width":750,"height":370,"url":"https:\/\/www.ull.es\/portal\/agenda\/wp-content\/uploads\/sites\/12\/2024\/04\/La-Universidad-ante-el-genocidio-Banner-eventos-1.png","type":"image\/png"}],"twitter_card":"summary_large_image","twitter_misc":{"Tiempo de lectura":"1 minuto"},"schema":{"@context":"https:\/\/schema.org","@graph":[{"@type":"WebPage","@id":"https:\/\/www.ull.es\/portal\/agenda\/evento\/la-universidad-ante-el-genocidio\/","url":"https:\/\/www.ull.es\/portal\/agenda\/evento\/la-universidad-ante-el-genocidio\/","name":"La Universidad ante el genocidio - ULL - Agenda","isPartOf":{"@id":"https:\/\/www.ull.es\/portal\/agenda\/#website"},"datePublished":"2024-04-05T08:05:32+00:00","dateModified":"2024-04-09T10:43:26+00:00","breadcrumb":{"@id":"https:\/\/www.ull.es\/portal\/agenda\/evento\/la-universidad-ante-el-genocidio\/#breadcrumb"},"inLanguage":"es","potentialAction":[{"@type":"ReadAction","target":["https:\/\/www.ull.es\/portal\/agenda\/evento\/la-universidad-ante-el-genocidio\/"]}]},{"@type":"BreadcrumbList","@id":"https:\/\/www.ull.es\/portal\/agenda\/evento\/la-universidad-ante-el-genocidio\/#breadcrumb","itemListElement":[{"@type":"ListItem","position":1,"name":"Portada","item":"https:\/\/www.ull.es\/portal\/agenda\/"},{"@type":"ListItem","position":2,"name":"La Universidad ante el genocidio"}]},{"@type":"WebSite","@id":"https:\/\/www.ull.es\/portal\/agenda\/#website","url":"https:\/\/www.ull.es\/portal\/agenda\/","name":"ULL - Agenda","description":"","potentialAction":[{"@type":"SearchAction","target":{"@type":"EntryPoint","urlTemplate":"https:\/\/www.ull.es\/portal\/agenda\/?s={search_term_string}"},"query-input":"required name=search_term_string"}],"inLanguage":"es"}]}},"_links":{"self":[{"href":"https:\/\/www.ull.es\/portal\/agenda\/wp-json\/wp\/v2\/tribe_events\/35174"}],"collection":[{"href":"https:\/\/www.ull.es\/portal\/agenda\/wp-json\/wp\/v2\/tribe_events"}],"about":[{"href":"https:\/\/www.ull.es\/portal\/agenda\/wp-json\/wp\/v2\/types\/tribe_events"}],"author":[{"embeddable":true,"href":"https:\/\/www.ull.es\/portal\/agenda\/wp-json\/wp\/v2\/users\/65"}],"replies":[{"embeddable":true,"href":"https:\/\/www.ull.es\/portal\/agenda\/wp-json\/wp\/v2\/comments?post=35174"}],"version-history":[{"count":9,"href":"https:\/\/www.ull.es\/portal\/agenda\/wp-json\/wp\/v2\/tribe_events\/35174\/revisions"}],"predecessor-version":[{"id":35251,"href":"https:\/\/www.ull.es\/portal\/agenda\/wp-json\/wp\/v2\/tribe_events\/35174\/revisions\/35251"}],"wp:featuredmedia":[{"embeddable":true,"href":"https:\/\/www.ull.es\/portal\/agenda\/wp-json\/wp\/v2\/media\/35246"}],"wp:attachment":[{"href":"https:\/\/www.ull.es\/portal\/agenda\/wp-json\/wp\/v2\/media?parent=35174"}],"wp:term":[{"taxonomy":"post_tag","embeddable":true,"href":"https:\/\/www.ull.es\/portal\/agenda\/wp-json\/wp\/v2\/tags?post=35174"},{"taxonomy":"tribe_events_cat","embeddable":true,"href":"https:\/\/www.ull.es\/portal\/agenda\/wp-json\/wp\/v2\/tribe_events_cat?post=35174"}],"curies":[{"name":"wp","href":"https:\/\/api.w.org\/{rel}","templated":true}]}}

<p>El 10 de abril a las 11:00 horas en el Aula Tomás y Valiente de la Facultad de Derecho tendrá lugar la conferencia en línea de la Sra. Francesca Albanese, Relatora especial de las Naciones Unidas para Palestina.  Su intervención será seguida por conexión simultánea en actos públicos celebrados en unas cuarenta universidades del Estado español.</p>
<p>A continuación y presencialmente, habrá una mesa redonda conformada por miembros de nuestra Universidad, para analizar los dramáticos acontecimientos que vienen sucediendo en la Franja de Gaza desde hace seis meses y, también, sobre el papel de las universidades ante la vulneración del Derecho Internacional.</p>
<p>Organizado por la Red Universitaria por Palestina (RUxP) de la que forma parte la Universidad de La Laguna, su objetivo es no sólo denunciar esta situación general, sino también reflexionar sobre la respuesta del mundo académico ante la destrucción del sistema educativo y el asesinato de centenares de estudiantes y docentes palestinos.</p>
<p><a href="https://drive.google.com/file/d/1Sd5m3pNLj8TJJ1U2ocFUfIP6c0ZyVRUc/view?usp=sharing" target="_blank" rel="noopener" target="_blank" rel="noopener">Cartel</a></p>
<p>&nbsp;</p>

<p>El 10 de abril a las 11:00 horas en el Aula Tomás y Valiente de la Facultad de Derecho tendrá lugar la conferencia en línea de la Sra. Francesca Albanese, Relatora especial de las Naciones Unidas para Palestina.  Su intervención será seguida por conexión simultánea en actos públicos celebrados en unas cuarenta universidades del Estado&#8230;</p>

<!-- This site is optimized with the Yoast SEO plugin v21.3 - https://yoast.com/wordpress/plugins/seo/ -->
<title>La Universidad ante el genocidio - ULL - Agenda</title>
<meta name="robots" content="index, follow, max-snippet:-1, max-image-preview:large, max-video-preview:-1" />
<link rel="canonical" href="https://www.ull.es/portal/agenda/evento/la-universidad-ante-el-genocidio/" />
<meta property="og:locale" content="es_ES" />
<meta property="og:type" content="article" />
<meta property="og:title" content="La Universidad ante el genocidio - ULL - Agenda" />
<meta property="og:description" content="El 10 de abril a las 11:00 horas en el Aula Tomás y Valiente de la Facultad de Derecho tendrá lugar la conferencia en línea de la Sra. Francesca Albanese, Relatora especial de las Naciones Unidas para Palestina.  Su intervención será seguida por conexión simultánea en actos públicos celebrados en unas cuarenta universidades del Estado..." />
<meta property="og:url" content="https://www.ull.es/portal/agenda/evento/la-universidad-ante-el-genocidio/" />
<meta property="og:site_name" content="ULL - Agenda" />
<meta property="article:modified_time" content="2024-04-09T10:43:26+00:00" />
<meta property="og:image" content="https://www.ull.es/portal/agenda/wp-content/uploads/sites/12/2024/04/La-Universidad-ante-el-genocidio-Banner-eventos-1.png" />
	<meta property="og:image:width" content="750" />
	<meta property="og:image:height" content="370" />
	<meta property="og:image:type" content="image/png" />
<meta name="twitter:card" content="summary_large_image" />
<meta name="twitter:label1" content="Tiempo de lectura" />
	<meta name="twitter:data1" content="1 minuto" />
<script type="application/ld+json" class="yoast-schema-graph">{"@context":"https://schema.org","@graph":[{"@type":"WebPage","@id":"https://www.ull.es/portal/agenda/evento/la-universidad-ante-el-genocidio/","url":"https://www.ull.es/portal/agenda/evento/la-universidad-ante-el-genocidio/","name":"La Universidad ante el genocidio - ULL - Agenda","isPartOf":{"@id":"https://www.ull.es/portal/agenda/#website"},"datePublished":"2024-04-05T08:05:32+00:00","dateModified":"2024-04-09T10:43:26+00:00","breadcrumb":{"@id":"https://www.ull.es/portal/agenda/evento/la-universidad-ante-el-genocidio/#breadcrumb"},"inLanguage":"es","potentialAction":[{"@type":"ReadAction","target":["https://www.ull.es/portal/agenda/evento/la-universidad-ante-el-genocidio/"]}]},{"@type":"BreadcrumbList","@id":"https://www.ull.es/portal/agenda/evento/la-universidad-ante-el-genocidio/#breadcrumb","itemListElement":[{"@type":"ListItem","position":1,"name":"Portada","item":"https://www.ull.es/portal/agenda/"},{"@type":"ListItem","position":2,"name":"La Universidad ante el genocidio"}]},{"@type":"WebSite","@id":"https://www.ull.es/portal/agenda/#website","url":"https://www.ull.es/portal/agenda/","name":"ULL - Agenda","description":"","potentialAction":[{"@type":"SearchAction","target":{"@type":"EntryPoint","urlTemplate":"https://www.ull.es/portal/agenda/?s={search_term_string}"},"query-input":"required name=search_term_string"}],"inLanguage":"es"}]}</script>
<!-- / Yoast SEO plugin. -->

El 10 de abril a las 11:00 horas en el Aula Tomás y Valiente de la Facultad de Derecho tendrá lugar la conferencia en línea de la Sra. Francesca Albanese, Relatora especial de las Naciones Unidas para Palestina.  Su intervención será seguida por conexión simultánea en actos públicos celebrados en unas cuarenta universidades del Estado...
