{"id":35243,"date":"2024-04-09T09:25:49","date_gmt":"2024-04-09T09:25:49","guid":{"rendered":"https:\/\/www.ull.es\/portal\/agenda\/?post_type=tribe_events&#038;p=35243"},"modified":"2024-04-22T07:43:09","modified_gmt":"2024-04-22T07:43:09","slug":"xv-edicion-de-la-feria-de-la-investigacion","status":"publish","type":"tribe_events","link":"https:\/\/www.ull.es\/portal\/agenda\/evento\/xv-edicion-de-la-feria-de-la-investigacion\/","title":{"rendered":"XV Edici\u00f3n de la Feria de la Investigaci\u00f3n en Psicolog\u00eda y Logopedia"},"content":{"rendered":"<p>La Facultad de Psicolog\u00eda y Logopedia de la Universidad de La Laguna dedicar\u00e1 la jornada del 22 de abril a la quinceava edici\u00f3n de la feria de investigaci\u00f3n. Durante la ma\u00f1ana, entre las 11:00 y 14:00h., los distintos equipos de investigaci\u00f3n de la facultad expondr\u00e1n sus trabajos en el vest\u00edbulo del Aulario General del Campus de Guajara.<\/p>\n<p>Los objetivos de esta feria son:<\/p>\n<ol>\n<li>Que los estudiantes y el profesorado de la facultad conozcan las diferentes l\u00edneas de investigaci\u00f3n que est\u00e1 desarrollando en la actualidad el personal investigador, tanto de Psicolog\u00eda como de Logopedia.<\/li>\n<li>Que los estudiantes tengan la oportunidad de colaborar con los equipos de investigaci\u00f3n e introducirse en este \u00e1mbito tan apasionante.<\/li>\n<li>Que se genere un foro de intercambio de informaci\u00f3n que permita poner en marcha nuevas colaboraciones o desarrollar proyectos interdisciplinares.<\/li>\n<\/ol>\n<p>Se invita a todo el alumnado de la Facultad a participar en estas jornadas y descubrir la actividad cient\u00edfica que se genera dentro de nuestro centro y que tiene una trascendencia m\u00e1s all\u00e1 de nuestras fronteras.<\/p>\n","protected":false},"excerpt":{"rendered":"<p>La Facultad de Psicolog\u00eda y Logopedia de la Universidad de La Laguna dedicar\u00e1 la jornada del 22 de abril a la quinceava edici\u00f3n de la feria de investigaci\u00f3n. Durante la ma\u00f1ana, entre las 11:00 y 14:00h., los distintos equipos de investigaci\u00f3n de la facultad expondr\u00e1n sus trabajos en el vest\u00edbulo del Aulario General del Campus&#8230;<\/p>\n","protected":false},"author":65,"featured_media":35277,"comment_status":"closed","ping_status":"closed","template":"","tags":[],"tribe_events_cat":[4,1831,186,187,191],"acf":[],"yoast_head":"<!-- This site is optimized with the Yoast SEO plugin v21.3 - https:\/\/yoast.com\/wordpress\/plugins\/seo\/ -->\n<title>XV Edici\u00f3n de la Feria de la Investigaci\u00f3n en Psicolog\u00eda y Logopedia - ULL - Agenda<\/title>\n<meta name=\"robots\" content=\"index, follow, max-snippet:-1, max-image-preview:large, max-video-preview:-1\" \/>\n<link rel=\"canonical\" href=\"https:\/\/www.ull.es\/portal\/agenda\/evento\/xv-edicion-de-la-feria-de-la-investigacion\/\" \/>\n<meta property=\"og:locale\" content=\"es_ES\" \/>\n<meta property=\"og:type\" content=\"article\" \/>\n<meta property=\"og:title\" content=\"XV Edici\u00f3n de la Feria de la Investigaci\u00f3n en Psicolog\u00eda y Logopedia - ULL - Agenda\" \/>\n<meta property=\"og:description\" content=\"La Facultad de Psicolog\u00eda y Logopedia de la Universidad de La Laguna dedicar\u00e1 la jornada del 22 de abril a la quinceava edici\u00f3n de la feria de investigaci\u00f3n. Durante la ma\u00f1ana, entre las 11:00 y 14:00h., los distintos equipos de investigaci\u00f3n de la facultad expondr\u00e1n sus trabajos en el vest\u00edbulo del Aulario General del Campus...\" \/>\n<meta property=\"og:url\" content=\"https:\/\/www.ull.es\/portal\/agenda\/evento\/xv-edicion-de-la-feria-de-la-investigacion\/\" \/>\n<meta property=\"og:site_name\" content=\"ULL - Agenda\" \/>\n<meta property=\"article:modified_time\" content=\"2024-04-22T07:43:09+00:00\" \/>\n<meta property=\"og:image\" content=\"https:\/\/www.ull.es\/portal\/agenda\/wp-content\/uploads\/sites\/12\/2024\/04\/XV-Edicion-de-la-Feria-de-la-Investigacion_Banner-eventos.png\" \/>\n\t<meta property=\"og:image:width\" content=\"750\" \/>\n\t<meta property=\"og:image:height\" content=\"370\" \/>\n\t<meta property=\"og:image:type\" content=\"image\/png\" \/>\n<meta name=\"twitter:card\" content=\"summary_large_image\" \/>\n<meta name=\"twitter:label1\" content=\"Tiempo de lectura\" \/>\n\t<meta name=\"twitter:data1\" content=\"1 minuto\" \/>\n<script type=\"application\/ld+json\" class=\"yoast-schema-graph\">{\"@context\":\"https:\/\/schema.org\",\"@graph\":[{\"@type\":\"WebPage\",\"@id\":\"https:\/\/www.ull.es\/portal\/agenda\/evento\/xv-edicion-de-la-feria-de-la-investigacion\/\",\"url\":\"https:\/\/www.ull.es\/portal\/agenda\/evento\/xv-edicion-de-la-feria-de-la-investigacion\/\",\"name\":\"XV Edici\u00f3n de la Feria de la Investigaci\u00f3n en Psicolog\u00eda y Logopedia - ULL - Agenda\",\"isPartOf\":{\"@id\":\"https:\/\/www.ull.es\/portal\/agenda\/#website\"},\"datePublished\":\"2024-04-09T09:25:49+00:00\",\"dateModified\":\"2024-04-22T07:43:09+00:00\",\"breadcrumb\":{\"@id\":\"https:\/\/www.ull.es\/portal\/agenda\/evento\/xv-edicion-de-la-feria-de-la-investigacion\/#breadcrumb\"},\"inLanguage\":\"es\",\"potentialAction\":[{\"@type\":\"ReadAction\",\"target\":[\"https:\/\/www.ull.es\/portal\/agenda\/evento\/xv-edicion-de-la-feria-de-la-investigacion\/\"]}]},{\"@type\":\"BreadcrumbList\",\"@id\":\"https:\/\/www.ull.es\/portal\/agenda\/evento\/xv-edicion-de-la-feria-de-la-investigacion\/#breadcrumb\",\"itemListElement\":[{\"@type\":\"ListItem\",\"position\":1,\"name\":\"Portada\",\"item\":\"https:\/\/www.ull.es\/portal\/agenda\/\"},{\"@type\":\"ListItem\",\"position\":2,\"name\":\"XV Edici\u00f3n de la Feria de la Investigaci\u00f3n en Psicolog\u00eda y Logopedia\"}]},{\"@type\":\"WebSite\",\"@id\":\"https:\/\/www.ull.es\/portal\/agenda\/#website\",\"url\":\"https:\/\/www.ull.es\/portal\/agenda\/\",\"name\":\"ULL - Agenda\",\"description\":\"\",\"potentialAction\":[{\"@type\":\"SearchAction\",\"target\":{\"@type\":\"EntryPoint\",\"urlTemplate\":\"https:\/\/www.ull.es\/portal\/agenda\/?s={search_term_string}\"},\"query-input\":\"required name=search_term_string\"}],\"inLanguage\":\"es\"}]}<\/script>\n<!-- \/ Yoast SEO plugin. -->","yoast_head_json":{"title":"XV Edici\u00f3n de la Feria de la Investigaci\u00f3n en Psicolog\u00eda y Logopedia - ULL - Agenda","robots":{"index":"index","follow":"follow","max-snippet":"max-snippet:-1","max-image-preview":"max-image-preview:large","max-video-preview":"max-video-preview:-1"},"canonical":"https:\/\/www.ull.es\/portal\/agenda\/evento\/xv-edicion-de-la-feria-de-la-investigacion\/","og_locale":"es_ES","og_type":"article","og_title":"XV Edici\u00f3n de la Feria de la Investigaci\u00f3n en Psicolog\u00eda y Logopedia - ULL - Agenda","og_description":"La Facultad de Psicolog\u00eda y Logopedia de la Universidad de La Laguna dedicar\u00e1 la jornada del 22 de abril a la quinceava edici\u00f3n de la feria de investigaci\u00f3n. Durante la ma\u00f1ana, entre las 11:00 y 14:00h., los distintos equipos de investigaci\u00f3n de la facultad expondr\u00e1n sus trabajos en el vest\u00edbulo del Aulario General del Campus...","og_url":"https:\/\/www.ull.es\/portal\/agenda\/evento\/xv-edicion-de-la-feria-de-la-investigacion\/","og_site_name":"ULL - Agenda","article_modified_time":"2024-04-22T07:43:09+00:00","og_image":[{"width":750,"height":370,"url":"https:\/\/www.ull.es\/portal\/agenda\/wp-content\/uploads\/sites\/12\/2024\/04\/XV-Edicion-de-la-Feria-de-la-Investigacion_Banner-eventos.png","type":"image\/png"}],"twitter_card":"summary_large_image","twitter_misc":{"Tiempo de lectura":"1 minuto"},"schema":{"@context":"https:\/\/schema.org","@graph":[{"@type":"WebPage","@id":"https:\/\/www.ull.es\/portal\/agenda\/evento\/xv-edicion-de-la-feria-de-la-investigacion\/","url":"https:\/\/www.ull.es\/portal\/agenda\/evento\/xv-edicion-de-la-feria-de-la-investigacion\/","name":"XV Edici\u00f3n de la Feria de la Investigaci\u00f3n en Psicolog\u00eda y Logopedia - ULL - Agenda","isPartOf":{"@id":"https:\/\/www.ull.es\/portal\/agenda\/#website"},"datePublished":"2024-04-09T09:25:49+00:00","dateModified":"2024-04-22T07:43:09+00:00","breadcrumb":{"@id":"https:\/\/www.ull.es\/portal\/agenda\/evento\/xv-edicion-de-la-feria-de-la-investigacion\/#breadcrumb"},"inLanguage":"es","potentialAction":[{"@type":"ReadAction","target":["https:\/\/www.ull.es\/portal\/agenda\/evento\/xv-edicion-de-la-feria-de-la-investigacion\/"]}]},{"@type":"BreadcrumbList","@id":"https:\/\/www.ull.es\/portal\/agenda\/evento\/xv-edicion-de-la-feria-de-la-investigacion\/#breadcrumb","itemListElement":[{"@type":"ListItem","position":1,"name":"Portada","item":"https:\/\/www.ull.es\/portal\/agenda\/"},{"@type":"ListItem","position":2,"name":"XV Edici\u00f3n de la Feria de la Investigaci\u00f3n en Psicolog\u00eda y Logopedia"}]},{"@type":"WebSite","@id":"https:\/\/www.ull.es\/portal\/agenda\/#website","url":"https:\/\/www.ull.es\/portal\/agenda\/","name":"ULL - Agenda","description":"","potentialAction":[{"@type":"SearchAction","target":{"@type":"EntryPoint","urlTemplate":"https:\/\/www.ull.es\/portal\/agenda\/?s={search_term_string}"},"query-input":"required name=search_term_string"}],"inLanguage":"es"}]}},"_links":{"self":[{"href":"https:\/\/www.ull.es\/portal\/agenda\/wp-json\/wp\/v2\/tribe_events\/35243"}],"collection":[{"href":"https:\/\/www.ull.es\/portal\/agenda\/wp-json\/wp\/v2\/tribe_events"}],"about":[{"href":"https:\/\/www.ull.es\/portal\/agenda\/wp-json\/wp\/v2\/types\/tribe_events"}],"author":[{"embeddable":true,"href":"https:\/\/www.ull.es\/portal\/agenda\/wp-json\/wp\/v2\/users\/65"}],"replies":[{"embeddable":true,"href":"https:\/\/www.ull.es\/portal\/agenda\/wp-json\/wp\/v2\/comments?post=35243"}],"version-history":[{"count":2,"href":"https:\/\/www.ull.es\/portal\/agenda\/wp-json\/wp\/v2\/tribe_events\/35243\/revisions"}],"predecessor-version":[{"id":35545,"href":"https:\/\/www.ull.es\/portal\/agenda\/wp-json\/wp\/v2\/tribe_events\/35243\/revisions\/35545"}],"wp:featuredmedia":[{"embeddable":true,"href":"https:\/\/www.ull.es\/portal\/agenda\/wp-json\/wp\/v2\/media\/35277"}],"wp:attachment":[{"href":"https:\/\/www.ull.es\/portal\/agenda\/wp-json\/wp\/v2\/media?parent=35243"}],"wp:term":[{"taxonomy":"post_tag","embeddable":true,"href":"https:\/\/www.ull.es\/portal\/agenda\/wp-json\/wp\/v2\/tags?post=35243"},{"taxonomy":"tribe_events_cat","embeddable":true,"href":"https:\/\/www.ull.es\/portal\/agenda\/wp-json\/wp\/v2\/tribe_events_cat?post=35243"}],"curies":[{"name":"wp","href":"https:\/\/api.w.org\/{rel}","templated":true}]}}

XV Edición de la Feria de la Investigación en Psicología y Logopedia

<p>La Facultad de Psicología y Logopedia de la Universidad de La Laguna dedicará la jornada del 22 de abril a la quinceava edición de la feria de investigación. Durante la mañana, entre las 11:00 y 14:00h., los distintos equipos de investigación de la facultad expondrán sus trabajos en el vestíbulo del Aulario General del Campus de Guajara.</p>
<p>Los objetivos de esta feria son:</p>
<ol>
<li>Que los estudiantes y el profesorado de la facultad conozcan las diferentes líneas de investigación que está desarrollando en la actualidad el personal investigador, tanto de Psicología como de Logopedia.</li>
<li>Que los estudiantes tengan la oportunidad de colaborar con los equipos de investigación e introducirse en este ámbito tan apasionante.</li>
<li>Que se genere un foro de intercambio de información que permita poner en marcha nuevas colaboraciones o desarrollar proyectos interdisciplinares.</li>
</ol>
<p>Se invita a todo el alumnado de la Facultad a participar en estas jornadas y descubrir la actividad científica que se genera dentro de nuestro centro y que tiene una trascendencia más allá de nuestras fronteras.</p>

<p>La Facultad de Psicología y Logopedia de la Universidad de La Laguna dedicará la jornada del 22 de abril a la quinceava edición de la feria de investigación. Durante la mañana, entre las 11:00 y 14:00h., los distintos equipos de investigación de la facultad expondrán sus trabajos en el vestíbulo del Aulario General del Campus&#8230;</p>

<!-- This site is optimized with the Yoast SEO plugin v21.3 - https://yoast.com/wordpress/plugins/seo/ -->
<title>XV Edición de la Feria de la Investigación en Psicología y Logopedia - ULL - Agenda</title>
<meta name="robots" content="index, follow, max-snippet:-1, max-image-preview:large, max-video-preview:-1" />
<link rel="canonical" href="https://www.ull.es/portal/agenda/evento/xv-edicion-de-la-feria-de-la-investigacion/" />
<meta property="og:locale" content="es_ES" />
<meta property="og:type" content="article" />
<meta property="og:title" content="XV Edición de la Feria de la Investigación en Psicología y Logopedia - ULL - Agenda" />
<meta property="og:description" content="La Facultad de Psicología y Logopedia de la Universidad de La Laguna dedicará la jornada del 22 de abril a la quinceava edición de la feria de investigación. Durante la mañana, entre las 11:00 y 14:00h., los distintos equipos de investigación de la facultad expondrán sus trabajos en el vestíbulo del Aulario General del Campus..." />
<meta property="og:url" content="https://www.ull.es/portal/agenda/evento/xv-edicion-de-la-feria-de-la-investigacion/" />
<meta property="og:site_name" content="ULL - Agenda" />
<meta property="article:modified_time" content="2024-04-22T07:43:09+00:00" />
<meta property="og:image" content="https://www.ull.es/portal/agenda/wp-content/uploads/sites/12/2024/04/XV-Edicion-de-la-Feria-de-la-Investigacion_Banner-eventos.png" />
	<meta property="og:image:width" content="750" />
	<meta property="og:image:height" content="370" />
	<meta property="og:image:type" content="image/png" />
<meta name="twitter:card" content="summary_large_image" />
<meta name="twitter:label1" content="Tiempo de lectura" />
	<meta name="twitter:data1" content="1 minuto" />
<script type="application/ld+json" class="yoast-schema-graph">{"@context":"https://schema.org","@graph":[{"@type":"WebPage","@id":"https://www.ull.es/portal/agenda/evento/xv-edicion-de-la-feria-de-la-investigacion/","url":"https://www.ull.es/portal/agenda/evento/xv-edicion-de-la-feria-de-la-investigacion/","name":"XV Edición de la Feria de la Investigación en Psicología y Logopedia - ULL - Agenda","isPartOf":{"@id":"https://www.ull.es/portal/agenda/#website"},"datePublished":"2024-04-09T09:25:49+00:00","dateModified":"2024-04-22T07:43:09+00:00","breadcrumb":{"@id":"https://www.ull.es/portal/agenda/evento/xv-edicion-de-la-feria-de-la-investigacion/#breadcrumb"},"inLanguage":"es","potentialAction":[{"@type":"ReadAction","target":["https://www.ull.es/portal/agenda/evento/xv-edicion-de-la-feria-de-la-investigacion/"]}]},{"@type":"BreadcrumbList","@id":"https://www.ull.es/portal/agenda/evento/xv-edicion-de-la-feria-de-la-investigacion/#breadcrumb","itemListElement":[{"@type":"ListItem","position":1,"name":"Portada","item":"https://www.ull.es/portal/agenda/"},{"@type":"ListItem","position":2,"name":"XV Edición de la Feria de la Investigación en Psicología y Logopedia"}]},{"@type":"WebSite","@id":"https://www.ull.es/portal/agenda/#website","url":"https://www.ull.es/portal/agenda/","name":"ULL - Agenda","description":"","potentialAction":[{"@type":"SearchAction","target":{"@type":"EntryPoint","urlTemplate":"https://www.ull.es/portal/agenda/?s={search_term_string}"},"query-input":"required name=search_term_string"}],"inLanguage":"es"}]}</script>
<!-- / Yoast SEO plugin. -->

XV Edición de la Feria de la Investigación en Psicología y Logopedia - ULL - Agenda

La Facultad de Psicología y Logopedia de la Universidad de La Laguna dedicará la jornada del 22 de abril a la quinceava edición de la feria de investigación. Durante la mañana, entre las 11:00 y 14:00h., los distintos equipos de investigación de la facultad expondrán sus trabajos en el vestíbulo del Aulario General del Campus...
