{"id":35398,"date":"2024-04-16T08:00:51","date_gmt":"2024-04-16T08:00:51","guid":{"rendered":"https:\/\/www.ull.es\/portal\/agenda\/?post_type=tribe_events&#038;p=35398"},"modified":"2024-04-18T07:33:22","modified_gmt":"2024-04-18T07:33:22","slug":"vi-jornadas-internacionales-sobre-panoramica-de-intervencion-en-altas-capacidades-intelectuales","status":"publish","type":"tribe_events","link":"https:\/\/www.ull.es\/portal\/agenda\/evento\/vi-jornadas-internacionales-sobre-panoramica-de-intervencion-en-altas-capacidades-intelectuales\/","title":{"rendered":"VI Jornadas Internacionales sobre Panor\u00e1mica de Intervenci\u00f3n en Altas Capacidades Intelectuales"},"content":{"rendered":"<p>Estas Jornadas se han consolidado como un evento peri\u00f3dico que tiene lugar cada dos a\u00f1os en Canarias, siendo esta su sexta edici\u00f3n, pretendiendo as\u00ed tanto ser un punto de encuentro de profesionales de este \u00e1mbito de diferentes pa\u00edses (Espa\u00f1a, Portugal, Italia, M\u00e9xico, Brasil, Chile), como convertirse en un referente a nivel internacional en el campo de las Altas Capacidades.<\/p>\n<p>Sus objetivos principales son ofrecer informaci\u00f3n y formaci\u00f3n sobre intervenci\u00f3n extraescolar e intraescolar con alumnado con Altas Capacidades Intelectuales, informar sobre diferentes aspectos te\u00f3ricos de las Altas Capacidades (definici\u00f3n, modelos, etc.), contribuir a la ruptura de mitos existentes en torno a las Altas Capacidades Intelectuales dar a conocer los resultados de los distintos estudios realizados en el \u00e1mbito,\u00a0as\u00ed como fomentar el debate, la discusi\u00f3n y establecimiento de futuras propuestas de trabajo entre los profesionales asistentes.<\/p>\n<p><a href=\"https:\/\/panoramica.gtisd.net\/programa\/\" target=\"_blank\" rel=\"noopener\" target=\"_blank\" rel=\"noopener\">Programa<\/a><\/p>\n<p><a href=\"https:\/\/panoramica.gtisd.net\/inscripcion\/\" target=\"_blank\" rel=\"noopener\" target=\"_blank\" rel=\"noopener\">Inscripci\u00f3n<\/a><\/p>\n<p>Para m\u00e1s informaci\u00f3n, pulse este <a href=\"https:\/\/panoramica.gtisd.net\/\" target=\"_blank\" rel=\"noopener\" target=\"_blank\" rel=\"noopener\">enlace.\u00a0<\/a><\/p>\n","protected":false},"excerpt":{"rendered":"<p>Estas Jornadas se han consolidado como un evento peri\u00f3dico que tiene lugar cada dos a\u00f1os en Canarias, siendo esta su sexta edici\u00f3n, pretendiendo as\u00ed tanto ser un punto de encuentro de profesionales de este \u00e1mbito de diferentes pa\u00edses (Espa\u00f1a, Portugal, Italia, M\u00e9xico, Brasil, Chile), como convertirse en un referente a nivel internacional en el campo&#8230;<\/p>\n","protected":false},"author":65,"featured_media":35404,"comment_status":"closed","ping_status":"closed","template":"","tags":[],"tribe_events_cat":[4,186],"acf":[],"yoast_head":"<!-- This site is optimized with the Yoast SEO plugin v21.3 - https:\/\/yoast.com\/wordpress\/plugins\/seo\/ -->\n<title>VI Jornadas Internacionales sobre Panor\u00e1mica de Intervenci\u00f3n en Altas Capacidades Intelectuales - ULL - Agenda<\/title>\n<meta name=\"robots\" content=\"index, follow, max-snippet:-1, max-image-preview:large, max-video-preview:-1\" \/>\n<link rel=\"canonical\" href=\"https:\/\/www.ull.es\/portal\/agenda\/evento\/vi-jornadas-internacionales-sobre-panoramica-de-intervencion-en-altas-capacidades-intelectuales\/\" \/>\n<meta property=\"og:locale\" content=\"es_ES\" \/>\n<meta property=\"og:type\" content=\"article\" \/>\n<meta property=\"og:title\" content=\"VI Jornadas Internacionales sobre Panor\u00e1mica de Intervenci\u00f3n en Altas Capacidades Intelectuales - ULL - Agenda\" \/>\n<meta property=\"og:description\" content=\"Estas Jornadas se han consolidado como un evento peri\u00f3dico que tiene lugar cada dos a\u00f1os en Canarias, siendo esta su sexta edici\u00f3n, pretendiendo as\u00ed tanto ser un punto de encuentro de profesionales de este \u00e1mbito de diferentes pa\u00edses (Espa\u00f1a, Portugal, Italia, M\u00e9xico, Brasil, Chile), como convertirse en un referente a nivel internacional en el campo...\" \/>\n<meta property=\"og:url\" content=\"https:\/\/www.ull.es\/portal\/agenda\/evento\/vi-jornadas-internacionales-sobre-panoramica-de-intervencion-en-altas-capacidades-intelectuales\/\" \/>\n<meta property=\"og:site_name\" content=\"ULL - Agenda\" \/>\n<meta property=\"article:modified_time\" content=\"2024-04-18T07:33:22+00:00\" \/>\n<meta property=\"og:image\" content=\"https:\/\/www.ull.es\/portal\/agenda\/wp-content\/uploads\/sites\/12\/2024\/04\/VI-Jornadas-Internacionales-altas-capacidades_Banner-eventos.png\" \/>\n\t<meta property=\"og:image:width\" content=\"750\" \/>\n\t<meta property=\"og:image:height\" content=\"370\" \/>\n\t<meta property=\"og:image:type\" content=\"image\/png\" \/>\n<meta name=\"twitter:card\" content=\"summary_large_image\" \/>\n<meta name=\"twitter:label1\" content=\"Tiempo de lectura\" \/>\n\t<meta name=\"twitter:data1\" content=\"1 minuto\" \/>\n<script type=\"application\/ld+json\" class=\"yoast-schema-graph\">{\"@context\":\"https:\/\/schema.org\",\"@graph\":[{\"@type\":\"WebPage\",\"@id\":\"https:\/\/www.ull.es\/portal\/agenda\/evento\/vi-jornadas-internacionales-sobre-panoramica-de-intervencion-en-altas-capacidades-intelectuales\/\",\"url\":\"https:\/\/www.ull.es\/portal\/agenda\/evento\/vi-jornadas-internacionales-sobre-panoramica-de-intervencion-en-altas-capacidades-intelectuales\/\",\"name\":\"VI Jornadas Internacionales sobre Panor\u00e1mica de Intervenci\u00f3n en Altas Capacidades Intelectuales - ULL - Agenda\",\"isPartOf\":{\"@id\":\"https:\/\/www.ull.es\/portal\/agenda\/#website\"},\"datePublished\":\"2024-04-16T08:00:51+00:00\",\"dateModified\":\"2024-04-18T07:33:22+00:00\",\"breadcrumb\":{\"@id\":\"https:\/\/www.ull.es\/portal\/agenda\/evento\/vi-jornadas-internacionales-sobre-panoramica-de-intervencion-en-altas-capacidades-intelectuales\/#breadcrumb\"},\"inLanguage\":\"es\",\"potentialAction\":[{\"@type\":\"ReadAction\",\"target\":[\"https:\/\/www.ull.es\/portal\/agenda\/evento\/vi-jornadas-internacionales-sobre-panoramica-de-intervencion-en-altas-capacidades-intelectuales\/\"]}]},{\"@type\":\"BreadcrumbList\",\"@id\":\"https:\/\/www.ull.es\/portal\/agenda\/evento\/vi-jornadas-internacionales-sobre-panoramica-de-intervencion-en-altas-capacidades-intelectuales\/#breadcrumb\",\"itemListElement\":[{\"@type\":\"ListItem\",\"position\":1,\"name\":\"Portada\",\"item\":\"https:\/\/www.ull.es\/portal\/agenda\/\"},{\"@type\":\"ListItem\",\"position\":2,\"name\":\"VI Jornadas Internacionales sobre Panor\u00e1mica de Intervenci\u00f3n en Altas Capacidades Intelectuales\"}]},{\"@type\":\"WebSite\",\"@id\":\"https:\/\/www.ull.es\/portal\/agenda\/#website\",\"url\":\"https:\/\/www.ull.es\/portal\/agenda\/\",\"name\":\"ULL - Agenda\",\"description\":\"\",\"potentialAction\":[{\"@type\":\"SearchAction\",\"target\":{\"@type\":\"EntryPoint\",\"urlTemplate\":\"https:\/\/www.ull.es\/portal\/agenda\/?s={search_term_string}\"},\"query-input\":\"required name=search_term_string\"}],\"inLanguage\":\"es\"}]}<\/script>\n<!-- \/ Yoast SEO plugin. -->","yoast_head_json":{"title":"VI Jornadas Internacionales sobre Panor\u00e1mica de Intervenci\u00f3n en Altas Capacidades Intelectuales - ULL - Agenda","robots":{"index":"index","follow":"follow","max-snippet":"max-snippet:-1","max-image-preview":"max-image-preview:large","max-video-preview":"max-video-preview:-1"},"canonical":"https:\/\/www.ull.es\/portal\/agenda\/evento\/vi-jornadas-internacionales-sobre-panoramica-de-intervencion-en-altas-capacidades-intelectuales\/","og_locale":"es_ES","og_type":"article","og_title":"VI Jornadas Internacionales sobre Panor\u00e1mica de Intervenci\u00f3n en Altas Capacidades Intelectuales - ULL - Agenda","og_description":"Estas Jornadas se han consolidado como un evento peri\u00f3dico que tiene lugar cada dos a\u00f1os en Canarias, siendo esta su sexta edici\u00f3n, pretendiendo as\u00ed tanto ser un punto de encuentro de profesionales de este \u00e1mbito de diferentes pa\u00edses (Espa\u00f1a, Portugal, Italia, M\u00e9xico, Brasil, Chile), como convertirse en un referente a nivel internacional en el campo...","og_url":"https:\/\/www.ull.es\/portal\/agenda\/evento\/vi-jornadas-internacionales-sobre-panoramica-de-intervencion-en-altas-capacidades-intelectuales\/","og_site_name":"ULL - Agenda","article_modified_time":"2024-04-18T07:33:22+00:00","og_image":[{"width":750,"height":370,"url":"https:\/\/www.ull.es\/portal\/agenda\/wp-content\/uploads\/sites\/12\/2024\/04\/VI-Jornadas-Internacionales-altas-capacidades_Banner-eventos.png","type":"image\/png"}],"twitter_card":"summary_large_image","twitter_misc":{"Tiempo de lectura":"1 minuto"},"schema":{"@context":"https:\/\/schema.org","@graph":[{"@type":"WebPage","@id":"https:\/\/www.ull.es\/portal\/agenda\/evento\/vi-jornadas-internacionales-sobre-panoramica-de-intervencion-en-altas-capacidades-intelectuales\/","url":"https:\/\/www.ull.es\/portal\/agenda\/evento\/vi-jornadas-internacionales-sobre-panoramica-de-intervencion-en-altas-capacidades-intelectuales\/","name":"VI Jornadas Internacionales sobre Panor\u00e1mica de Intervenci\u00f3n en Altas Capacidades Intelectuales - ULL - Agenda","isPartOf":{"@id":"https:\/\/www.ull.es\/portal\/agenda\/#website"},"datePublished":"2024-04-16T08:00:51+00:00","dateModified":"2024-04-18T07:33:22+00:00","breadcrumb":{"@id":"https:\/\/www.ull.es\/portal\/agenda\/evento\/vi-jornadas-internacionales-sobre-panoramica-de-intervencion-en-altas-capacidades-intelectuales\/#breadcrumb"},"inLanguage":"es","potentialAction":[{"@type":"ReadAction","target":["https:\/\/www.ull.es\/portal\/agenda\/evento\/vi-jornadas-internacionales-sobre-panoramica-de-intervencion-en-altas-capacidades-intelectuales\/"]}]},{"@type":"BreadcrumbList","@id":"https:\/\/www.ull.es\/portal\/agenda\/evento\/vi-jornadas-internacionales-sobre-panoramica-de-intervencion-en-altas-capacidades-intelectuales\/#breadcrumb","itemListElement":[{"@type":"ListItem","position":1,"name":"Portada","item":"https:\/\/www.ull.es\/portal\/agenda\/"},{"@type":"ListItem","position":2,"name":"VI Jornadas Internacionales sobre Panor\u00e1mica de Intervenci\u00f3n en Altas Capacidades Intelectuales"}]},{"@type":"WebSite","@id":"https:\/\/www.ull.es\/portal\/agenda\/#website","url":"https:\/\/www.ull.es\/portal\/agenda\/","name":"ULL - Agenda","description":"","potentialAction":[{"@type":"SearchAction","target":{"@type":"EntryPoint","urlTemplate":"https:\/\/www.ull.es\/portal\/agenda\/?s={search_term_string}"},"query-input":"required name=search_term_string"}],"inLanguage":"es"}]}},"_links":{"self":[{"href":"https:\/\/www.ull.es\/portal\/agenda\/wp-json\/wp\/v2\/tribe_events\/35398"}],"collection":[{"href":"https:\/\/www.ull.es\/portal\/agenda\/wp-json\/wp\/v2\/tribe_events"}],"about":[{"href":"https:\/\/www.ull.es\/portal\/agenda\/wp-json\/wp\/v2\/types\/tribe_events"}],"author":[{"embeddable":true,"href":"https:\/\/www.ull.es\/portal\/agenda\/wp-json\/wp\/v2\/users\/65"}],"replies":[{"embeddable":true,"href":"https:\/\/www.ull.es\/portal\/agenda\/wp-json\/wp\/v2\/comments?post=35398"}],"version-history":[{"count":1,"href":"https:\/\/www.ull.es\/portal\/agenda\/wp-json\/wp\/v2\/tribe_events\/35398\/revisions"}],"predecessor-version":[{"id":35399,"href":"https:\/\/www.ull.es\/portal\/agenda\/wp-json\/wp\/v2\/tribe_events\/35398\/revisions\/35399"}],"wp:featuredmedia":[{"embeddable":true,"href":"https:\/\/www.ull.es\/portal\/agenda\/wp-json\/wp\/v2\/media\/35404"}],"wp:attachment":[{"href":"https:\/\/www.ull.es\/portal\/agenda\/wp-json\/wp\/v2\/media?parent=35398"}],"wp:term":[{"taxonomy":"post_tag","embeddable":true,"href":"https:\/\/www.ull.es\/portal\/agenda\/wp-json\/wp\/v2\/tags?post=35398"},{"taxonomy":"tribe_events_cat","embeddable":true,"href":"https:\/\/www.ull.es\/portal\/agenda\/wp-json\/wp\/v2\/tribe_events_cat?post=35398"}],"curies":[{"name":"wp","href":"https:\/\/api.w.org\/{rel}","templated":true}]}}

VI Jornadas Internacionales sobre Panorámica de Intervención en Altas Capacidades Intelectuales

<p>Estas Jornadas se han consolidado como un evento periódico que tiene lugar cada dos años en Canarias, siendo esta su sexta edición, pretendiendo así tanto ser un punto de encuentro de profesionales de este ámbito de diferentes países (España, Portugal, Italia, México, Brasil, Chile), como convertirse en un referente a nivel internacional en el campo de las Altas Capacidades.</p>
<p>Sus objetivos principales son ofrecer información y formación sobre intervención extraescolar e intraescolar con alumnado con Altas Capacidades Intelectuales, informar sobre diferentes aspectos teóricos de las Altas Capacidades (definición, modelos, etc.), contribuir a la ruptura de mitos existentes en torno a las Altas Capacidades Intelectuales dar a conocer los resultados de los distintos estudios realizados en el ámbito, así como fomentar el debate, la discusión y establecimiento de futuras propuestas de trabajo entre los profesionales asistentes.</p>
<p><a href="https://panoramica.gtisd.net/programa/" target="_blank" rel="noopener" target="_blank" rel="noopener">Programa</a></p>
<p><a href="https://panoramica.gtisd.net/inscripcion/" target="_blank" rel="noopener" target="_blank" rel="noopener">Inscripción</a></p>
<p>Para más información, pulse este <a href="https://panoramica.gtisd.net/" target="_blank" rel="noopener" target="_blank" rel="noopener">enlace. </a></p>

<p>Estas Jornadas se han consolidado como un evento periódico que tiene lugar cada dos años en Canarias, siendo esta su sexta edición, pretendiendo así tanto ser un punto de encuentro de profesionales de este ámbito de diferentes países (España, Portugal, Italia, México, Brasil, Chile), como convertirse en un referente a nivel internacional en el campo&#8230;</p>

<!-- This site is optimized with the Yoast SEO plugin v21.3 - https://yoast.com/wordpress/plugins/seo/ -->
<title>VI Jornadas Internacionales sobre Panorámica de Intervención en Altas Capacidades Intelectuales - ULL - Agenda</title>
<meta name="robots" content="index, follow, max-snippet:-1, max-image-preview:large, max-video-preview:-1" />
<link rel="canonical" href="https://www.ull.es/portal/agenda/evento/vi-jornadas-internacionales-sobre-panoramica-de-intervencion-en-altas-capacidades-intelectuales/" />
<meta property="og:locale" content="es_ES" />
<meta property="og:type" content="article" />
<meta property="og:title" content="VI Jornadas Internacionales sobre Panorámica de Intervención en Altas Capacidades Intelectuales - ULL - Agenda" />
<meta property="og:description" content="Estas Jornadas se han consolidado como un evento periódico que tiene lugar cada dos años en Canarias, siendo esta su sexta edición, pretendiendo así tanto ser un punto de encuentro de profesionales de este ámbito de diferentes países (España, Portugal, Italia, México, Brasil, Chile), como convertirse en un referente a nivel internacional en el campo..." />
<meta property="og:url" content="https://www.ull.es/portal/agenda/evento/vi-jornadas-internacionales-sobre-panoramica-de-intervencion-en-altas-capacidades-intelectuales/" />
<meta property="og:site_name" content="ULL - Agenda" />
<meta property="article:modified_time" content="2024-04-18T07:33:22+00:00" />
<meta property="og:image" content="https://www.ull.es/portal/agenda/wp-content/uploads/sites/12/2024/04/VI-Jornadas-Internacionales-altas-capacidades_Banner-eventos.png" />
	<meta property="og:image:width" content="750" />
	<meta property="og:image:height" content="370" />
	<meta property="og:image:type" content="image/png" />
<meta name="twitter:card" content="summary_large_image" />
<meta name="twitter:label1" content="Tiempo de lectura" />
	<meta name="twitter:data1" content="1 minuto" />
<script type="application/ld+json" class="yoast-schema-graph">{"@context":"https://schema.org","@graph":[{"@type":"WebPage","@id":"https://www.ull.es/portal/agenda/evento/vi-jornadas-internacionales-sobre-panoramica-de-intervencion-en-altas-capacidades-intelectuales/","url":"https://www.ull.es/portal/agenda/evento/vi-jornadas-internacionales-sobre-panoramica-de-intervencion-en-altas-capacidades-intelectuales/","name":"VI Jornadas Internacionales sobre Panorámica de Intervención en Altas Capacidades Intelectuales - ULL - Agenda","isPartOf":{"@id":"https://www.ull.es/portal/agenda/#website"},"datePublished":"2024-04-16T08:00:51+00:00","dateModified":"2024-04-18T07:33:22+00:00","breadcrumb":{"@id":"https://www.ull.es/portal/agenda/evento/vi-jornadas-internacionales-sobre-panoramica-de-intervencion-en-altas-capacidades-intelectuales/#breadcrumb"},"inLanguage":"es","potentialAction":[{"@type":"ReadAction","target":["https://www.ull.es/portal/agenda/evento/vi-jornadas-internacionales-sobre-panoramica-de-intervencion-en-altas-capacidades-intelectuales/"]}]},{"@type":"BreadcrumbList","@id":"https://www.ull.es/portal/agenda/evento/vi-jornadas-internacionales-sobre-panoramica-de-intervencion-en-altas-capacidades-intelectuales/#breadcrumb","itemListElement":[{"@type":"ListItem","position":1,"name":"Portada","item":"https://www.ull.es/portal/agenda/"},{"@type":"ListItem","position":2,"name":"VI Jornadas Internacionales sobre Panorámica de Intervención en Altas Capacidades Intelectuales"}]},{"@type":"WebSite","@id":"https://www.ull.es/portal/agenda/#website","url":"https://www.ull.es/portal/agenda/","name":"ULL - Agenda","description":"","potentialAction":[{"@type":"SearchAction","target":{"@type":"EntryPoint","urlTemplate":"https://www.ull.es/portal/agenda/?s={search_term_string}"},"query-input":"required name=search_term_string"}],"inLanguage":"es"}]}</script>
<!-- / Yoast SEO plugin. -->

VI Jornadas Internacionales sobre Panorámica de Intervención en Altas Capacidades Intelectuales - ULL - Agenda

Estas Jornadas se han consolidado como un evento periódico que tiene lugar cada dos años en Canarias, siendo esta su sexta edición, pretendiendo así tanto ser un punto de encuentro de profesionales de este ámbito de diferentes países (España, Portugal, Italia, México, Brasil, Chile), como convertirse en un referente a nivel internacional en el campo...
