{"id":35691,"date":"2024-05-02T08:23:57","date_gmt":"2024-05-02T08:23:57","guid":{"rendered":"https:\/\/www.ull.es\/portal\/agenda\/?post_type=tribe_events&#038;p=35691"},"modified":"2024-05-13T12:37:37","modified_gmt":"2024-05-13T12:37:37","slug":"visita-guiada-a-la-exposicion-hacer-historia-el-archivo-de-la-transicion-democratica-en-canarias","status":"publish","type":"tribe_events","link":"https:\/\/www.ull.es\/portal\/agenda\/evento\/visita-guiada-a-la-exposicion-hacer-historia-el-archivo-de-la-transicion-democratica-en-canarias\/","title":{"rendered":"Visita guiada a la exposici\u00f3n \u201cHacer Historia: el Archivo de la Transici\u00f3n Democr\u00e1tica en Canarias\u201d"},"content":{"rendered":"<p>La Biblioteca de la Universidad de La Laguna inaugur\u00f3 por el D\u00eda del Libro la exposici\u00f3n \u201cHacer historia: el Archivo de la Transici\u00f3n Democr\u00e1tica en Canarias\u201d, relativa al importante archivo documental sobre la transici\u00f3n democr\u00e1tica en Canarias, que ha sido posible gracias a innumerables aportaciones de particulares y organizaciones.<\/p>\n<p>Esta exposici\u00f3n contiene documentos del periodo que incluye el tardofranquismo, la Transici\u00f3n y el asentamiento de la democracia, durante el cual Canarias vivi\u00f3 una intensa actividad pol\u00edtica, social, sindical y cultural.<\/p>\n<p>Por este motivo, Alumni ULL organiza una visita especial el pr\u00f3ximo 14 de mayo de 2024 a las 12:00 horas en la Biblioteca de la Universidad de La Laguna. La visita la realizar\u00e1 el profesor de Historia Contempor\u00e1nea de la Universidad de La Laguna, Domingo Gar\u00ed, quien compartir\u00e1 informaci\u00f3n y an\u00e1lisis sobre la importancia de este archivo y el contexto hist\u00f3rico de la transici\u00f3n en Canarias.<\/p>\n<p>Gu\u00eda: Domingo Gar\u00ed, profesor de Historia Contempor\u00e1nea de la Universidad de La Laguna.<\/p>\n<p><a href=\"https:\/\/www.alumniull.es\/evento\/visita-guiada-a-la-exposicion-hacer-historia-el-archivo-de-la-transicion-democratica-en-canarias\/\" target=\"_blank\" rel=\"noopener\" target=\"_blank\" rel=\"noopener\">Inscripci\u00f3n gratuita<\/a><\/p>\n<p>&nbsp;<\/p>\n","protected":false},"excerpt":{"rendered":"<p>La Biblioteca de la Universidad de La Laguna inaugur\u00f3 por el D\u00eda del Libro la exposici\u00f3n \u201cHacer historia: el Archivo de la Transici\u00f3n Democr\u00e1tica en Canarias\u201d, relativa al importante archivo documental sobre la transici\u00f3n democr\u00e1tica en Canarias, que ha sido posible gracias a innumerables aportaciones de particulares y organizaciones. Esta exposici\u00f3n contiene documentos del periodo&#8230;<\/p>\n","protected":false},"author":65,"featured_media":35745,"comment_status":"closed","ping_status":"closed","template":"","tags":[],"tribe_events_cat":[1669,4],"acf":[],"yoast_head":"<!-- This site is optimized with the Yoast SEO plugin v21.3 - https:\/\/yoast.com\/wordpress\/plugins\/seo\/ -->\n<title>Visita guiada a la exposici\u00f3n \u201cHacer Historia: el Archivo de la Transici\u00f3n Democr\u00e1tica en Canarias\u201d - ULL - Agenda<\/title>\n<meta name=\"robots\" content=\"index, follow, max-snippet:-1, max-image-preview:large, max-video-preview:-1\" \/>\n<link rel=\"canonical\" href=\"https:\/\/www.ull.es\/portal\/agenda\/evento\/visita-guiada-a-la-exposicion-hacer-historia-el-archivo-de-la-transicion-democratica-en-canarias\/\" \/>\n<meta property=\"og:locale\" content=\"es_ES\" \/>\n<meta property=\"og:type\" content=\"article\" \/>\n<meta property=\"og:title\" content=\"Visita guiada a la exposici\u00f3n \u201cHacer Historia: el Archivo de la Transici\u00f3n Democr\u00e1tica en Canarias\u201d - ULL - Agenda\" \/>\n<meta property=\"og:description\" content=\"La Biblioteca de la Universidad de La Laguna inaugur\u00f3 por el D\u00eda del Libro la exposici\u00f3n \u201cHacer historia: el Archivo de la Transici\u00f3n Democr\u00e1tica en Canarias\u201d, relativa al importante archivo documental sobre la transici\u00f3n democr\u00e1tica en Canarias, que ha sido posible gracias a innumerables aportaciones de particulares y organizaciones. Esta exposici\u00f3n contiene documentos del periodo...\" \/>\n<meta property=\"og:url\" content=\"https:\/\/www.ull.es\/portal\/agenda\/evento\/visita-guiada-a-la-exposicion-hacer-historia-el-archivo-de-la-transicion-democratica-en-canarias\/\" \/>\n<meta property=\"og:site_name\" content=\"ULL - Agenda\" \/>\n<meta property=\"article:modified_time\" content=\"2024-05-13T12:37:37+00:00\" \/>\n<meta property=\"og:image\" content=\"https:\/\/www.ull.es\/portal\/agenda\/wp-content\/uploads\/sites\/12\/2024\/05\/Visita-guiada-a-la-exposicion-Hacer-Historia-el-Archivo-de-la-Transicion-Democratica-en-Canarias_Banner-eventos.png\" \/>\n\t<meta property=\"og:image:width\" content=\"750\" \/>\n\t<meta property=\"og:image:height\" content=\"370\" \/>\n\t<meta property=\"og:image:type\" content=\"image\/png\" \/>\n<meta name=\"twitter:card\" content=\"summary_large_image\" \/>\n<meta name=\"twitter:label1\" content=\"Tiempo de lectura\" \/>\n\t<meta name=\"twitter:data1\" content=\"1 minuto\" \/>\n<script type=\"application\/ld+json\" class=\"yoast-schema-graph\">{\"@context\":\"https:\/\/schema.org\",\"@graph\":[{\"@type\":\"WebPage\",\"@id\":\"https:\/\/www.ull.es\/portal\/agenda\/evento\/visita-guiada-a-la-exposicion-hacer-historia-el-archivo-de-la-transicion-democratica-en-canarias\/\",\"url\":\"https:\/\/www.ull.es\/portal\/agenda\/evento\/visita-guiada-a-la-exposicion-hacer-historia-el-archivo-de-la-transicion-democratica-en-canarias\/\",\"name\":\"Visita guiada a la exposici\u00f3n \u201cHacer Historia: el Archivo de la Transici\u00f3n Democr\u00e1tica en Canarias\u201d - ULL - Agenda\",\"isPartOf\":{\"@id\":\"https:\/\/www.ull.es\/portal\/agenda\/#website\"},\"datePublished\":\"2024-05-02T08:23:57+00:00\",\"dateModified\":\"2024-05-13T12:37:37+00:00\",\"breadcrumb\":{\"@id\":\"https:\/\/www.ull.es\/portal\/agenda\/evento\/visita-guiada-a-la-exposicion-hacer-historia-el-archivo-de-la-transicion-democratica-en-canarias\/#breadcrumb\"},\"inLanguage\":\"es\",\"potentialAction\":[{\"@type\":\"ReadAction\",\"target\":[\"https:\/\/www.ull.es\/portal\/agenda\/evento\/visita-guiada-a-la-exposicion-hacer-historia-el-archivo-de-la-transicion-democratica-en-canarias\/\"]}]},{\"@type\":\"BreadcrumbList\",\"@id\":\"https:\/\/www.ull.es\/portal\/agenda\/evento\/visita-guiada-a-la-exposicion-hacer-historia-el-archivo-de-la-transicion-democratica-en-canarias\/#breadcrumb\",\"itemListElement\":[{\"@type\":\"ListItem\",\"position\":1,\"name\":\"Portada\",\"item\":\"https:\/\/www.ull.es\/portal\/agenda\/\"},{\"@type\":\"ListItem\",\"position\":2,\"name\":\"Visita guiada a la exposici\u00f3n \u201cHacer Historia: el Archivo de la Transici\u00f3n Democr\u00e1tica en Canarias\u201d\"}]},{\"@type\":\"WebSite\",\"@id\":\"https:\/\/www.ull.es\/portal\/agenda\/#website\",\"url\":\"https:\/\/www.ull.es\/portal\/agenda\/\",\"name\":\"ULL - Agenda\",\"description\":\"\",\"potentialAction\":[{\"@type\":\"SearchAction\",\"target\":{\"@type\":\"EntryPoint\",\"urlTemplate\":\"https:\/\/www.ull.es\/portal\/agenda\/?s={search_term_string}\"},\"query-input\":\"required name=search_term_string\"}],\"inLanguage\":\"es\"}]}<\/script>\n<!-- \/ Yoast SEO plugin. -->","yoast_head_json":{"title":"Visita guiada a la exposici\u00f3n \u201cHacer Historia: el Archivo de la Transici\u00f3n Democr\u00e1tica en Canarias\u201d - ULL - Agenda","robots":{"index":"index","follow":"follow","max-snippet":"max-snippet:-1","max-image-preview":"max-image-preview:large","max-video-preview":"max-video-preview:-1"},"canonical":"https:\/\/www.ull.es\/portal\/agenda\/evento\/visita-guiada-a-la-exposicion-hacer-historia-el-archivo-de-la-transicion-democratica-en-canarias\/","og_locale":"es_ES","og_type":"article","og_title":"Visita guiada a la exposici\u00f3n \u201cHacer Historia: el Archivo de la Transici\u00f3n Democr\u00e1tica en Canarias\u201d - ULL - Agenda","og_description":"La Biblioteca de la Universidad de La Laguna inaugur\u00f3 por el D\u00eda del Libro la exposici\u00f3n \u201cHacer historia: el Archivo de la Transici\u00f3n Democr\u00e1tica en Canarias\u201d, relativa al importante archivo documental sobre la transici\u00f3n democr\u00e1tica en Canarias, que ha sido posible gracias a innumerables aportaciones de particulares y organizaciones. Esta exposici\u00f3n contiene documentos del periodo...","og_url":"https:\/\/www.ull.es\/portal\/agenda\/evento\/visita-guiada-a-la-exposicion-hacer-historia-el-archivo-de-la-transicion-democratica-en-canarias\/","og_site_name":"ULL - Agenda","article_modified_time":"2024-05-13T12:37:37+00:00","og_image":[{"width":750,"height":370,"url":"https:\/\/www.ull.es\/portal\/agenda\/wp-content\/uploads\/sites\/12\/2024\/05\/Visita-guiada-a-la-exposicion-Hacer-Historia-el-Archivo-de-la-Transicion-Democratica-en-Canarias_Banner-eventos.png","type":"image\/png"}],"twitter_card":"summary_large_image","twitter_misc":{"Tiempo de lectura":"1 minuto"},"schema":{"@context":"https:\/\/schema.org","@graph":[{"@type":"WebPage","@id":"https:\/\/www.ull.es\/portal\/agenda\/evento\/visita-guiada-a-la-exposicion-hacer-historia-el-archivo-de-la-transicion-democratica-en-canarias\/","url":"https:\/\/www.ull.es\/portal\/agenda\/evento\/visita-guiada-a-la-exposicion-hacer-historia-el-archivo-de-la-transicion-democratica-en-canarias\/","name":"Visita guiada a la exposici\u00f3n \u201cHacer Historia: el Archivo de la Transici\u00f3n Democr\u00e1tica en Canarias\u201d - ULL - Agenda","isPartOf":{"@id":"https:\/\/www.ull.es\/portal\/agenda\/#website"},"datePublished":"2024-05-02T08:23:57+00:00","dateModified":"2024-05-13T12:37:37+00:00","breadcrumb":{"@id":"https:\/\/www.ull.es\/portal\/agenda\/evento\/visita-guiada-a-la-exposicion-hacer-historia-el-archivo-de-la-transicion-democratica-en-canarias\/#breadcrumb"},"inLanguage":"es","potentialAction":[{"@type":"ReadAction","target":["https:\/\/www.ull.es\/portal\/agenda\/evento\/visita-guiada-a-la-exposicion-hacer-historia-el-archivo-de-la-transicion-democratica-en-canarias\/"]}]},{"@type":"BreadcrumbList","@id":"https:\/\/www.ull.es\/portal\/agenda\/evento\/visita-guiada-a-la-exposicion-hacer-historia-el-archivo-de-la-transicion-democratica-en-canarias\/#breadcrumb","itemListElement":[{"@type":"ListItem","position":1,"name":"Portada","item":"https:\/\/www.ull.es\/portal\/agenda\/"},{"@type":"ListItem","position":2,"name":"Visita guiada a la exposici\u00f3n \u201cHacer Historia: el Archivo de la Transici\u00f3n Democr\u00e1tica en Canarias\u201d"}]},{"@type":"WebSite","@id":"https:\/\/www.ull.es\/portal\/agenda\/#website","url":"https:\/\/www.ull.es\/portal\/agenda\/","name":"ULL - Agenda","description":"","potentialAction":[{"@type":"SearchAction","target":{"@type":"EntryPoint","urlTemplate":"https:\/\/www.ull.es\/portal\/agenda\/?s={search_term_string}"},"query-input":"required name=search_term_string"}],"inLanguage":"es"}]}},"_links":{"self":[{"href":"https:\/\/www.ull.es\/portal\/agenda\/wp-json\/wp\/v2\/tribe_events\/35691"}],"collection":[{"href":"https:\/\/www.ull.es\/portal\/agenda\/wp-json\/wp\/v2\/tribe_events"}],"about":[{"href":"https:\/\/www.ull.es\/portal\/agenda\/wp-json\/wp\/v2\/types\/tribe_events"}],"author":[{"embeddable":true,"href":"https:\/\/www.ull.es\/portal\/agenda\/wp-json\/wp\/v2\/users\/65"}],"replies":[{"embeddable":true,"href":"https:\/\/www.ull.es\/portal\/agenda\/wp-json\/wp\/v2\/comments?post=35691"}],"version-history":[{"count":1,"href":"https:\/\/www.ull.es\/portal\/agenda\/wp-json\/wp\/v2\/tribe_events\/35691\/revisions"}],"predecessor-version":[{"id":35692,"href":"https:\/\/www.ull.es\/portal\/agenda\/wp-json\/wp\/v2\/tribe_events\/35691\/revisions\/35692"}],"wp:featuredmedia":[{"embeddable":true,"href":"https:\/\/www.ull.es\/portal\/agenda\/wp-json\/wp\/v2\/media\/35745"}],"wp:attachment":[{"href":"https:\/\/www.ull.es\/portal\/agenda\/wp-json\/wp\/v2\/media?parent=35691"}],"wp:term":[{"taxonomy":"post_tag","embeddable":true,"href":"https:\/\/www.ull.es\/portal\/agenda\/wp-json\/wp\/v2\/tags?post=35691"},{"taxonomy":"tribe_events_cat","embeddable":true,"href":"https:\/\/www.ull.es\/portal\/agenda\/wp-json\/wp\/v2\/tribe_events_cat?post=35691"}],"curies":[{"name":"wp","href":"https:\/\/api.w.org\/{rel}","templated":true}]}}

Visita guiada a la exposición “Hacer Historia: el Archivo de la Transición Democrática en Canarias”

<p>La Biblioteca de la Universidad de La Laguna inauguró por el Día del Libro la exposición “Hacer historia: el Archivo de la Transición Democrática en Canarias”, relativa al importante archivo documental sobre la transición democrática en Canarias, que ha sido posible gracias a innumerables aportaciones de particulares y organizaciones.</p>
<p>Esta exposición contiene documentos del periodo que incluye el tardofranquismo, la Transición y el asentamiento de la democracia, durante el cual Canarias vivió una intensa actividad política, social, sindical y cultural.</p>
<p>Por este motivo, Alumni ULL organiza una visita especial el próximo 14 de mayo de 2024 a las 12:00 horas en la Biblioteca de la Universidad de La Laguna. La visita la realizará el profesor de Historia Contemporánea de la Universidad de La Laguna, Domingo Garí, quien compartirá información y análisis sobre la importancia de este archivo y el contexto histórico de la transición en Canarias.</p>
<p>Guía: Domingo Garí, profesor de Historia Contemporánea de la Universidad de La Laguna.</p>
<p><a href="https://www.alumniull.es/evento/visita-guiada-a-la-exposicion-hacer-historia-el-archivo-de-la-transicion-democratica-en-canarias/" target="_blank" rel="noopener" target="_blank" rel="noopener">Inscripción gratuita</a></p>
<p>&nbsp;</p>

<p>La Biblioteca de la Universidad de La Laguna inauguró por el Día del Libro la exposición “Hacer historia: el Archivo de la Transición Democrática en Canarias”, relativa al importante archivo documental sobre la transición democrática en Canarias, que ha sido posible gracias a innumerables aportaciones de particulares y organizaciones. Esta exposición contiene documentos del periodo&#8230;</p>

<!-- This site is optimized with the Yoast SEO plugin v21.3 - https://yoast.com/wordpress/plugins/seo/ -->
<title>Visita guiada a la exposición “Hacer Historia: el Archivo de la Transición Democrática en Canarias” - ULL - Agenda</title>
<meta name="robots" content="index, follow, max-snippet:-1, max-image-preview:large, max-video-preview:-1" />
<link rel="canonical" href="https://www.ull.es/portal/agenda/evento/visita-guiada-a-la-exposicion-hacer-historia-el-archivo-de-la-transicion-democratica-en-canarias/" />
<meta property="og:locale" content="es_ES" />
<meta property="og:type" content="article" />
<meta property="og:title" content="Visita guiada a la exposición “Hacer Historia: el Archivo de la Transición Democrática en Canarias” - ULL - Agenda" />
<meta property="og:description" content="La Biblioteca de la Universidad de La Laguna inauguró por el Día del Libro la exposición “Hacer historia: el Archivo de la Transición Democrática en Canarias”, relativa al importante archivo documental sobre la transición democrática en Canarias, que ha sido posible gracias a innumerables aportaciones de particulares y organizaciones. Esta exposición contiene documentos del periodo..." />
<meta property="og:url" content="https://www.ull.es/portal/agenda/evento/visita-guiada-a-la-exposicion-hacer-historia-el-archivo-de-la-transicion-democratica-en-canarias/" />
<meta property="og:site_name" content="ULL - Agenda" />
<meta property="article:modified_time" content="2024-05-13T12:37:37+00:00" />
<meta property="og:image" content="https://www.ull.es/portal/agenda/wp-content/uploads/sites/12/2024/05/Visita-guiada-a-la-exposicion-Hacer-Historia-el-Archivo-de-la-Transicion-Democratica-en-Canarias_Banner-eventos.png" />
	<meta property="og:image:width" content="750" />
	<meta property="og:image:height" content="370" />
	<meta property="og:image:type" content="image/png" />
<meta name="twitter:card" content="summary_large_image" />
<meta name="twitter:label1" content="Tiempo de lectura" />
	<meta name="twitter:data1" content="1 minuto" />
<script type="application/ld+json" class="yoast-schema-graph">{"@context":"https://schema.org","@graph":[{"@type":"WebPage","@id":"https://www.ull.es/portal/agenda/evento/visita-guiada-a-la-exposicion-hacer-historia-el-archivo-de-la-transicion-democratica-en-canarias/","url":"https://www.ull.es/portal/agenda/evento/visita-guiada-a-la-exposicion-hacer-historia-el-archivo-de-la-transicion-democratica-en-canarias/","name":"Visita guiada a la exposición “Hacer Historia: el Archivo de la Transición Democrática en Canarias” - ULL - Agenda","isPartOf":{"@id":"https://www.ull.es/portal/agenda/#website"},"datePublished":"2024-05-02T08:23:57+00:00","dateModified":"2024-05-13T12:37:37+00:00","breadcrumb":{"@id":"https://www.ull.es/portal/agenda/evento/visita-guiada-a-la-exposicion-hacer-historia-el-archivo-de-la-transicion-democratica-en-canarias/#breadcrumb"},"inLanguage":"es","potentialAction":[{"@type":"ReadAction","target":["https://www.ull.es/portal/agenda/evento/visita-guiada-a-la-exposicion-hacer-historia-el-archivo-de-la-transicion-democratica-en-canarias/"]}]},{"@type":"BreadcrumbList","@id":"https://www.ull.es/portal/agenda/evento/visita-guiada-a-la-exposicion-hacer-historia-el-archivo-de-la-transicion-democratica-en-canarias/#breadcrumb","itemListElement":[{"@type":"ListItem","position":1,"name":"Portada","item":"https://www.ull.es/portal/agenda/"},{"@type":"ListItem","position":2,"name":"Visita guiada a la exposición “Hacer Historia: el Archivo de la Transición Democrática en Canarias”"}]},{"@type":"WebSite","@id":"https://www.ull.es/portal/agenda/#website","url":"https://www.ull.es/portal/agenda/","name":"ULL - Agenda","description":"","potentialAction":[{"@type":"SearchAction","target":{"@type":"EntryPoint","urlTemplate":"https://www.ull.es/portal/agenda/?s={search_term_string}"},"query-input":"required name=search_term_string"}],"inLanguage":"es"}]}</script>
<!-- / Yoast SEO plugin. -->

Visita guiada a la exposición “Hacer Historia: el Archivo de la Transición Democrática en Canarias” - ULL - Agenda

La Biblioteca de la Universidad de La Laguna inauguró por el Día del Libro la exposición “Hacer historia: el Archivo de la Transición Democrática en Canarias”, relativa al importante archivo documental sobre la transición democrática en Canarias, que ha sido posible gracias a innumerables aportaciones de particulares y organizaciones. Esta exposición contiene documentos del periodo...
